{"id":13796,"date":"2018-10-01T00:00:00","date_gmt":"2018-09-30T22:00:00","guid":{"rendered":"https:\/\/nature-et-developpement.com\/a2me\/produit\/peinture-depolluante-keim-soldalit-me\/"},"modified":"2026-04-30T19:35:12","modified_gmt":"2026-04-30T17:35:12","slug":"keim-soldalit-me","status":"publish","type":"product","link":"https:\/\/nature-et-developpement.com\/a2me\/produit\/keim-soldalit-me\/","title":{"rendered":"Peinture fa\u00e7ade d\u00e9polluante KEIM Soldalit-ME"},"content":{"rendered":"<h2>Pour une Fa\u00e7ade saine longtemps<\/h2>\n<p>Peinture fa\u00e7ade tr\u00e8s facile d\u2019application, limite l\u2019encrassement des fa\u00e7ades, tr\u00e8s r\u00e9sistante aux intemp\u00e9ries, avec des propri\u00e9t\u00e9s algicides et fongicides sans ajout de biocides gr\u00e2ce \u00e0 son principe photocatalytique<\/p>\n<p>Contribue \u00e0 assainir l\u2019air ext\u00e9rieur et \u00e0 r\u00e9duire l\u2019encrassement des fa\u00e7ades.<\/p>\n<p>Applicable sur tous supports organiques non \u00e9lastiques ou min\u00e9raux.<\/p>\n<p>Conforme \u00e0 la norme NFT 36-005 Famille I, Cat\u00e9gorie 1b1 (produits contenant au plus 5% de compos\u00e9s organiques selon le fascicule de documentation FD T 30-808).<\/p>\n<p><strong>Teintes<\/strong><br \/>\nDisponible en blanc et dans certaines teintes du nuancier KEIM Exclusiv.<\/p>\n<p>Les r\u00e9f\u00e9rences de teintes Soldalit-ME ne sont pas disponibles dans les r\u00e9f\u00e9rences des concentr\u00e9s de teintes 9001 S \u00e0 9012 S.<\/p>\n<p><strong>Application<\/strong><br \/>\nBrosse, rouleau, projection Airless.<\/p>\n<p><strong>Consommation<\/strong><br \/>\nEnv. 450 g\/m\u00b2 pour 2 couches.<\/p>\n<p><strong>Conditionnement<\/strong><br \/>\nSeau plastique de 5 kg et 18 kg.<\/p>\n<h4><strong>CONSIGNES DE SECURITE <\/strong><\/h4>\n<p>Prot\u00e9ger les surfaces qui ne sont pas \u00e0 peindre (vitrages, menuiseries, etc.) et \u00e9liminer imm\u00e9diatement les projections de peinture avec beaucoup d\u2019eau. Se prot\u00e9ger les yeux et la peau des \u00e9claboussures. Tenir hors de port\u00e9e des enfants.<\/p>\n","protected":false},"excerpt":{"rendered":"<p><strong><a class=\"btn btn-default\" href=\"https:\/\/nature-et-developpement.com\/wp-content\/uploads\/cms\/KEIM\/Spektrum_KEIM.pdf\" target=\"_blank\" rel=\"noopener\"><img loading=\"lazy\" decoding=\"async\" class=\"alignleft wp-image-108482\" src=\"https:\/\/nature-et-developpement.com\/wp-content\/uploads\/cms\/NATURA\/COULEURS_2020-450x450.jpg\" alt=\"\" width=\"30\" height=\"30\" \/><\/a><a href=\"https:\/\/nature-et-developpement.com\/wp-content\/uploads\/Spektrum_KEIM-ND.pdf\" target=\"_blank\" rel=\"noopener\">Choisissez votre couleur<\/a><\/strong><br \/>\n<a href=\"https:\/\/nature-et-developpement.com\/wp-content\/uploads\/Tableau-reference-des-teintes-et-classes-de-prix-Soldalit-ME.pdf\" target=\"_blank\" rel=\"noopener\"><strong>Retrouvez votre classe de prix<\/strong><\/a><\/p>\n<p>*Teintes non disponibles :\u00a0 9001 S \u00e0 9012 S<\/p>\n<p>Peinture sol-silicate d\u00e9polluante (\u00e0 effet\u00a0photocatalytique).<br \/>\nContribue \u00e0 assainir l\u2019air ambiant et \u00e0 r\u00e9duire l\u2019encrassement des fa\u00e7ades.<br \/>\nApplicable sur tous supports organiques ou min\u00e9raux.<\/p>\n","protected":false},"featured_media":1000000201204,"template":"","meta":[],"product_brand":[2770],"product_cat":[100],"product_tag":[3974],"class_list":{"0":"post-13796","1":"product","2":"type-product","3":"status-publish","4":"has-post-thumbnail","6":"product_brand-keim","7":"product_cat-peinture-ecologique","8":"product_tag-peinture","9":"product_shipping_class-peintures-accessoires-peintures","11":"first","12":"instock","13":"taxable","14":"shipping-taxable","15":"purchasable","16":"product-type-variable"},"yoast_head":"<!-- This site is optimized with the Yoast SEO plugin v27.5 - https:\/\/yoast.com\/product\/yoast-seo-wordpress\/ -->\n<title>Peinture fa\u00e7ade d\u00e9polluante KEIM Soldalit-ME<\/title>\n<meta name=\"description\" content=\"Contribue \u00e0 assainir l\u2019air ambiant et \u00e0 r\u00e9duire l\u2019encrassement des fa\u00e7ades. Applicable sur tous supports organiques ou min\u00e9raux.\" \/>\n<meta name=\"robots\" content=\"noindex, nofollow\" \/>\n<meta property=\"og:locale\" content=\"fr_FR\" \/>\n<meta property=\"og:type\" content=\"article\" \/>\n<meta property=\"og:title\" content=\"Peinture fa\u00e7ade d\u00e9polluante KEIM Soldalit-ME\" \/>\n<meta property=\"og:description\" content=\"Contribue \u00e0 assainir l\u2019air ambiant et \u00e0 r\u00e9duire l\u2019encrassement des fa\u00e7ades. Applicable sur tous supports organiques ou min\u00e9raux.\" \/>\n<meta property=\"og:url\" content=\"https:\/\/nature-et-developpement.com\/a2me\/produit\/keim-soldalit-me\/\" \/>\n<meta property=\"og:site_name\" content=\"A2ME\" \/>\n<meta property=\"article:modified_time\" content=\"2026-04-30T17:35:12+00:00\" \/>\n<meta name=\"twitter:card\" content=\"summary_large_image\" \/>\n<meta name=\"twitter:label1\" content=\"Dur\u00e9e de lecture estim\u00e9e\" \/>\n\t<meta name=\"twitter:data1\" content=\"1 minute\" \/>\n<script type=\"application\/ld+json\" class=\"yoast-schema-graph\">{\"@context\":\"https:\\\/\\\/schema.org\",\"@graph\":[{\"@type\":\"WebPage\",\"@id\":\"https:\\\/\\\/nature-et-developpement.com\\\/a2me\\\/produit\\\/keim-soldalit-me\\\/\",\"url\":\"https:\\\/\\\/nature-et-developpement.com\\\/a2me\\\/produit\\\/keim-soldalit-me\\\/\",\"name\":\"Peinture fa\u00e7ade d\u00e9polluante KEIM Soldalit-ME\",\"isPartOf\":{\"@id\":\"https:\\\/\\\/nature-et-developpement.com\\\/a2me\\\/#website\"},\"primaryImageOfPage\":{\"@id\":\"https:\\\/\\\/nature-et-developpement.com\\\/a2me\\\/produit\\\/keim-soldalit-me\\\/#primaryimage\"},\"image\":{\"@id\":\"https:\\\/\\\/nature-et-developpement.com\\\/a2me\\\/produit\\\/keim-soldalit-me\\\/#primaryimage\"},\"thumbnailUrl\":\"https:\\\/\\\/nature-et-developpement.com\\\/a2me\\\/wp-content\\\/uploads\\\/Peinture-facade-depolluante-KEIM-Soldalit-ME-18Kg.jpg\",\"datePublished\":\"2018-09-30T22:00:00+00:00\",\"dateModified\":\"2026-04-30T17:35:12+00:00\",\"description\":\"Contribue \u00e0 assainir l\u2019air ambiant et \u00e0 r\u00e9duire l\u2019encrassement des fa\u00e7ades. Applicable sur tous supports organiques ou min\u00e9raux.\",\"breadcrumb\":{\"@id\":\"https:\\\/\\\/nature-et-developpement.com\\\/a2me\\\/produit\\\/keim-soldalit-me\\\/#breadcrumb\"},\"inLanguage\":\"fr-FR\",\"potentialAction\":[{\"@type\":\"ReadAction\",\"target\":[\"https:\\\/\\\/nature-et-developpement.com\\\/a2me\\\/produit\\\/keim-soldalit-me\\\/\"]}]},{\"@type\":\"ImageObject\",\"inLanguage\":\"fr-FR\",\"@id\":\"https:\\\/\\\/nature-et-developpement.com\\\/a2me\\\/produit\\\/keim-soldalit-me\\\/#primaryimage\",\"url\":\"https:\\\/\\\/nature-et-developpement.com\\\/a2me\\\/wp-content\\\/uploads\\\/Peinture-facade-depolluante-KEIM-Soldalit-ME-18Kg.jpg\",\"contentUrl\":\"https:\\\/\\\/nature-et-developpement.com\\\/a2me\\\/wp-content\\\/uploads\\\/Peinture-facade-depolluante-KEIM-Soldalit-ME-18Kg.jpg\"},{\"@type\":\"BreadcrumbList\",\"@id\":\"https:\\\/\\\/nature-et-developpement.com\\\/a2me\\\/produit\\\/keim-soldalit-me\\\/#breadcrumb\",\"itemListElement\":[{\"@type\":\"ListItem\",\"position\":1,\"name\":\"Accueil\",\"item\":\"https:\\\/\\\/nature-et-developpement.com\\\/a2me\\\/\"},{\"@type\":\"ListItem\",\"position\":2,\"name\":\"Produits\",\"item\":\"https:\\\/\\\/nature-et-developpement.com\\\/a2me\\\/shop\\\/\"},{\"@type\":\"ListItem\",\"position\":3,\"name\":\"Peinture, pigment et enduit\",\"item\":\"https:\\\/\\\/nature-et-developpement.com\\\/a2me\\\/produits\\\/peinture-et-enduit\\\/\"},{\"@type\":\"ListItem\",\"position\":4,\"name\":\"Peintures\",\"item\":\"https:\\\/\\\/nature-et-developpement.com\\\/a2me\\\/produits\\\/peinture-et-enduit\\\/peinture-ecologique\\\/\"},{\"@type\":\"ListItem\",\"position\":5,\"name\":\"Peinture fa\u00e7ade d\u00e9polluante KEIM Soldalit-ME\"}]},{\"@type\":\"WebSite\",\"@id\":\"https:\\\/\\\/nature-et-developpement.com\\\/a2me\\\/#website\",\"url\":\"https:\\\/\\\/nature-et-developpement.com\\\/a2me\\\/\",\"name\":\"A2ME\",\"description\":\"A2ME est membre fondateur du groupement Nature &amp; D\u00e9veloppement\",\"potentialAction\":[{\"@type\":\"SearchAction\",\"target\":{\"@type\":\"EntryPoint\",\"urlTemplate\":\"https:\\\/\\\/nature-et-developpement.com\\\/a2me\\\/?s={search_term_string}\"},\"query-input\":{\"@type\":\"PropertyValueSpecification\",\"valueRequired\":true,\"valueName\":\"search_term_string\"}}],\"inLanguage\":\"fr-FR\"}]}<\/script>\n<!-- \/ Yoast SEO plugin. -->","yoast_head_json":{"title":"Peinture fa\u00e7ade d\u00e9polluante KEIM Soldalit-ME","description":"Contribue \u00e0 assainir l\u2019air ambiant et \u00e0 r\u00e9duire l\u2019encrassement des fa\u00e7ades. Applicable sur tous supports organiques ou min\u00e9raux.","robots":{"index":"noindex","follow":"nofollow"},"og_locale":"fr_FR","og_type":"article","og_title":"Peinture fa\u00e7ade d\u00e9polluante KEIM Soldalit-ME","og_description":"Contribue \u00e0 assainir l\u2019air ambiant et \u00e0 r\u00e9duire l\u2019encrassement des fa\u00e7ades. Applicable sur tous supports organiques ou min\u00e9raux.","og_url":"https:\/\/nature-et-developpement.com\/a2me\/produit\/keim-soldalit-me\/","og_site_name":"A2ME","article_modified_time":"2026-04-30T17:35:12+00:00","twitter_card":"summary_large_image","twitter_misc":{"Dur\u00e9e de lecture estim\u00e9e":"1 minute"},"schema":{"@context":"https:\/\/schema.org","@graph":[{"@type":"WebPage","@id":"https:\/\/nature-et-developpement.com\/a2me\/produit\/keim-soldalit-me\/","url":"https:\/\/nature-et-developpement.com\/a2me\/produit\/keim-soldalit-me\/","name":"Peinture fa\u00e7ade d\u00e9polluante KEIM Soldalit-ME","isPartOf":{"@id":"https:\/\/nature-et-developpement.com\/a2me\/#website"},"primaryImageOfPage":{"@id":"https:\/\/nature-et-developpement.com\/a2me\/produit\/keim-soldalit-me\/#primaryimage"},"image":{"@id":"https:\/\/nature-et-developpement.com\/a2me\/produit\/keim-soldalit-me\/#primaryimage"},"thumbnailUrl":"https:\/\/nature-et-developpement.com\/a2me\/wp-content\/uploads\/Peinture-facade-depolluante-KEIM-Soldalit-ME-18Kg.jpg","datePublished":"2018-09-30T22:00:00+00:00","dateModified":"2026-04-30T17:35:12+00:00","description":"Contribue \u00e0 assainir l\u2019air ambiant et \u00e0 r\u00e9duire l\u2019encrassement des fa\u00e7ades. Applicable sur tous supports organiques ou min\u00e9raux.","breadcrumb":{"@id":"https:\/\/nature-et-developpement.com\/a2me\/produit\/keim-soldalit-me\/#breadcrumb"},"inLanguage":"fr-FR","potentialAction":[{"@type":"ReadAction","target":["https:\/\/nature-et-developpement.com\/a2me\/produit\/keim-soldalit-me\/"]}]},{"@type":"ImageObject","inLanguage":"fr-FR","@id":"https:\/\/nature-et-developpement.com\/a2me\/produit\/keim-soldalit-me\/#primaryimage","url":"https:\/\/nature-et-developpement.com\/a2me\/wp-content\/uploads\/Peinture-facade-depolluante-KEIM-Soldalit-ME-18Kg.jpg","contentUrl":"https:\/\/nature-et-developpement.com\/a2me\/wp-content\/uploads\/Peinture-facade-depolluante-KEIM-Soldalit-ME-18Kg.jpg"},{"@type":"BreadcrumbList","@id":"https:\/\/nature-et-developpement.com\/a2me\/produit\/keim-soldalit-me\/#breadcrumb","itemListElement":[{"@type":"ListItem","position":1,"name":"Accueil","item":"https:\/\/nature-et-developpement.com\/a2me\/"},{"@type":"ListItem","position":2,"name":"Produits","item":"https:\/\/nature-et-developpement.com\/a2me\/shop\/"},{"@type":"ListItem","position":3,"name":"Peinture, pigment et enduit","item":"https:\/\/nature-et-developpement.com\/a2me\/produits\/peinture-et-enduit\/"},{"@type":"ListItem","position":4,"name":"Peintures","item":"https:\/\/nature-et-developpement.com\/a2me\/produits\/peinture-et-enduit\/peinture-ecologique\/"},{"@type":"ListItem","position":5,"name":"Peinture fa\u00e7ade d\u00e9polluante KEIM Soldalit-ME"}]},{"@type":"WebSite","@id":"https:\/\/nature-et-developpement.com\/a2me\/#website","url":"https:\/\/nature-et-developpement.com\/a2me\/","name":"A2ME","description":"A2ME est membre fondateur du groupement Nature &amp; D\u00e9veloppement","potentialAction":[{"@type":"SearchAction","target":{"@type":"EntryPoint","urlTemplate":"https:\/\/nature-et-developpement.com\/a2me\/?s={search_term_string}"},"query-input":{"@type":"PropertyValueSpecification","valueRequired":true,"valueName":"search_term_string"}}],"inLanguage":"fr-FR"}]}},"distributor_meta":false,"distributor_terms":false,"distributor_media":false,"distributor_original_site_name":"A2ME","distributor_original_site_url":"https:\/\/nature-et-developpement.com\/a2me","push-errors":false,"_links":{"self":[{"href":"https:\/\/nature-et-developpement.com\/a2me\/wp-json\/wp\/v2\/product\/13796","targetHints":{"allow":["GET"]}}],"collection":[{"href":"https:\/\/nature-et-developpement.com\/a2me\/wp-json\/wp\/v2\/product"}],"about":[{"href":"https:\/\/nature-et-developpement.com\/a2me\/wp-json\/wp\/v2\/types\/product"}],"wp:featuredmedia":[{"embeddable":true,"href":"https:\/\/nature-et-developpement.com\/a2me\/wp-json\/"}],"wp:attachment":[{"href":"https:\/\/nature-et-developpement.com\/a2me\/wp-json\/wp\/v2\/media?parent=13796"}],"wp:term":[{"taxonomy":"product_brand","embeddable":true,"href":"https:\/\/nature-et-developpement.com\/a2me\/wp-json\/wp\/v2\/product_brand?post=13796"},{"taxonomy":"product_cat","embeddable":true,"href":"https:\/\/nature-et-developpement.com\/a2me\/wp-json\/wp\/v2\/product_cat?post=13796"},{"taxonomy":"product_tag","embeddable":true,"href":"https:\/\/nature-et-developpement.com\/a2me\/wp-json\/wp\/v2\/product_tag?post=13796"}],"curies":[{"name":"wp","href":"https:\/\/api.w.org\/{rel}","templated":true}]}}