{"id":9,"date":"2021-06-17T15:50:29","date_gmt":"2021-06-17T13:50:29","guid":{"rendered":"https:\/\/nature-et-developpement.com\/?page_id=153553"},"modified":"2022-09-08T11:58:45","modified_gmt":"2022-09-08T09:58:45","slug":"livraisons","status":"publish","type":"page","link":"https:\/\/nature-et-developpement.com\/ain\/livraisons\/","title":{"rendered":"Livraisons"},"content":{"rendered":"\n<p><strong>Transports de votre colis<\/strong><\/p>\n\n\n\n<p>Pour toute <strong>commande valid\u00e9e avant midi<\/strong> du mardi au Vendredi, les produits <strong>en stocks<\/strong> peuvent \u00eatre <strong>envoy\u00e9s le jour m\u00eame<\/strong>.<\/p>\n\n\n\n<p>Les colis en stock sont alors g\u00e9n\u00e9ralement exp\u00e9di\u00e9s dans un d\u00e9lai de 2 \u00e0 4&nbsp;jours apr\u00e8s r\u00e9ception du paiement.<\/p>\n\n\n\n<p>Pour les sols Meister sur commande, nous cl\u00f4turons les commandes aupr\u00e8s de notre fournisseur le mercredi \u00e0 17h00 pour pouvoir livrer la marchandise en fin de semaine suivante.<\/p>\n\n\n\n<p>Les petits colis de moins de 30 kg sont exp\u00e9di\u00e9s g\u00e9n\u00e9ralement par camion porteur &lt; 3.5t, via notre partenaire DPD avec un num\u00e9ro de suivi et remis sans signature. Les colis peuvent \u00e9galement \u00eatre exp\u00e9di\u00e9s via DPD&nbsp; et remis contre signature. Veuillez nous contacter avant de choisir ce mode de livraison, car il induit des frais suppl\u00e9mentaires. Quel que soit le mode de livraison choisi, nous vous envoyons un lien pour suivre votre colis en ligne.<\/p>\n\n\n\n<p>Pour les plus gros colis transport\u00e9s sur palette, nous faisons appel \u00e0 notre partenaire national pallex qui livre en poids lourds et prendra rendez vous avec vous. Votre adresse de livraison doit \u00eatre alors accessible par camion.<\/p>\n\n\n\n<p>Nos camions ont en charge le transport de la marchandise et les chauffeurs sont seuls. Les camions sont \u00e9quip\u00e9s de hayon permettant de d\u00e9poser la marchandise au sol, charge \u00e0 vous de vous organiser respectueusement avec suffisamment de renfort pour r\u00e9ceptionner correctement la marchandise sans mettre en retard le chauffeur dans sa tourn\u00e9e.<\/p>\n\n\n\n<figure class=\"wp-block-table aligncenter\"><table><tbody><tr><td class=\"has-text-align-center\" data-align=\"center\"><img loading=\"lazy\" decoding=\"async\" width=\"337\" height=\"168\" class=\"wp-image-29036\" style=\"width: 337px;\" src=\"https:\/\/nature-et-developpement.com\/ain\/wp-content\/uploads\/sites\/11\/2022\/09\/Transport-ND-Semi-35T-17m.jpg\" alt=\"\" srcset=\"https:\/\/nature-et-developpement.com\/ain\/wp-content\/uploads\/sites\/11\/2022\/09\/Transport-ND-Semi-35T-17m.jpg 337w, https:\/\/nature-et-developpement.com\/ain\/wp-content\/uploads\/sites\/11\/2022\/09\/Transport-ND-Semi-35T-17m-300x150.jpg 300w\" sizes=\"auto, (max-width: 337px) 100vw, 337px\" \/> <strong><em>Semi-Remorque 35 tonnes<\/em><\/strong><\/td><td class=\"has-text-align-center\" data-align=\"center\"><img loading=\"lazy\" decoding=\"async\" width=\"166\" height=\"168\" class=\"wp-image-29035\" style=\"width: 166px;\" src=\"https:\/\/nature-et-developpement.com\/ain\/wp-content\/uploads\/sites\/11\/2022\/09\/Transport-ND-Porteur-19T-12m.jpg\" alt=\"\" srcset=\"https:\/\/nature-et-developpement.com\/ain\/wp-content\/uploads\/sites\/11\/2022\/09\/Transport-ND-Porteur-19T-12m.jpg 166w, https:\/\/nature-et-developpement.com\/ain\/wp-content\/uploads\/sites\/11\/2022\/09\/Transport-ND-Porteur-19T-12m-100x100.jpg 100w\" sizes=\"auto, (max-width: 166px) 100vw, 166px\" \/> <strong><em>Camion Porteur 19 tonnes<\/em><\/strong><\/td><td class=\"has-text-align-center\" data-align=\"center\"><img loading=\"lazy\" decoding=\"async\" width=\"171\" height=\"168\" class=\"wp-image-29034\" style=\"width: 171px;\" src=\"https:\/\/nature-et-developpement.com\/ain\/wp-content\/uploads\/sites\/11\/2022\/09\/Transport-ND-Camion-Grue-19T-12m.jpg\" alt=\"\"> <strong><em>Camion Grue 19 tonnes<\/em><\/strong><\/td><\/tr><\/tbody><\/table><\/figure>\n\n\n\n<p><strong>Avant <\/strong><strong>de commander, assurerez-vous qu&rsquo;un camion porteur 19 tonnes peut bien&nbsp;vous livrer et&nbsp;qu&rsquo;il n&rsquo;y ait pas d&rsquo;interdiction de circuler pour les poids lourds&nbsp;dans votre commune, que les rues ne soient pas trop \u00e9troites ou qu&rsquo;il n&rsquo;y ait pas de passages \u00e0 hauteur limit\u00e9e&#8230;<br>Si le transporteur est contraint de vous relivrer en v\u00e9hicule l\u00e9ger, il&nbsp;pourra vous facturer des frais suppl\u00e9mentaires de 200\u20ac HT.<\/strong><\/p>\n\n\n\n<p>Les frais d&rsquo;exp\u00e9dition incluent les frais de pr\u00e9paration et d&#8217;emballage ainsi que les frais de port. Les frais de pr\u00e9paration sont fixes, tandis que les frais de transport varient selon le poids total du colis. Nous vous recommandons de regrouper tous vos articles dans une seule commande afin de r\u00e9duire les couts de livraisons. Nous ne pouvons regrouper deux commandes plac\u00e9es s\u00e9par\u00e9ment et des frais d&rsquo;exp\u00e9dition s&rsquo;appliquent \u00e0 chacune d&rsquo;entre elles. Votre colis est exp\u00e9di\u00e9 \u00e0 vos propres risques.<\/p>\n\n\n\n<p>Les dimensions des bo\u00eetes sont appropri\u00e9es et vos articles sont correctement prot\u00e9g\u00e9s et , une attention particuli\u00e8re est port\u00e9e aux objets fragiles.<\/p>\n\n\n\n<p>Malgr\u00e9 le soin que nous mettons lors de la pr\u00e9paration de votre commande, un <strong>petit accident<\/strong> au cours du transport est toujours possible.<br>Pour cette raison, il est imp\u00e9ratif de <strong>contr\u00f4ler l&rsquo;int\u00e9grit\u00e9&nbsp;de la marchandise<\/strong> lors de sa r\u00e9ception.<br>En cas d&rsquo;incident, veuillez <strong>\u00e9mettre vos r\u00e9serves<\/strong> par \u00e9crit <strong>sur le bon de livraison<\/strong> du transporteur (m\u00eame s&rsquo;il para\u00eet press\u00e9) et <strong>nous le signaler imm\u00e9diatement.<\/strong><\/p>\n\n\n\n<p><strong>Sans \u00e9mettre des r\u00e9serves claires vous ne pourrez pas obtenir du transporteur le remboursement.<\/strong><\/p>\n\n\n\n<p>Notre catalogue comprend une multitude de produits avec des formats tr\u00e8s diff\u00e9rents. Certains produits ne <strong>peuvent pas \u00eatre envoy\u00e9s<\/strong> par les transporteurs standards, car les<strong> dimensions<\/strong>, le <strong>volume<\/strong> ou le <strong>poids<\/strong> sont <strong>trop importants<\/strong>. Pour cette raison, ils ne sont pas disponibles \u00e0 la vente directe sur le site car nous ne pouvons pas vous proposer un <strong>tarif de livraison<\/strong> sans interroger nos partenaires de transports. C\u2019est pourquoi nous vous demandons de nous faire une demande de devis afin d\u2019\u00e9valuer avec pr\u00e9cision et au cas par cas le v\u00e9ritable cout du produit livr\u00e9.<\/p>\n","protected":false},"excerpt":{"rendered":"<p>Transports de votre colis Pour toute commande valid\u00e9e avant midi du mardi au Vendredi, les produits en stocks peuvent \u00eatre envoy\u00e9s le jour m\u00eame. Les colis en stock sont alors g\u00e9n\u00e9ralement exp\u00e9di\u00e9s dans un d\u00e9lai de 2 \u00e0 4&nbsp;jours apr\u00e8s r\u00e9ception du paiement. Pour les sols Meister sur commande, nous cl\u00f4turons les commandes aupr\u00e8s de [&hellip;]<\/p>\n","protected":false},"author":1,"featured_media":0,"parent":0,"menu_order":0,"comment_status":"closed","ping_status":"closed","template":"","meta":{"footnotes":""},"class_list":["post-9","page","type-page","status-publish","hentry"],"yoast_head":"<!-- This site is optimized with the Yoast SEO plugin v27.6 - https:\/\/yoast.com\/product\/yoast-seo-wordpress\/ -->\n<title>Livraisons<\/title>\n<meta name=\"description\" content=\"Transports de votre colis Pour toute commande valid\u00e9e avant midi du mardi au Vendredi, les produits en stocks peuvent \u00eatre envoy\u00e9s le jour m\u00eame. Les colis\" \/>\n<meta name=\"robots\" content=\"index, follow, max-snippet:-1, max-image-preview:large, max-video-preview:-1\" \/>\n<link rel=\"canonical\" href=\"https:\/\/nature-et-developpement.com\/ain\/livraisons\/\" \/>\n<meta property=\"og:locale\" content=\"fr_FR\" \/>\n<meta property=\"og:type\" content=\"article\" \/>\n<meta property=\"og:title\" content=\"Livraisons\" \/>\n<meta property=\"og:description\" content=\"Transports de votre colis Pour toute commande valid\u00e9e avant midi du mardi au Vendredi, les produits en stocks peuvent \u00eatre envoy\u00e9s le jour m\u00eame. Les colis\" \/>\n<meta property=\"og:url\" content=\"https:\/\/nature-et-developpement.com\/ain\/livraisons\/\" \/>\n<meta property=\"og:site_name\" content=\"Mat\u00e9riaux Naturels de l&#039;Ain\" \/>\n<meta property=\"article:modified_time\" content=\"2022-09-08T09:58:45+00:00\" \/>\n<meta property=\"og:image\" content=\"https:\/\/nature-et-developpement.com\/ain\/wp-content\/uploads\/sites\/11\/2022\/09\/Transport-ND-Semi-35T-17m.jpg\" \/>\n<meta name=\"twitter:card\" content=\"summary_large_image\" \/>\n<meta name=\"twitter:label1\" content=\"Dur\u00e9e de lecture estim\u00e9e\" \/>\n\t<meta name=\"twitter:data1\" content=\"4 minutes\" \/>\n<script type=\"application\/ld+json\" class=\"yoast-schema-graph\">{\"@context\":\"https:\\\/\\\/schema.org\",\"@graph\":[{\"@type\":\"WebPage\",\"@id\":\"https:\\\/\\\/nature-et-developpement.com\\\/ain\\\/livraisons\\\/\",\"url\":\"https:\\\/\\\/nature-et-developpement.com\\\/ain\\\/livraisons\\\/\",\"name\":\"Livraisons\",\"isPartOf\":{\"@id\":\"https:\\\/\\\/nature-et-developpement.com\\\/ain\\\/#website\"},\"primaryImageOfPage\":{\"@id\":\"https:\\\/\\\/nature-et-developpement.com\\\/ain\\\/livraisons\\\/#primaryimage\"},\"image\":{\"@id\":\"https:\\\/\\\/nature-et-developpement.com\\\/ain\\\/livraisons\\\/#primaryimage\"},\"thumbnailUrl\":\"https:\\\/\\\/nature-et-developpement.com\\\/ain\\\/wp-content\\\/uploads\\\/sites\\\/11\\\/2022\\\/09\\\/Transport-ND-Semi-35T-17m.jpg\",\"datePublished\":\"2021-06-17T13:50:29+00:00\",\"dateModified\":\"2022-09-08T09:58:45+00:00\",\"description\":\"Transports de votre colis Pour toute commande valid\u00e9e avant midi du mardi au Vendredi, les produits en stocks peuvent \u00eatre envoy\u00e9s le jour m\u00eame. Les colis\",\"breadcrumb\":{\"@id\":\"https:\\\/\\\/nature-et-developpement.com\\\/ain\\\/livraisons\\\/#breadcrumb\"},\"inLanguage\":\"fr-FR\",\"potentialAction\":[{\"@type\":\"ReadAction\",\"target\":[\"https:\\\/\\\/nature-et-developpement.com\\\/ain\\\/livraisons\\\/\"]}]},{\"@type\":\"ImageObject\",\"inLanguage\":\"fr-FR\",\"@id\":\"https:\\\/\\\/nature-et-developpement.com\\\/ain\\\/livraisons\\\/#primaryimage\",\"url\":\"https:\\\/\\\/nature-et-developpement.com\\\/ain\\\/wp-content\\\/uploads\\\/sites\\\/11\\\/2022\\\/09\\\/Transport-ND-Semi-35T-17m.jpg\",\"contentUrl\":\"https:\\\/\\\/nature-et-developpement.com\\\/ain\\\/wp-content\\\/uploads\\\/sites\\\/11\\\/2022\\\/09\\\/Transport-ND-Semi-35T-17m.jpg\",\"width\":337,\"height\":168},{\"@type\":\"BreadcrumbList\",\"@id\":\"https:\\\/\\\/nature-et-developpement.com\\\/ain\\\/livraisons\\\/#breadcrumb\",\"itemListElement\":[{\"@type\":\"ListItem\",\"position\":1,\"name\":\"Accueil\",\"item\":\"https:\\\/\\\/nature-et-developpement.com\\\/ain\\\/\"},{\"@type\":\"ListItem\",\"position\":2,\"name\":\"Livraisons\"}]},{\"@type\":\"WebSite\",\"@id\":\"https:\\\/\\\/nature-et-developpement.com\\\/ain\\\/#website\",\"url\":\"https:\\\/\\\/nature-et-developpement.com\\\/ain\\\/\",\"name\":\"Mat\u00e9riaux Naturels de l&#039;Ain\",\"description\":\"Mat\u00e9riaux Naturels de l&#039;Ain est membre du groupement Nature &amp; D\u00e9veloppement\",\"potentialAction\":[{\"@type\":\"SearchAction\",\"target\":{\"@type\":\"EntryPoint\",\"urlTemplate\":\"https:\\\/\\\/nature-et-developpement.com\\\/ain\\\/?s={search_term_string}\"},\"query-input\":{\"@type\":\"PropertyValueSpecification\",\"valueRequired\":true,\"valueName\":\"search_term_string\"}}],\"inLanguage\":\"fr-FR\"}]}<\/script>\n<!-- \/ Yoast SEO plugin. -->","yoast_head_json":{"title":"Livraisons","description":"Transports de votre colis Pour toute commande valid\u00e9e avant midi du mardi au Vendredi, les produits en stocks peuvent \u00eatre envoy\u00e9s le jour m\u00eame. Les colis","robots":{"index":"index","follow":"follow","max-snippet":"max-snippet:-1","max-image-preview":"max-image-preview:large","max-video-preview":"max-video-preview:-1"},"canonical":"https:\/\/nature-et-developpement.com\/ain\/livraisons\/","og_locale":"fr_FR","og_type":"article","og_title":"Livraisons","og_description":"Transports de votre colis Pour toute commande valid\u00e9e avant midi du mardi au Vendredi, les produits en stocks peuvent \u00eatre envoy\u00e9s le jour m\u00eame. Les colis","og_url":"https:\/\/nature-et-developpement.com\/ain\/livraisons\/","og_site_name":"Mat\u00e9riaux Naturels de l&#039;Ain","article_modified_time":"2022-09-08T09:58:45+00:00","og_image":[{"url":"https:\/\/nature-et-developpement.com\/ain\/wp-content\/uploads\/sites\/11\/2022\/09\/Transport-ND-Semi-35T-17m.jpg","type":"","width":"","height":""}],"twitter_card":"summary_large_image","twitter_misc":{"Dur\u00e9e de lecture estim\u00e9e":"4 minutes"},"schema":{"@context":"https:\/\/schema.org","@graph":[{"@type":"WebPage","@id":"https:\/\/nature-et-developpement.com\/ain\/livraisons\/","url":"https:\/\/nature-et-developpement.com\/ain\/livraisons\/","name":"Livraisons","isPartOf":{"@id":"https:\/\/nature-et-developpement.com\/ain\/#website"},"primaryImageOfPage":{"@id":"https:\/\/nature-et-developpement.com\/ain\/livraisons\/#primaryimage"},"image":{"@id":"https:\/\/nature-et-developpement.com\/ain\/livraisons\/#primaryimage"},"thumbnailUrl":"https:\/\/nature-et-developpement.com\/ain\/wp-content\/uploads\/sites\/11\/2022\/09\/Transport-ND-Semi-35T-17m.jpg","datePublished":"2021-06-17T13:50:29+00:00","dateModified":"2022-09-08T09:58:45+00:00","description":"Transports de votre colis Pour toute commande valid\u00e9e avant midi du mardi au Vendredi, les produits en stocks peuvent \u00eatre envoy\u00e9s le jour m\u00eame. Les colis","breadcrumb":{"@id":"https:\/\/nature-et-developpement.com\/ain\/livraisons\/#breadcrumb"},"inLanguage":"fr-FR","potentialAction":[{"@type":"ReadAction","target":["https:\/\/nature-et-developpement.com\/ain\/livraisons\/"]}]},{"@type":"ImageObject","inLanguage":"fr-FR","@id":"https:\/\/nature-et-developpement.com\/ain\/livraisons\/#primaryimage","url":"https:\/\/nature-et-developpement.com\/ain\/wp-content\/uploads\/sites\/11\/2022\/09\/Transport-ND-Semi-35T-17m.jpg","contentUrl":"https:\/\/nature-et-developpement.com\/ain\/wp-content\/uploads\/sites\/11\/2022\/09\/Transport-ND-Semi-35T-17m.jpg","width":337,"height":168},{"@type":"BreadcrumbList","@id":"https:\/\/nature-et-developpement.com\/ain\/livraisons\/#breadcrumb","itemListElement":[{"@type":"ListItem","position":1,"name":"Accueil","item":"https:\/\/nature-et-developpement.com\/ain\/"},{"@type":"ListItem","position":2,"name":"Livraisons"}]},{"@type":"WebSite","@id":"https:\/\/nature-et-developpement.com\/ain\/#website","url":"https:\/\/nature-et-developpement.com\/ain\/","name":"Mat\u00e9riaux Naturels de l&#039;Ain","description":"Mat\u00e9riaux Naturels de l&#039;Ain est membre du groupement Nature &amp; D\u00e9veloppement","potentialAction":[{"@type":"SearchAction","target":{"@type":"EntryPoint","urlTemplate":"https:\/\/nature-et-developpement.com\/ain\/?s={search_term_string}"},"query-input":{"@type":"PropertyValueSpecification","valueRequired":true,"valueName":"search_term_string"}}],"inLanguage":"fr-FR"}]}},"distributor_meta":false,"distributor_terms":false,"distributor_media":false,"distributor_original_site_name":"Mat\u00e9riaux Naturels de l&#039;Ain","distributor_original_site_url":"https:\/\/nature-et-developpement.com\/ain","push-errors":false,"_links":{"self":[{"href":"https:\/\/nature-et-developpement.com\/ain\/wp-json\/wp\/v2\/pages\/9","targetHints":{"allow":["GET"]}}],"collection":[{"href":"https:\/\/nature-et-developpement.com\/ain\/wp-json\/wp\/v2\/pages"}],"about":[{"href":"https:\/\/nature-et-developpement.com\/ain\/wp-json\/wp\/v2\/types\/page"}],"author":[{"embeddable":true,"href":"https:\/\/nature-et-developpement.com\/ain\/wp-json\/wp\/v2\/users\/1"}],"replies":[{"embeddable":true,"href":"https:\/\/nature-et-developpement.com\/ain\/wp-json\/wp\/v2\/comments?post=9"}],"version-history":[{"count":2,"href":"https:\/\/nature-et-developpement.com\/ain\/wp-json\/wp\/v2\/pages\/9\/revisions"}],"predecessor-version":[{"id":29039,"href":"https:\/\/nature-et-developpement.com\/ain\/wp-json\/wp\/v2\/pages\/9\/revisions\/29039"}],"wp:attachment":[{"href":"https:\/\/nature-et-developpement.com\/ain\/wp-json\/wp\/v2\/media?parent=9"}],"curies":[{"name":"wp","href":"https:\/\/api.w.org\/{rel}","templated":true}]}}