{"id":13085,"date":"2019-08-28T21:52:30","date_gmt":"2019-08-28T19:52:30","guid":{"rendered":"https:\/\/nature-et-developpement.com\/bem\/produit\/cire-harmonic-blanc-naturhaus-bem\/"},"modified":"2025-06-13T17:26:28","modified_gmt":"2025-06-13T15:26:28","slug":"cire-harmonic-blanc-naturhaus-bem","status":"publish","type":"product","link":"https:\/\/nature-et-developpement.com\/bem\/produit\/cire-harmonic-blanc-naturhaus-bem\/","title":{"rendered":"Cire Harmonic Blanc NATURHAUS (BEM)"},"content":{"rendered":"","protected":false},"excerpt":{"rendered":"<p><span class=\"corps\">Pour tout bois \u00e0 sollicitation normale (rev\u00eatement bois, lambris) en int\u00e9rieur, exempt de solvants organiques. Effet satin\u00e9. L\u2019hydro-cire r\u00e9siste aux UV et ne teinte pas le bois du fait de sa base aqueuse. La surface trait\u00e9e repousse l\u2019eau et la salet\u00e9, elle est antistatique. Son odeur est faible et agr\u00e9able.\u00a0<\/span><\/p>\n","protected":false},"featured_media":13084,"template":"","meta":[],"product_brand":[8705,8797],"product_cat":[223],"product_tag":[],"class_list":{"0":"post-13085","1":"product","2":"type-product","3":"status-publish","4":"has-post-thumbnail","6":"product_brand-naturhaus","7":"product_brand-produits-bem","8":"product_cat-protection-du-bois","10":"first","11":"instock","12":"taxable","13":"shipping-taxable","14":"purchasable","15":"product-type-variable"},"yoast_head":"<!-- This site is optimized with the Yoast SEO plugin v27.5 - https:\/\/yoast.com\/product\/yoast-seo-wordpress\/ -->\n<title>Cire Harmonic Blanc NATURHAUS (BEM)<\/title>\n<meta name=\"description\" content=\"Pour tout bois \u00e0 sollicitation normale (rev\u00eatement bois, lambris) en int\u00e9rieur, exempt de solvants organiques. Effet satin\u00e9. L\u2019hydro-cire r\u00e9siste aux UV et ne teinte pas le bois du fait de sa base aqueuse. La surface trait\u00e9e repousse l\u2019eau et la salet\u00e9, elle est antistatique. Son odeur est faible et agr\u00e9able.\u00a0\" \/>\n<meta name=\"robots\" content=\"noindex, follow\" \/>\n<meta property=\"og:locale\" content=\"fr_FR\" \/>\n<meta property=\"og:type\" content=\"article\" \/>\n<meta property=\"og:title\" content=\"Cire Harmonic Blanc NATURHAUS (BEM)\" \/>\n<meta property=\"og:description\" content=\"Pour tout bois \u00e0 sollicitation normale (rev\u00eatement bois, lambris) en int\u00e9rieur, exempt de solvants organiques. Effet satin\u00e9. L\u2019hydro-cire r\u00e9siste aux UV et ne teinte pas le bois du fait de sa base aqueuse. La surface trait\u00e9e repousse l\u2019eau et la salet\u00e9, elle est antistatique. Son odeur est faible et agr\u00e9able.\u00a0\" \/>\n<meta property=\"og:url\" content=\"https:\/\/nature-et-developpement.com\/bem\/produit\/cire-harmonic-blanc-naturhaus-bem\/\" \/>\n<meta property=\"og:site_name\" content=\"Bien-\u00catre Mat\u00e9riaux\" \/>\n<meta property=\"article:modified_time\" content=\"2025-06-13T15:26:28+00:00\" \/>\n<meta property=\"og:image\" content=\"https:\/\/nature-et-developpement.com\/bem\/wp-content\/uploads\/sites\/17\/2019\/08\/26398-Hydrocire-HARMONIC-Blanc-NATURHAUS.jpg\" \/>\n\t<meta property=\"og:image:width\" content=\"800\" \/>\n\t<meta property=\"og:image:height\" content=\"800\" \/>\n\t<meta property=\"og:image:type\" content=\"image\/jpeg\" \/>\n<meta name=\"twitter:card\" content=\"summary_large_image\" \/>\n<script type=\"application\/ld+json\" class=\"yoast-schema-graph\">{\"@context\":\"https:\\\/\\\/schema.org\",\"@graph\":[{\"@type\":\"WebPage\",\"@id\":\"https:\\\/\\\/nature-et-developpement.com\\\/bem\\\/produit\\\/cire-harmonic-blanc-naturhaus-bem\\\/\",\"url\":\"https:\\\/\\\/nature-et-developpement.com\\\/bem\\\/produit\\\/cire-harmonic-blanc-naturhaus-bem\\\/\",\"name\":\"Cire Harmonic Blanc NATURHAUS (BEM)\",\"isPartOf\":{\"@id\":\"https:\\\/\\\/nature-et-developpement.com\\\/bem\\\/#website\"},\"primaryImageOfPage\":{\"@id\":\"https:\\\/\\\/nature-et-developpement.com\\\/bem\\\/produit\\\/cire-harmonic-blanc-naturhaus-bem\\\/#primaryimage\"},\"image\":{\"@id\":\"https:\\\/\\\/nature-et-developpement.com\\\/bem\\\/produit\\\/cire-harmonic-blanc-naturhaus-bem\\\/#primaryimage\"},\"thumbnailUrl\":\"https:\\\/\\\/nature-et-developpement.com\\\/bem\\\/wp-content\\\/uploads\\\/sites\\\/17\\\/2019\\\/08\\\/26398-Hydrocire-HARMONIC-Blanc-NATURHAUS.jpg\",\"datePublished\":\"2019-08-28T19:52:30+00:00\",\"dateModified\":\"2025-06-13T15:26:28+00:00\",\"description\":\"Pour tout bois \u00e0 sollicitation normale (rev\u00eatement bois, lambris) en int\u00e9rieur, exempt de solvants organiques. Effet satin\u00e9. L\u2019hydro-cire r\u00e9siste aux UV et ne teinte pas le bois du fait de sa base aqueuse. La surface trait\u00e9e repousse l\u2019eau et la salet\u00e9, elle est antistatique. Son odeur est faible et agr\u00e9able.\u00a0\",\"breadcrumb\":{\"@id\":\"https:\\\/\\\/nature-et-developpement.com\\\/bem\\\/produit\\\/cire-harmonic-blanc-naturhaus-bem\\\/#breadcrumb\"},\"inLanguage\":\"fr-FR\",\"potentialAction\":[{\"@type\":\"ReadAction\",\"target\":[\"https:\\\/\\\/nature-et-developpement.com\\\/bem\\\/produit\\\/cire-harmonic-blanc-naturhaus-bem\\\/\"]}]},{\"@type\":\"ImageObject\",\"inLanguage\":\"fr-FR\",\"@id\":\"https:\\\/\\\/nature-et-developpement.com\\\/bem\\\/produit\\\/cire-harmonic-blanc-naturhaus-bem\\\/#primaryimage\",\"url\":\"https:\\\/\\\/nature-et-developpement.com\\\/bem\\\/wp-content\\\/uploads\\\/sites\\\/17\\\/2019\\\/08\\\/26398-Hydrocire-HARMONIC-Blanc-NATURHAUS.jpg\",\"contentUrl\":\"https:\\\/\\\/nature-et-developpement.com\\\/bem\\\/wp-content\\\/uploads\\\/sites\\\/17\\\/2019\\\/08\\\/26398-Hydrocire-HARMONIC-Blanc-NATURHAUS.jpg\",\"width\":800,\"height\":800,\"caption\":\"Hydrocire HARMONIC Blanc NATURHAUS\"},{\"@type\":\"BreadcrumbList\",\"@id\":\"https:\\\/\\\/nature-et-developpement.com\\\/bem\\\/produit\\\/cire-harmonic-blanc-naturhaus-bem\\\/#breadcrumb\",\"itemListElement\":[{\"@type\":\"ListItem\",\"position\":1,\"name\":\"Accueil\",\"item\":\"https:\\\/\\\/nature-et-developpement.com\\\/bem\\\/\"},{\"@type\":\"ListItem\",\"position\":2,\"name\":\"Produits\",\"item\":\"https:\\\/\\\/nature-et-developpement.com\\\/bem\\\/shop\\\/\"},{\"@type\":\"ListItem\",\"position\":3,\"name\":\"Peinture, pigment et enduit\",\"item\":\"https:\\\/\\\/nature-et-developpement.com\\\/bem\\\/produits\\\/peinture-et-enduit\\\/\"},{\"@type\":\"ListItem\",\"position\":4,\"name\":\"Protection du bois\",\"item\":\"https:\\\/\\\/nature-et-developpement.com\\\/bem\\\/produits\\\/peinture-et-enduit\\\/protection-du-bois\\\/\"},{\"@type\":\"ListItem\",\"position\":5,\"name\":\"Cire Harmonic Blanc NATURHAUS (BEM)\"}]},{\"@type\":\"WebSite\",\"@id\":\"https:\\\/\\\/nature-et-developpement.com\\\/bem\\\/#website\",\"url\":\"https:\\\/\\\/nature-et-developpement.com\\\/bem\\\/\",\"name\":\"Bien-\u00catre Mat\u00e9riaux\",\"description\":\"Bien-Etre Mat\u00e9riaux est membre du groupement Nature &amp; D\u00e9veloppement\",\"potentialAction\":[{\"@type\":\"SearchAction\",\"target\":{\"@type\":\"EntryPoint\",\"urlTemplate\":\"https:\\\/\\\/nature-et-developpement.com\\\/bem\\\/?s={search_term_string}\"},\"query-input\":{\"@type\":\"PropertyValueSpecification\",\"valueRequired\":true,\"valueName\":\"search_term_string\"}}],\"inLanguage\":\"fr-FR\"}]}<\/script>\n<!-- \/ Yoast SEO plugin. -->","yoast_head_json":{"title":"Cire Harmonic Blanc NATURHAUS (BEM)","description":"Pour tout bois \u00e0 sollicitation normale (rev\u00eatement bois, lambris) en int\u00e9rieur, exempt de solvants organiques. Effet satin\u00e9. L\u2019hydro-cire r\u00e9siste aux UV et ne teinte pas le bois du fait de sa base aqueuse. La surface trait\u00e9e repousse l\u2019eau et la salet\u00e9, elle est antistatique. Son odeur est faible et agr\u00e9able.\u00a0","robots":{"index":"noindex","follow":"follow"},"og_locale":"fr_FR","og_type":"article","og_title":"Cire Harmonic Blanc NATURHAUS (BEM)","og_description":"Pour tout bois \u00e0 sollicitation normale (rev\u00eatement bois, lambris) en int\u00e9rieur, exempt de solvants organiques. Effet satin\u00e9. L\u2019hydro-cire r\u00e9siste aux UV et ne teinte pas le bois du fait de sa base aqueuse. La surface trait\u00e9e repousse l\u2019eau et la salet\u00e9, elle est antistatique. Son odeur est faible et agr\u00e9able.\u00a0","og_url":"https:\/\/nature-et-developpement.com\/bem\/produit\/cire-harmonic-blanc-naturhaus-bem\/","og_site_name":"Bien-\u00catre Mat\u00e9riaux","article_modified_time":"2025-06-13T15:26:28+00:00","og_image":[{"width":800,"height":800,"url":"https:\/\/nature-et-developpement.com\/bem\/wp-content\/uploads\/sites\/17\/2019\/08\/26398-Hydrocire-HARMONIC-Blanc-NATURHAUS.jpg","type":"image\/jpeg"}],"twitter_card":"summary_large_image","schema":{"@context":"https:\/\/schema.org","@graph":[{"@type":"WebPage","@id":"https:\/\/nature-et-developpement.com\/bem\/produit\/cire-harmonic-blanc-naturhaus-bem\/","url":"https:\/\/nature-et-developpement.com\/bem\/produit\/cire-harmonic-blanc-naturhaus-bem\/","name":"Cire Harmonic Blanc NATURHAUS (BEM)","isPartOf":{"@id":"https:\/\/nature-et-developpement.com\/bem\/#website"},"primaryImageOfPage":{"@id":"https:\/\/nature-et-developpement.com\/bem\/produit\/cire-harmonic-blanc-naturhaus-bem\/#primaryimage"},"image":{"@id":"https:\/\/nature-et-developpement.com\/bem\/produit\/cire-harmonic-blanc-naturhaus-bem\/#primaryimage"},"thumbnailUrl":"https:\/\/nature-et-developpement.com\/bem\/wp-content\/uploads\/sites\/17\/2019\/08\/26398-Hydrocire-HARMONIC-Blanc-NATURHAUS.jpg","datePublished":"2019-08-28T19:52:30+00:00","dateModified":"2025-06-13T15:26:28+00:00","description":"Pour tout bois \u00e0 sollicitation normale (rev\u00eatement bois, lambris) en int\u00e9rieur, exempt de solvants organiques. Effet satin\u00e9. L\u2019hydro-cire r\u00e9siste aux UV et ne teinte pas le bois du fait de sa base aqueuse. La surface trait\u00e9e repousse l\u2019eau et la salet\u00e9, elle est antistatique. Son odeur est faible et agr\u00e9able.\u00a0","breadcrumb":{"@id":"https:\/\/nature-et-developpement.com\/bem\/produit\/cire-harmonic-blanc-naturhaus-bem\/#breadcrumb"},"inLanguage":"fr-FR","potentialAction":[{"@type":"ReadAction","target":["https:\/\/nature-et-developpement.com\/bem\/produit\/cire-harmonic-blanc-naturhaus-bem\/"]}]},{"@type":"ImageObject","inLanguage":"fr-FR","@id":"https:\/\/nature-et-developpement.com\/bem\/produit\/cire-harmonic-blanc-naturhaus-bem\/#primaryimage","url":"https:\/\/nature-et-developpement.com\/bem\/wp-content\/uploads\/sites\/17\/2019\/08\/26398-Hydrocire-HARMONIC-Blanc-NATURHAUS.jpg","contentUrl":"https:\/\/nature-et-developpement.com\/bem\/wp-content\/uploads\/sites\/17\/2019\/08\/26398-Hydrocire-HARMONIC-Blanc-NATURHAUS.jpg","width":800,"height":800,"caption":"Hydrocire HARMONIC Blanc NATURHAUS"},{"@type":"BreadcrumbList","@id":"https:\/\/nature-et-developpement.com\/bem\/produit\/cire-harmonic-blanc-naturhaus-bem\/#breadcrumb","itemListElement":[{"@type":"ListItem","position":1,"name":"Accueil","item":"https:\/\/nature-et-developpement.com\/bem\/"},{"@type":"ListItem","position":2,"name":"Produits","item":"https:\/\/nature-et-developpement.com\/bem\/shop\/"},{"@type":"ListItem","position":3,"name":"Peinture, pigment et enduit","item":"https:\/\/nature-et-developpement.com\/bem\/produits\/peinture-et-enduit\/"},{"@type":"ListItem","position":4,"name":"Protection du bois","item":"https:\/\/nature-et-developpement.com\/bem\/produits\/peinture-et-enduit\/protection-du-bois\/"},{"@type":"ListItem","position":5,"name":"Cire Harmonic Blanc NATURHAUS (BEM)"}]},{"@type":"WebSite","@id":"https:\/\/nature-et-developpement.com\/bem\/#website","url":"https:\/\/nature-et-developpement.com\/bem\/","name":"Bien-\u00catre Mat\u00e9riaux","description":"Bien-Etre Mat\u00e9riaux est membre du groupement Nature &amp; D\u00e9veloppement","potentialAction":[{"@type":"SearchAction","target":{"@type":"EntryPoint","urlTemplate":"https:\/\/nature-et-developpement.com\/bem\/?s={search_term_string}"},"query-input":{"@type":"PropertyValueSpecification","valueRequired":true,"valueName":"search_term_string"}}],"inLanguage":"fr-FR"}]}},"distributor_meta":false,"distributor_terms":false,"distributor_media":false,"distributor_original_site_name":"Bien-\u00catre Mat\u00e9riaux","distributor_original_site_url":"https:\/\/nature-et-developpement.com\/bem","push-errors":false,"_links":{"self":[{"href":"https:\/\/nature-et-developpement.com\/bem\/wp-json\/wp\/v2\/product\/13085","targetHints":{"allow":["GET"]}}],"collection":[{"href":"https:\/\/nature-et-developpement.com\/bem\/wp-json\/wp\/v2\/product"}],"about":[{"href":"https:\/\/nature-et-developpement.com\/bem\/wp-json\/wp\/v2\/types\/product"}],"wp:featuredmedia":[{"embeddable":true,"href":"https:\/\/nature-et-developpement.com\/bem\/wp-json\/wp\/v2\/media\/13084"}],"wp:attachment":[{"href":"https:\/\/nature-et-developpement.com\/bem\/wp-json\/wp\/v2\/media?parent=13085"}],"wp:term":[{"taxonomy":"product_brand","embeddable":true,"href":"https:\/\/nature-et-developpement.com\/bem\/wp-json\/wp\/v2\/product_brand?post=13085"},{"taxonomy":"product_cat","embeddable":true,"href":"https:\/\/nature-et-developpement.com\/bem\/wp-json\/wp\/v2\/product_cat?post=13085"},{"taxonomy":"product_tag","embeddable":true,"href":"https:\/\/nature-et-developpement.com\/bem\/wp-json\/wp\/v2\/product_tag?post=13085"}],"curies":[{"name":"wp","href":"https:\/\/api.w.org\/{rel}","templated":true}]}}