{"id":13720,"date":"2020-10-01T12:12:12","date_gmt":"2020-10-01T10:12:12","guid":{"rendered":"https:\/\/nature-et-developpement.com\/bem\/produit\/hm1\/"},"modified":"2025-06-13T17:26:30","modified_gmt":"2025-06-13T15:26:30","slug":"hm1","status":"publish","type":"product","link":"https:\/\/nature-et-developpement.com\/bem\/produit\/hm1\/","title":{"rendered":"HM1 MASID Pr\u00e9servation non toxique des parquets, meubles et bois tanniques (BEM)"},"content":{"rendered":"<div class=\"field field--name-body field--type-text-with-summary field--label-visually_hidden open\">\n<div class=\"field--item\">\n<p>Excellent pr\u00e9ventif, le HM1 a une action curative limit\u00e9e aux vrillettes (trous d\u2019envols +\/- 1 mm).<\/p>\n<p>Incolore, le HM1 prend soin du bois et convient parfaitement aux parquets (ch\u00eane, ch\u00e2taignier), \u00e0 l\u2019ennoblissement et \u00e0 la restauration de meubles anciens.<\/p>\n<p>Le HM1 ne contient ni insecticides, ni biocides. Il ne pr\u00e9sente aucun risque pour les femmes enceintes, les nourrissons, les personnes allergiques, les malades\u2026<\/p>\n<p>Pour une action \u00e0 plus large spectre et si la modification de teinte n\u2019est pas un probl\u00e8me, optez pour le <a href=\"https:\/\/bienetremateriaux.com\/traitement-naturel-contre-les-xylophages\/11294-wood-bliss-1-traitement-du-bois-bem.html\">Wood Bliss 1<\/a>.<\/p>\n<\/p>\n<p><strong>Principe de fonctionnement :<\/strong><\/p>\n<p>HM 1 agit \u00e0 travers un processus de cristallisation qui rend le bois trait\u00e9 m\u00e9connaissable pour les parasites jusqu\u2018\u00e0 la profondeur de p\u00e9n\u00e9tration. Ils ne peuvent donc<\/p>\n<p>plus identifier le bois en tant que tel. De la m\u00eame mani\u00e8re, les substances nutritives ne sont plus non plus identifiables pour les insectes nuisibles qui se trouvent d\u00e9j\u00e0<\/p>\n<p>dans le bois. De m\u00eame, la modification du milieu et des conditions de vie des champignons se trouvent modifi\u00e9es, ce qui emp\u00eache leur croissance.<\/p>\n<\/p>\n<p align=\"left\"><b>Produit \u00e9cologique :<\/b><\/p>\n<p align=\"left\">&#8211; Non-toxique<\/p>\n<p align=\"left\">&#8211; sans fongicides et sans insecticides<\/p>\n<p align=\"left\">&#8211; sans solvants<\/p>\n<p align=\"left\">&#8211; fonctionnant sur le principe de la min\u00e9ralisation du bois<\/p>\n<p align=\"left\">&#8211; Solution 100% naturelle<\/p>\n<p align=\"left\">&#8211; Proc\u00e9d\u00e9 brevet\u00e9 et sous certifications internationales<\/p>\n<\/p>\n<h4>Ingr\u00e9dients :<\/h4>\n<\/p><\/div>\n<\/p><\/div>\n<p>HM1 contient de la mati\u00e8re v\u00e9g\u00e9tale et min\u00e9rale, qui sont totalement non toxique individuellement et en combinaison, tels que: l&rsquo;alumine, la silice, le palmitate de<\/p>\n<p>potassium, l&rsquo;oxyde de magn\u00e9sium, le chlorure de potassium, des acides gras, de l&rsquo;eau.<\/p>\n<h4>Consommation :<\/h4>\n<p>Ce produit est un concentr\u00e9 et doit \u00eatre dilu\u00e9 1: 9 avec de l&rsquo;eau.<\/p>\n<p>0,1l concentr\u00e9 = 1l dilu\u00e9 = 10m\u00b2 = 5m\u00b2 trait\u00e9 en 2 couches.<\/p>\n<p>0,5l concentr\u00e9 = 5l dilu\u00e9 = 50m\u00b2 = 25m\u00b2 trait\u00e9 en 2 couches.<\/p>\n<p>1l concentr\u00e9 = 10l dilu\u00e9 = 100m\u00b2 = 50m\u00b2 trait\u00e9 en 2 couches.<\/p>\n<h4>Domaines d&rsquo;application :<\/h4>\n<ul>\n<li>Protection du bois pr\u00e9ventive et curative<\/li>\n<\/ul>\n<ul>\n<li>Finition de la surface du bois, dont la structure naturelle reste visible<\/li>\n<\/ul>\n<ul>\n<li>Restauration (consolidation) de bois vieux et ab\u00eem\u00e9s<\/li>\n<\/ul>\n<ul>\n<li>Protection contre les ultra-violets : pas de teinte gris\u00e2tre, pas de blanchissement<\/li>\n<\/ul>\n<ul>\n<li>HM 1 est aussi un retardateur de flamme (jusqu\u2018\u00e0 la profondeur de p\u00e9n\u00e9tration).<\/li>\n<\/ul>\n<ul>\n<li>Produit d\u2019entretien et de nettoyage pour les bois trait\u00e9s avec du HM1<\/li>\n<\/ul>\n<ul>\n<li>Pour tous les bois utilis\u00e9s sans restriction\u00a0en int\u00e9rieur.<\/li>\n<\/ul>\n<ul>\n<li>En ext\u00e9rieur un additif hydrofuge est n\u00e9cessaire.<\/li>\n<\/ul>\n<p><strong>Application<\/strong> :<\/p>\n<p>Pinceau, trempage, vaporisation ou autoclave. Apr\u00e8s le s\u00e9chage, renouveler l\u2019application. Le bois est sec lorsque l\u2019eau s\u2019est \u00e9vapor\u00e9e. Pour le bois tr\u00e8s abim\u00e9 (vieilles<\/p>\n<p>poutres ou vieux meubles), l\u2019application peut \u00eatre renouvel\u00e9e plusieurs fois dans le but de restaurer et de consolider le bois. En r\u00e8gle g\u00e9n\u00e9rale, HM1 ne colore pas le<\/p>\n<p>bois mais lui conf\u00e8re toutefois une surface l\u00e9g\u00e8rement brillante. Faire un essai.<\/p>\n","protected":false},"excerpt":{"rendered":"<p>Incolore, le HM1 prend soin du bois et convient parfaitement aux parquets (ch\u00eane, ch\u00e2taignier), \u00e0 l\u2019ennoblissement et \u00e0 la restauration de meubles anciens.<\/p>\n<p>Produit non-toxique, concentr\u00e9\u00a0\u00e0 diluer \u00e0 l&rsquo;eau.<\/p>\n","protected":false},"featured_media":13716,"template":"","meta":[],"product_brand":[2735,8797],"product_cat":[223,224,1371],"product_tag":[],"class_list":{"0":"post-13720","1":"product","2":"type-product","3":"status-publish","4":"has-post-thumbnail","6":"product_brand-masid","7":"product_brand-produits-bem","8":"product_cat-protection-du-bois","9":"product_cat-protection-et-entretien-du-sol","10":"product_cat-traitement-bois-et-pierre-ecologique","11":"pa_utilisationenexterieur-oui","12":"pa_utilisationeninterieur-oui","14":"first","15":"instock","16":"taxable","17":"shipping-taxable","18":"purchasable","19":"product-type-variable"},"yoast_head":"<!-- This site is optimized with the Yoast SEO plugin v27.5 - https:\/\/yoast.com\/product\/yoast-seo-wordpress\/ -->\n<title>HM1 MASID Pr\u00e9servation non toxique des parquets, meubles et bois tanniques (BEM)<\/title>\n<meta name=\"description\" content=\"Incolore, le HM1 prend soin du bois et convient parfaitement aux parquets (ch\u00eane, ch\u00e2taignier), \u00e0 l\u2019ennoblissement et \u00e0 la restauration de meubles anciens. Produit non-toxique, concentr\u00e9\u00a0\u00e0 diluer \u00e0 l&#039;eau.\" \/>\n<meta name=\"robots\" content=\"noindex, follow\" \/>\n<meta property=\"og:locale\" content=\"fr_FR\" \/>\n<meta property=\"og:type\" content=\"article\" \/>\n<meta property=\"og:title\" content=\"HM1 MASID Pr\u00e9servation non toxique des parquets, meubles et bois tanniques (BEM)\" \/>\n<meta property=\"og:description\" content=\"Incolore, le HM1 prend soin du bois et convient parfaitement aux parquets (ch\u00eane, ch\u00e2taignier), \u00e0 l\u2019ennoblissement et \u00e0 la restauration de meubles anciens. Produit non-toxique, concentr\u00e9\u00a0\u00e0 diluer \u00e0 l&#039;eau.\" \/>\n<meta property=\"og:url\" content=\"https:\/\/nature-et-developpement.com\/bem\/produit\/hm1\/\" \/>\n<meta property=\"og:site_name\" content=\"Bien-\u00catre Mat\u00e9riaux\" \/>\n<meta property=\"article:modified_time\" content=\"2025-06-13T15:26:30+00:00\" \/>\n<meta property=\"og:image\" content=\"https:\/\/nature-et-developpement.com\/bem\/wp-content\/uploads\/sites\/17\/2020\/10\/29263-HM1-Preservation-non-toxique-du-bois.jpg\" \/>\n\t<meta property=\"og:image:width\" content=\"800\" \/>\n\t<meta property=\"og:image:height\" content=\"800\" \/>\n\t<meta property=\"og:image:type\" content=\"image\/jpeg\" \/>\n<meta name=\"twitter:card\" content=\"summary_large_image\" \/>\n<meta name=\"twitter:label1\" content=\"Dur\u00e9e de lecture estim\u00e9e\" \/>\n\t<meta name=\"twitter:data1\" content=\"2 minutes\" \/>\n<script type=\"application\/ld+json\" class=\"yoast-schema-graph\">{\"@context\":\"https:\\\/\\\/schema.org\",\"@graph\":[{\"@type\":\"WebPage\",\"@id\":\"https:\\\/\\\/nature-et-developpement.com\\\/bem\\\/produit\\\/hm1\\\/\",\"url\":\"https:\\\/\\\/nature-et-developpement.com\\\/bem\\\/produit\\\/hm1\\\/\",\"name\":\"HM1 MASID Pr\u00e9servation non toxique des parquets, meubles et bois tanniques (BEM)\",\"isPartOf\":{\"@id\":\"https:\\\/\\\/nature-et-developpement.com\\\/bem\\\/#website\"},\"primaryImageOfPage\":{\"@id\":\"https:\\\/\\\/nature-et-developpement.com\\\/bem\\\/produit\\\/hm1\\\/#primaryimage\"},\"image\":{\"@id\":\"https:\\\/\\\/nature-et-developpement.com\\\/bem\\\/produit\\\/hm1\\\/#primaryimage\"},\"thumbnailUrl\":\"https:\\\/\\\/nature-et-developpement.com\\\/bem\\\/wp-content\\\/uploads\\\/sites\\\/17\\\/2020\\\/10\\\/29263-HM1-Preservation-non-toxique-du-bois.jpg\",\"datePublished\":\"2020-10-01T10:12:12+00:00\",\"dateModified\":\"2025-06-13T15:26:30+00:00\",\"description\":\"Incolore, le HM1 prend soin du bois et convient parfaitement aux parquets (ch\u00eane, ch\u00e2taignier), \u00e0 l\u2019ennoblissement et \u00e0 la restauration de meubles anciens. Produit non-toxique, concentr\u00e9\u00a0\u00e0 diluer \u00e0 l'eau.\",\"breadcrumb\":{\"@id\":\"https:\\\/\\\/nature-et-developpement.com\\\/bem\\\/produit\\\/hm1\\\/#breadcrumb\"},\"inLanguage\":\"fr-FR\",\"potentialAction\":[{\"@type\":\"ReadAction\",\"target\":[\"https:\\\/\\\/nature-et-developpement.com\\\/bem\\\/produit\\\/hm1\\\/\"]}]},{\"@type\":\"ImageObject\",\"inLanguage\":\"fr-FR\",\"@id\":\"https:\\\/\\\/nature-et-developpement.com\\\/bem\\\/produit\\\/hm1\\\/#primaryimage\",\"url\":\"https:\\\/\\\/nature-et-developpement.com\\\/bem\\\/wp-content\\\/uploads\\\/sites\\\/17\\\/2020\\\/10\\\/29263-HM1-Preservation-non-toxique-du-bois.jpg\",\"contentUrl\":\"https:\\\/\\\/nature-et-developpement.com\\\/bem\\\/wp-content\\\/uploads\\\/sites\\\/17\\\/2020\\\/10\\\/29263-HM1-Preservation-non-toxique-du-bois.jpg\",\"width\":800,\"height\":800,\"caption\":\"HM1 : Pr\u00e9servation non toxique du bois\"},{\"@type\":\"BreadcrumbList\",\"@id\":\"https:\\\/\\\/nature-et-developpement.com\\\/bem\\\/produit\\\/hm1\\\/#breadcrumb\",\"itemListElement\":[{\"@type\":\"ListItem\",\"position\":1,\"name\":\"Accueil\",\"item\":\"https:\\\/\\\/nature-et-developpement.com\\\/bem\\\/\"},{\"@type\":\"ListItem\",\"position\":2,\"name\":\"Produits\",\"item\":\"https:\\\/\\\/nature-et-developpement.com\\\/bem\\\/shop\\\/\"},{\"@type\":\"ListItem\",\"position\":3,\"name\":\"Peinture, pigment et enduit\",\"item\":\"https:\\\/\\\/nature-et-developpement.com\\\/bem\\\/produits\\\/peinture-et-enduit\\\/\"},{\"@type\":\"ListItem\",\"position\":4,\"name\":\"Protection du bois\",\"item\":\"https:\\\/\\\/nature-et-developpement.com\\\/bem\\\/produits\\\/peinture-et-enduit\\\/protection-du-bois\\\/\"},{\"@type\":\"ListItem\",\"position\":5,\"name\":\"HM1 MASID Pr\u00e9servation non toxique des parquets, meubles et bois tanniques (BEM)\"}]},{\"@type\":\"WebSite\",\"@id\":\"https:\\\/\\\/nature-et-developpement.com\\\/bem\\\/#website\",\"url\":\"https:\\\/\\\/nature-et-developpement.com\\\/bem\\\/\",\"name\":\"Bien-\u00catre Mat\u00e9riaux\",\"description\":\"Bien-Etre Mat\u00e9riaux est membre du groupement Nature &amp; D\u00e9veloppement\",\"potentialAction\":[{\"@type\":\"SearchAction\",\"target\":{\"@type\":\"EntryPoint\",\"urlTemplate\":\"https:\\\/\\\/nature-et-developpement.com\\\/bem\\\/?s={search_term_string}\"},\"query-input\":{\"@type\":\"PropertyValueSpecification\",\"valueRequired\":true,\"valueName\":\"search_term_string\"}}],\"inLanguage\":\"fr-FR\"}]}<\/script>\n<!-- \/ Yoast SEO plugin. -->","yoast_head_json":{"title":"HM1 MASID Pr\u00e9servation non toxique des parquets, meubles et bois tanniques (BEM)","description":"Incolore, le HM1 prend soin du bois et convient parfaitement aux parquets (ch\u00eane, ch\u00e2taignier), \u00e0 l\u2019ennoblissement et \u00e0 la restauration de meubles anciens. Produit non-toxique, concentr\u00e9\u00a0\u00e0 diluer \u00e0 l'eau.","robots":{"index":"noindex","follow":"follow"},"og_locale":"fr_FR","og_type":"article","og_title":"HM1 MASID Pr\u00e9servation non toxique des parquets, meubles et bois tanniques (BEM)","og_description":"Incolore, le HM1 prend soin du bois et convient parfaitement aux parquets (ch\u00eane, ch\u00e2taignier), \u00e0 l\u2019ennoblissement et \u00e0 la restauration de meubles anciens. Produit non-toxique, concentr\u00e9\u00a0\u00e0 diluer \u00e0 l'eau.","og_url":"https:\/\/nature-et-developpement.com\/bem\/produit\/hm1\/","og_site_name":"Bien-\u00catre Mat\u00e9riaux","article_modified_time":"2025-06-13T15:26:30+00:00","og_image":[{"width":800,"height":800,"url":"https:\/\/nature-et-developpement.com\/bem\/wp-content\/uploads\/sites\/17\/2020\/10\/29263-HM1-Preservation-non-toxique-du-bois.jpg","type":"image\/jpeg"}],"twitter_card":"summary_large_image","twitter_misc":{"Dur\u00e9e de lecture estim\u00e9e":"2 minutes"},"schema":{"@context":"https:\/\/schema.org","@graph":[{"@type":"WebPage","@id":"https:\/\/nature-et-developpement.com\/bem\/produit\/hm1\/","url":"https:\/\/nature-et-developpement.com\/bem\/produit\/hm1\/","name":"HM1 MASID Pr\u00e9servation non toxique des parquets, meubles et bois tanniques (BEM)","isPartOf":{"@id":"https:\/\/nature-et-developpement.com\/bem\/#website"},"primaryImageOfPage":{"@id":"https:\/\/nature-et-developpement.com\/bem\/produit\/hm1\/#primaryimage"},"image":{"@id":"https:\/\/nature-et-developpement.com\/bem\/produit\/hm1\/#primaryimage"},"thumbnailUrl":"https:\/\/nature-et-developpement.com\/bem\/wp-content\/uploads\/sites\/17\/2020\/10\/29263-HM1-Preservation-non-toxique-du-bois.jpg","datePublished":"2020-10-01T10:12:12+00:00","dateModified":"2025-06-13T15:26:30+00:00","description":"Incolore, le HM1 prend soin du bois et convient parfaitement aux parquets (ch\u00eane, ch\u00e2taignier), \u00e0 l\u2019ennoblissement et \u00e0 la restauration de meubles anciens. Produit non-toxique, concentr\u00e9\u00a0\u00e0 diluer \u00e0 l'eau.","breadcrumb":{"@id":"https:\/\/nature-et-developpement.com\/bem\/produit\/hm1\/#breadcrumb"},"inLanguage":"fr-FR","potentialAction":[{"@type":"ReadAction","target":["https:\/\/nature-et-developpement.com\/bem\/produit\/hm1\/"]}]},{"@type":"ImageObject","inLanguage":"fr-FR","@id":"https:\/\/nature-et-developpement.com\/bem\/produit\/hm1\/#primaryimage","url":"https:\/\/nature-et-developpement.com\/bem\/wp-content\/uploads\/sites\/17\/2020\/10\/29263-HM1-Preservation-non-toxique-du-bois.jpg","contentUrl":"https:\/\/nature-et-developpement.com\/bem\/wp-content\/uploads\/sites\/17\/2020\/10\/29263-HM1-Preservation-non-toxique-du-bois.jpg","width":800,"height":800,"caption":"HM1 : Pr\u00e9servation non toxique du bois"},{"@type":"BreadcrumbList","@id":"https:\/\/nature-et-developpement.com\/bem\/produit\/hm1\/#breadcrumb","itemListElement":[{"@type":"ListItem","position":1,"name":"Accueil","item":"https:\/\/nature-et-developpement.com\/bem\/"},{"@type":"ListItem","position":2,"name":"Produits","item":"https:\/\/nature-et-developpement.com\/bem\/shop\/"},{"@type":"ListItem","position":3,"name":"Peinture, pigment et enduit","item":"https:\/\/nature-et-developpement.com\/bem\/produits\/peinture-et-enduit\/"},{"@type":"ListItem","position":4,"name":"Protection du bois","item":"https:\/\/nature-et-developpement.com\/bem\/produits\/peinture-et-enduit\/protection-du-bois\/"},{"@type":"ListItem","position":5,"name":"HM1 MASID Pr\u00e9servation non toxique des parquets, meubles et bois tanniques (BEM)"}]},{"@type":"WebSite","@id":"https:\/\/nature-et-developpement.com\/bem\/#website","url":"https:\/\/nature-et-developpement.com\/bem\/","name":"Bien-\u00catre Mat\u00e9riaux","description":"Bien-Etre Mat\u00e9riaux est membre du groupement Nature &amp; D\u00e9veloppement","potentialAction":[{"@type":"SearchAction","target":{"@type":"EntryPoint","urlTemplate":"https:\/\/nature-et-developpement.com\/bem\/?s={search_term_string}"},"query-input":{"@type":"PropertyValueSpecification","valueRequired":true,"valueName":"search_term_string"}}],"inLanguage":"fr-FR"}]}},"distributor_meta":false,"distributor_terms":false,"distributor_media":false,"distributor_original_site_name":"Bien-\u00catre Mat\u00e9riaux","distributor_original_site_url":"https:\/\/nature-et-developpement.com\/bem","push-errors":false,"_links":{"self":[{"href":"https:\/\/nature-et-developpement.com\/bem\/wp-json\/wp\/v2\/product\/13720","targetHints":{"allow":["GET"]}}],"collection":[{"href":"https:\/\/nature-et-developpement.com\/bem\/wp-json\/wp\/v2\/product"}],"about":[{"href":"https:\/\/nature-et-developpement.com\/bem\/wp-json\/wp\/v2\/types\/product"}],"wp:featuredmedia":[{"embeddable":true,"href":"https:\/\/nature-et-developpement.com\/bem\/wp-json\/wp\/v2\/media\/13716"}],"wp:attachment":[{"href":"https:\/\/nature-et-developpement.com\/bem\/wp-json\/wp\/v2\/media?parent=13720"}],"wp:term":[{"taxonomy":"product_brand","embeddable":true,"href":"https:\/\/nature-et-developpement.com\/bem\/wp-json\/wp\/v2\/product_brand?post=13720"},{"taxonomy":"product_cat","embeddable":true,"href":"https:\/\/nature-et-developpement.com\/bem\/wp-json\/wp\/v2\/product_cat?post=13720"},{"taxonomy":"product_tag","embeddable":true,"href":"https:\/\/nature-et-developpement.com\/bem\/wp-json\/wp\/v2\/product_tag?post=13720"}],"curies":[{"name":"wp","href":"https:\/\/api.w.org\/{rel}","templated":true}]}}