{"id":24158,"date":"2022-01-14T18:24:41","date_gmt":"2022-01-14T17:24:41","guid":{"rendered":"https:\/\/nature-et-developpement.com\/bem\/?post_type=product&#038;p=24158"},"modified":"2026-02-12T10:48:35","modified_gmt":"2026-02-12T09:48:35","slug":"plaque-protection-incendie-firepanel-4ba-a1-incombustible-fermacell-st-michel-orge","status":"publish","type":"product","link":"https:\/\/nature-et-developpement.com\/bem\/produit\/plaque-protection-incendie-firepanel-4ba-a1-incombustible-fermacell-st-michel-orge\/","title":{"rendered":"Plaque protection incendie Firepanel 4BA A1 (incombustible) Fermacell (St Michel\/Orge)"},"content":{"rendered":"<p>En plus des propri\u00e9t\u00e9s de la plaques\u00a0fibres-gypse fermacell, la plaque\u00a0fermacell Firepanel A1 r\u00e9pond au degr\u00e9 de classement le plus \u00e9lev\u00e9 en mati\u00e8re de protection au feu ;\u00a0elle est,\u00a0comme son nom l&rsquo;indique, class\u00e9e A1 suivant la norme EN 13501-1.<\/p>\n<p>Les panneaux de construction \u00e0 bords droits et \u00e0 bords amincis, compos\u00e9 de gypse (80%), de fibres de cellulose (10%) issues du recyclage et de fibres min\u00e9rales (10%). Les plaques fermacell Firepanel A1 existent en bords droits (BD) et en bords amincis (BA).<\/p>\n","protected":false},"excerpt":{"rendered":"<p>La plaque fermacell Firepanel A1 repr\u00e9sente la nouvelle dimension en mati\u00e8re de protection incendie pour la construction s\u00e8che. Le d\u00e9veloppement innovateur de la plaque fibres-gypse\u00a0fermacell coupl\u00e9e \u00e0 des mat\u00e9riaux de classe A1 (incombustible)\u00a0a donn\u00e9 naissance \u00e0 la plaque fermacell Firepanel A1.<\/p>\n","protected":false},"featured_media":23939,"template":"","meta":[],"product_brand":[2733,8797],"product_cat":[314,90,8738],"product_tag":[],"class_list":{"0":"post-24158","1":"product","2":"type-product","3":"status-publish","4":"has-post-thumbnail","6":"product_brand-fermacell","7":"product_brand-produits-bem","8":"product_cat-cloisons-et-doublage","9":"product_cat-construction","10":"product_cat-demande-de-devis-uniquement-sans-prix","11":"product_shipping_class-transport-parquet-lambris-meister","13":"first","14":"instock","15":"taxable","16":"shipping-taxable","17":"purchasable","18":"product-type-variable"},"yoast_head":"<!-- This site is optimized with the Yoast SEO plugin v27.5 - https:\/\/yoast.com\/product\/yoast-seo-wordpress\/ -->\n<title>Plaque protection incendie Firepanel 4BA A1 (incombustible) Fermacell (St Michel\/Orge)<\/title>\n<meta name=\"description\" content=\"La plaque fermacell Firepanel A1 repr\u00e9sente la nouvelle dimension en mati\u00e8re de protection incendie pour la construction s\u00e8che. Le d\u00e9veloppement innovateur de la plaque fibres-gypse\u00a0fermacell coupl\u00e9e \u00e0 des mat\u00e9riaux de classe A1 (incombustible)\u00a0a donn\u00e9 naissance \u00e0 la plaque fermacell Firepanel A1.\" \/>\n<meta name=\"robots\" content=\"noindex, follow\" \/>\n<meta property=\"og:locale\" content=\"fr_FR\" \/>\n<meta property=\"og:type\" content=\"article\" \/>\n<meta property=\"og:title\" content=\"Plaque protection incendie Firepanel 4BA A1 (incombustible) Fermacell (St Michel\/Orge)\" \/>\n<meta property=\"og:description\" content=\"La plaque fermacell Firepanel A1 repr\u00e9sente la nouvelle dimension en mati\u00e8re de protection incendie pour la construction s\u00e8che. Le d\u00e9veloppement innovateur de la plaque fibres-gypse\u00a0fermacell coupl\u00e9e \u00e0 des mat\u00e9riaux de classe A1 (incombustible)\u00a0a donn\u00e9 naissance \u00e0 la plaque fermacell Firepanel A1.\" \/>\n<meta property=\"og:url\" content=\"https:\/\/nature-et-developpement.com\/bem\/produit\/plaque-protection-incendie-firepanel-4ba-a1-incombustible-fermacell-st-michel-orge\/\" \/>\n<meta property=\"og:site_name\" content=\"Bien-\u00catre Mat\u00e9riaux\" \/>\n<meta property=\"article:modified_time\" content=\"2026-02-12T09:48:35+00:00\" \/>\n<meta property=\"og:image\" content=\"https:\/\/nature-et-developpement.com\/bem\/wp-content\/uploads\/sites\/17\/2022\/01\/Plaque-Firepanel-A1-fermacell-70420.jpg\" \/>\n\t<meta property=\"og:image:width\" content=\"800\" \/>\n\t<meta property=\"og:image:height\" content=\"800\" \/>\n\t<meta property=\"og:image:type\" content=\"image\/jpeg\" \/>\n<meta name=\"twitter:card\" content=\"summary_large_image\" \/>\n<script type=\"application\/ld+json\" class=\"yoast-schema-graph\">{\"@context\":\"https:\\\/\\\/schema.org\",\"@graph\":[{\"@type\":\"WebPage\",\"@id\":\"https:\\\/\\\/nature-et-developpement.com\\\/bem\\\/produit\\\/plaque-protection-incendie-firepanel-4ba-a1-incombustible-fermacell-st-michel-orge\\\/\",\"url\":\"https:\\\/\\\/nature-et-developpement.com\\\/bem\\\/produit\\\/plaque-protection-incendie-firepanel-4ba-a1-incombustible-fermacell-st-michel-orge\\\/\",\"name\":\"Plaque protection incendie Firepanel 4BA A1 (incombustible) Fermacell (St Michel\\\/Orge)\",\"isPartOf\":{\"@id\":\"https:\\\/\\\/nature-et-developpement.com\\\/bem\\\/#website\"},\"primaryImageOfPage\":{\"@id\":\"https:\\\/\\\/nature-et-developpement.com\\\/bem\\\/produit\\\/plaque-protection-incendie-firepanel-4ba-a1-incombustible-fermacell-st-michel-orge\\\/#primaryimage\"},\"image\":{\"@id\":\"https:\\\/\\\/nature-et-developpement.com\\\/bem\\\/produit\\\/plaque-protection-incendie-firepanel-4ba-a1-incombustible-fermacell-st-michel-orge\\\/#primaryimage\"},\"thumbnailUrl\":\"https:\\\/\\\/nature-et-developpement.com\\\/bem\\\/wp-content\\\/uploads\\\/sites\\\/17\\\/2022\\\/01\\\/Plaque-Firepanel-A1-fermacell-70420.jpg\",\"datePublished\":\"2022-01-14T17:24:41+00:00\",\"dateModified\":\"2026-02-12T09:48:35+00:00\",\"description\":\"La plaque fermacell Firepanel A1 repr\u00e9sente la nouvelle dimension en mati\u00e8re de protection incendie pour la construction s\u00e8che. Le d\u00e9veloppement innovateur de la plaque fibres-gypse\u00a0fermacell coupl\u00e9e \u00e0 des mat\u00e9riaux de classe A1 (incombustible)\u00a0a donn\u00e9 naissance \u00e0 la plaque fermacell Firepanel A1.\",\"breadcrumb\":{\"@id\":\"https:\\\/\\\/nature-et-developpement.com\\\/bem\\\/produit\\\/plaque-protection-incendie-firepanel-4ba-a1-incombustible-fermacell-st-michel-orge\\\/#breadcrumb\"},\"inLanguage\":\"fr-FR\",\"potentialAction\":[{\"@type\":\"ReadAction\",\"target\":[\"https:\\\/\\\/nature-et-developpement.com\\\/bem\\\/produit\\\/plaque-protection-incendie-firepanel-4ba-a1-incombustible-fermacell-st-michel-orge\\\/\"]}]},{\"@type\":\"ImageObject\",\"inLanguage\":\"fr-FR\",\"@id\":\"https:\\\/\\\/nature-et-developpement.com\\\/bem\\\/produit\\\/plaque-protection-incendie-firepanel-4ba-a1-incombustible-fermacell-st-michel-orge\\\/#primaryimage\",\"url\":\"https:\\\/\\\/nature-et-developpement.com\\\/bem\\\/wp-content\\\/uploads\\\/sites\\\/17\\\/2022\\\/01\\\/Plaque-Firepanel-A1-fermacell-70420.jpg\",\"contentUrl\":\"https:\\\/\\\/nature-et-developpement.com\\\/bem\\\/wp-content\\\/uploads\\\/sites\\\/17\\\/2022\\\/01\\\/Plaque-Firepanel-A1-fermacell-70420.jpg\",\"width\":800,\"height\":800},{\"@type\":\"BreadcrumbList\",\"@id\":\"https:\\\/\\\/nature-et-developpement.com\\\/bem\\\/produit\\\/plaque-protection-incendie-firepanel-4ba-a1-incombustible-fermacell-st-michel-orge\\\/#breadcrumb\",\"itemListElement\":[{\"@type\":\"ListItem\",\"position\":1,\"name\":\"Accueil\",\"item\":\"https:\\\/\\\/nature-et-developpement.com\\\/bem\\\/\"},{\"@type\":\"ListItem\",\"position\":2,\"name\":\"Produits\",\"item\":\"https:\\\/\\\/nature-et-developpement.com\\\/bem\\\/shop\\\/\"},{\"@type\":\"ListItem\",\"position\":3,\"name\":\"Construction, cloison et fen\u00eatres\",\"item\":\"https:\\\/\\\/nature-et-developpement.com\\\/bem\\\/produits\\\/construction\\\/\"},{\"@type\":\"ListItem\",\"position\":4,\"name\":\"Cloisons et doublage\",\"item\":\"https:\\\/\\\/nature-et-developpement.com\\\/bem\\\/produits\\\/construction\\\/cloisons-et-doublage\\\/\"},{\"@type\":\"ListItem\",\"position\":5,\"name\":\"Plaque protection incendie Firepanel 4BA A1 (incombustible) Fermacell (St Michel\\\/Orge)\"}]},{\"@type\":\"WebSite\",\"@id\":\"https:\\\/\\\/nature-et-developpement.com\\\/bem\\\/#website\",\"url\":\"https:\\\/\\\/nature-et-developpement.com\\\/bem\\\/\",\"name\":\"Bien-\u00catre Mat\u00e9riaux\",\"description\":\"Bien-Etre Mat\u00e9riaux est membre du groupement Nature &amp; D\u00e9veloppement\",\"potentialAction\":[{\"@type\":\"SearchAction\",\"target\":{\"@type\":\"EntryPoint\",\"urlTemplate\":\"https:\\\/\\\/nature-et-developpement.com\\\/bem\\\/?s={search_term_string}\"},\"query-input\":{\"@type\":\"PropertyValueSpecification\",\"valueRequired\":true,\"valueName\":\"search_term_string\"}}],\"inLanguage\":\"fr-FR\"}]}<\/script>\n<!-- \/ Yoast SEO plugin. -->","yoast_head_json":{"title":"Plaque protection incendie Firepanel 4BA A1 (incombustible) Fermacell (St Michel\/Orge)","description":"La plaque fermacell Firepanel A1 repr\u00e9sente la nouvelle dimension en mati\u00e8re de protection incendie pour la construction s\u00e8che. Le d\u00e9veloppement innovateur de la plaque fibres-gypse\u00a0fermacell coupl\u00e9e \u00e0 des mat\u00e9riaux de classe A1 (incombustible)\u00a0a donn\u00e9 naissance \u00e0 la plaque fermacell Firepanel A1.","robots":{"index":"noindex","follow":"follow"},"og_locale":"fr_FR","og_type":"article","og_title":"Plaque protection incendie Firepanel 4BA A1 (incombustible) Fermacell (St Michel\/Orge)","og_description":"La plaque fermacell Firepanel A1 repr\u00e9sente la nouvelle dimension en mati\u00e8re de protection incendie pour la construction s\u00e8che. Le d\u00e9veloppement innovateur de la plaque fibres-gypse\u00a0fermacell coupl\u00e9e \u00e0 des mat\u00e9riaux de classe A1 (incombustible)\u00a0a donn\u00e9 naissance \u00e0 la plaque fermacell Firepanel A1.","og_url":"https:\/\/nature-et-developpement.com\/bem\/produit\/plaque-protection-incendie-firepanel-4ba-a1-incombustible-fermacell-st-michel-orge\/","og_site_name":"Bien-\u00catre Mat\u00e9riaux","article_modified_time":"2026-02-12T09:48:35+00:00","og_image":[{"width":800,"height":800,"url":"https:\/\/nature-et-developpement.com\/bem\/wp-content\/uploads\/sites\/17\/2022\/01\/Plaque-Firepanel-A1-fermacell-70420.jpg","type":"image\/jpeg"}],"twitter_card":"summary_large_image","schema":{"@context":"https:\/\/schema.org","@graph":[{"@type":"WebPage","@id":"https:\/\/nature-et-developpement.com\/bem\/produit\/plaque-protection-incendie-firepanel-4ba-a1-incombustible-fermacell-st-michel-orge\/","url":"https:\/\/nature-et-developpement.com\/bem\/produit\/plaque-protection-incendie-firepanel-4ba-a1-incombustible-fermacell-st-michel-orge\/","name":"Plaque protection incendie Firepanel 4BA A1 (incombustible) Fermacell (St Michel\/Orge)","isPartOf":{"@id":"https:\/\/nature-et-developpement.com\/bem\/#website"},"primaryImageOfPage":{"@id":"https:\/\/nature-et-developpement.com\/bem\/produit\/plaque-protection-incendie-firepanel-4ba-a1-incombustible-fermacell-st-michel-orge\/#primaryimage"},"image":{"@id":"https:\/\/nature-et-developpement.com\/bem\/produit\/plaque-protection-incendie-firepanel-4ba-a1-incombustible-fermacell-st-michel-orge\/#primaryimage"},"thumbnailUrl":"https:\/\/nature-et-developpement.com\/bem\/wp-content\/uploads\/sites\/17\/2022\/01\/Plaque-Firepanel-A1-fermacell-70420.jpg","datePublished":"2022-01-14T17:24:41+00:00","dateModified":"2026-02-12T09:48:35+00:00","description":"La plaque fermacell Firepanel A1 repr\u00e9sente la nouvelle dimension en mati\u00e8re de protection incendie pour la construction s\u00e8che. Le d\u00e9veloppement innovateur de la plaque fibres-gypse\u00a0fermacell coupl\u00e9e \u00e0 des mat\u00e9riaux de classe A1 (incombustible)\u00a0a donn\u00e9 naissance \u00e0 la plaque fermacell Firepanel A1.","breadcrumb":{"@id":"https:\/\/nature-et-developpement.com\/bem\/produit\/plaque-protection-incendie-firepanel-4ba-a1-incombustible-fermacell-st-michel-orge\/#breadcrumb"},"inLanguage":"fr-FR","potentialAction":[{"@type":"ReadAction","target":["https:\/\/nature-et-developpement.com\/bem\/produit\/plaque-protection-incendie-firepanel-4ba-a1-incombustible-fermacell-st-michel-orge\/"]}]},{"@type":"ImageObject","inLanguage":"fr-FR","@id":"https:\/\/nature-et-developpement.com\/bem\/produit\/plaque-protection-incendie-firepanel-4ba-a1-incombustible-fermacell-st-michel-orge\/#primaryimage","url":"https:\/\/nature-et-developpement.com\/bem\/wp-content\/uploads\/sites\/17\/2022\/01\/Plaque-Firepanel-A1-fermacell-70420.jpg","contentUrl":"https:\/\/nature-et-developpement.com\/bem\/wp-content\/uploads\/sites\/17\/2022\/01\/Plaque-Firepanel-A1-fermacell-70420.jpg","width":800,"height":800},{"@type":"BreadcrumbList","@id":"https:\/\/nature-et-developpement.com\/bem\/produit\/plaque-protection-incendie-firepanel-4ba-a1-incombustible-fermacell-st-michel-orge\/#breadcrumb","itemListElement":[{"@type":"ListItem","position":1,"name":"Accueil","item":"https:\/\/nature-et-developpement.com\/bem\/"},{"@type":"ListItem","position":2,"name":"Produits","item":"https:\/\/nature-et-developpement.com\/bem\/shop\/"},{"@type":"ListItem","position":3,"name":"Construction, cloison et fen\u00eatres","item":"https:\/\/nature-et-developpement.com\/bem\/produits\/construction\/"},{"@type":"ListItem","position":4,"name":"Cloisons et doublage","item":"https:\/\/nature-et-developpement.com\/bem\/produits\/construction\/cloisons-et-doublage\/"},{"@type":"ListItem","position":5,"name":"Plaque protection incendie Firepanel 4BA A1 (incombustible) Fermacell (St Michel\/Orge)"}]},{"@type":"WebSite","@id":"https:\/\/nature-et-developpement.com\/bem\/#website","url":"https:\/\/nature-et-developpement.com\/bem\/","name":"Bien-\u00catre Mat\u00e9riaux","description":"Bien-Etre Mat\u00e9riaux est membre du groupement Nature &amp; D\u00e9veloppement","potentialAction":[{"@type":"SearchAction","target":{"@type":"EntryPoint","urlTemplate":"https:\/\/nature-et-developpement.com\/bem\/?s={search_term_string}"},"query-input":{"@type":"PropertyValueSpecification","valueRequired":true,"valueName":"search_term_string"}}],"inLanguage":"fr-FR"}]}},"distributor_meta":false,"distributor_terms":false,"distributor_media":false,"distributor_original_site_name":"Bien-\u00catre Mat\u00e9riaux","distributor_original_site_url":"https:\/\/nature-et-developpement.com\/bem","push-errors":false,"_links":{"self":[{"href":"https:\/\/nature-et-developpement.com\/bem\/wp-json\/wp\/v2\/product\/24158","targetHints":{"allow":["GET"]}}],"collection":[{"href":"https:\/\/nature-et-developpement.com\/bem\/wp-json\/wp\/v2\/product"}],"about":[{"href":"https:\/\/nature-et-developpement.com\/bem\/wp-json\/wp\/v2\/types\/product"}],"wp:featuredmedia":[{"embeddable":true,"href":"https:\/\/nature-et-developpement.com\/bem\/wp-json\/wp\/v2\/media\/23939"}],"wp:attachment":[{"href":"https:\/\/nature-et-developpement.com\/bem\/wp-json\/wp\/v2\/media?parent=24158"}],"wp:term":[{"taxonomy":"product_brand","embeddable":true,"href":"https:\/\/nature-et-developpement.com\/bem\/wp-json\/wp\/v2\/product_brand?post=24158"},{"taxonomy":"product_cat","embeddable":true,"href":"https:\/\/nature-et-developpement.com\/bem\/wp-json\/wp\/v2\/product_cat?post=24158"},{"taxonomy":"product_tag","embeddable":true,"href":"https:\/\/nature-et-developpement.com\/bem\/wp-json\/wp\/v2\/product_tag?post=24158"}],"curies":[{"name":"wp","href":"https:\/\/api.w.org\/{rel}","templated":true}]}}