{"id":4711,"date":"2025-03-18T10:12:35","date_gmt":"2025-03-18T09:12:35","guid":{"rendered":"https:\/\/nature-et-developpement.com\/ecobati\/produit\/lambourde-bois-pour-steico-floor\/"},"modified":"2026-03-03T21:52:14","modified_gmt":"2026-03-03T20:52:14","slug":"lambourde-bois-pour-steico-floor","status":"publish","type":"product","link":"https:\/\/nature-et-developpement.com\/ecobati\/produit\/lambourde-bois-pour-steico-floor\/","title":{"rendered":"Lambourde bois pour STEICO Floor"},"content":{"rendered":"","protected":false},"excerpt":{"rendered":"<p>En association de l&rsquo;isolant parquet STEICO floor<\/p>\n","protected":false},"featured_media":1000000166618,"template":"","meta":[],"product_brand":[1626],"product_cat":[2182,41,54,58],"product_tag":[],"class_list":{"0":"post-4711","1":"product","2":"type-product","3":"status-publish","4":"has-post-thumbnail","6":"product_brand-steico","7":"product_cat-accessoires-isolation-et-etancheite","8":"product_cat-isolation-et-etancheite","9":"product_cat-parquet-et-sol-naturels","10":"product_cat-sous-couche-parquet","12":"first","13":"instock","14":"taxable","15":"shipping-taxable","16":"purchasable","17":"product-type-variable"},"yoast_head":"<!-- This site is optimized with the Yoast SEO plugin v27.5 - https:\/\/yoast.com\/product\/yoast-seo-wordpress\/ -->\n<title>Lambourde bois pour STEICO Floor - Ecobati Nancy<\/title>\n<meta name=\"robots\" content=\"noindex, nofollow\" \/>\n<meta property=\"og:locale\" content=\"fr_FR\" \/>\n<meta property=\"og:type\" content=\"article\" \/>\n<meta property=\"og:title\" content=\"Lambourde bois pour STEICO Floor - Ecobati Nancy\" \/>\n<meta property=\"og:description\" content=\"En association de l&#039;isolant parquet STEICO floor\" \/>\n<meta property=\"og:url\" content=\"https:\/\/nature-et-developpement.com\/ecobati\/produit\/lambourde-bois-pour-steico-floor\/\" \/>\n<meta property=\"og:site_name\" content=\"Ecobati Nancy\" \/>\n<meta property=\"article:modified_time\" content=\"2026-03-03T20:52:14+00:00\" \/>\n<meta name=\"twitter:card\" content=\"summary_large_image\" \/>\n<script type=\"application\/ld+json\" class=\"yoast-schema-graph\">{\"@context\":\"https:\\\/\\\/schema.org\",\"@graph\":[{\"@type\":\"WebPage\",\"@id\":\"https:\\\/\\\/nature-et-developpement.com\\\/ecobati\\\/produit\\\/lambourde-bois-pour-steico-floor\\\/\",\"url\":\"https:\\\/\\\/nature-et-developpement.com\\\/ecobati\\\/produit\\\/lambourde-bois-pour-steico-floor\\\/\",\"name\":\"Lambourde bois pour STEICO Floor - Ecobati Nancy\",\"isPartOf\":{\"@id\":\"https:\\\/\\\/nature-et-developpement.com\\\/ecobati\\\/#website\"},\"primaryImageOfPage\":{\"@id\":\"https:\\\/\\\/nature-et-developpement.com\\\/ecobati\\\/produit\\\/lambourde-bois-pour-steico-floor\\\/#primaryimage\"},\"image\":{\"@id\":\"https:\\\/\\\/nature-et-developpement.com\\\/ecobati\\\/produit\\\/lambourde-bois-pour-steico-floor\\\/#primaryimage\"},\"thumbnailUrl\":\"https:\\\/\\\/nature-et-developpement.com\\\/ecobati\\\/wp-content\\\/uploads\\\/Lambourde-pour-STEICO-Floor.jpg\",\"datePublished\":\"2025-03-18T09:12:35+00:00\",\"dateModified\":\"2026-03-03T20:52:14+00:00\",\"breadcrumb\":{\"@id\":\"https:\\\/\\\/nature-et-developpement.com\\\/ecobati\\\/produit\\\/lambourde-bois-pour-steico-floor\\\/#breadcrumb\"},\"inLanguage\":\"fr-FR\",\"potentialAction\":[{\"@type\":\"ReadAction\",\"target\":[\"https:\\\/\\\/nature-et-developpement.com\\\/ecobati\\\/produit\\\/lambourde-bois-pour-steico-floor\\\/\"]}]},{\"@type\":\"ImageObject\",\"inLanguage\":\"fr-FR\",\"@id\":\"https:\\\/\\\/nature-et-developpement.com\\\/ecobati\\\/produit\\\/lambourde-bois-pour-steico-floor\\\/#primaryimage\",\"url\":\"https:\\\/\\\/nature-et-developpement.com\\\/ecobati\\\/wp-content\\\/uploads\\\/Lambourde-pour-STEICO-Floor.jpg\",\"contentUrl\":\"https:\\\/\\\/nature-et-developpement.com\\\/ecobati\\\/wp-content\\\/uploads\\\/Lambourde-pour-STEICO-Floor.jpg\"},{\"@type\":\"BreadcrumbList\",\"@id\":\"https:\\\/\\\/nature-et-developpement.com\\\/ecobati\\\/produit\\\/lambourde-bois-pour-steico-floor\\\/#breadcrumb\",\"itemListElement\":[{\"@type\":\"ListItem\",\"position\":1,\"name\":\"Accueil\",\"item\":\"https:\\\/\\\/nature-et-developpement.com\\\/ecobati\\\/\"},{\"@type\":\"ListItem\",\"position\":2,\"name\":\"Boutique\",\"item\":\"https:\\\/\\\/nature-et-developpement.com\\\/ecobati\\\/boutique\\\/\"},{\"@type\":\"ListItem\",\"position\":3,\"name\":\"Isolation et \u00e9tanch\u00e9it\u00e9\",\"item\":\"https:\\\/\\\/nature-et-developpement.com\\\/ecobati\\\/produits\\\/isolation-et-etancheite\\\/\"},{\"@type\":\"ListItem\",\"position\":4,\"name\":\"Accessoires isolation et \u00e9tanch\u00e9it\u00e9\",\"item\":\"https:\\\/\\\/nature-et-developpement.com\\\/ecobati\\\/produits\\\/isolation-et-etancheite\\\/accessoires-isolation-et-etancheite\\\/\"},{\"@type\":\"ListItem\",\"position\":5,\"name\":\"Lambourde bois pour STEICO Floor\"}]},{\"@type\":\"WebSite\",\"@id\":\"https:\\\/\\\/nature-et-developpement.com\\\/ecobati\\\/#website\",\"url\":\"https:\\\/\\\/nature-et-developpement.com\\\/ecobati\\\/\",\"name\":\"Ecobati Nancy\",\"description\":\"\",\"potentialAction\":[{\"@type\":\"SearchAction\",\"target\":{\"@type\":\"EntryPoint\",\"urlTemplate\":\"https:\\\/\\\/nature-et-developpement.com\\\/ecobati\\\/?s={search_term_string}\"},\"query-input\":{\"@type\":\"PropertyValueSpecification\",\"valueRequired\":true,\"valueName\":\"search_term_string\"}}],\"inLanguage\":\"fr-FR\"}]}<\/script>\n<!-- \/ Yoast SEO plugin. -->","yoast_head_json":{"title":"Lambourde bois pour STEICO Floor - Ecobati Nancy","robots":{"index":"noindex","follow":"nofollow"},"og_locale":"fr_FR","og_type":"article","og_title":"Lambourde bois pour STEICO Floor - Ecobati Nancy","og_description":"En association de l'isolant parquet STEICO floor","og_url":"https:\/\/nature-et-developpement.com\/ecobati\/produit\/lambourde-bois-pour-steico-floor\/","og_site_name":"Ecobati Nancy","article_modified_time":"2026-03-03T20:52:14+00:00","twitter_card":"summary_large_image","schema":{"@context":"https:\/\/schema.org","@graph":[{"@type":"WebPage","@id":"https:\/\/nature-et-developpement.com\/ecobati\/produit\/lambourde-bois-pour-steico-floor\/","url":"https:\/\/nature-et-developpement.com\/ecobati\/produit\/lambourde-bois-pour-steico-floor\/","name":"Lambourde bois pour STEICO Floor - Ecobati Nancy","isPartOf":{"@id":"https:\/\/nature-et-developpement.com\/ecobati\/#website"},"primaryImageOfPage":{"@id":"https:\/\/nature-et-developpement.com\/ecobati\/produit\/lambourde-bois-pour-steico-floor\/#primaryimage"},"image":{"@id":"https:\/\/nature-et-developpement.com\/ecobati\/produit\/lambourde-bois-pour-steico-floor\/#primaryimage"},"thumbnailUrl":"https:\/\/nature-et-developpement.com\/ecobati\/wp-content\/uploads\/Lambourde-pour-STEICO-Floor.jpg","datePublished":"2025-03-18T09:12:35+00:00","dateModified":"2026-03-03T20:52:14+00:00","breadcrumb":{"@id":"https:\/\/nature-et-developpement.com\/ecobati\/produit\/lambourde-bois-pour-steico-floor\/#breadcrumb"},"inLanguage":"fr-FR","potentialAction":[{"@type":"ReadAction","target":["https:\/\/nature-et-developpement.com\/ecobati\/produit\/lambourde-bois-pour-steico-floor\/"]}]},{"@type":"ImageObject","inLanguage":"fr-FR","@id":"https:\/\/nature-et-developpement.com\/ecobati\/produit\/lambourde-bois-pour-steico-floor\/#primaryimage","url":"https:\/\/nature-et-developpement.com\/ecobati\/wp-content\/uploads\/Lambourde-pour-STEICO-Floor.jpg","contentUrl":"https:\/\/nature-et-developpement.com\/ecobati\/wp-content\/uploads\/Lambourde-pour-STEICO-Floor.jpg"},{"@type":"BreadcrumbList","@id":"https:\/\/nature-et-developpement.com\/ecobati\/produit\/lambourde-bois-pour-steico-floor\/#breadcrumb","itemListElement":[{"@type":"ListItem","position":1,"name":"Accueil","item":"https:\/\/nature-et-developpement.com\/ecobati\/"},{"@type":"ListItem","position":2,"name":"Boutique","item":"https:\/\/nature-et-developpement.com\/ecobati\/boutique\/"},{"@type":"ListItem","position":3,"name":"Isolation et \u00e9tanch\u00e9it\u00e9","item":"https:\/\/nature-et-developpement.com\/ecobati\/produits\/isolation-et-etancheite\/"},{"@type":"ListItem","position":4,"name":"Accessoires isolation et \u00e9tanch\u00e9it\u00e9","item":"https:\/\/nature-et-developpement.com\/ecobati\/produits\/isolation-et-etancheite\/accessoires-isolation-et-etancheite\/"},{"@type":"ListItem","position":5,"name":"Lambourde bois pour STEICO Floor"}]},{"@type":"WebSite","@id":"https:\/\/nature-et-developpement.com\/ecobati\/#website","url":"https:\/\/nature-et-developpement.com\/ecobati\/","name":"Ecobati Nancy","description":"","potentialAction":[{"@type":"SearchAction","target":{"@type":"EntryPoint","urlTemplate":"https:\/\/nature-et-developpement.com\/ecobati\/?s={search_term_string}"},"query-input":{"@type":"PropertyValueSpecification","valueRequired":true,"valueName":"search_term_string"}}],"inLanguage":"fr-FR"}]}},"distributor_meta":false,"distributor_terms":false,"distributor_media":false,"distributor_original_site_name":"Ecobati Nancy","distributor_original_site_url":"https:\/\/nature-et-developpement.com\/ecobati","push-errors":false,"_links":{"self":[{"href":"https:\/\/nature-et-developpement.com\/ecobati\/wp-json\/wp\/v2\/product\/4711","targetHints":{"allow":["GET"]}}],"collection":[{"href":"https:\/\/nature-et-developpement.com\/ecobati\/wp-json\/wp\/v2\/product"}],"about":[{"href":"https:\/\/nature-et-developpement.com\/ecobati\/wp-json\/wp\/v2\/types\/product"}],"wp:featuredmedia":[{"embeddable":true,"href":"https:\/\/nature-et-developpement.com\/ecobati\/wp-json\/"}],"wp:attachment":[{"href":"https:\/\/nature-et-developpement.com\/ecobati\/wp-json\/wp\/v2\/media?parent=4711"}],"wp:term":[{"taxonomy":"product_brand","embeddable":true,"href":"https:\/\/nature-et-developpement.com\/ecobati\/wp-json\/wp\/v2\/product_brand?post=4711"},{"taxonomy":"product_cat","embeddable":true,"href":"https:\/\/nature-et-developpement.com\/ecobati\/wp-json\/wp\/v2\/product_cat?post=4711"},{"taxonomy":"product_tag","embeddable":true,"href":"https:\/\/nature-et-developpement.com\/ecobati\/wp-json\/wp\/v2\/product_tag?post=4711"}],"curies":[{"name":"wp","href":"https:\/\/api.w.org\/{rel}","templated":true}]}}