{"id":1852,"date":"2023-04-07T10:20:31","date_gmt":"2023-04-07T08:20:31","guid":{"rendered":"https:\/\/nature-et-developpement.com\/ekoetikmateriaux\/produit\/enduit-special-blocs-et-betons-de-chanvre-monocouche-kalamua-de-saint-astier\/"},"modified":"2026-04-24T11:23:55","modified_gmt":"2026-04-24T09:23:55","slug":"enduit-special-blocs-et-betons-de-chanvre-monocouche-kalamua-de-saint-astier","status":"publish","type":"product","link":"https:\/\/nature-et-developpement.com\/ekoetikmateriaux\/produit\/enduit-special-blocs-et-betons-de-chanvre-monocouche-kalamua-de-saint-astier\/","title":{"rendered":"Enduit sp\u00e9cial blocs et b\u00e9tons de chanvre monocouche KALAMUA de Saint Astier"},"content":{"rendered":"<h2>UN ENDUIT MONOCOUCHE KALAMUA SP\u00c9CIALEMENT<br \/>\nD\u00c9VELOPP\u00c9 POUR S\u2019ADAPTER AUX SUPPORTS<br \/>\nBIOSOURC\u00c9S<\/h2>\n<p>Outre leur qualit\u00e9 environnementale, les mat\u00e9riaux bio-sourc\u00e9s assurent une parfaite perspirance du b\u00e2ti.<\/p>\n<p>Afin de proposer un produit parfaitement compatible avec ces mat\u00e9riaux \u00e0 base de chanvre.<\/p>\n<p>SAINT-ASTIER\u00ae pr\u00e9sente KALAMUA\u2122.<\/p>\n<p>Le premier enduit de finition qui s\u2019adapte aux supports biosourc\u00e9s et qui assure la perm\u00e9abilit\u00e9 \u00e0 la vapeur d\u2019eau.<\/p>\n<p>En outre, le nouvel enduit est class\u00e9 A+, r\u00e9pond \u00e0 la norme 998-1 et est class\u00e9 OC (cat\u00e9gorie pr\u00e9cisant la r\u00e9sistance \u00e0 l\u2019arrachement des enduits).<\/p>\n<p>KALAMUA\u2122 s\u2019applique soit \u00e0 l\u2019aide d\u2019un sablon ou d\u2019une machine \u00e0 projeter et peut \u00e9galement \u00eatre employ\u00e9 \u00e0 l\u2019int\u00e9rieur du b\u00e2ti.<\/p>\n<p>Ce mortier est compos\u00e9 de chaux hydraulique du chaufournier, de charges min\u00e9rales et de pigments min\u00e9raux 100% naturels ainsi que d\u2019adjuvants facilitant sa mise en \u0153uvre.<\/p>\n<p>KALAMUA\u2122 vient donc compl\u00e9ter la gamme biosourc\u00e9e de SAINT-ASTIER\u00ae en proposant une innovation march\u00e9 performante et attendue, tant par les fabricants de blocs de chanvre que par les applicateurs.<\/p>\n<h3>UN ENDUIT PERFORMANT ET UN GAIN DE TEMPS<br \/>\nSUR CHANTIER<\/h3>\n<p>Imagin\u00e9 dans le souci d\u2019apporter aux professionnels un v\u00e9ritable gain de temps.<\/p>\n<p>KALAMUA\u2122 s\u2019applique en deux passes, frais sur frais, sans aucune mise en \u0153uvre de sous enduit au pr\u00e9alable.<\/p>\n<p>La premi\u00e8re couche s\u2019applique sur 8 \u00e0 10 mm d\u2019\u00e9paisseur. Sur laquelle un treillis en fibres de verre de maille carr\u00e9e de 10 x 10 mm est maroufl\u00e9 sans attendre.<\/p>\n<p>En observant un recouvrement vertical et horizontal d\u2019au moins 10 cm entre chaque l\u00e9.<\/p>\n<p>Des mouchoirs ( pi\u00e8ces d\u2019armatures) sont \u00e9galement maroufl\u00e9s sur les points singuliers (tableaux de portes, de fen\u00eatres&#8230;).<\/p>\n<p>Puis, la seconde passe s\u2019applique &#8211; sur une \u00e9paisseur<br \/>\nmaximale de 10 mm. D\u00e8s raffermissement de la premi\u00e8re passe et jusqu\u2019\u00e0 24h apr\u00e8s au maximum.<\/p>\n<p>Une fois fini, l\u2019enduit KALAMUA\u2122 dispose d\u2019une \u00e9paisseur comprise entre 15 \u00e0 20 mm maximum.<\/p>\n<p>Quant \u00e0 l\u2019aspect final, KALAMUA\u2122 peut \u00eatre gratt\u00e9e ou<br \/>\ngratt\u00e9e puis taloch\u00e9e \u00e0 l\u2019\u00e9ponge pour ne pas refermer le support et lui permettre de respirer.<\/p>\n","protected":false},"excerpt":{"rendered":"<p>Le premier enduit de finition qui s\u2019adapte aux supports biosourc\u00e9s et qui assure la perm\u00e9abilit\u00e9 \u00e0 la vapeur d\u2019eau.<\/p>\n<p>Ce mortier est compos\u00e9 de chaux hydraulique, de charges min\u00e9rales et de pigments min\u00e9raux 100% naturels ainsi que d\u2019adjuvants facilitant sa mise en \u0153uvre.<\/p>\n","protected":false},"featured_media":1000000203576,"template":"","meta":[],"product_brand":[567],"product_cat":[118,116,113,125,87],"product_tag":[566],"class_list":{"0":"post-1852","1":"product","2":"type-product","3":"status-publish","4":"has-post-thumbnail","6":"product_brand-saint-astier-chaux","7":"product_cat-accessoires-construction","8":"product_cat-cloisons-et-doublage","9":"product_cat-demande-de-devis-uniquement-sans-prix","10":"product_cat-enduits-naturels","11":"product_cat-maconnerie","12":"product_tag-saint-astier","14":"first","15":"instock","16":"taxable","17":"shipping-taxable","18":"purchasable","19":"product-type-variable"},"yoast_head":"<!-- This site is optimized with the Yoast SEO plugin v27.5 - https:\/\/yoast.com\/product\/yoast-seo-wordpress\/ -->\n<title>Enduit sp\u00e9cial blocs et b\u00e9tons de chanvre monocouche KALAMUA de Saint Astier<\/title>\n<meta name=\"description\" content=\"Le premier enduit de finition qui s\u2019adapte aux supports biosourc\u00e9s et qui assure la perm\u00e9abilit\u00e9 \u00e0 la vapeur d\u2019eau.  Ce mortier est compos\u00e9 de chaux hydraulique, de charges min\u00e9rales et de pigments min\u00e9raux 100% naturels ainsi que d\u2019adjuvants facilitant sa mise en \u0153uvre.\" \/>\n<meta name=\"robots\" content=\"noindex, nofollow\" \/>\n<meta property=\"og:locale\" content=\"fr_FR\" \/>\n<meta property=\"og:type\" content=\"article\" \/>\n<meta property=\"og:title\" content=\"Enduit sp\u00e9cial blocs et b\u00e9tons de chanvre monocouche KALAMUA de Saint Astier\" \/>\n<meta property=\"og:description\" content=\"Le premier enduit de finition qui s\u2019adapte aux supports biosourc\u00e9s et qui assure la perm\u00e9abilit\u00e9 \u00e0 la vapeur d\u2019eau.  Ce mortier est compos\u00e9 de chaux hydraulique, de charges min\u00e9rales et de pigments min\u00e9raux 100% naturels ainsi que d\u2019adjuvants facilitant sa mise en \u0153uvre.\" \/>\n<meta property=\"og:url\" content=\"https:\/\/nature-et-developpement.com\/ekoetikmateriaux\/produit\/enduit-special-blocs-et-betons-de-chanvre-monocouche-kalamua-de-saint-astier\/\" \/>\n<meta property=\"og:site_name\" content=\"Eko Etik Mat\u00e9riaux\" \/>\n<meta property=\"article:modified_time\" content=\"2026-04-24T09:23:55+00:00\" \/>\n<meta name=\"twitter:card\" content=\"summary_large_image\" \/>\n<meta name=\"twitter:label1\" content=\"Dur\u00e9e de lecture estim\u00e9e\" \/>\n\t<meta name=\"twitter:data1\" content=\"2 minutes\" \/>\n<script type=\"application\/ld+json\" class=\"yoast-schema-graph\">{\"@context\":\"https:\\\/\\\/schema.org\",\"@graph\":[{\"@type\":\"WebPage\",\"@id\":\"https:\\\/\\\/nature-et-developpement.com\\\/ekoetikmateriaux\\\/produit\\\/enduit-special-blocs-et-betons-de-chanvre-monocouche-kalamua-de-saint-astier\\\/\",\"url\":\"https:\\\/\\\/nature-et-developpement.com\\\/ekoetikmateriaux\\\/produit\\\/enduit-special-blocs-et-betons-de-chanvre-monocouche-kalamua-de-saint-astier\\\/\",\"name\":\"Enduit sp\u00e9cial blocs et b\u00e9tons de chanvre monocouche KALAMUA de Saint Astier\",\"isPartOf\":{\"@id\":\"https:\\\/\\\/nature-et-developpement.com\\\/ekoetikmateriaux\\\/#website\"},\"primaryImageOfPage\":{\"@id\":\"https:\\\/\\\/nature-et-developpement.com\\\/ekoetikmateriaux\\\/produit\\\/enduit-special-blocs-et-betons-de-chanvre-monocouche-kalamua-de-saint-astier\\\/#primaryimage\"},\"image\":{\"@id\":\"https:\\\/\\\/nature-et-developpement.com\\\/ekoetikmateriaux\\\/produit\\\/enduit-special-blocs-et-betons-de-chanvre-monocouche-kalamua-de-saint-astier\\\/#primaryimage\"},\"thumbnailUrl\":\"https:\\\/\\\/nature-et-developpement.com\\\/ekoetikmateriaux\\\/wp-content\\\/uploads\\\/Enduit-special-blocs-et-betons-de-chanvre-KALAMUA-de-Saint-Astier.jpg\",\"datePublished\":\"2023-04-07T08:20:31+00:00\",\"dateModified\":\"2026-04-24T09:23:55+00:00\",\"description\":\"Le premier enduit de finition qui s\u2019adapte aux supports biosourc\u00e9s et qui assure la perm\u00e9abilit\u00e9 \u00e0 la vapeur d\u2019eau. Ce mortier est compos\u00e9 de chaux hydraulique, de charges min\u00e9rales et de pigments min\u00e9raux 100% naturels ainsi que d\u2019adjuvants facilitant sa mise en \u0153uvre.\",\"breadcrumb\":{\"@id\":\"https:\\\/\\\/nature-et-developpement.com\\\/ekoetikmateriaux\\\/produit\\\/enduit-special-blocs-et-betons-de-chanvre-monocouche-kalamua-de-saint-astier\\\/#breadcrumb\"},\"inLanguage\":\"fr-FR\",\"potentialAction\":[{\"@type\":\"ReadAction\",\"target\":[\"https:\\\/\\\/nature-et-developpement.com\\\/ekoetikmateriaux\\\/produit\\\/enduit-special-blocs-et-betons-de-chanvre-monocouche-kalamua-de-saint-astier\\\/\"]}]},{\"@type\":\"ImageObject\",\"inLanguage\":\"fr-FR\",\"@id\":\"https:\\\/\\\/nature-et-developpement.com\\\/ekoetikmateriaux\\\/produit\\\/enduit-special-blocs-et-betons-de-chanvre-monocouche-kalamua-de-saint-astier\\\/#primaryimage\",\"url\":\"https:\\\/\\\/nature-et-developpement.com\\\/ekoetikmateriaux\\\/wp-content\\\/uploads\\\/Enduit-special-blocs-et-betons-de-chanvre-KALAMUA-de-Saint-Astier.jpg\",\"contentUrl\":\"https:\\\/\\\/nature-et-developpement.com\\\/ekoetikmateriaux\\\/wp-content\\\/uploads\\\/Enduit-special-blocs-et-betons-de-chanvre-KALAMUA-de-Saint-Astier.jpg\"},{\"@type\":\"BreadcrumbList\",\"@id\":\"https:\\\/\\\/nature-et-developpement.com\\\/ekoetikmateriaux\\\/produit\\\/enduit-special-blocs-et-betons-de-chanvre-monocouche-kalamua-de-saint-astier\\\/#breadcrumb\",\"itemListElement\":[{\"@type\":\"ListItem\",\"position\":1,\"name\":\"Accueil\",\"item\":\"https:\\\/\\\/nature-et-developpement.com\\\/ekoetikmateriaux\\\/\"},{\"@type\":\"ListItem\",\"position\":2,\"name\":\"Boutique\",\"item\":\"https:\\\/\\\/nature-et-developpement.com\\\/ekoetikmateriaux\\\/boutique\\\/\"},{\"@type\":\"ListItem\",\"position\":3,\"name\":\"Construction, cloison et fen\u00eatres\",\"item\":\"https:\\\/\\\/nature-et-developpement.com\\\/ekoetikmateriaux\\\/produits\\\/construction\\\/\"},{\"@type\":\"ListItem\",\"position\":4,\"name\":\"Ma\u00e7onnerie\",\"item\":\"https:\\\/\\\/nature-et-developpement.com\\\/ekoetikmateriaux\\\/produits\\\/construction\\\/maconnerie\\\/\"},{\"@type\":\"ListItem\",\"position\":5,\"name\":\"Enduit sp\u00e9cial blocs et b\u00e9tons de chanvre monocouche KALAMUA de Saint Astier\"}]},{\"@type\":\"WebSite\",\"@id\":\"https:\\\/\\\/nature-et-developpement.com\\\/ekoetikmateriaux\\\/#website\",\"url\":\"https:\\\/\\\/nature-et-developpement.com\\\/ekoetikmateriaux\\\/\",\"name\":\"Eko Etik Mat\u00e9riaux\",\"description\":\"Eko Etik Materiaux est membre du groupement Nature &amp; D\u00e9veloppement\",\"publisher\":{\"@id\":\"https:\\\/\\\/nature-et-developpement.com\\\/ekoetikmateriaux\\\/#organization\"},\"potentialAction\":[{\"@type\":\"SearchAction\",\"target\":{\"@type\":\"EntryPoint\",\"urlTemplate\":\"https:\\\/\\\/nature-et-developpement.com\\\/ekoetikmateriaux\\\/?s={search_term_string}\"},\"query-input\":{\"@type\":\"PropertyValueSpecification\",\"valueRequired\":true,\"valueName\":\"search_term_string\"}}],\"inLanguage\":\"fr-FR\"},{\"@type\":\"Organization\",\"@id\":\"https:\\\/\\\/nature-et-developpement.com\\\/ekoetikmateriaux\\\/#organization\",\"name\":\"Eko Etik Mat\u00e9riaux\",\"url\":\"https:\\\/\\\/nature-et-developpement.com\\\/ekoetikmateriaux\\\/\",\"logo\":{\"@type\":\"ImageObject\",\"inLanguage\":\"fr-FR\",\"@id\":\"https:\\\/\\\/nature-et-developpement.com\\\/ekoetikmateriaux\\\/#\\\/schema\\\/logo\\\/image\\\/\",\"url\":\"https:\\\/\\\/nature-et-developpement.com\\\/ekoetikmateriaux\\\/wp-content\\\/uploads\\\/sites\\\/30\\\/2025\\\/02\\\/cropped-eko-etik-materiaux-2-1.png\",\"contentUrl\":\"https:\\\/\\\/nature-et-developpement.com\\\/ekoetikmateriaux\\\/wp-content\\\/uploads\\\/sites\\\/30\\\/2025\\\/02\\\/cropped-eko-etik-materiaux-2-1.png\",\"width\":512,\"height\":512,\"caption\":\"Eko Etik Mat\u00e9riaux\"},\"image\":{\"@id\":\"https:\\\/\\\/nature-et-developpement.com\\\/ekoetikmateriaux\\\/#\\\/schema\\\/logo\\\/image\\\/\"}}]}<\/script>\n<!-- \/ Yoast SEO plugin. -->","yoast_head_json":{"title":"Enduit sp\u00e9cial blocs et b\u00e9tons de chanvre monocouche KALAMUA de Saint Astier","description":"Le premier enduit de finition qui s\u2019adapte aux supports biosourc\u00e9s et qui assure la perm\u00e9abilit\u00e9 \u00e0 la vapeur d\u2019eau.  Ce mortier est compos\u00e9 de chaux hydraulique, de charges min\u00e9rales et de pigments min\u00e9raux 100% naturels ainsi que d\u2019adjuvants facilitant sa mise en \u0153uvre.","robots":{"index":"noindex","follow":"nofollow"},"og_locale":"fr_FR","og_type":"article","og_title":"Enduit sp\u00e9cial blocs et b\u00e9tons de chanvre monocouche KALAMUA de Saint Astier","og_description":"Le premier enduit de finition qui s\u2019adapte aux supports biosourc\u00e9s et qui assure la perm\u00e9abilit\u00e9 \u00e0 la vapeur d\u2019eau.  Ce mortier est compos\u00e9 de chaux hydraulique, de charges min\u00e9rales et de pigments min\u00e9raux 100% naturels ainsi que d\u2019adjuvants facilitant sa mise en \u0153uvre.","og_url":"https:\/\/nature-et-developpement.com\/ekoetikmateriaux\/produit\/enduit-special-blocs-et-betons-de-chanvre-monocouche-kalamua-de-saint-astier\/","og_site_name":"Eko Etik Mat\u00e9riaux","article_modified_time":"2026-04-24T09:23:55+00:00","twitter_card":"summary_large_image","twitter_misc":{"Dur\u00e9e de lecture estim\u00e9e":"2 minutes"},"schema":{"@context":"https:\/\/schema.org","@graph":[{"@type":"WebPage","@id":"https:\/\/nature-et-developpement.com\/ekoetikmateriaux\/produit\/enduit-special-blocs-et-betons-de-chanvre-monocouche-kalamua-de-saint-astier\/","url":"https:\/\/nature-et-developpement.com\/ekoetikmateriaux\/produit\/enduit-special-blocs-et-betons-de-chanvre-monocouche-kalamua-de-saint-astier\/","name":"Enduit sp\u00e9cial blocs et b\u00e9tons de chanvre monocouche KALAMUA de Saint Astier","isPartOf":{"@id":"https:\/\/nature-et-developpement.com\/ekoetikmateriaux\/#website"},"primaryImageOfPage":{"@id":"https:\/\/nature-et-developpement.com\/ekoetikmateriaux\/produit\/enduit-special-blocs-et-betons-de-chanvre-monocouche-kalamua-de-saint-astier\/#primaryimage"},"image":{"@id":"https:\/\/nature-et-developpement.com\/ekoetikmateriaux\/produit\/enduit-special-blocs-et-betons-de-chanvre-monocouche-kalamua-de-saint-astier\/#primaryimage"},"thumbnailUrl":"https:\/\/nature-et-developpement.com\/ekoetikmateriaux\/wp-content\/uploads\/Enduit-special-blocs-et-betons-de-chanvre-KALAMUA-de-Saint-Astier.jpg","datePublished":"2023-04-07T08:20:31+00:00","dateModified":"2026-04-24T09:23:55+00:00","description":"Le premier enduit de finition qui s\u2019adapte aux supports biosourc\u00e9s et qui assure la perm\u00e9abilit\u00e9 \u00e0 la vapeur d\u2019eau. Ce mortier est compos\u00e9 de chaux hydraulique, de charges min\u00e9rales et de pigments min\u00e9raux 100% naturels ainsi que d\u2019adjuvants facilitant sa mise en \u0153uvre.","breadcrumb":{"@id":"https:\/\/nature-et-developpement.com\/ekoetikmateriaux\/produit\/enduit-special-blocs-et-betons-de-chanvre-monocouche-kalamua-de-saint-astier\/#breadcrumb"},"inLanguage":"fr-FR","potentialAction":[{"@type":"ReadAction","target":["https:\/\/nature-et-developpement.com\/ekoetikmateriaux\/produit\/enduit-special-blocs-et-betons-de-chanvre-monocouche-kalamua-de-saint-astier\/"]}]},{"@type":"ImageObject","inLanguage":"fr-FR","@id":"https:\/\/nature-et-developpement.com\/ekoetikmateriaux\/produit\/enduit-special-blocs-et-betons-de-chanvre-monocouche-kalamua-de-saint-astier\/#primaryimage","url":"https:\/\/nature-et-developpement.com\/ekoetikmateriaux\/wp-content\/uploads\/Enduit-special-blocs-et-betons-de-chanvre-KALAMUA-de-Saint-Astier.jpg","contentUrl":"https:\/\/nature-et-developpement.com\/ekoetikmateriaux\/wp-content\/uploads\/Enduit-special-blocs-et-betons-de-chanvre-KALAMUA-de-Saint-Astier.jpg"},{"@type":"BreadcrumbList","@id":"https:\/\/nature-et-developpement.com\/ekoetikmateriaux\/produit\/enduit-special-blocs-et-betons-de-chanvre-monocouche-kalamua-de-saint-astier\/#breadcrumb","itemListElement":[{"@type":"ListItem","position":1,"name":"Accueil","item":"https:\/\/nature-et-developpement.com\/ekoetikmateriaux\/"},{"@type":"ListItem","position":2,"name":"Boutique","item":"https:\/\/nature-et-developpement.com\/ekoetikmateriaux\/boutique\/"},{"@type":"ListItem","position":3,"name":"Construction, cloison et fen\u00eatres","item":"https:\/\/nature-et-developpement.com\/ekoetikmateriaux\/produits\/construction\/"},{"@type":"ListItem","position":4,"name":"Ma\u00e7onnerie","item":"https:\/\/nature-et-developpement.com\/ekoetikmateriaux\/produits\/construction\/maconnerie\/"},{"@type":"ListItem","position":5,"name":"Enduit sp\u00e9cial blocs et b\u00e9tons de chanvre monocouche KALAMUA de Saint Astier"}]},{"@type":"WebSite","@id":"https:\/\/nature-et-developpement.com\/ekoetikmateriaux\/#website","url":"https:\/\/nature-et-developpement.com\/ekoetikmateriaux\/","name":"Eko Etik Mat\u00e9riaux","description":"Eko Etik Materiaux est membre du groupement Nature &amp; D\u00e9veloppement","publisher":{"@id":"https:\/\/nature-et-developpement.com\/ekoetikmateriaux\/#organization"},"potentialAction":[{"@type":"SearchAction","target":{"@type":"EntryPoint","urlTemplate":"https:\/\/nature-et-developpement.com\/ekoetikmateriaux\/?s={search_term_string}"},"query-input":{"@type":"PropertyValueSpecification","valueRequired":true,"valueName":"search_term_string"}}],"inLanguage":"fr-FR"},{"@type":"Organization","@id":"https:\/\/nature-et-developpement.com\/ekoetikmateriaux\/#organization","name":"Eko Etik Mat\u00e9riaux","url":"https:\/\/nature-et-developpement.com\/ekoetikmateriaux\/","logo":{"@type":"ImageObject","inLanguage":"fr-FR","@id":"https:\/\/nature-et-developpement.com\/ekoetikmateriaux\/#\/schema\/logo\/image\/","url":"https:\/\/nature-et-developpement.com\/ekoetikmateriaux\/wp-content\/uploads\/sites\/30\/2025\/02\/cropped-eko-etik-materiaux-2-1.png","contentUrl":"https:\/\/nature-et-developpement.com\/ekoetikmateriaux\/wp-content\/uploads\/sites\/30\/2025\/02\/cropped-eko-etik-materiaux-2-1.png","width":512,"height":512,"caption":"Eko Etik Mat\u00e9riaux"},"image":{"@id":"https:\/\/nature-et-developpement.com\/ekoetikmateriaux\/#\/schema\/logo\/image\/"}}]}},"distributor_meta":false,"distributor_terms":false,"distributor_media":false,"distributor_original_site_name":"Eko Etik Mat\u00e9riaux","distributor_original_site_url":"https:\/\/nature-et-developpement.com\/ekoetikmateriaux","push-errors":false,"_links":{"self":[{"href":"https:\/\/nature-et-developpement.com\/ekoetikmateriaux\/wp-json\/wp\/v2\/product\/1852","targetHints":{"allow":["GET"]}}],"collection":[{"href":"https:\/\/nature-et-developpement.com\/ekoetikmateriaux\/wp-json\/wp\/v2\/product"}],"about":[{"href":"https:\/\/nature-et-developpement.com\/ekoetikmateriaux\/wp-json\/wp\/v2\/types\/product"}],"wp:featuredmedia":[{"embeddable":true,"href":"https:\/\/nature-et-developpement.com\/ekoetikmateriaux\/wp-json\/"}],"wp:attachment":[{"href":"https:\/\/nature-et-developpement.com\/ekoetikmateriaux\/wp-json\/wp\/v2\/media?parent=1852"}],"wp:term":[{"taxonomy":"product_brand","embeddable":true,"href":"https:\/\/nature-et-developpement.com\/ekoetikmateriaux\/wp-json\/wp\/v2\/product_brand?post=1852"},{"taxonomy":"product_cat","embeddable":true,"href":"https:\/\/nature-et-developpement.com\/ekoetikmateriaux\/wp-json\/wp\/v2\/product_cat?post=1852"},{"taxonomy":"product_tag","embeddable":true,"href":"https:\/\/nature-et-developpement.com\/ekoetikmateriaux\/wp-json\/wp\/v2\/product_tag?post=1852"}],"curies":[{"name":"wp","href":"https:\/\/api.w.org\/{rel}","templated":true}]}}