{"id":12813,"date":"2017-01-01T00:00:00","date_gmt":"2016-12-31T23:00:00","guid":{"rendered":"https:\/\/nature-et-developpement.com\/hen\/produit\/kit-plancher-chauffant-40mm-caleosol-tradi-eco\/"},"modified":"2025-06-13T16:36:18","modified_gmt":"2025-06-13T14:36:18","slug":"kit-plancher-chauffant-40mm-caleosol-tradi-eco","status":"publish","type":"product","link":"https:\/\/nature-et-developpement.com\/hen\/produit\/kit-plancher-chauffant-40mm-caleosol-tradi-eco\/","title":{"rendered":"KIT PLANCHER CHAUFFANT 40mm TRADI ECO+ Cale\u00f4Sol"},"content":{"rendered":"<h4>Composition kit plancher chauffant Cale\u00f4sol ECO+\u00a040mm\u00a0&#8211; Kit complet:<\/h4>\n<ul>\n<li>Isolant thermique insonorisant\u00a0fibre de bois Nature+ 300kpa NF EN 826\u00a0SC1a3<\/li>\n<li>Plaques droites: 120cm x 60cm<\/li>\n<li>Retours: 15cm x 120cm (\u00e9pingle simple) et 30cm x 120 cm (\u00e9pingle + retour)<\/li>\n<li>R\u00e9flecteurs aluminium haute qualit\u00e9 de 0,5mm d&rsquo;\u00e9paisseur<\/li>\n<li>Tuyau PERT 16mm sp\u00e9cial plancher sec (5,5m par m\u00b2)<\/li>\n<li>Raccords \u00e0 compression pour nourrice<\/li>\n<\/ul>\n","protected":false},"excerpt":{"rendered":"<p>40mm, pas de 20cm, avec tuyau PERT et raccords<\/p>\n<p>&#8211; Isolation phonique NATURE+<br \/>\n&#8211; Pose directe parquet flottant<br \/>\n&#8211; Parquet coll\u00e9, dalles PVS sur chape s\u00e8che\u00a0CaleoDur F 12,5mm<br \/>\n&#8211; Carrelage: Fermacell 20mm ou Thermio+ 25mm<br \/>\n&#8211; Jusqu\u2019\u00e0\u00a0161w\/m\u00b2<br \/>\n&#8211; 4 \u00e0 12 cm d\u2019\u00e9paisseur<br \/>\n&#8211; Rafra\u00eechissant<\/p>\n","protected":false},"featured_media":1000000168781,"template":"","meta":[],"product_brand":[2768],"product_cat":[2833,3243],"product_tag":[],"class_list":{"0":"post-12813","1":"product","2":"type-product","3":"status-publish","4":"has-post-thumbnail","6":"product_brand-caleosol","7":"product_cat-demande-de-devis-uniquement-sans-prix","8":"product_cat-radiateur-plancher-chauffant","9":"product_shipping_class-impact-transport-important","11":"first","12":"onbackorder","13":"taxable","14":"shipping-taxable","15":"purchasable","16":"product-type-variable"},"yoast_head":"<!-- This site is optimized with the Yoast SEO plugin v27.5 - https:\/\/yoast.com\/product\/yoast-seo-wordpress\/ -->\n<title>KIT PLANCHER CHAUFFANT 40mm TRADI ECO+ Cale\u00f4Sol<\/title>\n<meta name=\"description\" content=\"40mm, pas de 20cm, avec tuyau PERT et raccords  - Isolation phonique NATURE+ - Pose directe parquet flottant - Parquet coll\u00e9, dalles PVS sur chape s\u00e8che\u00a0CaleoDur F 12,5mm - Carrelage: Fermacell 20mm ou Thermio+ 25mm - Jusqu\u2019\u00e0\u00a0161w\/m\u00b2 - 4 \u00e0 12 cm d\u2019\u00e9paisseur - Rafra\u00eechissant\" \/>\n<meta name=\"robots\" content=\"noindex, follow\" \/>\n<meta property=\"og:locale\" content=\"fr_FR\" \/>\n<meta property=\"og:type\" content=\"article\" \/>\n<meta property=\"og:title\" content=\"KIT PLANCHER CHAUFFANT 40mm TRADI ECO+ Cale\u00f4Sol\" \/>\n<meta property=\"og:description\" content=\"40mm, pas de 20cm, avec tuyau PERT et raccords  - Isolation phonique NATURE+ - Pose directe parquet flottant - Parquet coll\u00e9, dalles PVS sur chape s\u00e8che\u00a0CaleoDur F 12,5mm - Carrelage: Fermacell 20mm ou Thermio+ 25mm - Jusqu\u2019\u00e0\u00a0161w\/m\u00b2 - 4 \u00e0 12 cm d\u2019\u00e9paisseur - Rafra\u00eechissant\" \/>\n<meta property=\"og:url\" content=\"https:\/\/nature-et-developpement.com\/hen\/produit\/kit-plancher-chauffant-40mm-caleosol-tradi-eco\/\" \/>\n<meta property=\"og:site_name\" content=\"Habitat Ecologique Normand\" \/>\n<meta property=\"article:publisher\" content=\"https:\/\/fr-fr.facebook.com\/habitatecologique.normand.1\/\" \/>\n<meta property=\"article:modified_time\" content=\"2025-06-13T14:36:18+00:00\" \/>\n<meta name=\"twitter:card\" content=\"summary_large_image\" \/>\n<script type=\"application\/ld+json\" class=\"yoast-schema-graph\">{\"@context\":\"https:\\\/\\\/schema.org\",\"@graph\":[{\"@type\":\"WebPage\",\"@id\":\"https:\\\/\\\/nature-et-developpement.com\\\/hen\\\/produit\\\/kit-plancher-chauffant-40mm-caleosol-tradi-eco\\\/\",\"url\":\"https:\\\/\\\/nature-et-developpement.com\\\/hen\\\/produit\\\/kit-plancher-chauffant-40mm-caleosol-tradi-eco\\\/\",\"name\":\"KIT PLANCHER CHAUFFANT 40mm TRADI ECO+ Cale\u00f4Sol\",\"isPartOf\":{\"@id\":\"https:\\\/\\\/nature-et-developpement.com\\\/hen\\\/#website\"},\"primaryImageOfPage\":{\"@id\":\"https:\\\/\\\/nature-et-developpement.com\\\/hen\\\/produit\\\/kit-plancher-chauffant-40mm-caleosol-tradi-eco\\\/#primaryimage\"},\"image\":{\"@id\":\"https:\\\/\\\/nature-et-developpement.com\\\/hen\\\/produit\\\/kit-plancher-chauffant-40mm-caleosol-tradi-eco\\\/#primaryimage\"},\"thumbnailUrl\":\"https:\\\/\\\/nature-et-developpement.com\\\/hen\\\/wp-content\\\/uploads\\\/KIT-PLANCHER-CHAUFFANT-40mm-CaleoSol-TRADI-ECO.jpg\",\"datePublished\":\"2016-12-31T23:00:00+00:00\",\"dateModified\":\"2025-06-13T14:36:18+00:00\",\"description\":\"40mm, pas de 20cm, avec tuyau PERT et raccords - Isolation phonique NATURE+ - Pose directe parquet flottant - Parquet coll\u00e9, dalles PVS sur chape s\u00e8che\u00a0CaleoDur F 12,5mm - Carrelage: Fermacell 20mm ou Thermio+ 25mm - Jusqu\u2019\u00e0\u00a0161w\\\/m\u00b2 - 4 \u00e0 12 cm d\u2019\u00e9paisseur - Rafra\u00eechissant\",\"breadcrumb\":{\"@id\":\"https:\\\/\\\/nature-et-developpement.com\\\/hen\\\/produit\\\/kit-plancher-chauffant-40mm-caleosol-tradi-eco\\\/#breadcrumb\"},\"inLanguage\":\"fr-FR\",\"potentialAction\":[{\"@type\":\"ReadAction\",\"target\":[\"https:\\\/\\\/nature-et-developpement.com\\\/hen\\\/produit\\\/kit-plancher-chauffant-40mm-caleosol-tradi-eco\\\/\"]}]},{\"@type\":\"ImageObject\",\"inLanguage\":\"fr-FR\",\"@id\":\"https:\\\/\\\/nature-et-developpement.com\\\/hen\\\/produit\\\/kit-plancher-chauffant-40mm-caleosol-tradi-eco\\\/#primaryimage\",\"url\":\"https:\\\/\\\/nature-et-developpement.com\\\/hen\\\/wp-content\\\/uploads\\\/KIT-PLANCHER-CHAUFFANT-40mm-CaleoSol-TRADI-ECO.jpg\",\"contentUrl\":\"https:\\\/\\\/nature-et-developpement.com\\\/hen\\\/wp-content\\\/uploads\\\/KIT-PLANCHER-CHAUFFANT-40mm-CaleoSol-TRADI-ECO.jpg\"},{\"@type\":\"BreadcrumbList\",\"@id\":\"https:\\\/\\\/nature-et-developpement.com\\\/hen\\\/produit\\\/kit-plancher-chauffant-40mm-caleosol-tradi-eco\\\/#breadcrumb\",\"itemListElement\":[{\"@type\":\"ListItem\",\"position\":1,\"name\":\"Accueil\",\"item\":\"https:\\\/\\\/nature-et-developpement.com\\\/hen\\\/\"},{\"@type\":\"ListItem\",\"position\":2,\"name\":\"Produits\",\"item\":\"https:\\\/\\\/nature-et-developpement.com\\\/hen\\\/shop\\\/\"},{\"@type\":\"ListItem\",\"position\":3,\"name\":\"Chauffage, eau et \u00e9nergie\",\"item\":\"https:\\\/\\\/nature-et-developpement.com\\\/hen\\\/produits\\\/energie-et-ventilation\\\/\"},{\"@type\":\"ListItem\",\"position\":4,\"name\":\"Radiateur, plancher et mur chauffant\",\"item\":\"https:\\\/\\\/nature-et-developpement.com\\\/hen\\\/produits\\\/energie-et-ventilation\\\/radiateur-plancher-chauffant\\\/\"},{\"@type\":\"ListItem\",\"position\":5,\"name\":\"KIT PLANCHER CHAUFFANT 40mm TRADI ECO+ Cale\u00f4Sol\"}]},{\"@type\":\"WebSite\",\"@id\":\"https:\\\/\\\/nature-et-developpement.com\\\/hen\\\/#website\",\"url\":\"https:\\\/\\\/nature-et-developpement.com\\\/hen\\\/\",\"name\":\"Habitat Ecologique Normand\",\"description\":\"Habitat Ecologique Normand est membre du groupement Nature &amp; D\u00e9veloppement\",\"publisher\":{\"@id\":\"https:\\\/\\\/nature-et-developpement.com\\\/hen\\\/#organization\"},\"potentialAction\":[{\"@type\":\"SearchAction\",\"target\":{\"@type\":\"EntryPoint\",\"urlTemplate\":\"https:\\\/\\\/nature-et-developpement.com\\\/hen\\\/?s={search_term_string}\"},\"query-input\":{\"@type\":\"PropertyValueSpecification\",\"valueRequired\":true,\"valueName\":\"search_term_string\"}}],\"inLanguage\":\"fr-FR\"},{\"@type\":\"Organization\",\"@id\":\"https:\\\/\\\/nature-et-developpement.com\\\/hen\\\/#organization\",\"name\":\"Habitat Ecologique Normand\",\"url\":\"https:\\\/\\\/nature-et-developpement.com\\\/hen\\\/\",\"logo\":{\"@type\":\"ImageObject\",\"inLanguage\":\"fr-FR\",\"@id\":\"https:\\\/\\\/nature-et-developpement.com\\\/hen\\\/#\\\/schema\\\/logo\\\/image\\\/\",\"url\":\"https:\\\/\\\/nature-et-developpement.com\\\/hen\\\/wp-content\\\/uploads\\\/sites\\\/15\\\/2021\\\/08\\\/logo-habitat-ecologique-normand.jpg\",\"contentUrl\":\"https:\\\/\\\/nature-et-developpement.com\\\/hen\\\/wp-content\\\/uploads\\\/sites\\\/15\\\/2021\\\/08\\\/logo-habitat-ecologique-normand.jpg\",\"width\":960,\"height\":391,\"caption\":\"Habitat Ecologique Normand\"},\"image\":{\"@id\":\"https:\\\/\\\/nature-et-developpement.com\\\/hen\\\/#\\\/schema\\\/logo\\\/image\\\/\"},\"sameAs\":[\"https:\\\/\\\/fr-fr.facebook.com\\\/habitatecologique.normand.1\\\/\",\"https:\\\/\\\/www.instagram.com\\\/ecobatinormandie\\\/\",\"https:\\\/\\\/www.youtube.com\\\/c\\\/ecobati\"]}]}<\/script>\n<!-- \/ Yoast SEO plugin. -->","yoast_head_json":{"title":"KIT PLANCHER CHAUFFANT 40mm TRADI ECO+ Cale\u00f4Sol","description":"40mm, pas de 20cm, avec tuyau PERT et raccords  - Isolation phonique NATURE+ - Pose directe parquet flottant - Parquet coll\u00e9, dalles PVS sur chape s\u00e8che\u00a0CaleoDur F 12,5mm - Carrelage: Fermacell 20mm ou Thermio+ 25mm - Jusqu\u2019\u00e0\u00a0161w\/m\u00b2 - 4 \u00e0 12 cm d\u2019\u00e9paisseur - Rafra\u00eechissant","robots":{"index":"noindex","follow":"follow"},"og_locale":"fr_FR","og_type":"article","og_title":"KIT PLANCHER CHAUFFANT 40mm TRADI ECO+ Cale\u00f4Sol","og_description":"40mm, pas de 20cm, avec tuyau PERT et raccords  - Isolation phonique NATURE+ - Pose directe parquet flottant - Parquet coll\u00e9, dalles PVS sur chape s\u00e8che\u00a0CaleoDur F 12,5mm - Carrelage: Fermacell 20mm ou Thermio+ 25mm - Jusqu\u2019\u00e0\u00a0161w\/m\u00b2 - 4 \u00e0 12 cm d\u2019\u00e9paisseur - Rafra\u00eechissant","og_url":"https:\/\/nature-et-developpement.com\/hen\/produit\/kit-plancher-chauffant-40mm-caleosol-tradi-eco\/","og_site_name":"Habitat Ecologique Normand","article_publisher":"https:\/\/fr-fr.facebook.com\/habitatecologique.normand.1\/","article_modified_time":"2025-06-13T14:36:18+00:00","twitter_card":"summary_large_image","schema":{"@context":"https:\/\/schema.org","@graph":[{"@type":"WebPage","@id":"https:\/\/nature-et-developpement.com\/hen\/produit\/kit-plancher-chauffant-40mm-caleosol-tradi-eco\/","url":"https:\/\/nature-et-developpement.com\/hen\/produit\/kit-plancher-chauffant-40mm-caleosol-tradi-eco\/","name":"KIT PLANCHER CHAUFFANT 40mm TRADI ECO+ Cale\u00f4Sol","isPartOf":{"@id":"https:\/\/nature-et-developpement.com\/hen\/#website"},"primaryImageOfPage":{"@id":"https:\/\/nature-et-developpement.com\/hen\/produit\/kit-plancher-chauffant-40mm-caleosol-tradi-eco\/#primaryimage"},"image":{"@id":"https:\/\/nature-et-developpement.com\/hen\/produit\/kit-plancher-chauffant-40mm-caleosol-tradi-eco\/#primaryimage"},"thumbnailUrl":"https:\/\/nature-et-developpement.com\/hen\/wp-content\/uploads\/KIT-PLANCHER-CHAUFFANT-40mm-CaleoSol-TRADI-ECO.jpg","datePublished":"2016-12-31T23:00:00+00:00","dateModified":"2025-06-13T14:36:18+00:00","description":"40mm, pas de 20cm, avec tuyau PERT et raccords - Isolation phonique NATURE+ - Pose directe parquet flottant - Parquet coll\u00e9, dalles PVS sur chape s\u00e8che\u00a0CaleoDur F 12,5mm - Carrelage: Fermacell 20mm ou Thermio+ 25mm - Jusqu\u2019\u00e0\u00a0161w\/m\u00b2 - 4 \u00e0 12 cm d\u2019\u00e9paisseur - Rafra\u00eechissant","breadcrumb":{"@id":"https:\/\/nature-et-developpement.com\/hen\/produit\/kit-plancher-chauffant-40mm-caleosol-tradi-eco\/#breadcrumb"},"inLanguage":"fr-FR","potentialAction":[{"@type":"ReadAction","target":["https:\/\/nature-et-developpement.com\/hen\/produit\/kit-plancher-chauffant-40mm-caleosol-tradi-eco\/"]}]},{"@type":"ImageObject","inLanguage":"fr-FR","@id":"https:\/\/nature-et-developpement.com\/hen\/produit\/kit-plancher-chauffant-40mm-caleosol-tradi-eco\/#primaryimage","url":"https:\/\/nature-et-developpement.com\/hen\/wp-content\/uploads\/KIT-PLANCHER-CHAUFFANT-40mm-CaleoSol-TRADI-ECO.jpg","contentUrl":"https:\/\/nature-et-developpement.com\/hen\/wp-content\/uploads\/KIT-PLANCHER-CHAUFFANT-40mm-CaleoSol-TRADI-ECO.jpg"},{"@type":"BreadcrumbList","@id":"https:\/\/nature-et-developpement.com\/hen\/produit\/kit-plancher-chauffant-40mm-caleosol-tradi-eco\/#breadcrumb","itemListElement":[{"@type":"ListItem","position":1,"name":"Accueil","item":"https:\/\/nature-et-developpement.com\/hen\/"},{"@type":"ListItem","position":2,"name":"Produits","item":"https:\/\/nature-et-developpement.com\/hen\/shop\/"},{"@type":"ListItem","position":3,"name":"Chauffage, eau et \u00e9nergie","item":"https:\/\/nature-et-developpement.com\/hen\/produits\/energie-et-ventilation\/"},{"@type":"ListItem","position":4,"name":"Radiateur, plancher et mur chauffant","item":"https:\/\/nature-et-developpement.com\/hen\/produits\/energie-et-ventilation\/radiateur-plancher-chauffant\/"},{"@type":"ListItem","position":5,"name":"KIT PLANCHER CHAUFFANT 40mm TRADI ECO+ Cale\u00f4Sol"}]},{"@type":"WebSite","@id":"https:\/\/nature-et-developpement.com\/hen\/#website","url":"https:\/\/nature-et-developpement.com\/hen\/","name":"Habitat Ecologique Normand","description":"Habitat Ecologique Normand est membre du groupement Nature &amp; D\u00e9veloppement","publisher":{"@id":"https:\/\/nature-et-developpement.com\/hen\/#organization"},"potentialAction":[{"@type":"SearchAction","target":{"@type":"EntryPoint","urlTemplate":"https:\/\/nature-et-developpement.com\/hen\/?s={search_term_string}"},"query-input":{"@type":"PropertyValueSpecification","valueRequired":true,"valueName":"search_term_string"}}],"inLanguage":"fr-FR"},{"@type":"Organization","@id":"https:\/\/nature-et-developpement.com\/hen\/#organization","name":"Habitat Ecologique Normand","url":"https:\/\/nature-et-developpement.com\/hen\/","logo":{"@type":"ImageObject","inLanguage":"fr-FR","@id":"https:\/\/nature-et-developpement.com\/hen\/#\/schema\/logo\/image\/","url":"https:\/\/nature-et-developpement.com\/hen\/wp-content\/uploads\/sites\/15\/2021\/08\/logo-habitat-ecologique-normand.jpg","contentUrl":"https:\/\/nature-et-developpement.com\/hen\/wp-content\/uploads\/sites\/15\/2021\/08\/logo-habitat-ecologique-normand.jpg","width":960,"height":391,"caption":"Habitat Ecologique Normand"},"image":{"@id":"https:\/\/nature-et-developpement.com\/hen\/#\/schema\/logo\/image\/"},"sameAs":["https:\/\/fr-fr.facebook.com\/habitatecologique.normand.1\/","https:\/\/www.instagram.com\/ecobatinormandie\/","https:\/\/www.youtube.com\/c\/ecobati"]}]}},"distributor_meta":false,"distributor_terms":false,"distributor_media":false,"distributor_original_site_name":"Habitat Ecologique Normand","distributor_original_site_url":"https:\/\/nature-et-developpement.com\/hen","push-errors":false,"_links":{"self":[{"href":"https:\/\/nature-et-developpement.com\/hen\/wp-json\/wp\/v2\/product\/12813","targetHints":{"allow":["GET"]}}],"collection":[{"href":"https:\/\/nature-et-developpement.com\/hen\/wp-json\/wp\/v2\/product"}],"about":[{"href":"https:\/\/nature-et-developpement.com\/hen\/wp-json\/wp\/v2\/types\/product"}],"wp:featuredmedia":[{"embeddable":true,"href":"https:\/\/nature-et-developpement.com\/hen\/wp-json\/"}],"wp:attachment":[{"href":"https:\/\/nature-et-developpement.com\/hen\/wp-json\/wp\/v2\/media?parent=12813"}],"wp:term":[{"taxonomy":"product_brand","embeddable":true,"href":"https:\/\/nature-et-developpement.com\/hen\/wp-json\/wp\/v2\/product_brand?post=12813"},{"taxonomy":"product_cat","embeddable":true,"href":"https:\/\/nature-et-developpement.com\/hen\/wp-json\/wp\/v2\/product_cat?post=12813"},{"taxonomy":"product_tag","embeddable":true,"href":"https:\/\/nature-et-developpement.com\/hen\/wp-json\/wp\/v2\/product_tag?post=12813"}],"curies":[{"name":"wp","href":"https:\/\/api.w.org\/{rel}","templated":true}]}}