{"id":1468,"date":"2023-06-08T12:43:11","date_gmt":"2023-06-08T10:43:11","guid":{"rendered":"https:\/\/nature-et-developpement.com\/inova-terre-distribution\/produit\/enduit-de-base-argiles-daquitaine\/"},"modified":"2025-09-17T09:30:56","modified_gmt":"2025-09-17T07:30:56","slug":"enduit-de-base-argiles-daquitaine","status":"publish","type":"product","link":"https:\/\/nature-et-developpement.com\/inova-terre-distribution\/produit\/enduit-de-base-argiles-daquitaine\/","title":{"rendered":"Enduit de base Argiles d&rsquo;Aquitaine"},"content":{"rendered":"<h2>Enduit de base Argiles d&rsquo;Aquitaine &#8211; Mat\u00e9riau \u00e9cologique pour une d\u00e9coration int\u00e9rieure durable<\/h2>\n<p>L&rsquo;enduit de base Argiles d&rsquo;Aquitaine est la solution id\u00e9ale pour ceux qui souhaitent transformer leur int\u00e9rieur tout en respectant l&rsquo;environnement.<\/p>\n<p>Avec sa composition \u00e9cologique et ses nombreuses possibilit\u00e9s de pose, cet enduit offre une solution efficace pour r\u00e9parer un mur et pr\u00e9parer le support pour l\u2019application d\u2019un enduit de finition.<\/p>\n<p>L\u2019enduit de base ne peut pas servir de finition du fait de sa granulom\u00e9trie des fissures vont apparaitre . Son r\u00f4le est de r\u00e9parer et en support \u00e0 un enduit de finition<\/p>\n<p>Dot\u00e9 d&rsquo;une formulation naturelle, cet enduit est fabriqu\u00e9 \u00e0 partir d&rsquo;argile pure et d&rsquo;autres mat\u00e9riaux \u00e9cologiques soigneusement s\u00e9lectionn\u00e9s.<\/p>\n<p>En choisissant cet enduit, vous faites le choix d&rsquo;un produit respectueux de l&rsquo;environnement et de votre sant\u00e9.<\/p>\n<p>Il ne contient aucun additif chimique nocif, vous permettant ainsi de cr\u00e9er un int\u00e9rieur sain et agr\u00e9able.<\/p>\n<h3>La pose de l&rsquo;enduit de base Argiles d&rsquo;Aquitaine est facile et accessible \u00e0 tous.<\/h3>\n<p>Gr\u00e2ce \u00e0 sa texture lisse et mall\u00e9able\u00a0et tr\u00e8s collante, il offre une application ais\u00e9e sur divers supports tels que les murs, les plafonds et m\u00eame les surfaces courbes.<\/p>\n<p>En plus de son\u00a0efficacit\u00e9 m\u00e9canique, l&rsquo;enduit de base Argiles d&rsquo;Aquitaine a un impact positif sur l&rsquo;environnement.<\/p>\n<p>Sa fabrication respecte les normes environnementales les plus strictes, r\u00e9duisant ainsi son empreinte carbone.<\/p>\n<p>De plus, sa durabilit\u00e9 exceptionnelle contribue \u00e0 la pr\u00e9servation des ressources et \u00e0 la r\u00e9duction des d\u00e9chets.<\/p>\n<p>En choisissant l&rsquo;enduit de base Argiles d&rsquo;Aquitaine, vous optez pour\u00a0une r\u00e9paration et une pr\u00e9paration des murs durable et responsable.<\/p>\n<p>Sa long\u00e9vit\u00e9 vous assure des ann\u00e9es de satisfaction sans avoir \u00e0 effectuer des r\u00e9novations fr\u00e9quentes.<\/p>\n<p>De plus, sa capacit\u00e9 \u00e0 r\u00e9guler l&rsquo;humidit\u00e9 ambiante contribue \u00e0 am\u00e9liorer la qualit\u00e9 de l&rsquo;air int\u00e9rieur, cr\u00e9ant ainsi un environnement plus sain pour vous et votre famille.<\/p>\n","protected":false},"excerpt":{"rendered":"<p>D\u00e9couvrez l&rsquo;enduit de base Argiles d&rsquo;Aquitaine, le choix parfait pour une pr\u00e9paration des murs \u00e0 la fois naturelle, facile \u00e0 mettre en \u0153uvre et respectueuse de l&rsquo;environnement.<br \/>\nGr\u00e2ce \u00e0 sa composition \u00e9cologique, terre et paille, et ses propri\u00e9t\u00e9s uniques, cet enduit vous permet de transformer votre espace de vie de mani\u00e8re durable et harmonieuse.<\/p>\n","protected":false},"featured_media":1000000171381,"template":"","meta":[],"product_brand":[855],"product_cat":[38,57,44],"product_tag":[854],"class_list":{"0":"post-1468","1":"product","2":"type-product","3":"status-publish","4":"has-post-thumbnail","6":"product_brand-argiles-daquitaine","7":"product_cat-demande-de-devis-uniquement-sans-prix","8":"product_cat-enduits-naturels","9":"product_cat-maconnerie","10":"product_tag-enduits","12":"first","13":"instock","14":"taxable","15":"shipping-taxable","16":"purchasable","17":"product-type-variable"},"yoast_head":"<!-- This site is optimized with the Yoast SEO plugin v27.5 - https:\/\/yoast.com\/product\/yoast-seo-wordpress\/ -->\n<title>Enduit de base Argiles d&#039;Aquitaine - ECOBRIVA<\/title>\n<meta name=\"description\" content=\"D\u00e9couvrez l&#039;enduit de base Argiles d&#039;Aquitaine, un mat\u00e9riau \u00e9cologique id\u00e9al pour une pose facile. Transformez votre int\u00e9rieur tout en pr\u00e9servant la plan\u00e8te\" \/>\n<meta name=\"robots\" content=\"noindex, nofollow\" \/>\n<meta property=\"og:locale\" content=\"fr_FR\" \/>\n<meta property=\"og:type\" content=\"article\" \/>\n<meta property=\"og:title\" content=\"Enduit de base Argiles d&#039;Aquitaine - ECOBRIVA\" \/>\n<meta property=\"og:description\" content=\"D\u00e9couvrez l&#039;enduit de base Argiles d&#039;Aquitaine, un mat\u00e9riau \u00e9cologique id\u00e9al pour une pose facile. Transformez votre int\u00e9rieur tout en pr\u00e9servant la plan\u00e8te\" \/>\n<meta property=\"og:url\" content=\"https:\/\/nature-et-developpement.com\/inova-terre-distribution\/produit\/enduit-de-base-argiles-daquitaine\/\" \/>\n<meta property=\"og:site_name\" content=\"ECOBRIVA\" \/>\n<meta property=\"article:modified_time\" content=\"2025-09-17T07:30:56+00:00\" \/>\n<meta name=\"twitter:card\" content=\"summary_large_image\" \/>\n<meta name=\"twitter:label1\" content=\"Dur\u00e9e de lecture estim\u00e9e\" \/>\n\t<meta name=\"twitter:data1\" content=\"2 minutes\" \/>\n<script type=\"application\/ld+json\" class=\"yoast-schema-graph\">{\"@context\":\"https:\\\/\\\/schema.org\",\"@graph\":[{\"@type\":\"WebPage\",\"@id\":\"https:\\\/\\\/nature-et-developpement.com\\\/inova-terre-distribution\\\/produit\\\/enduit-de-base-argiles-daquitaine\\\/\",\"url\":\"https:\\\/\\\/nature-et-developpement.com\\\/inova-terre-distribution\\\/produit\\\/enduit-de-base-argiles-daquitaine\\\/\",\"name\":\"Enduit de base Argiles d'Aquitaine - ECOBRIVA\",\"isPartOf\":{\"@id\":\"https:\\\/\\\/nature-et-developpement.com\\\/inova-terre-distribution\\\/#website\"},\"primaryImageOfPage\":{\"@id\":\"https:\\\/\\\/nature-et-developpement.com\\\/inova-terre-distribution\\\/produit\\\/enduit-de-base-argiles-daquitaine\\\/#primaryimage\"},\"image\":{\"@id\":\"https:\\\/\\\/nature-et-developpement.com\\\/inova-terre-distribution\\\/produit\\\/enduit-de-base-argiles-daquitaine\\\/#primaryimage\"},\"thumbnailUrl\":\"https:\\\/\\\/nature-et-developpement.com\\\/inova-terre-distribution\\\/wp-content\\\/uploads\\\/Enduit-de-base-Argiles-dAquitaine.jpg\",\"datePublished\":\"2023-06-08T10:43:11+00:00\",\"dateModified\":\"2025-09-17T07:30:56+00:00\",\"description\":\"D\u00e9couvrez l'enduit de base Argiles d'Aquitaine, un mat\u00e9riau \u00e9cologique id\u00e9al pour une pose facile. Transformez votre int\u00e9rieur tout en pr\u00e9servant la plan\u00e8te\",\"breadcrumb\":{\"@id\":\"https:\\\/\\\/nature-et-developpement.com\\\/inova-terre-distribution\\\/produit\\\/enduit-de-base-argiles-daquitaine\\\/#breadcrumb\"},\"inLanguage\":\"fr-FR\",\"potentialAction\":[{\"@type\":\"ReadAction\",\"target\":[\"https:\\\/\\\/nature-et-developpement.com\\\/inova-terre-distribution\\\/produit\\\/enduit-de-base-argiles-daquitaine\\\/\"]}]},{\"@type\":\"ImageObject\",\"inLanguage\":\"fr-FR\",\"@id\":\"https:\\\/\\\/nature-et-developpement.com\\\/inova-terre-distribution\\\/produit\\\/enduit-de-base-argiles-daquitaine\\\/#primaryimage\",\"url\":\"https:\\\/\\\/nature-et-developpement.com\\\/inova-terre-distribution\\\/wp-content\\\/uploads\\\/Enduit-de-base-Argiles-dAquitaine.jpg\",\"contentUrl\":\"https:\\\/\\\/nature-et-developpement.com\\\/inova-terre-distribution\\\/wp-content\\\/uploads\\\/Enduit-de-base-Argiles-dAquitaine.jpg\"},{\"@type\":\"BreadcrumbList\",\"@id\":\"https:\\\/\\\/nature-et-developpement.com\\\/inova-terre-distribution\\\/produit\\\/enduit-de-base-argiles-daquitaine\\\/#breadcrumb\",\"itemListElement\":[{\"@type\":\"ListItem\",\"position\":1,\"name\":\"Accueil\",\"item\":\"https:\\\/\\\/nature-et-developpement.com\\\/inova-terre-distribution\\\/\"},{\"@type\":\"ListItem\",\"position\":2,\"name\":\"Boutique\",\"item\":\"https:\\\/\\\/nature-et-developpement.com\\\/inova-terre-distribution\\\/boutique\\\/\"},{\"@type\":\"ListItem\",\"position\":3,\"name\":\"Peinture, pigment et enduit\",\"item\":\"https:\\\/\\\/nature-et-developpement.com\\\/inova-terre-distribution\\\/categorie-produit\\\/peinture-et-enduit\\\/\"},{\"@type\":\"ListItem\",\"position\":4,\"name\":\"Enduits naturels\",\"item\":\"https:\\\/\\\/nature-et-developpement.com\\\/inova-terre-distribution\\\/categorie-produit\\\/peinture-et-enduit\\\/enduits-naturels\\\/\"},{\"@type\":\"ListItem\",\"position\":5,\"name\":\"Enduit de base Argiles d&#8217;Aquitaine\"}]},{\"@type\":\"WebSite\",\"@id\":\"https:\\\/\\\/nature-et-developpement.com\\\/inova-terre-distribution\\\/#website\",\"url\":\"https:\\\/\\\/nature-et-developpement.com\\\/inova-terre-distribution\\\/\",\"name\":\"ECOBRIVA\",\"description\":\"ECOBRIVA est membre du groupement Nature &amp; D\u00e9veloppement\",\"publisher\":{\"@id\":\"https:\\\/\\\/nature-et-developpement.com\\\/inova-terre-distribution\\\/#organization\"},\"potentialAction\":[{\"@type\":\"SearchAction\",\"target\":{\"@type\":\"EntryPoint\",\"urlTemplate\":\"https:\\\/\\\/nature-et-developpement.com\\\/inova-terre-distribution\\\/?s={search_term_string}\"},\"query-input\":{\"@type\":\"PropertyValueSpecification\",\"valueRequired\":true,\"valueName\":\"search_term_string\"}}],\"inLanguage\":\"fr-FR\"},{\"@type\":\"Organization\",\"@id\":\"https:\\\/\\\/nature-et-developpement.com\\\/inova-terre-distribution\\\/#organization\",\"name\":\"ECOBRIVA\",\"url\":\"https:\\\/\\\/nature-et-developpement.com\\\/inova-terre-distribution\\\/\",\"logo\":{\"@type\":\"ImageObject\",\"inLanguage\":\"fr-FR\",\"@id\":\"https:\\\/\\\/nature-et-developpement.com\\\/inova-terre-distribution\\\/#\\\/schema\\\/logo\\\/image\\\/\",\"url\":\"https:\\\/\\\/nature-et-developpement.com\\\/inova-terre-distribution\\\/wp-content\\\/uploads\\\/sites\\\/29\\\/2026\\\/03\\\/logo-29.png\",\"contentUrl\":\"https:\\\/\\\/nature-et-developpement.com\\\/inova-terre-distribution\\\/wp-content\\\/uploads\\\/sites\\\/29\\\/2026\\\/03\\\/logo-29.png\",\"width\":250,\"height\":250,\"caption\":\"ECOBRIVA\"},\"image\":{\"@id\":\"https:\\\/\\\/nature-et-developpement.com\\\/inova-terre-distribution\\\/#\\\/schema\\\/logo\\\/image\\\/\"}}]}<\/script>\n<!-- \/ Yoast SEO plugin. -->","yoast_head_json":{"title":"Enduit de base Argiles d'Aquitaine - ECOBRIVA","description":"D\u00e9couvrez l'enduit de base Argiles d'Aquitaine, un mat\u00e9riau \u00e9cologique id\u00e9al pour une pose facile. Transformez votre int\u00e9rieur tout en pr\u00e9servant la plan\u00e8te","robots":{"index":"noindex","follow":"nofollow"},"og_locale":"fr_FR","og_type":"article","og_title":"Enduit de base Argiles d'Aquitaine - ECOBRIVA","og_description":"D\u00e9couvrez l'enduit de base Argiles d'Aquitaine, un mat\u00e9riau \u00e9cologique id\u00e9al pour une pose facile. Transformez votre int\u00e9rieur tout en pr\u00e9servant la plan\u00e8te","og_url":"https:\/\/nature-et-developpement.com\/inova-terre-distribution\/produit\/enduit-de-base-argiles-daquitaine\/","og_site_name":"ECOBRIVA","article_modified_time":"2025-09-17T07:30:56+00:00","twitter_card":"summary_large_image","twitter_misc":{"Dur\u00e9e de lecture estim\u00e9e":"2 minutes"},"schema":{"@context":"https:\/\/schema.org","@graph":[{"@type":"WebPage","@id":"https:\/\/nature-et-developpement.com\/inova-terre-distribution\/produit\/enduit-de-base-argiles-daquitaine\/","url":"https:\/\/nature-et-developpement.com\/inova-terre-distribution\/produit\/enduit-de-base-argiles-daquitaine\/","name":"Enduit de base Argiles d'Aquitaine - ECOBRIVA","isPartOf":{"@id":"https:\/\/nature-et-developpement.com\/inova-terre-distribution\/#website"},"primaryImageOfPage":{"@id":"https:\/\/nature-et-developpement.com\/inova-terre-distribution\/produit\/enduit-de-base-argiles-daquitaine\/#primaryimage"},"image":{"@id":"https:\/\/nature-et-developpement.com\/inova-terre-distribution\/produit\/enduit-de-base-argiles-daquitaine\/#primaryimage"},"thumbnailUrl":"https:\/\/nature-et-developpement.com\/inova-terre-distribution\/wp-content\/uploads\/Enduit-de-base-Argiles-dAquitaine.jpg","datePublished":"2023-06-08T10:43:11+00:00","dateModified":"2025-09-17T07:30:56+00:00","description":"D\u00e9couvrez l'enduit de base Argiles d'Aquitaine, un mat\u00e9riau \u00e9cologique id\u00e9al pour une pose facile. Transformez votre int\u00e9rieur tout en pr\u00e9servant la plan\u00e8te","breadcrumb":{"@id":"https:\/\/nature-et-developpement.com\/inova-terre-distribution\/produit\/enduit-de-base-argiles-daquitaine\/#breadcrumb"},"inLanguage":"fr-FR","potentialAction":[{"@type":"ReadAction","target":["https:\/\/nature-et-developpement.com\/inova-terre-distribution\/produit\/enduit-de-base-argiles-daquitaine\/"]}]},{"@type":"ImageObject","inLanguage":"fr-FR","@id":"https:\/\/nature-et-developpement.com\/inova-terre-distribution\/produit\/enduit-de-base-argiles-daquitaine\/#primaryimage","url":"https:\/\/nature-et-developpement.com\/inova-terre-distribution\/wp-content\/uploads\/Enduit-de-base-Argiles-dAquitaine.jpg","contentUrl":"https:\/\/nature-et-developpement.com\/inova-terre-distribution\/wp-content\/uploads\/Enduit-de-base-Argiles-dAquitaine.jpg"},{"@type":"BreadcrumbList","@id":"https:\/\/nature-et-developpement.com\/inova-terre-distribution\/produit\/enduit-de-base-argiles-daquitaine\/#breadcrumb","itemListElement":[{"@type":"ListItem","position":1,"name":"Accueil","item":"https:\/\/nature-et-developpement.com\/inova-terre-distribution\/"},{"@type":"ListItem","position":2,"name":"Boutique","item":"https:\/\/nature-et-developpement.com\/inova-terre-distribution\/boutique\/"},{"@type":"ListItem","position":3,"name":"Peinture, pigment et enduit","item":"https:\/\/nature-et-developpement.com\/inova-terre-distribution\/categorie-produit\/peinture-et-enduit\/"},{"@type":"ListItem","position":4,"name":"Enduits naturels","item":"https:\/\/nature-et-developpement.com\/inova-terre-distribution\/categorie-produit\/peinture-et-enduit\/enduits-naturels\/"},{"@type":"ListItem","position":5,"name":"Enduit de base Argiles d&#8217;Aquitaine"}]},{"@type":"WebSite","@id":"https:\/\/nature-et-developpement.com\/inova-terre-distribution\/#website","url":"https:\/\/nature-et-developpement.com\/inova-terre-distribution\/","name":"ECOBRIVA","description":"ECOBRIVA est membre du groupement Nature &amp; D\u00e9veloppement","publisher":{"@id":"https:\/\/nature-et-developpement.com\/inova-terre-distribution\/#organization"},"potentialAction":[{"@type":"SearchAction","target":{"@type":"EntryPoint","urlTemplate":"https:\/\/nature-et-developpement.com\/inova-terre-distribution\/?s={search_term_string}"},"query-input":{"@type":"PropertyValueSpecification","valueRequired":true,"valueName":"search_term_string"}}],"inLanguage":"fr-FR"},{"@type":"Organization","@id":"https:\/\/nature-et-developpement.com\/inova-terre-distribution\/#organization","name":"ECOBRIVA","url":"https:\/\/nature-et-developpement.com\/inova-terre-distribution\/","logo":{"@type":"ImageObject","inLanguage":"fr-FR","@id":"https:\/\/nature-et-developpement.com\/inova-terre-distribution\/#\/schema\/logo\/image\/","url":"https:\/\/nature-et-developpement.com\/inova-terre-distribution\/wp-content\/uploads\/sites\/29\/2026\/03\/logo-29.png","contentUrl":"https:\/\/nature-et-developpement.com\/inova-terre-distribution\/wp-content\/uploads\/sites\/29\/2026\/03\/logo-29.png","width":250,"height":250,"caption":"ECOBRIVA"},"image":{"@id":"https:\/\/nature-et-developpement.com\/inova-terre-distribution\/#\/schema\/logo\/image\/"}}]}},"distributor_meta":false,"distributor_terms":false,"distributor_media":false,"distributor_original_site_name":"ECOBRIVA","distributor_original_site_url":"https:\/\/nature-et-developpement.com\/inova-terre-distribution","push-errors":false,"_links":{"self":[{"href":"https:\/\/nature-et-developpement.com\/inova-terre-distribution\/wp-json\/wp\/v2\/product\/1468","targetHints":{"allow":["GET"]}}],"collection":[{"href":"https:\/\/nature-et-developpement.com\/inova-terre-distribution\/wp-json\/wp\/v2\/product"}],"about":[{"href":"https:\/\/nature-et-developpement.com\/inova-terre-distribution\/wp-json\/wp\/v2\/types\/product"}],"wp:featuredmedia":[{"embeddable":true,"href":"https:\/\/nature-et-developpement.com\/inova-terre-distribution\/wp-json\/"}],"wp:attachment":[{"href":"https:\/\/nature-et-developpement.com\/inova-terre-distribution\/wp-json\/wp\/v2\/media?parent=1468"}],"wp:term":[{"taxonomy":"product_brand","embeddable":true,"href":"https:\/\/nature-et-developpement.com\/inova-terre-distribution\/wp-json\/wp\/v2\/product_brand?post=1468"},{"taxonomy":"product_cat","embeddable":true,"href":"https:\/\/nature-et-developpement.com\/inova-terre-distribution\/wp-json\/wp\/v2\/product_cat?post=1468"},{"taxonomy":"product_tag","embeddable":true,"href":"https:\/\/nature-et-developpement.com\/inova-terre-distribution\/wp-json\/wp\/v2\/product_tag?post=1468"}],"curies":[{"name":"wp","href":"https:\/\/api.w.org\/{rel}","templated":true}]}}