{"id":28731,"date":"2023-04-07T10:20:31","date_gmt":"2023-04-07T08:20:31","guid":{"rendered":"https:\/\/nature-et-developpement.com\/logibio\/produit\/chaux-terechaux-nhl2-25kg-de-saint-astier\/"},"modified":"2026-04-15T13:36:55","modified_gmt":"2026-04-15T11:36:55","slug":"chaux-terechaux-nhl2-25kg-de-saint-astier","status":"publish","type":"product","link":"https:\/\/nature-et-developpement.com\/logibio\/produit\/chaux-terechaux-nhl2-25kg-de-saint-astier\/","title":{"rendered":"Chaux faiblement hydraulique NHL2 TERECHAUX 25Kg de Saint Astier"},"content":{"rendered":"<h2>Chaux naturelle fran\u00e7aise<\/h2>\n<p>La NHL 2 est obtenue \u00e0 partir de chaux naturelles pures s\u00e9lectionn\u00e9es.<\/p>\n<h3>DOMAINES D\u2019UTILISATION<\/h3>\n<ul>\n<li>Enduit et rejointoiement, badigeon<\/li>\n<li>Enduit d\u00e9coratif chaux\/chanvre<\/li>\n<li>Enduit sur b\u00e9ton cellulaire<\/li>\n<li>Ma\u00e7onnerie et consolidation<\/li>\n<\/ul>\n<h3>CONDITIONNEMENT<\/h3>\n<p>Sac de 25 kg et 55 sacs par palette (palette de 1,375 tonne)<\/p>\n<h3>COMPOSITION<\/h3>\n<p>100% chaux hydraulique naturelle NHL 2 de Saint-Astier\u00ae<\/p>\n","protected":false},"excerpt":{"rendered":"<p>La T\u00c9R\u00c9CHAUX est une Chaux naturelle faiblement hydraulique et de blancheur \u00e9lev\u00e9e<br \/>\nId\u00e9al pour\u00a0enduit\u00a0et rejointoiement, badigeon, enduit d\u00e9coratif\u00a0chaux\/chanvre, enduit\u00a0sur b\u00e9ton cellulaire et ma\u00e7onnerie\u00a0et consolidation<br \/>\n<img loading=\"lazy\" decoding=\"async\" class=\"alignnone size-full wp-image-170632\" src=\"https:\/\/nature-et-developpement.com\/wp-content\/uploads\/logo-EPV.jpg\" alt=\"\" width=\"150\" height=\"150\" \/><\/p>\n","protected":false},"featured_media":1000000174451,"template":"","meta":[],"product_brand":[2724],"product_cat":[242,451,2831,109],"product_tag":[4346],"class_list":{"0":"post-28731","1":"product","2":"type-product","3":"status-publish","4":"has-post-thumbnail","6":"product_brand-saint-astier","7":"product_cat-accessoires-construction","8":"product_cat-adjuvants","9":"product_cat-demande-de-devis-uniquement-sans-prix","10":"product_cat-maconnerie","11":"product_tag-saint-astier","12":"product_shipping_class-sac-de-25kg","14":"first","15":"instock","16":"taxable","17":"shipping-taxable","18":"purchasable","19":"product-type-variable"},"yoast_head":"<!-- This site is optimized with the Yoast SEO plugin v27.5 - https:\/\/yoast.com\/product\/yoast-seo-wordpress\/ -->\n<title>Chaux faiblement hydraulique NHL2 TERECHAUX de Saint-Astier<\/title>\n<meta name=\"description\" content=\"La T\u00c9R\u00c9CHAUX est une Chaux naturelle faiblement hydraulique et de blancheur \u00e9lev\u00e9e Id\u00e9al pour\u00a0enduit\u00a0et rejointoiement, badigeon, enduit d\u00e9coratif\u00a0chaux\/chanvre, enduit\u00a0sur b\u00e9ton cellulaire et ma\u00e7onnerie\u00a0et consolidation\" \/>\n<meta name=\"robots\" content=\"noindex, nofollow\" \/>\n<meta property=\"og:locale\" content=\"fr_FR\" \/>\n<meta property=\"og:type\" content=\"article\" \/>\n<meta property=\"og:title\" content=\"Chaux faiblement hydraulique NHL2 TERECHAUX de Saint-Astier\" \/>\n<meta property=\"og:description\" content=\"La T\u00c9R\u00c9CHAUX est une Chaux naturelle faiblement hydraulique et de blancheur \u00e9lev\u00e9e Id\u00e9al pour\u00a0enduit\u00a0et rejointoiement, badigeon, enduit d\u00e9coratif\u00a0chaux\/chanvre, enduit\u00a0sur b\u00e9ton cellulaire et ma\u00e7onnerie\u00a0et consolidation\" \/>\n<meta property=\"og:url\" content=\"https:\/\/nature-et-developpement.com\/logibio\/produit\/chaux-terechaux-nhl2-25kg-de-saint-astier\/\" \/>\n<meta property=\"og:site_name\" content=\"LogiBio\" \/>\n<meta property=\"article:publisher\" content=\"https:\/\/www.facebook.com\/LogiBio-104633131528471\" \/>\n<meta property=\"article:modified_time\" content=\"2026-04-15T11:36:55+00:00\" \/>\n<meta name=\"twitter:card\" content=\"summary_large_image\" \/>\n<meta name=\"twitter:label1\" content=\"Dur\u00e9e de lecture estim\u00e9e\" \/>\n\t<meta name=\"twitter:data1\" content=\"1 minute\" \/>\n<script type=\"application\/ld+json\" class=\"yoast-schema-graph\">{\"@context\":\"https:\\\/\\\/schema.org\",\"@graph\":[{\"@type\":\"WebPage\",\"@id\":\"https:\\\/\\\/nature-et-developpement.com\\\/logibio\\\/produit\\\/chaux-terechaux-nhl2-25kg-de-saint-astier\\\/\",\"url\":\"https:\\\/\\\/nature-et-developpement.com\\\/logibio\\\/produit\\\/chaux-terechaux-nhl2-25kg-de-saint-astier\\\/\",\"name\":\"Chaux faiblement hydraulique NHL2 TERECHAUX de Saint-Astier\",\"isPartOf\":{\"@id\":\"https:\\\/\\\/nature-et-developpement.com\\\/logibio\\\/#website\"},\"primaryImageOfPage\":{\"@id\":\"https:\\\/\\\/nature-et-developpement.com\\\/logibio\\\/produit\\\/chaux-terechaux-nhl2-25kg-de-saint-astier\\\/#primaryimage\"},\"image\":{\"@id\":\"https:\\\/\\\/nature-et-developpement.com\\\/logibio\\\/produit\\\/chaux-terechaux-nhl2-25kg-de-saint-astier\\\/#primaryimage\"},\"thumbnailUrl\":\"https:\\\/\\\/nature-et-developpement.com\\\/logibio\\\/wp-content\\\/uploads\\\/Chaux-faiblement-hydraulique-NHL2-TERECHAUX-25KG-de-Saint-Astier-2024.jpg\",\"datePublished\":\"2023-04-07T08:20:31+00:00\",\"dateModified\":\"2026-04-15T11:36:55+00:00\",\"description\":\"La T\u00c9R\u00c9CHAUX est une Chaux naturelle faiblement hydraulique et de blancheur \u00e9lev\u00e9e Id\u00e9al pour\u00a0enduit\u00a0et rejointoiement, badigeon, enduit d\u00e9coratif\u00a0chaux\\\/chanvre, enduit\u00a0sur b\u00e9ton cellulaire et ma\u00e7onnerie\u00a0et consolidation\",\"breadcrumb\":{\"@id\":\"https:\\\/\\\/nature-et-developpement.com\\\/logibio\\\/produit\\\/chaux-terechaux-nhl2-25kg-de-saint-astier\\\/#breadcrumb\"},\"inLanguage\":\"fr-FR\",\"potentialAction\":[{\"@type\":\"ReadAction\",\"target\":[\"https:\\\/\\\/nature-et-developpement.com\\\/logibio\\\/produit\\\/chaux-terechaux-nhl2-25kg-de-saint-astier\\\/\"]}]},{\"@type\":\"ImageObject\",\"inLanguage\":\"fr-FR\",\"@id\":\"https:\\\/\\\/nature-et-developpement.com\\\/logibio\\\/produit\\\/chaux-terechaux-nhl2-25kg-de-saint-astier\\\/#primaryimage\",\"url\":\"https:\\\/\\\/nature-et-developpement.com\\\/logibio\\\/wp-content\\\/uploads\\\/Chaux-faiblement-hydraulique-NHL2-TERECHAUX-25KG-de-Saint-Astier-2024.jpg\",\"contentUrl\":\"https:\\\/\\\/nature-et-developpement.com\\\/logibio\\\/wp-content\\\/uploads\\\/Chaux-faiblement-hydraulique-NHL2-TERECHAUX-25KG-de-Saint-Astier-2024.jpg\"},{\"@type\":\"BreadcrumbList\",\"@id\":\"https:\\\/\\\/nature-et-developpement.com\\\/logibio\\\/produit\\\/chaux-terechaux-nhl2-25kg-de-saint-astier\\\/#breadcrumb\",\"itemListElement\":[{\"@type\":\"ListItem\",\"position\":1,\"name\":\"Accueil\",\"item\":\"https:\\\/\\\/nature-et-developpement.com\\\/logibio\\\/\"},{\"@type\":\"ListItem\",\"position\":2,\"name\":\"Contacter LogiBio\",\"item\":\"https:\\\/\\\/nature-et-developpement.com\\\/logibio\\\/contact\\\/\"},{\"@type\":\"ListItem\",\"position\":3,\"name\":\"Construction, cloison et fen\u00eatres\",\"item\":\"https:\\\/\\\/nature-et-developpement.com\\\/logibio\\\/produits\\\/construction\\\/\"},{\"@type\":\"ListItem\",\"position\":4,\"name\":\"Ma\u00e7onnerie\",\"item\":\"https:\\\/\\\/nature-et-developpement.com\\\/logibio\\\/produits\\\/construction\\\/maconnerie\\\/\"},{\"@type\":\"ListItem\",\"position\":5,\"name\":\"Chaux faiblement hydraulique NHL2 TERECHAUX 25Kg de Saint Astier\"}]},{\"@type\":\"WebSite\",\"@id\":\"https:\\\/\\\/nature-et-developpement.com\\\/logibio\\\/#website\",\"url\":\"https:\\\/\\\/nature-et-developpement.com\\\/logibio\\\/\",\"name\":\"LogiBio\",\"description\":\"LogiBio fait partie du groupement Nature &amp; D\u00e9veloppement.\",\"publisher\":{\"@id\":\"https:\\\/\\\/nature-et-developpement.com\\\/logibio\\\/#organization\"},\"potentialAction\":[{\"@type\":\"SearchAction\",\"target\":{\"@type\":\"EntryPoint\",\"urlTemplate\":\"https:\\\/\\\/nature-et-developpement.com\\\/logibio\\\/?s={search_term_string}\"},\"query-input\":{\"@type\":\"PropertyValueSpecification\",\"valueRequired\":true,\"valueName\":\"search_term_string\"}}],\"inLanguage\":\"fr-FR\"},{\"@type\":\"Organization\",\"@id\":\"https:\\\/\\\/nature-et-developpement.com\\\/logibio\\\/#organization\",\"name\":\"LogiBio\",\"url\":\"https:\\\/\\\/nature-et-developpement.com\\\/logibio\\\/\",\"logo\":{\"@type\":\"ImageObject\",\"inLanguage\":\"fr-FR\",\"@id\":\"https:\\\/\\\/nature-et-developpement.com\\\/logibio\\\/#\\\/schema\\\/logo\\\/image\\\/\",\"url\":\"https:\\\/\\\/nature-et-developpement.com\\\/logibio\\\/wp-content\\\/uploads\\\/sites\\\/20\\\/2021\\\/09\\\/cropped-Logo_LogiBio_150-150-1.jpg\",\"contentUrl\":\"https:\\\/\\\/nature-et-developpement.com\\\/logibio\\\/wp-content\\\/uploads\\\/sites\\\/20\\\/2021\\\/09\\\/cropped-Logo_LogiBio_150-150-1.jpg\",\"width\":150,\"height\":112,\"caption\":\"LogiBio\"},\"image\":{\"@id\":\"https:\\\/\\\/nature-et-developpement.com\\\/logibio\\\/#\\\/schema\\\/logo\\\/image\\\/\"},\"sameAs\":[\"https:\\\/\\\/www.facebook.com\\\/LogiBio-104633131528471\",\"https:\\\/\\\/www.instagram.com\\\/logibio\\\/\"]}]}<\/script>\n<!-- \/ Yoast SEO plugin. -->","yoast_head_json":{"title":"Chaux faiblement hydraulique NHL2 TERECHAUX de Saint-Astier","description":"La T\u00c9R\u00c9CHAUX est une Chaux naturelle faiblement hydraulique et de blancheur \u00e9lev\u00e9e Id\u00e9al pour\u00a0enduit\u00a0et rejointoiement, badigeon, enduit d\u00e9coratif\u00a0chaux\/chanvre, enduit\u00a0sur b\u00e9ton cellulaire et ma\u00e7onnerie\u00a0et consolidation","robots":{"index":"noindex","follow":"nofollow"},"og_locale":"fr_FR","og_type":"article","og_title":"Chaux faiblement hydraulique NHL2 TERECHAUX de Saint-Astier","og_description":"La T\u00c9R\u00c9CHAUX est une Chaux naturelle faiblement hydraulique et de blancheur \u00e9lev\u00e9e Id\u00e9al pour\u00a0enduit\u00a0et rejointoiement, badigeon, enduit d\u00e9coratif\u00a0chaux\/chanvre, enduit\u00a0sur b\u00e9ton cellulaire et ma\u00e7onnerie\u00a0et consolidation","og_url":"https:\/\/nature-et-developpement.com\/logibio\/produit\/chaux-terechaux-nhl2-25kg-de-saint-astier\/","og_site_name":"LogiBio","article_publisher":"https:\/\/www.facebook.com\/LogiBio-104633131528471","article_modified_time":"2026-04-15T11:36:55+00:00","twitter_card":"summary_large_image","twitter_misc":{"Dur\u00e9e de lecture estim\u00e9e":"1 minute"},"schema":{"@context":"https:\/\/schema.org","@graph":[{"@type":"WebPage","@id":"https:\/\/nature-et-developpement.com\/logibio\/produit\/chaux-terechaux-nhl2-25kg-de-saint-astier\/","url":"https:\/\/nature-et-developpement.com\/logibio\/produit\/chaux-terechaux-nhl2-25kg-de-saint-astier\/","name":"Chaux faiblement hydraulique NHL2 TERECHAUX de Saint-Astier","isPartOf":{"@id":"https:\/\/nature-et-developpement.com\/logibio\/#website"},"primaryImageOfPage":{"@id":"https:\/\/nature-et-developpement.com\/logibio\/produit\/chaux-terechaux-nhl2-25kg-de-saint-astier\/#primaryimage"},"image":{"@id":"https:\/\/nature-et-developpement.com\/logibio\/produit\/chaux-terechaux-nhl2-25kg-de-saint-astier\/#primaryimage"},"thumbnailUrl":"https:\/\/nature-et-developpement.com\/logibio\/wp-content\/uploads\/Chaux-faiblement-hydraulique-NHL2-TERECHAUX-25KG-de-Saint-Astier-2024.jpg","datePublished":"2023-04-07T08:20:31+00:00","dateModified":"2026-04-15T11:36:55+00:00","description":"La T\u00c9R\u00c9CHAUX est une Chaux naturelle faiblement hydraulique et de blancheur \u00e9lev\u00e9e Id\u00e9al pour\u00a0enduit\u00a0et rejointoiement, badigeon, enduit d\u00e9coratif\u00a0chaux\/chanvre, enduit\u00a0sur b\u00e9ton cellulaire et ma\u00e7onnerie\u00a0et consolidation","breadcrumb":{"@id":"https:\/\/nature-et-developpement.com\/logibio\/produit\/chaux-terechaux-nhl2-25kg-de-saint-astier\/#breadcrumb"},"inLanguage":"fr-FR","potentialAction":[{"@type":"ReadAction","target":["https:\/\/nature-et-developpement.com\/logibio\/produit\/chaux-terechaux-nhl2-25kg-de-saint-astier\/"]}]},{"@type":"ImageObject","inLanguage":"fr-FR","@id":"https:\/\/nature-et-developpement.com\/logibio\/produit\/chaux-terechaux-nhl2-25kg-de-saint-astier\/#primaryimage","url":"https:\/\/nature-et-developpement.com\/logibio\/wp-content\/uploads\/Chaux-faiblement-hydraulique-NHL2-TERECHAUX-25KG-de-Saint-Astier-2024.jpg","contentUrl":"https:\/\/nature-et-developpement.com\/logibio\/wp-content\/uploads\/Chaux-faiblement-hydraulique-NHL2-TERECHAUX-25KG-de-Saint-Astier-2024.jpg"},{"@type":"BreadcrumbList","@id":"https:\/\/nature-et-developpement.com\/logibio\/produit\/chaux-terechaux-nhl2-25kg-de-saint-astier\/#breadcrumb","itemListElement":[{"@type":"ListItem","position":1,"name":"Accueil","item":"https:\/\/nature-et-developpement.com\/logibio\/"},{"@type":"ListItem","position":2,"name":"Contacter LogiBio","item":"https:\/\/nature-et-developpement.com\/logibio\/contact\/"},{"@type":"ListItem","position":3,"name":"Construction, cloison et fen\u00eatres","item":"https:\/\/nature-et-developpement.com\/logibio\/produits\/construction\/"},{"@type":"ListItem","position":4,"name":"Ma\u00e7onnerie","item":"https:\/\/nature-et-developpement.com\/logibio\/produits\/construction\/maconnerie\/"},{"@type":"ListItem","position":5,"name":"Chaux faiblement hydraulique NHL2 TERECHAUX 25Kg de Saint Astier"}]},{"@type":"WebSite","@id":"https:\/\/nature-et-developpement.com\/logibio\/#website","url":"https:\/\/nature-et-developpement.com\/logibio\/","name":"LogiBio","description":"LogiBio fait partie du groupement Nature &amp; D\u00e9veloppement.","publisher":{"@id":"https:\/\/nature-et-developpement.com\/logibio\/#organization"},"potentialAction":[{"@type":"SearchAction","target":{"@type":"EntryPoint","urlTemplate":"https:\/\/nature-et-developpement.com\/logibio\/?s={search_term_string}"},"query-input":{"@type":"PropertyValueSpecification","valueRequired":true,"valueName":"search_term_string"}}],"inLanguage":"fr-FR"},{"@type":"Organization","@id":"https:\/\/nature-et-developpement.com\/logibio\/#organization","name":"LogiBio","url":"https:\/\/nature-et-developpement.com\/logibio\/","logo":{"@type":"ImageObject","inLanguage":"fr-FR","@id":"https:\/\/nature-et-developpement.com\/logibio\/#\/schema\/logo\/image\/","url":"https:\/\/nature-et-developpement.com\/logibio\/wp-content\/uploads\/sites\/20\/2021\/09\/cropped-Logo_LogiBio_150-150-1.jpg","contentUrl":"https:\/\/nature-et-developpement.com\/logibio\/wp-content\/uploads\/sites\/20\/2021\/09\/cropped-Logo_LogiBio_150-150-1.jpg","width":150,"height":112,"caption":"LogiBio"},"image":{"@id":"https:\/\/nature-et-developpement.com\/logibio\/#\/schema\/logo\/image\/"},"sameAs":["https:\/\/www.facebook.com\/LogiBio-104633131528471","https:\/\/www.instagram.com\/logibio\/"]}]}},"distributor_meta":false,"distributor_terms":false,"distributor_media":false,"distributor_original_site_name":"LogiBio","distributor_original_site_url":"https:\/\/nature-et-developpement.com\/logibio","push-errors":false,"_links":{"self":[{"href":"https:\/\/nature-et-developpement.com\/logibio\/wp-json\/wp\/v2\/product\/28731","targetHints":{"allow":["GET"]}}],"collection":[{"href":"https:\/\/nature-et-developpement.com\/logibio\/wp-json\/wp\/v2\/product"}],"about":[{"href":"https:\/\/nature-et-developpement.com\/logibio\/wp-json\/wp\/v2\/types\/product"}],"wp:featuredmedia":[{"embeddable":true,"href":"https:\/\/nature-et-developpement.com\/logibio\/wp-json\/"}],"wp:attachment":[{"href":"https:\/\/nature-et-developpement.com\/logibio\/wp-json\/wp\/v2\/media?parent=28731"}],"wp:term":[{"taxonomy":"product_brand","embeddable":true,"href":"https:\/\/nature-et-developpement.com\/logibio\/wp-json\/wp\/v2\/product_brand?post=28731"},{"taxonomy":"product_cat","embeddable":true,"href":"https:\/\/nature-et-developpement.com\/logibio\/wp-json\/wp\/v2\/product_cat?post=28731"},{"taxonomy":"product_tag","embeddable":true,"href":"https:\/\/nature-et-developpement.com\/logibio\/wp-json\/wp\/v2\/product_tag?post=28731"}],"curies":[{"name":"wp","href":"https:\/\/api.w.org\/{rel}","templated":true}]}}