{"id":13892,"date":"2017-01-01T00:00:00","date_gmt":"2016-12-31T23:00:00","guid":{"rendered":"https:\/\/nature-et-developpement.com\/logisain\/produit\/huile-de-protection-pour-finition-et-enduit-terre-argilus\/"},"modified":"2026-01-27T12:50:08","modified_gmt":"2026-01-27T11:50:08","slug":"huile-de-protection-pour-beton-de-terre-argilus-btc-ou-bois","status":"publish","type":"product","link":"https:\/\/nature-et-developpement.com\/logisain-44\/produit\/huile-de-protection-pour-beton-de-terre-argilus-btc-ou-bois\/","title":{"rendered":"Huile de protection pour b\u00e9ton de terre Argilus BTC ou bois"},"content":{"rendered":"<h2>Protection pour les sols en terre crue et BTC Argilus<\/h2>\n<p>Le produit est pr\u00eat a l\u2019emploi et conditionn\u00e9 en 2.5 litres ou 5 litres.<br \/>\nIl s\u2019applique au spalter ou au rouleau selon les surfaces \u00e0 traiter.<\/p>\n<p>3 couches minimum sont \u00e0 appliquer afin de traiter et durcir au mieux les sols.<\/p>\n<p>L\u2019huile de protection vous permettra de laver et nettoyer votre sol comme un carrelage en terre cuite.<\/p>\n<p>Le respect des consignes de mise en \u0153uvre est primordial afin d\u2019obtenir le meilleur rendu possible.<\/p>\n<p>Nous vous rappelons que le sol de finition \u00e0 l\u2019argile n\u00e9cessite un soin particulier et une attention particuli\u00e8re.<\/p>\n<p><strong>Nous d\u00e9conseillons les cuisines et les endroits \u00e0 fort passage.<\/strong><\/p>\n<h3>ENTRETIEN<\/h3>\n<p>L\u2019huile de protection se nettoie \u00e0 la serpill\u00e8re, \u00e0 l\u2019aspirateur ou au balai.<\/p>\n<p>Ne surtout pas nettoyer les sols avec des produits chimiques\u00a0 d\u00e9capants.<\/p>\n","protected":false},"excerpt":{"rendered":"<p>L\u2019 huile de protection ARGILUS est \u00e0 utiliser sp\u00e9cifiquement pour les sols en b\u00e9ton de terre ARGILUS et exceptionnellement pour les b\u00e9tons autres d\u2019argile (voir avec fabricant).<\/p>\n<p>Il peut \u00e9galement \u00eatre utilis\u00e9 sur des bois ainsi que tous supports poreux.<\/p>\n","protected":false},"featured_media":1000000169321,"template":"","meta":[],"product_brand":[10199],"product_cat":[8081,10287,7383],"product_tag":[11728],"class_list":{"0":"post-13892","1":"product","2":"type-product","3":"status-publish","4":"has-post-thumbnail","6":"product_brand-argilus","7":"product_cat-adjuvants","8":"product_cat-demande-de-devis-uniquement-avec-prix","9":"product_cat-peinture-et-enduit","10":"product_tag-argilus","11":"product_shipping_class-petit-equipement-outil-eclairage","13":"first","14":"instock","15":"taxable","16":"shipping-taxable","17":"purchasable","18":"product-type-variable"},"yoast_head":"<!-- This site is optimized with the Yoast SEO plugin v27.5 - https:\/\/yoast.com\/product\/yoast-seo-wordpress\/ -->\n<title>Huile de protection pour b\u00e9ton de terre Argilus BTC ou bois - Logisain 44<\/title>\n<meta name=\"description\" content=\"L\u2019 huile de protection ARGILUS est \u00e0 utiliser sp\u00e9cifiquement pour les sols en b\u00e9ton de terre ARGILUS et exceptionnellement pour les b\u00e9tons autres d\u2019argile (voir avec fabricant).  Il peut \u00e9galement \u00eatre utilis\u00e9 sur des bois ainsi que tous supports poreux. Loire-Atlantique\" \/>\n<meta name=\"robots\" content=\"noindex, nofollow\" \/>\n<meta property=\"og:locale\" content=\"fr_FR\" \/>\n<meta property=\"og:type\" content=\"article\" \/>\n<meta property=\"og:title\" content=\"Huile de protection pour b\u00e9ton de terre Argilus BTC ou bois - Logisain 44\" \/>\n<meta property=\"og:description\" content=\"L\u2019 huile de protection ARGILUS est \u00e0 utiliser sp\u00e9cifiquement pour les sols en b\u00e9ton de terre ARGILUS et exceptionnellement pour les b\u00e9tons autres d\u2019argile (voir avec fabricant).  Il peut \u00e9galement \u00eatre utilis\u00e9 sur des bois ainsi que tous supports poreux. Loire-Atlantique\" \/>\n<meta property=\"og:url\" content=\"https:\/\/nature-et-developpement.com\/logisain-44\/produit\/huile-de-protection-pour-beton-de-terre-argilus-btc-ou-bois\/\" \/>\n<meta property=\"og:site_name\" content=\"Logisain 44\" \/>\n<meta property=\"article:modified_time\" content=\"2026-01-27T11:50:08+00:00\" \/>\n<meta name=\"twitter:card\" content=\"summary_large_image\" \/>\n<meta name=\"twitter:label1\" content=\"Dur\u00e9e de lecture estim\u00e9e\" \/>\n\t<meta name=\"twitter:data1\" content=\"1 minute\" \/>\n<script type=\"application\/ld+json\" class=\"yoast-schema-graph\">{\"@context\":\"https:\\\/\\\/schema.org\",\"@graph\":[{\"@type\":\"WebPage\",\"@id\":\"https:\\\/\\\/nature-et-developpement.com\\\/logisain-44\\\/produit\\\/huile-de-protection-pour-beton-de-terre-argilus-btc-ou-bois\\\/\",\"url\":\"https:\\\/\\\/nature-et-developpement.com\\\/logisain-44\\\/produit\\\/huile-de-protection-pour-beton-de-terre-argilus-btc-ou-bois\\\/\",\"name\":\"Huile de protection pour b\u00e9ton de terre Argilus BTC ou bois - Logisain 44\",\"isPartOf\":{\"@id\":\"https:\\\/\\\/nature-et-developpement.com\\\/logisain-44\\\/#website\"},\"primaryImageOfPage\":{\"@id\":\"https:\\\/\\\/nature-et-developpement.com\\\/logisain-44\\\/produit\\\/huile-de-protection-pour-beton-de-terre-argilus-btc-ou-bois\\\/#primaryimage\"},\"image\":{\"@id\":\"https:\\\/\\\/nature-et-developpement.com\\\/logisain-44\\\/produit\\\/huile-de-protection-pour-beton-de-terre-argilus-btc-ou-bois\\\/#primaryimage\"},\"thumbnailUrl\":\"https:\\\/\\\/nature-et-developpement.com\\\/logisain-44\\\/wp-content\\\/uploads\\\/Huile-de-protection-pour-beton-de-terre-Argilus-BTC-ou-bois.jpg\",\"datePublished\":\"2016-12-31T23:00:00+00:00\",\"dateModified\":\"2026-01-27T11:50:08+00:00\",\"description\":\"L\u2019 huile de protection ARGILUS est \u00e0 utiliser sp\u00e9cifiquement pour les sols en b\u00e9ton de terre ARGILUS et exceptionnellement pour les b\u00e9tons autres d\u2019argile (voir avec fabricant). Il peut \u00e9galement \u00eatre utilis\u00e9 sur des bois ainsi que tous supports poreux. Loire-Atlantique\",\"breadcrumb\":{\"@id\":\"https:\\\/\\\/nature-et-developpement.com\\\/logisain-44\\\/produit\\\/huile-de-protection-pour-beton-de-terre-argilus-btc-ou-bois\\\/#breadcrumb\"},\"inLanguage\":\"fr-FR\",\"potentialAction\":[{\"@type\":\"ReadAction\",\"target\":[\"https:\\\/\\\/nature-et-developpement.com\\\/logisain-44\\\/produit\\\/huile-de-protection-pour-beton-de-terre-argilus-btc-ou-bois\\\/\"]}]},{\"@type\":\"ImageObject\",\"inLanguage\":\"fr-FR\",\"@id\":\"https:\\\/\\\/nature-et-developpement.com\\\/logisain-44\\\/produit\\\/huile-de-protection-pour-beton-de-terre-argilus-btc-ou-bois\\\/#primaryimage\",\"url\":\"https:\\\/\\\/nature-et-developpement.com\\\/logisain-44\\\/wp-content\\\/uploads\\\/Huile-de-protection-pour-beton-de-terre-Argilus-BTC-ou-bois.jpg\",\"contentUrl\":\"https:\\\/\\\/nature-et-developpement.com\\\/logisain-44\\\/wp-content\\\/uploads\\\/Huile-de-protection-pour-beton-de-terre-Argilus-BTC-ou-bois.jpg\"},{\"@type\":\"BreadcrumbList\",\"@id\":\"https:\\\/\\\/nature-et-developpement.com\\\/logisain-44\\\/produit\\\/huile-de-protection-pour-beton-de-terre-argilus-btc-ou-bois\\\/#breadcrumb\",\"itemListElement\":[{\"@type\":\"ListItem\",\"position\":1,\"name\":\"Accueil\",\"item\":\"https:\\\/\\\/nature-et-developpement.com\\\/logisain-44\\\/\"},{\"@type\":\"ListItem\",\"position\":2,\"name\":\"Produits\",\"item\":\"https:\\\/\\\/nature-et-developpement.com\\\/logisain-44\\\/shop\\\/\"},{\"@type\":\"ListItem\",\"position\":3,\"name\":\"Peinture, pigment et enduit\",\"item\":\"https:\\\/\\\/nature-et-developpement.com\\\/logisain-44\\\/produits\\\/peinture-et-enduit\\\/\"},{\"@type\":\"ListItem\",\"position\":4,\"name\":\"Adjuvants\",\"item\":\"https:\\\/\\\/nature-et-developpement.com\\\/logisain-44\\\/produits\\\/peinture-et-enduit\\\/adjuvants\\\/\"},{\"@type\":\"ListItem\",\"position\":5,\"name\":\"Huile de protection pour b\u00e9ton de terre Argilus BTC ou bois\"}]},{\"@type\":\"WebSite\",\"@id\":\"https:\\\/\\\/nature-et-developpement.com\\\/logisain-44\\\/#website\",\"url\":\"https:\\\/\\\/nature-et-developpement.com\\\/logisain-44\\\/\",\"name\":\"Logisain 44\",\"description\":\"Logisain 44 est membre du groupement Nature &amp; D\u00e9veloppement\",\"publisher\":{\"@id\":\"https:\\\/\\\/nature-et-developpement.com\\\/logisain-44\\\/#organization\"},\"potentialAction\":[{\"@type\":\"SearchAction\",\"target\":{\"@type\":\"EntryPoint\",\"urlTemplate\":\"https:\\\/\\\/nature-et-developpement.com\\\/logisain-44\\\/?s={search_term_string}\"},\"query-input\":{\"@type\":\"PropertyValueSpecification\",\"valueRequired\":true,\"valueName\":\"search_term_string\"}}],\"inLanguage\":\"fr-FR\"},{\"@type\":\"Organization\",\"@id\":\"https:\\\/\\\/nature-et-developpement.com\\\/logisain-44\\\/#organization\",\"name\":\"Logisain 44\",\"url\":\"https:\\\/\\\/nature-et-developpement.com\\\/logisain-44\\\/\",\"logo\":{\"@type\":\"ImageObject\",\"inLanguage\":\"fr-FR\",\"@id\":\"https:\\\/\\\/nature-et-developpement.com\\\/logisain-44\\\/#\\\/schema\\\/logo\\\/image\\\/\",\"url\":\"https:\\\/\\\/nature-et-developpement.com\\\/logisain-44\\\/wp-content\\\/uploads\\\/sites\\\/4\\\/2021\\\/08\\\/logo-logisain.jpg\",\"contentUrl\":\"https:\\\/\\\/nature-et-developpement.com\\\/logisain-44\\\/wp-content\\\/uploads\\\/sites\\\/4\\\/2021\\\/08\\\/logo-logisain.jpg\",\"width\":672,\"height\":455,\"caption\":\"Logisain 44\"},\"image\":{\"@id\":\"https:\\\/\\\/nature-et-developpement.com\\\/logisain-44\\\/#\\\/schema\\\/logo\\\/image\\\/\"}}]}<\/script>\n<!-- \/ Yoast SEO plugin. -->","yoast_head_json":{"title":"Huile de protection pour b\u00e9ton de terre Argilus BTC ou bois - Logisain 44","description":"L\u2019 huile de protection ARGILUS est \u00e0 utiliser sp\u00e9cifiquement pour les sols en b\u00e9ton de terre ARGILUS et exceptionnellement pour les b\u00e9tons autres d\u2019argile (voir avec fabricant).  Il peut \u00e9galement \u00eatre utilis\u00e9 sur des bois ainsi que tous supports poreux. Loire-Atlantique","robots":{"index":"noindex","follow":"nofollow"},"og_locale":"fr_FR","og_type":"article","og_title":"Huile de protection pour b\u00e9ton de terre Argilus BTC ou bois - Logisain 44","og_description":"L\u2019 huile de protection ARGILUS est \u00e0 utiliser sp\u00e9cifiquement pour les sols en b\u00e9ton de terre ARGILUS et exceptionnellement pour les b\u00e9tons autres d\u2019argile (voir avec fabricant).  Il peut \u00e9galement \u00eatre utilis\u00e9 sur des bois ainsi que tous supports poreux. Loire-Atlantique","og_url":"https:\/\/nature-et-developpement.com\/logisain-44\/produit\/huile-de-protection-pour-beton-de-terre-argilus-btc-ou-bois\/","og_site_name":"Logisain 44","article_modified_time":"2026-01-27T11:50:08+00:00","twitter_card":"summary_large_image","twitter_misc":{"Dur\u00e9e de lecture estim\u00e9e":"1 minute"},"schema":{"@context":"https:\/\/schema.org","@graph":[{"@type":"WebPage","@id":"https:\/\/nature-et-developpement.com\/logisain-44\/produit\/huile-de-protection-pour-beton-de-terre-argilus-btc-ou-bois\/","url":"https:\/\/nature-et-developpement.com\/logisain-44\/produit\/huile-de-protection-pour-beton-de-terre-argilus-btc-ou-bois\/","name":"Huile de protection pour b\u00e9ton de terre Argilus BTC ou bois - Logisain 44","isPartOf":{"@id":"https:\/\/nature-et-developpement.com\/logisain-44\/#website"},"primaryImageOfPage":{"@id":"https:\/\/nature-et-developpement.com\/logisain-44\/produit\/huile-de-protection-pour-beton-de-terre-argilus-btc-ou-bois\/#primaryimage"},"image":{"@id":"https:\/\/nature-et-developpement.com\/logisain-44\/produit\/huile-de-protection-pour-beton-de-terre-argilus-btc-ou-bois\/#primaryimage"},"thumbnailUrl":"https:\/\/nature-et-developpement.com\/logisain-44\/wp-content\/uploads\/Huile-de-protection-pour-beton-de-terre-Argilus-BTC-ou-bois.jpg","datePublished":"2016-12-31T23:00:00+00:00","dateModified":"2026-01-27T11:50:08+00:00","description":"L\u2019 huile de protection ARGILUS est \u00e0 utiliser sp\u00e9cifiquement pour les sols en b\u00e9ton de terre ARGILUS et exceptionnellement pour les b\u00e9tons autres d\u2019argile (voir avec fabricant). Il peut \u00e9galement \u00eatre utilis\u00e9 sur des bois ainsi que tous supports poreux. Loire-Atlantique","breadcrumb":{"@id":"https:\/\/nature-et-developpement.com\/logisain-44\/produit\/huile-de-protection-pour-beton-de-terre-argilus-btc-ou-bois\/#breadcrumb"},"inLanguage":"fr-FR","potentialAction":[{"@type":"ReadAction","target":["https:\/\/nature-et-developpement.com\/logisain-44\/produit\/huile-de-protection-pour-beton-de-terre-argilus-btc-ou-bois\/"]}]},{"@type":"ImageObject","inLanguage":"fr-FR","@id":"https:\/\/nature-et-developpement.com\/logisain-44\/produit\/huile-de-protection-pour-beton-de-terre-argilus-btc-ou-bois\/#primaryimage","url":"https:\/\/nature-et-developpement.com\/logisain-44\/wp-content\/uploads\/Huile-de-protection-pour-beton-de-terre-Argilus-BTC-ou-bois.jpg","contentUrl":"https:\/\/nature-et-developpement.com\/logisain-44\/wp-content\/uploads\/Huile-de-protection-pour-beton-de-terre-Argilus-BTC-ou-bois.jpg"},{"@type":"BreadcrumbList","@id":"https:\/\/nature-et-developpement.com\/logisain-44\/produit\/huile-de-protection-pour-beton-de-terre-argilus-btc-ou-bois\/#breadcrumb","itemListElement":[{"@type":"ListItem","position":1,"name":"Accueil","item":"https:\/\/nature-et-developpement.com\/logisain-44\/"},{"@type":"ListItem","position":2,"name":"Produits","item":"https:\/\/nature-et-developpement.com\/logisain-44\/shop\/"},{"@type":"ListItem","position":3,"name":"Peinture, pigment et enduit","item":"https:\/\/nature-et-developpement.com\/logisain-44\/produits\/peinture-et-enduit\/"},{"@type":"ListItem","position":4,"name":"Adjuvants","item":"https:\/\/nature-et-developpement.com\/logisain-44\/produits\/peinture-et-enduit\/adjuvants\/"},{"@type":"ListItem","position":5,"name":"Huile de protection pour b\u00e9ton de terre Argilus BTC ou bois"}]},{"@type":"WebSite","@id":"https:\/\/nature-et-developpement.com\/logisain-44\/#website","url":"https:\/\/nature-et-developpement.com\/logisain-44\/","name":"Logisain 44","description":"Logisain 44 est membre du groupement Nature &amp; D\u00e9veloppement","publisher":{"@id":"https:\/\/nature-et-developpement.com\/logisain-44\/#organization"},"potentialAction":[{"@type":"SearchAction","target":{"@type":"EntryPoint","urlTemplate":"https:\/\/nature-et-developpement.com\/logisain-44\/?s={search_term_string}"},"query-input":{"@type":"PropertyValueSpecification","valueRequired":true,"valueName":"search_term_string"}}],"inLanguage":"fr-FR"},{"@type":"Organization","@id":"https:\/\/nature-et-developpement.com\/logisain-44\/#organization","name":"Logisain 44","url":"https:\/\/nature-et-developpement.com\/logisain-44\/","logo":{"@type":"ImageObject","inLanguage":"fr-FR","@id":"https:\/\/nature-et-developpement.com\/logisain-44\/#\/schema\/logo\/image\/","url":"https:\/\/nature-et-developpement.com\/logisain-44\/wp-content\/uploads\/sites\/4\/2021\/08\/logo-logisain.jpg","contentUrl":"https:\/\/nature-et-developpement.com\/logisain-44\/wp-content\/uploads\/sites\/4\/2021\/08\/logo-logisain.jpg","width":672,"height":455,"caption":"Logisain 44"},"image":{"@id":"https:\/\/nature-et-developpement.com\/logisain-44\/#\/schema\/logo\/image\/"}}]}},"distributor_meta":false,"distributor_terms":false,"distributor_media":false,"distributor_original_site_name":"Logisain 44","distributor_original_site_url":"https:\/\/nature-et-developpement.com\/logisain-44","push-errors":false,"_links":{"self":[{"href":"https:\/\/nature-et-developpement.com\/logisain-44\/wp-json\/wp\/v2\/product\/13892","targetHints":{"allow":["GET"]}}],"collection":[{"href":"https:\/\/nature-et-developpement.com\/logisain-44\/wp-json\/wp\/v2\/product"}],"about":[{"href":"https:\/\/nature-et-developpement.com\/logisain-44\/wp-json\/wp\/v2\/types\/product"}],"wp:featuredmedia":[{"embeddable":true,"href":"https:\/\/nature-et-developpement.com\/logisain-44\/wp-json\/"}],"wp:attachment":[{"href":"https:\/\/nature-et-developpement.com\/logisain-44\/wp-json\/wp\/v2\/media?parent=13892"}],"wp:term":[{"taxonomy":"product_brand","embeddable":true,"href":"https:\/\/nature-et-developpement.com\/logisain-44\/wp-json\/wp\/v2\/product_brand?post=13892"},{"taxonomy":"product_cat","embeddable":true,"href":"https:\/\/nature-et-developpement.com\/logisain-44\/wp-json\/wp\/v2\/product_cat?post=13892"},{"taxonomy":"product_tag","embeddable":true,"href":"https:\/\/nature-et-developpement.com\/logisain-44\/wp-json\/wp\/v2\/product_tag?post=13892"}],"curies":[{"name":"wp","href":"https:\/\/api.w.org\/{rel}","templated":true}]}}