{"id":13974,"date":"2024-01-01T00:00:00","date_gmt":"2023-12-31T23:00:00","guid":{"rendered":"https:\/\/nature-et-developpement.com\/logisain\/produit\/eau-de-chaux-pozzo-nuovo\/"},"modified":"2025-06-12T15:01:37","modified_gmt":"2025-06-12T13:01:37","slug":"eau-de-chaux","status":"publish","type":"product","link":"https:\/\/nature-et-developpement.com\/logisain-44\/produit\/eau-de-chaux\/","title":{"rendered":"Eau de chaux issue de la fabrication de la chaux en p\u00e2te Pozzo Nuovo"},"content":{"rendered":"<h2>Eau de chaux<\/h2>\n<p>C&rsquo;est un produit compl\u00e9mentaire tr\u00e8s recherch\u00e9 pour fixer les patines, ferrer les stucs ou remin\u00e9raliser et humidifier un support.<\/p>\n<p>Elle est id\u00e9ale pour la formulation de peintures \u00e0 la chaux, d&rsquo;enduits de finition, de p\u00e2tes \u00e0 stucs et de tadelakts.<\/p>\n<p>Ce \u00ab vernis \u00bb naturel assure une protection des ouvrages gr\u00e2ce au calcin (film protecteur naturel et microporeux) qui se d\u00e9veloppe lors de sa carbonatation.<\/p>\n<p>En p\u00e9diatrie c&rsquo;est le composant principal du liniment ol\u00e9o-calcaire : nettoyant naturel utilis\u00e9 pour les fesses des b\u00e9b\u00e9s apr\u00e8s le change. Elle est aussi utilis\u00e9e en pour att\u00e9nuer les coliques du nourrisson.<\/p>\n","protected":false},"excerpt":{"rendered":"<p>L\u2019eau de chaux Pozzo Nuovo, d\u2019un PH moyen\u00a0de 12.5, issue de la fabrication de la chaux en p\u00e2te .<\/p>\n<p>Elle\u00a0 peut entrer dans la composition des mortiers, enduits, badigeons\u00a0ou peintures \u00e0 la chaux<\/p>\n","protected":false},"featured_media":1000000104346,"template":"","meta":[],"product_brand":[10198],"product_cat":[7453,8081,8082],"product_tag":[11745],"class_list":{"0":"post-13974","1":"product","2":"type-product","3":"status-publish","4":"has-post-thumbnail","6":"product_brand-pozzo-nuovo","7":"product_cat-accessoires-peinture-et-enduit","8":"product_cat-adjuvants","9":"product_cat-droguerie","10":"product_tag-chaux","11":"product_shipping_class-petit-equipement-outil-eclairage","13":"first","14":"instock","15":"taxable","16":"shipping-taxable","17":"purchasable","18":"product-type-variable"},"yoast_head":"<!-- This site is optimized with the Yoast SEO plugin v27.5 - https:\/\/yoast.com\/product\/yoast-seo-wordpress\/ -->\n<title>Eau de chaux issue de la fabrication de la chaux en p\u00e2te Pozzo Nuovo - Logisain 44<\/title>\n<meta name=\"description\" content=\"L\u2019eau de chaux Pozzo Nuovo, d\u2019un PH moyen\u00a0de 12.5, issue de la fabrication de la chaux en p\u00e2te .  Elle\u00a0 peut entrer dans la composition des mortiers, enduits, badigeons\u00a0ou peintures \u00e0 la chaux Loire-Atlantique\" \/>\n<meta name=\"robots\" content=\"noindex, follow\" \/>\n<meta property=\"og:locale\" content=\"fr_FR\" \/>\n<meta property=\"og:type\" content=\"article\" \/>\n<meta property=\"og:title\" content=\"Eau de chaux issue de la fabrication de la chaux en p\u00e2te Pozzo Nuovo - Logisain 44\" \/>\n<meta property=\"og:description\" content=\"L\u2019eau de chaux Pozzo Nuovo, d\u2019un PH moyen\u00a0de 12.5, issue de la fabrication de la chaux en p\u00e2te .  Elle\u00a0 peut entrer dans la composition des mortiers, enduits, badigeons\u00a0ou peintures \u00e0 la chaux Loire-Atlantique\" \/>\n<meta property=\"og:url\" content=\"https:\/\/nature-et-developpement.com\/logisain-44\/produit\/eau-de-chaux\/\" \/>\n<meta property=\"og:site_name\" content=\"Logisain 44\" \/>\n<meta property=\"article:modified_time\" content=\"2025-06-12T13:01:37+00:00\" \/>\n<meta name=\"twitter:card\" content=\"summary_large_image\" \/>\n<meta name=\"twitter:label1\" content=\"Dur\u00e9e de lecture estim\u00e9e\" \/>\n\t<meta name=\"twitter:data1\" content=\"1 minute\" \/>\n<script type=\"application\/ld+json\" class=\"yoast-schema-graph\">{\"@context\":\"https:\\\/\\\/schema.org\",\"@graph\":[{\"@type\":\"WebPage\",\"@id\":\"https:\\\/\\\/nature-et-developpement.com\\\/logisain-44\\\/produit\\\/eau-de-chaux\\\/\",\"url\":\"https:\\\/\\\/nature-et-developpement.com\\\/logisain-44\\\/produit\\\/eau-de-chaux\\\/\",\"name\":\"Eau de chaux issue de la fabrication de la chaux en p\u00e2te Pozzo Nuovo - Logisain 44\",\"isPartOf\":{\"@id\":\"https:\\\/\\\/nature-et-developpement.com\\\/logisain-44\\\/#website\"},\"primaryImageOfPage\":{\"@id\":\"https:\\\/\\\/nature-et-developpement.com\\\/logisain-44\\\/produit\\\/eau-de-chaux\\\/#primaryimage\"},\"image\":{\"@id\":\"https:\\\/\\\/nature-et-developpement.com\\\/logisain-44\\\/produit\\\/eau-de-chaux\\\/#primaryimage\"},\"thumbnailUrl\":\"https:\\\/\\\/nature-et-developpement.com\\\/logisain-44\\\/wp-content\\\/uploads\\\/29878-Eau-de-chaux-Pozzo-Nuovo-1-litre.jpg\",\"datePublished\":\"2023-12-31T23:00:00+00:00\",\"dateModified\":\"2025-06-12T13:01:37+00:00\",\"description\":\"L\u2019eau de chaux Pozzo Nuovo, d\u2019un PH moyen\u00a0de 12.5, issue de la fabrication de la chaux en p\u00e2te . Elle\u00a0 peut entrer dans la composition des mortiers, enduits, badigeons\u00a0ou peintures \u00e0 la chaux Loire-Atlantique\",\"breadcrumb\":{\"@id\":\"https:\\\/\\\/nature-et-developpement.com\\\/logisain-44\\\/produit\\\/eau-de-chaux\\\/#breadcrumb\"},\"inLanguage\":\"fr-FR\",\"potentialAction\":[{\"@type\":\"ReadAction\",\"target\":[\"https:\\\/\\\/nature-et-developpement.com\\\/logisain-44\\\/produit\\\/eau-de-chaux\\\/\"]}]},{\"@type\":\"ImageObject\",\"inLanguage\":\"fr-FR\",\"@id\":\"https:\\\/\\\/nature-et-developpement.com\\\/logisain-44\\\/produit\\\/eau-de-chaux\\\/#primaryimage\",\"url\":\"https:\\\/\\\/nature-et-developpement.com\\\/logisain-44\\\/wp-content\\\/uploads\\\/29878-Eau-de-chaux-Pozzo-Nuovo-1-litre.jpg\",\"contentUrl\":\"https:\\\/\\\/nature-et-developpement.com\\\/logisain-44\\\/wp-content\\\/uploads\\\/29878-Eau-de-chaux-Pozzo-Nuovo-1-litre.jpg\"},{\"@type\":\"BreadcrumbList\",\"@id\":\"https:\\\/\\\/nature-et-developpement.com\\\/logisain-44\\\/produit\\\/eau-de-chaux\\\/#breadcrumb\",\"itemListElement\":[{\"@type\":\"ListItem\",\"position\":1,\"name\":\"Accueil\",\"item\":\"https:\\\/\\\/nature-et-developpement.com\\\/logisain-44\\\/\"},{\"@type\":\"ListItem\",\"position\":2,\"name\":\"Produits\",\"item\":\"https:\\\/\\\/nature-et-developpement.com\\\/logisain-44\\\/shop\\\/\"},{\"@type\":\"ListItem\",\"position\":3,\"name\":\"Peinture, pigment et enduit\",\"item\":\"https:\\\/\\\/nature-et-developpement.com\\\/logisain-44\\\/produits\\\/peinture-et-enduit\\\/\"},{\"@type\":\"ListItem\",\"position\":4,\"name\":\"Adjuvants\",\"item\":\"https:\\\/\\\/nature-et-developpement.com\\\/logisain-44\\\/produits\\\/peinture-et-enduit\\\/adjuvants\\\/\"},{\"@type\":\"ListItem\",\"position\":5,\"name\":\"Eau de chaux issue de la fabrication de la chaux en p\u00e2te Pozzo Nuovo\"}]},{\"@type\":\"WebSite\",\"@id\":\"https:\\\/\\\/nature-et-developpement.com\\\/logisain-44\\\/#website\",\"url\":\"https:\\\/\\\/nature-et-developpement.com\\\/logisain-44\\\/\",\"name\":\"Logisain 44\",\"description\":\"Logisain 44 est membre du groupement Nature &amp; D\u00e9veloppement\",\"publisher\":{\"@id\":\"https:\\\/\\\/nature-et-developpement.com\\\/logisain-44\\\/#organization\"},\"potentialAction\":[{\"@type\":\"SearchAction\",\"target\":{\"@type\":\"EntryPoint\",\"urlTemplate\":\"https:\\\/\\\/nature-et-developpement.com\\\/logisain-44\\\/?s={search_term_string}\"},\"query-input\":{\"@type\":\"PropertyValueSpecification\",\"valueRequired\":true,\"valueName\":\"search_term_string\"}}],\"inLanguage\":\"fr-FR\"},{\"@type\":\"Organization\",\"@id\":\"https:\\\/\\\/nature-et-developpement.com\\\/logisain-44\\\/#organization\",\"name\":\"Logisain 44\",\"url\":\"https:\\\/\\\/nature-et-developpement.com\\\/logisain-44\\\/\",\"logo\":{\"@type\":\"ImageObject\",\"inLanguage\":\"fr-FR\",\"@id\":\"https:\\\/\\\/nature-et-developpement.com\\\/logisain-44\\\/#\\\/schema\\\/logo\\\/image\\\/\",\"url\":\"https:\\\/\\\/nature-et-developpement.com\\\/logisain-44\\\/wp-content\\\/uploads\\\/sites\\\/4\\\/2021\\\/08\\\/logo-logisain.jpg\",\"contentUrl\":\"https:\\\/\\\/nature-et-developpement.com\\\/logisain-44\\\/wp-content\\\/uploads\\\/sites\\\/4\\\/2021\\\/08\\\/logo-logisain.jpg\",\"width\":672,\"height\":455,\"caption\":\"Logisain 44\"},\"image\":{\"@id\":\"https:\\\/\\\/nature-et-developpement.com\\\/logisain-44\\\/#\\\/schema\\\/logo\\\/image\\\/\"}}]}<\/script>\n<!-- \/ Yoast SEO plugin. -->","yoast_head_json":{"title":"Eau de chaux issue de la fabrication de la chaux en p\u00e2te Pozzo Nuovo - Logisain 44","description":"L\u2019eau de chaux Pozzo Nuovo, d\u2019un PH moyen\u00a0de 12.5, issue de la fabrication de la chaux en p\u00e2te .  Elle\u00a0 peut entrer dans la composition des mortiers, enduits, badigeons\u00a0ou peintures \u00e0 la chaux Loire-Atlantique","robots":{"index":"noindex","follow":"follow"},"og_locale":"fr_FR","og_type":"article","og_title":"Eau de chaux issue de la fabrication de la chaux en p\u00e2te Pozzo Nuovo - Logisain 44","og_description":"L\u2019eau de chaux Pozzo Nuovo, d\u2019un PH moyen\u00a0de 12.5, issue de la fabrication de la chaux en p\u00e2te .  Elle\u00a0 peut entrer dans la composition des mortiers, enduits, badigeons\u00a0ou peintures \u00e0 la chaux Loire-Atlantique","og_url":"https:\/\/nature-et-developpement.com\/logisain-44\/produit\/eau-de-chaux\/","og_site_name":"Logisain 44","article_modified_time":"2025-06-12T13:01:37+00:00","twitter_card":"summary_large_image","twitter_misc":{"Dur\u00e9e de lecture estim\u00e9e":"1 minute"},"schema":{"@context":"https:\/\/schema.org","@graph":[{"@type":"WebPage","@id":"https:\/\/nature-et-developpement.com\/logisain-44\/produit\/eau-de-chaux\/","url":"https:\/\/nature-et-developpement.com\/logisain-44\/produit\/eau-de-chaux\/","name":"Eau de chaux issue de la fabrication de la chaux en p\u00e2te Pozzo Nuovo - Logisain 44","isPartOf":{"@id":"https:\/\/nature-et-developpement.com\/logisain-44\/#website"},"primaryImageOfPage":{"@id":"https:\/\/nature-et-developpement.com\/logisain-44\/produit\/eau-de-chaux\/#primaryimage"},"image":{"@id":"https:\/\/nature-et-developpement.com\/logisain-44\/produit\/eau-de-chaux\/#primaryimage"},"thumbnailUrl":"https:\/\/nature-et-developpement.com\/logisain-44\/wp-content\/uploads\/29878-Eau-de-chaux-Pozzo-Nuovo-1-litre.jpg","datePublished":"2023-12-31T23:00:00+00:00","dateModified":"2025-06-12T13:01:37+00:00","description":"L\u2019eau de chaux Pozzo Nuovo, d\u2019un PH moyen\u00a0de 12.5, issue de la fabrication de la chaux en p\u00e2te . Elle\u00a0 peut entrer dans la composition des mortiers, enduits, badigeons\u00a0ou peintures \u00e0 la chaux Loire-Atlantique","breadcrumb":{"@id":"https:\/\/nature-et-developpement.com\/logisain-44\/produit\/eau-de-chaux\/#breadcrumb"},"inLanguage":"fr-FR","potentialAction":[{"@type":"ReadAction","target":["https:\/\/nature-et-developpement.com\/logisain-44\/produit\/eau-de-chaux\/"]}]},{"@type":"ImageObject","inLanguage":"fr-FR","@id":"https:\/\/nature-et-developpement.com\/logisain-44\/produit\/eau-de-chaux\/#primaryimage","url":"https:\/\/nature-et-developpement.com\/logisain-44\/wp-content\/uploads\/29878-Eau-de-chaux-Pozzo-Nuovo-1-litre.jpg","contentUrl":"https:\/\/nature-et-developpement.com\/logisain-44\/wp-content\/uploads\/29878-Eau-de-chaux-Pozzo-Nuovo-1-litre.jpg"},{"@type":"BreadcrumbList","@id":"https:\/\/nature-et-developpement.com\/logisain-44\/produit\/eau-de-chaux\/#breadcrumb","itemListElement":[{"@type":"ListItem","position":1,"name":"Accueil","item":"https:\/\/nature-et-developpement.com\/logisain-44\/"},{"@type":"ListItem","position":2,"name":"Produits","item":"https:\/\/nature-et-developpement.com\/logisain-44\/shop\/"},{"@type":"ListItem","position":3,"name":"Peinture, pigment et enduit","item":"https:\/\/nature-et-developpement.com\/logisain-44\/produits\/peinture-et-enduit\/"},{"@type":"ListItem","position":4,"name":"Adjuvants","item":"https:\/\/nature-et-developpement.com\/logisain-44\/produits\/peinture-et-enduit\/adjuvants\/"},{"@type":"ListItem","position":5,"name":"Eau de chaux issue de la fabrication de la chaux en p\u00e2te Pozzo Nuovo"}]},{"@type":"WebSite","@id":"https:\/\/nature-et-developpement.com\/logisain-44\/#website","url":"https:\/\/nature-et-developpement.com\/logisain-44\/","name":"Logisain 44","description":"Logisain 44 est membre du groupement Nature &amp; D\u00e9veloppement","publisher":{"@id":"https:\/\/nature-et-developpement.com\/logisain-44\/#organization"},"potentialAction":[{"@type":"SearchAction","target":{"@type":"EntryPoint","urlTemplate":"https:\/\/nature-et-developpement.com\/logisain-44\/?s={search_term_string}"},"query-input":{"@type":"PropertyValueSpecification","valueRequired":true,"valueName":"search_term_string"}}],"inLanguage":"fr-FR"},{"@type":"Organization","@id":"https:\/\/nature-et-developpement.com\/logisain-44\/#organization","name":"Logisain 44","url":"https:\/\/nature-et-developpement.com\/logisain-44\/","logo":{"@type":"ImageObject","inLanguage":"fr-FR","@id":"https:\/\/nature-et-developpement.com\/logisain-44\/#\/schema\/logo\/image\/","url":"https:\/\/nature-et-developpement.com\/logisain-44\/wp-content\/uploads\/sites\/4\/2021\/08\/logo-logisain.jpg","contentUrl":"https:\/\/nature-et-developpement.com\/logisain-44\/wp-content\/uploads\/sites\/4\/2021\/08\/logo-logisain.jpg","width":672,"height":455,"caption":"Logisain 44"},"image":{"@id":"https:\/\/nature-et-developpement.com\/logisain-44\/#\/schema\/logo\/image\/"}}]}},"distributor_meta":false,"distributor_terms":false,"distributor_media":false,"distributor_original_site_name":"Logisain 44","distributor_original_site_url":"https:\/\/nature-et-developpement.com\/logisain-44","push-errors":false,"_links":{"self":[{"href":"https:\/\/nature-et-developpement.com\/logisain-44\/wp-json\/wp\/v2\/product\/13974","targetHints":{"allow":["GET"]}}],"collection":[{"href":"https:\/\/nature-et-developpement.com\/logisain-44\/wp-json\/wp\/v2\/product"}],"about":[{"href":"https:\/\/nature-et-developpement.com\/logisain-44\/wp-json\/wp\/v2\/types\/product"}],"wp:featuredmedia":[{"embeddable":true,"href":"https:\/\/nature-et-developpement.com\/logisain-44\/wp-json\/"}],"wp:attachment":[{"href":"https:\/\/nature-et-developpement.com\/logisain-44\/wp-json\/wp\/v2\/media?parent=13974"}],"wp:term":[{"taxonomy":"product_brand","embeddable":true,"href":"https:\/\/nature-et-developpement.com\/logisain-44\/wp-json\/wp\/v2\/product_brand?post=13974"},{"taxonomy":"product_cat","embeddable":true,"href":"https:\/\/nature-et-developpement.com\/logisain-44\/wp-json\/wp\/v2\/product_cat?post=13974"},{"taxonomy":"product_tag","embeddable":true,"href":"https:\/\/nature-et-developpement.com\/logisain-44\/wp-json\/wp\/v2\/product_tag?post=13974"}],"curies":[{"name":"wp","href":"https:\/\/api.w.org\/{rel}","templated":true}]}}