{"id":14837,"date":"2017-01-01T00:00:00","date_gmt":"2016-12-31T23:00:00","guid":{"rendered":"https:\/\/nature-et-developpement.com\/logisain\/produit\/ruban-adhesif-avec-trame-a-enduire-contega-pv-proclima\/"},"modified":"2026-03-25T01:00:07","modified_gmt":"2026-03-25T00:00:07","slug":"ruban-adhesif-avec-trame-a-enduire-contega-pv-pro-clima","status":"publish","type":"product","link":"https:\/\/nature-et-developpement.com\/logisain-44\/produit\/ruban-adhesif-avec-trame-a-enduire-contega-pv-pro-clima\/","title":{"rendered":"Ruban adh\u00e9sif avec trame \u00e0 enduire CONTEGA PV Pro clima"},"content":{"rendered":"<p>Des\u00adtin\u00e9 \u00e0 la r\u00e9al\u00adisa\u00adtion de rac\u00adcords pr\u00e9\u00adcis des mem\u00adbranes ou des pan\u00adneaux d\u00e9riv\u00e9s du bois aux \u00e9l\u00e9\u00adments de con\u00adstruc\u00adtion \u00e0 en\u00adduire (ma\u00e7on\u00adner\u00adie ou b\u00e9ton) et con\u00adcerne donc des travaux en\u00adg\u00adlob\u00adant plusieurs lots d\u2019un pro\u00adjet de con\u00adstruc\u00adtion.<\/p>\n<h4>Conditions g\u00e9n\u00e9rales<\/h4>\n<div class=\"two-column\">\n<p>Les collages ne doivent pas \u00eatre soumis \u00e0 une contrainte de traction.<br \/>\nBien maroufler les rubans adh\u00e9sifs pour qu\u2019ils adh\u00e8rent bien. Veiller \u00e0 une contre-pression suffisante.<br \/>\nLes collages \u00e9tanches \u00e0 l\u2019air sont seulement possibles moyennant une pose sans plis et ininterrompue du ruban de raccord.<br \/>\nEvacuer rapidement l\u2019exc\u00e8s d\u2019humidit\u00e9 de l\u2019air ambiant par une a\u00e9ration syst\u00e9matique et constante ; installer \u00e9ventuellement un d\u00e9shumidificateur de chantier.<\/p>\n<\/div>\n<table class=\"table table-striped\">\n<thead>\n<tr>\n<td><strong>Propri\u00e9t\u00e9<\/strong><\/td>\n<td class=\"hidden-xs\"><strong>R\u00e9glementation<\/strong><\/td>\n<td><strong>Valeur<\/strong><\/td>\n<\/tr>\n<\/thead>\n<tbody>\n<tr>\n<td>Couleur<\/td>\n<td class=\"hidden-xs\"><\/td>\n<td>bleu clair \/ bleu fonc\u00e9<\/td>\n<\/tr>\n<tr>\n<td>Epaisseur<\/td>\n<td class=\"hidden-xs\"><\/td>\n<td>1,3 mm<\/td>\n<\/tr>\n<tr>\n<td>Valeur sd<\/td>\n<td class=\"hidden-xs\">NF EN 1931<\/td>\n<td>2,3 m<\/td>\n<\/tr>\n<tr>\n<td>Temp\u00e9rature de mise en \u0153uvre<\/td>\n<td class=\"hidden-xs\"><\/td>\n<td>\u00e0 partir de -10 \u00b0C<\/td>\n<\/tr>\n<tr>\n<td>R\u00e9sistance \u00e0 la temp\u00e9rature<\/td>\n<td class=\"hidden-xs\"><\/td>\n<td>stable entre -40 \u00b0C et  90 \u00b0C<\/td>\n<\/tr>\n<tr>\n<td>Stockage<\/td>\n<td class=\"hidden-xs\"><\/td>\n<td>dans un endroit frais et sec<\/td>\n<\/tr>\n<\/tbody>\n<\/table>\n","protected":false},"excerpt":{"rendered":"<p>Ruban de raccord pour jonction entre frein-vapeur et enduit\u00a0pour tous les supports enduisables, comme les briques, les briques silico-calcaires, le b\u00e9ton cellulaire, la pierre ponce, le b\u00e9ton, etc&#8230;<\/p>\n<p>Pour le collage de raccords sur la ma\u00e7onnerie, le b\u00e9ton ou des supports rugueux, utiliser ORCON F.<\/p>\n","protected":false},"featured_media":1000000166733,"template":"","meta":[],"product_brand":[10191],"product_cat":[7386,11723],"product_tag":[11731],"class_list":{"0":"post-14837","1":"product","2":"type-product","3":"status-publish","4":"has-post-thumbnail","6":"product_brand-proclima","7":"product_cat-accessoires-isolation-et-etancheite","8":"product_cat-etancheite-a-lair","9":"product_tag-pro-clima","10":"product_shipping_class-petit-equipement-outil-eclairage","12":"first","13":"instock","14":"sale","15":"taxable","16":"shipping-taxable","17":"purchasable","18":"product-type-variable"},"yoast_head":"<!-- This site is optimized with the Yoast SEO plugin v27.5 - https:\/\/yoast.com\/product\/yoast-seo-wordpress\/ -->\n<title>Ruban adh\u00e9sif avec trame \u00e0 enduire CONTEGA PV Pro clima - Logisain 44<\/title>\n<meta name=\"description\" content=\"Ruban de raccord pour jonction entre frein-vapeur et enduit\u00a0pour tous les supports enduisables, comme les briques, les briques silico-calcaires, le b\u00e9ton cellulaire, la pierre ponce, le b\u00e9ton, etc...  Pour le collage de raccords sur la ma\u00e7onnerie, le b\u00e9ton ou des supports rugueux, utiliser ORCON F. Loire-Atlantique\" \/>\n<meta name=\"robots\" content=\"noindex, nofollow\" \/>\n<meta property=\"og:locale\" content=\"fr_FR\" \/>\n<meta property=\"og:type\" content=\"article\" \/>\n<meta property=\"og:title\" content=\"Ruban adh\u00e9sif avec trame \u00e0 enduire CONTEGA PV Pro clima - Logisain 44\" \/>\n<meta property=\"og:description\" content=\"Ruban de raccord pour jonction entre frein-vapeur et enduit\u00a0pour tous les supports enduisables, comme les briques, les briques silico-calcaires, le b\u00e9ton cellulaire, la pierre ponce, le b\u00e9ton, etc...  Pour le collage de raccords sur la ma\u00e7onnerie, le b\u00e9ton ou des supports rugueux, utiliser ORCON F. Loire-Atlantique\" \/>\n<meta property=\"og:url\" content=\"https:\/\/nature-et-developpement.com\/logisain-44\/produit\/ruban-adhesif-avec-trame-a-enduire-contega-pv-pro-clima\/\" \/>\n<meta property=\"og:site_name\" content=\"Logisain 44\" \/>\n<meta property=\"article:modified_time\" content=\"2026-03-25T00:00:07+00:00\" \/>\n<meta name=\"twitter:card\" content=\"summary_large_image\" \/>\n<meta name=\"twitter:label1\" content=\"Dur\u00e9e de lecture estim\u00e9e\" \/>\n\t<meta name=\"twitter:data1\" content=\"1 minute\" \/>\n<script type=\"application\/ld+json\" class=\"yoast-schema-graph\">{\"@context\":\"https:\\\/\\\/schema.org\",\"@graph\":[{\"@type\":\"WebPage\",\"@id\":\"https:\\\/\\\/nature-et-developpement.com\\\/logisain-44\\\/produit\\\/ruban-adhesif-avec-trame-a-enduire-contega-pv-pro-clima\\\/\",\"url\":\"https:\\\/\\\/nature-et-developpement.com\\\/logisain-44\\\/produit\\\/ruban-adhesif-avec-trame-a-enduire-contega-pv-pro-clima\\\/\",\"name\":\"Ruban adh\u00e9sif avec trame \u00e0 enduire CONTEGA PV Pro clima - Logisain 44\",\"isPartOf\":{\"@id\":\"https:\\\/\\\/nature-et-developpement.com\\\/logisain-44\\\/#website\"},\"primaryImageOfPage\":{\"@id\":\"https:\\\/\\\/nature-et-developpement.com\\\/logisain-44\\\/produit\\\/ruban-adhesif-avec-trame-a-enduire-contega-pv-pro-clima\\\/#primaryimage\"},\"image\":{\"@id\":\"https:\\\/\\\/nature-et-developpement.com\\\/logisain-44\\\/produit\\\/ruban-adhesif-avec-trame-a-enduire-contega-pv-pro-clima\\\/#primaryimage\"},\"thumbnailUrl\":\"https:\\\/\\\/nature-et-developpement.com\\\/logisain-44\\\/wp-content\\\/uploads\\\/Ruban-adhesif-avec-trame-a-enduire-CONTEGA-PV-Pro-clima.jpg\",\"datePublished\":\"2016-12-31T23:00:00+00:00\",\"dateModified\":\"2026-03-25T00:00:07+00:00\",\"description\":\"Ruban de raccord pour jonction entre frein-vapeur et enduit\u00a0pour tous les supports enduisables, comme les briques, les briques silico-calcaires, le b\u00e9ton cellulaire, la pierre ponce, le b\u00e9ton, etc... Pour le collage de raccords sur la ma\u00e7onnerie, le b\u00e9ton ou des supports rugueux, utiliser ORCON F. Loire-Atlantique\",\"breadcrumb\":{\"@id\":\"https:\\\/\\\/nature-et-developpement.com\\\/logisain-44\\\/produit\\\/ruban-adhesif-avec-trame-a-enduire-contega-pv-pro-clima\\\/#breadcrumb\"},\"inLanguage\":\"fr-FR\",\"potentialAction\":[{\"@type\":\"ReadAction\",\"target\":[\"https:\\\/\\\/nature-et-developpement.com\\\/logisain-44\\\/produit\\\/ruban-adhesif-avec-trame-a-enduire-contega-pv-pro-clima\\\/\"]}]},{\"@type\":\"ImageObject\",\"inLanguage\":\"fr-FR\",\"@id\":\"https:\\\/\\\/nature-et-developpement.com\\\/logisain-44\\\/produit\\\/ruban-adhesif-avec-trame-a-enduire-contega-pv-pro-clima\\\/#primaryimage\",\"url\":\"https:\\\/\\\/nature-et-developpement.com\\\/logisain-44\\\/wp-content\\\/uploads\\\/Ruban-adhesif-avec-trame-a-enduire-CONTEGA-PV-Pro-clima.jpg\",\"contentUrl\":\"https:\\\/\\\/nature-et-developpement.com\\\/logisain-44\\\/wp-content\\\/uploads\\\/Ruban-adhesif-avec-trame-a-enduire-CONTEGA-PV-Pro-clima.jpg\"},{\"@type\":\"BreadcrumbList\",\"@id\":\"https:\\\/\\\/nature-et-developpement.com\\\/logisain-44\\\/produit\\\/ruban-adhesif-avec-trame-a-enduire-contega-pv-pro-clima\\\/#breadcrumb\",\"itemListElement\":[{\"@type\":\"ListItem\",\"position\":1,\"name\":\"Accueil\",\"item\":\"https:\\\/\\\/nature-et-developpement.com\\\/logisain-44\\\/\"},{\"@type\":\"ListItem\",\"position\":2,\"name\":\"Produits\",\"item\":\"https:\\\/\\\/nature-et-developpement.com\\\/logisain-44\\\/shop\\\/\"},{\"@type\":\"ListItem\",\"position\":3,\"name\":\"Isolation et \u00e9tanch\u00e9it\u00e9\",\"item\":\"https:\\\/\\\/nature-et-developpement.com\\\/logisain-44\\\/produits\\\/isolation-et-etancheite\\\/\"},{\"@type\":\"ListItem\",\"position\":4,\"name\":\"Etanch\u00e9it\u00e9 \u00e0 l'air\",\"item\":\"https:\\\/\\\/nature-et-developpement.com\\\/logisain-44\\\/produits\\\/isolation-et-etancheite\\\/etancheite-a-lair\\\/\"},{\"@type\":\"ListItem\",\"position\":5,\"name\":\"Ruban adh\u00e9sif avec trame \u00e0 enduire CONTEGA PV Pro clima\"}]},{\"@type\":\"WebSite\",\"@id\":\"https:\\\/\\\/nature-et-developpement.com\\\/logisain-44\\\/#website\",\"url\":\"https:\\\/\\\/nature-et-developpement.com\\\/logisain-44\\\/\",\"name\":\"Logisain 44\",\"description\":\"Logisain 44 est membre du groupement Nature &amp; D\u00e9veloppement\",\"publisher\":{\"@id\":\"https:\\\/\\\/nature-et-developpement.com\\\/logisain-44\\\/#organization\"},\"potentialAction\":[{\"@type\":\"SearchAction\",\"target\":{\"@type\":\"EntryPoint\",\"urlTemplate\":\"https:\\\/\\\/nature-et-developpement.com\\\/logisain-44\\\/?s={search_term_string}\"},\"query-input\":{\"@type\":\"PropertyValueSpecification\",\"valueRequired\":true,\"valueName\":\"search_term_string\"}}],\"inLanguage\":\"fr-FR\"},{\"@type\":\"Organization\",\"@id\":\"https:\\\/\\\/nature-et-developpement.com\\\/logisain-44\\\/#organization\",\"name\":\"Logisain 44\",\"url\":\"https:\\\/\\\/nature-et-developpement.com\\\/logisain-44\\\/\",\"logo\":{\"@type\":\"ImageObject\",\"inLanguage\":\"fr-FR\",\"@id\":\"https:\\\/\\\/nature-et-developpement.com\\\/logisain-44\\\/#\\\/schema\\\/logo\\\/image\\\/\",\"url\":\"https:\\\/\\\/nature-et-developpement.com\\\/logisain-44\\\/wp-content\\\/uploads\\\/sites\\\/4\\\/2021\\\/08\\\/logo-logisain.jpg\",\"contentUrl\":\"https:\\\/\\\/nature-et-developpement.com\\\/logisain-44\\\/wp-content\\\/uploads\\\/sites\\\/4\\\/2021\\\/08\\\/logo-logisain.jpg\",\"width\":672,\"height\":455,\"caption\":\"Logisain 44\"},\"image\":{\"@id\":\"https:\\\/\\\/nature-et-developpement.com\\\/logisain-44\\\/#\\\/schema\\\/logo\\\/image\\\/\"}}]}<\/script>\n<!-- \/ Yoast SEO plugin. -->","yoast_head_json":{"title":"Ruban adh\u00e9sif avec trame \u00e0 enduire CONTEGA PV Pro clima - Logisain 44","description":"Ruban de raccord pour jonction entre frein-vapeur et enduit\u00a0pour tous les supports enduisables, comme les briques, les briques silico-calcaires, le b\u00e9ton cellulaire, la pierre ponce, le b\u00e9ton, etc...  Pour le collage de raccords sur la ma\u00e7onnerie, le b\u00e9ton ou des supports rugueux, utiliser ORCON F. Loire-Atlantique","robots":{"index":"noindex","follow":"nofollow"},"og_locale":"fr_FR","og_type":"article","og_title":"Ruban adh\u00e9sif avec trame \u00e0 enduire CONTEGA PV Pro clima - Logisain 44","og_description":"Ruban de raccord pour jonction entre frein-vapeur et enduit\u00a0pour tous les supports enduisables, comme les briques, les briques silico-calcaires, le b\u00e9ton cellulaire, la pierre ponce, le b\u00e9ton, etc...  Pour le collage de raccords sur la ma\u00e7onnerie, le b\u00e9ton ou des supports rugueux, utiliser ORCON F. Loire-Atlantique","og_url":"https:\/\/nature-et-developpement.com\/logisain-44\/produit\/ruban-adhesif-avec-trame-a-enduire-contega-pv-pro-clima\/","og_site_name":"Logisain 44","article_modified_time":"2026-03-25T00:00:07+00:00","twitter_card":"summary_large_image","twitter_misc":{"Dur\u00e9e de lecture estim\u00e9e":"1 minute"},"schema":{"@context":"https:\/\/schema.org","@graph":[{"@type":"WebPage","@id":"https:\/\/nature-et-developpement.com\/logisain-44\/produit\/ruban-adhesif-avec-trame-a-enduire-contega-pv-pro-clima\/","url":"https:\/\/nature-et-developpement.com\/logisain-44\/produit\/ruban-adhesif-avec-trame-a-enduire-contega-pv-pro-clima\/","name":"Ruban adh\u00e9sif avec trame \u00e0 enduire CONTEGA PV Pro clima - Logisain 44","isPartOf":{"@id":"https:\/\/nature-et-developpement.com\/logisain-44\/#website"},"primaryImageOfPage":{"@id":"https:\/\/nature-et-developpement.com\/logisain-44\/produit\/ruban-adhesif-avec-trame-a-enduire-contega-pv-pro-clima\/#primaryimage"},"image":{"@id":"https:\/\/nature-et-developpement.com\/logisain-44\/produit\/ruban-adhesif-avec-trame-a-enduire-contega-pv-pro-clima\/#primaryimage"},"thumbnailUrl":"https:\/\/nature-et-developpement.com\/logisain-44\/wp-content\/uploads\/Ruban-adhesif-avec-trame-a-enduire-CONTEGA-PV-Pro-clima.jpg","datePublished":"2016-12-31T23:00:00+00:00","dateModified":"2026-03-25T00:00:07+00:00","description":"Ruban de raccord pour jonction entre frein-vapeur et enduit\u00a0pour tous les supports enduisables, comme les briques, les briques silico-calcaires, le b\u00e9ton cellulaire, la pierre ponce, le b\u00e9ton, etc... Pour le collage de raccords sur la ma\u00e7onnerie, le b\u00e9ton ou des supports rugueux, utiliser ORCON F. Loire-Atlantique","breadcrumb":{"@id":"https:\/\/nature-et-developpement.com\/logisain-44\/produit\/ruban-adhesif-avec-trame-a-enduire-contega-pv-pro-clima\/#breadcrumb"},"inLanguage":"fr-FR","potentialAction":[{"@type":"ReadAction","target":["https:\/\/nature-et-developpement.com\/logisain-44\/produit\/ruban-adhesif-avec-trame-a-enduire-contega-pv-pro-clima\/"]}]},{"@type":"ImageObject","inLanguage":"fr-FR","@id":"https:\/\/nature-et-developpement.com\/logisain-44\/produit\/ruban-adhesif-avec-trame-a-enduire-contega-pv-pro-clima\/#primaryimage","url":"https:\/\/nature-et-developpement.com\/logisain-44\/wp-content\/uploads\/Ruban-adhesif-avec-trame-a-enduire-CONTEGA-PV-Pro-clima.jpg","contentUrl":"https:\/\/nature-et-developpement.com\/logisain-44\/wp-content\/uploads\/Ruban-adhesif-avec-trame-a-enduire-CONTEGA-PV-Pro-clima.jpg"},{"@type":"BreadcrumbList","@id":"https:\/\/nature-et-developpement.com\/logisain-44\/produit\/ruban-adhesif-avec-trame-a-enduire-contega-pv-pro-clima\/#breadcrumb","itemListElement":[{"@type":"ListItem","position":1,"name":"Accueil","item":"https:\/\/nature-et-developpement.com\/logisain-44\/"},{"@type":"ListItem","position":2,"name":"Produits","item":"https:\/\/nature-et-developpement.com\/logisain-44\/shop\/"},{"@type":"ListItem","position":3,"name":"Isolation et \u00e9tanch\u00e9it\u00e9","item":"https:\/\/nature-et-developpement.com\/logisain-44\/produits\/isolation-et-etancheite\/"},{"@type":"ListItem","position":4,"name":"Etanch\u00e9it\u00e9 \u00e0 l'air","item":"https:\/\/nature-et-developpement.com\/logisain-44\/produits\/isolation-et-etancheite\/etancheite-a-lair\/"},{"@type":"ListItem","position":5,"name":"Ruban adh\u00e9sif avec trame \u00e0 enduire CONTEGA PV Pro clima"}]},{"@type":"WebSite","@id":"https:\/\/nature-et-developpement.com\/logisain-44\/#website","url":"https:\/\/nature-et-developpement.com\/logisain-44\/","name":"Logisain 44","description":"Logisain 44 est membre du groupement Nature &amp; D\u00e9veloppement","publisher":{"@id":"https:\/\/nature-et-developpement.com\/logisain-44\/#organization"},"potentialAction":[{"@type":"SearchAction","target":{"@type":"EntryPoint","urlTemplate":"https:\/\/nature-et-developpement.com\/logisain-44\/?s={search_term_string}"},"query-input":{"@type":"PropertyValueSpecification","valueRequired":true,"valueName":"search_term_string"}}],"inLanguage":"fr-FR"},{"@type":"Organization","@id":"https:\/\/nature-et-developpement.com\/logisain-44\/#organization","name":"Logisain 44","url":"https:\/\/nature-et-developpement.com\/logisain-44\/","logo":{"@type":"ImageObject","inLanguage":"fr-FR","@id":"https:\/\/nature-et-developpement.com\/logisain-44\/#\/schema\/logo\/image\/","url":"https:\/\/nature-et-developpement.com\/logisain-44\/wp-content\/uploads\/sites\/4\/2021\/08\/logo-logisain.jpg","contentUrl":"https:\/\/nature-et-developpement.com\/logisain-44\/wp-content\/uploads\/sites\/4\/2021\/08\/logo-logisain.jpg","width":672,"height":455,"caption":"Logisain 44"},"image":{"@id":"https:\/\/nature-et-developpement.com\/logisain-44\/#\/schema\/logo\/image\/"}}]}},"distributor_meta":false,"distributor_terms":false,"distributor_media":false,"distributor_original_site_name":"Logisain 44","distributor_original_site_url":"https:\/\/nature-et-developpement.com\/logisain-44","push-errors":false,"_links":{"self":[{"href":"https:\/\/nature-et-developpement.com\/logisain-44\/wp-json\/wp\/v2\/product\/14837","targetHints":{"allow":["GET"]}}],"collection":[{"href":"https:\/\/nature-et-developpement.com\/logisain-44\/wp-json\/wp\/v2\/product"}],"about":[{"href":"https:\/\/nature-et-developpement.com\/logisain-44\/wp-json\/wp\/v2\/types\/product"}],"wp:featuredmedia":[{"embeddable":true,"href":"https:\/\/nature-et-developpement.com\/logisain-44\/wp-json\/"}],"wp:attachment":[{"href":"https:\/\/nature-et-developpement.com\/logisain-44\/wp-json\/wp\/v2\/media?parent=14837"}],"wp:term":[{"taxonomy":"product_brand","embeddable":true,"href":"https:\/\/nature-et-developpement.com\/logisain-44\/wp-json\/wp\/v2\/product_brand?post=14837"},{"taxonomy":"product_cat","embeddable":true,"href":"https:\/\/nature-et-developpement.com\/logisain-44\/wp-json\/wp\/v2\/product_cat?post=14837"},{"taxonomy":"product_tag","embeddable":true,"href":"https:\/\/nature-et-developpement.com\/logisain-44\/wp-json\/wp\/v2\/product_tag?post=14837"}],"curies":[{"name":"wp","href":"https:\/\/api.w.org\/{rel}","templated":true}]}}