{"id":40670,"date":"2023-11-25T17:40:37","date_gmt":"2023-11-25T16:40:37","guid":{"rendered":"https:\/\/nature-et-developpement.com\/logisain-44\/?post_type=product&#038;p=40670"},"modified":"2025-06-12T14:56:55","modified_gmt":"2025-06-12T12:56:55","slug":"nettoyant-pour-terrasse-801","status":"publish","type":"product","link":"https:\/\/nature-et-developpement.com\/logisain-44\/produit\/nettoyant-pour-terrasse-801\/","title":{"rendered":"Nettoyant Pour Terrasse 801"},"content":{"rendered":"<p>Avantages du Nettoyant pour terrasse :<\/p>\n<p>Economique \u00e0 l&rsquo;usage gr\u00e2ce \u00e0 sa formule tr\u00e8s concentr\u00e9e<br \/>\nProduit peu odorant \/ Fra\u00eecheur agrumes<br \/>\nPermet de nettoyer une terrasse avec un produit con\u00e7u avec des mati\u00e8res premi\u00e8res naturelles<br \/>\nFacilit\u00e9 de dosage et d&#8217;emploi<br \/>\nRend votre terrasse moins glissante<br \/>\nNettoyant pour terrasse v\u00e9g\u00e9talien<\/p>\n<p>Conseils d&rsquo;application pour nettoyer sa terrasse :<\/p>\n<p>Pour d\u00e9buter, \u00e9liminez les salet\u00e9s du sol gr\u00e2ce \u00e0 un balai ou \u00e0 une brosse<br \/>\nDiluer ensuite le Nettoyant pour terrasse n\u00b0801 de la marque AURO<br \/>\nLa dose recommand\u00e9e est de 50 ml pour 10 litres d&rsquo;eau pour nettoyer une terrasse moyennement sale<br \/>\nN&rsquo;h\u00e9sitez pas \u00e0 augmenter la dose si n\u00e9cessaire<br \/>\nApr\u00e8s avoir nettoyer sa terrasse avec le produit n\u00b0801, rincer le sol \u00e0 l&rsquo;eau clair et laisser s\u00e9cher la surface<\/p>\n<p>Pr\u00e9cautions d&#8217;emploi du Nettoyant pour terrasse :<\/p>\n<p>Produit \u00e0 conserver au frais, \u00e0 l\u2019abri de la lumi\u00e8re et du gel, conservation: 12 mois<br \/>\nTenir le nettoyant hors de la port\u00e9e des enfants<br \/>\nLe produit n&rsquo;irrite pas la peau<br \/>\nEviter le contact avec les yeux<\/p>\n","protected":false},"excerpt":{"rendered":"<p>Nettoyant pour terrasse utilisable sur de nombreuses surfaces telles que le bois, la pierre, le b\u00e9ton&#8230; pour une protection durable<\/p>\n","protected":false},"featured_media":40671,"template":"","meta":[],"product_brand":[11100],"product_cat":[7431],"product_tag":[],"class_list":{"0":"post-40670","1":"product","2":"type-product","3":"status-publish","4":"has-post-thumbnail","6":"product_brand-auro","7":"product_cat-bonne-affaire","9":"first","10":"instock","11":"sale","12":"taxable","13":"shipping-taxable","14":"purchasable","15":"product-type-simple"},"yoast_head":"<!-- This site is optimized with the Yoast SEO plugin v27.5 - https:\/\/yoast.com\/product\/yoast-seo-wordpress\/ -->\n<title>Nettoyant Pour Terrasse 801 - Logisain 44<\/title>\n<meta name=\"description\" content=\"Nettoyant pour terrasse utilisable sur de nombreuses surfaces telles que le bois, la pierre, le b\u00e9ton... pour une protection durable Loire-Atlantique\" \/>\n<meta name=\"robots\" content=\"noindex, follow\" \/>\n<meta property=\"og:locale\" content=\"fr_FR\" \/>\n<meta property=\"og:type\" content=\"article\" \/>\n<meta property=\"og:title\" content=\"Nettoyant Pour Terrasse 801 - Logisain 44\" \/>\n<meta property=\"og:description\" content=\"Nettoyant pour terrasse utilisable sur de nombreuses surfaces telles que le bois, la pierre, le b\u00e9ton... pour une protection durable Loire-Atlantique\" \/>\n<meta property=\"og:url\" content=\"https:\/\/nature-et-developpement.com\/logisain-44\/produit\/nettoyant-pour-terrasse-801\/\" \/>\n<meta property=\"og:site_name\" content=\"Logisain 44\" \/>\n<meta property=\"article:modified_time\" content=\"2025-06-12T12:56:55+00:00\" \/>\n<meta property=\"og:image\" content=\"https:\/\/nature-et-developpement.com\/logisain-44\/wp-content\/uploads\/sites\/4\/2023\/11\/Degraissant-Et-Decireur-Pour-Sols-6551.png\" \/>\n\t<meta property=\"og:image:width\" content=\"800\" \/>\n\t<meta property=\"og:image:height\" content=\"800\" \/>\n\t<meta property=\"og:image:type\" content=\"image\/png\" \/>\n<meta name=\"twitter:card\" content=\"summary_large_image\" \/>\n<meta name=\"twitter:label1\" content=\"Dur\u00e9e de lecture estim\u00e9e\" \/>\n\t<meta name=\"twitter:data1\" content=\"1 minute\" \/>\n<script type=\"application\/ld+json\" class=\"yoast-schema-graph\">{\"@context\":\"https:\\\/\\\/schema.org\",\"@graph\":[{\"@type\":\"WebPage\",\"@id\":\"https:\\\/\\\/nature-et-developpement.com\\\/logisain-44\\\/produit\\\/nettoyant-pour-terrasse-801\\\/\",\"url\":\"https:\\\/\\\/nature-et-developpement.com\\\/logisain-44\\\/produit\\\/nettoyant-pour-terrasse-801\\\/\",\"name\":\"Nettoyant Pour Terrasse 801 - Logisain 44\",\"isPartOf\":{\"@id\":\"https:\\\/\\\/nature-et-developpement.com\\\/logisain-44\\\/#website\"},\"primaryImageOfPage\":{\"@id\":\"https:\\\/\\\/nature-et-developpement.com\\\/logisain-44\\\/produit\\\/nettoyant-pour-terrasse-801\\\/#primaryimage\"},\"image\":{\"@id\":\"https:\\\/\\\/nature-et-developpement.com\\\/logisain-44\\\/produit\\\/nettoyant-pour-terrasse-801\\\/#primaryimage\"},\"thumbnailUrl\":\"https:\\\/\\\/nature-et-developpement.com\\\/logisain-44\\\/wp-content\\\/uploads\\\/sites\\\/4\\\/2023\\\/11\\\/Degraissant-Et-Decireur-Pour-Sols-6551.png\",\"datePublished\":\"2023-11-25T16:40:37+00:00\",\"dateModified\":\"2025-06-12T12:56:55+00:00\",\"description\":\"Nettoyant pour terrasse utilisable sur de nombreuses surfaces telles que le bois, la pierre, le b\u00e9ton... pour une protection durable Loire-Atlantique\",\"breadcrumb\":{\"@id\":\"https:\\\/\\\/nature-et-developpement.com\\\/logisain-44\\\/produit\\\/nettoyant-pour-terrasse-801\\\/#breadcrumb\"},\"inLanguage\":\"fr-FR\",\"potentialAction\":[{\"@type\":\"ReadAction\",\"target\":[\"https:\\\/\\\/nature-et-developpement.com\\\/logisain-44\\\/produit\\\/nettoyant-pour-terrasse-801\\\/\"]}]},{\"@type\":\"ImageObject\",\"inLanguage\":\"fr-FR\",\"@id\":\"https:\\\/\\\/nature-et-developpement.com\\\/logisain-44\\\/produit\\\/nettoyant-pour-terrasse-801\\\/#primaryimage\",\"url\":\"https:\\\/\\\/nature-et-developpement.com\\\/logisain-44\\\/wp-content\\\/uploads\\\/sites\\\/4\\\/2023\\\/11\\\/Degraissant-Et-Decireur-Pour-Sols-6551.png\",\"contentUrl\":\"https:\\\/\\\/nature-et-developpement.com\\\/logisain-44\\\/wp-content\\\/uploads\\\/sites\\\/4\\\/2023\\\/11\\\/Degraissant-Et-Decireur-Pour-Sols-6551.png\",\"width\":800,\"height\":800},{\"@type\":\"BreadcrumbList\",\"@id\":\"https:\\\/\\\/nature-et-developpement.com\\\/logisain-44\\\/produit\\\/nettoyant-pour-terrasse-801\\\/#breadcrumb\",\"itemListElement\":[{\"@type\":\"ListItem\",\"position\":1,\"name\":\"Accueil\",\"item\":\"https:\\\/\\\/nature-et-developpement.com\\\/logisain-44\\\/\"},{\"@type\":\"ListItem\",\"position\":2,\"name\":\"Produits\",\"item\":\"https:\\\/\\\/nature-et-developpement.com\\\/logisain-44\\\/shop\\\/\"},{\"@type\":\"ListItem\",\"position\":3,\"name\":\"Promo et D\u00e9stockage\",\"item\":\"https:\\\/\\\/nature-et-developpement.com\\\/logisain-44\\\/produits\\\/promo-et-destockage\\\/\"},{\"@type\":\"ListItem\",\"position\":4,\"name\":\"Destockage\",\"item\":\"https:\\\/\\\/nature-et-developpement.com\\\/logisain-44\\\/produits\\\/promo-et-destockage\\\/bonne-affaire\\\/\"},{\"@type\":\"ListItem\",\"position\":5,\"name\":\"Nettoyant Pour Terrasse 801\"}]},{\"@type\":\"WebSite\",\"@id\":\"https:\\\/\\\/nature-et-developpement.com\\\/logisain-44\\\/#website\",\"url\":\"https:\\\/\\\/nature-et-developpement.com\\\/logisain-44\\\/\",\"name\":\"Logisain 44\",\"description\":\"Logisain 44 est membre du groupement Nature &amp; D\u00e9veloppement\",\"publisher\":{\"@id\":\"https:\\\/\\\/nature-et-developpement.com\\\/logisain-44\\\/#organization\"},\"potentialAction\":[{\"@type\":\"SearchAction\",\"target\":{\"@type\":\"EntryPoint\",\"urlTemplate\":\"https:\\\/\\\/nature-et-developpement.com\\\/logisain-44\\\/?s={search_term_string}\"},\"query-input\":{\"@type\":\"PropertyValueSpecification\",\"valueRequired\":true,\"valueName\":\"search_term_string\"}}],\"inLanguage\":\"fr-FR\"},{\"@type\":\"Organization\",\"@id\":\"https:\\\/\\\/nature-et-developpement.com\\\/logisain-44\\\/#organization\",\"name\":\"Logisain 44\",\"url\":\"https:\\\/\\\/nature-et-developpement.com\\\/logisain-44\\\/\",\"logo\":{\"@type\":\"ImageObject\",\"inLanguage\":\"fr-FR\",\"@id\":\"https:\\\/\\\/nature-et-developpement.com\\\/logisain-44\\\/#\\\/schema\\\/logo\\\/image\\\/\",\"url\":\"https:\\\/\\\/nature-et-developpement.com\\\/logisain-44\\\/wp-content\\\/uploads\\\/sites\\\/4\\\/2021\\\/08\\\/logo-logisain.jpg\",\"contentUrl\":\"https:\\\/\\\/nature-et-developpement.com\\\/logisain-44\\\/wp-content\\\/uploads\\\/sites\\\/4\\\/2021\\\/08\\\/logo-logisain.jpg\",\"width\":672,\"height\":455,\"caption\":\"Logisain 44\"},\"image\":{\"@id\":\"https:\\\/\\\/nature-et-developpement.com\\\/logisain-44\\\/#\\\/schema\\\/logo\\\/image\\\/\"}}]}<\/script>\n<!-- \/ Yoast SEO plugin. -->","yoast_head_json":{"title":"Nettoyant Pour Terrasse 801 - Logisain 44","description":"Nettoyant pour terrasse utilisable sur de nombreuses surfaces telles que le bois, la pierre, le b\u00e9ton... pour une protection durable Loire-Atlantique","robots":{"index":"noindex","follow":"follow"},"og_locale":"fr_FR","og_type":"article","og_title":"Nettoyant Pour Terrasse 801 - Logisain 44","og_description":"Nettoyant pour terrasse utilisable sur de nombreuses surfaces telles que le bois, la pierre, le b\u00e9ton... pour une protection durable Loire-Atlantique","og_url":"https:\/\/nature-et-developpement.com\/logisain-44\/produit\/nettoyant-pour-terrasse-801\/","og_site_name":"Logisain 44","article_modified_time":"2025-06-12T12:56:55+00:00","og_image":[{"width":800,"height":800,"url":"https:\/\/nature-et-developpement.com\/logisain-44\/wp-content\/uploads\/sites\/4\/2023\/11\/Degraissant-Et-Decireur-Pour-Sols-6551.png","type":"image\/png"}],"twitter_card":"summary_large_image","twitter_misc":{"Dur\u00e9e de lecture estim\u00e9e":"1 minute"},"schema":{"@context":"https:\/\/schema.org","@graph":[{"@type":"WebPage","@id":"https:\/\/nature-et-developpement.com\/logisain-44\/produit\/nettoyant-pour-terrasse-801\/","url":"https:\/\/nature-et-developpement.com\/logisain-44\/produit\/nettoyant-pour-terrasse-801\/","name":"Nettoyant Pour Terrasse 801 - Logisain 44","isPartOf":{"@id":"https:\/\/nature-et-developpement.com\/logisain-44\/#website"},"primaryImageOfPage":{"@id":"https:\/\/nature-et-developpement.com\/logisain-44\/produit\/nettoyant-pour-terrasse-801\/#primaryimage"},"image":{"@id":"https:\/\/nature-et-developpement.com\/logisain-44\/produit\/nettoyant-pour-terrasse-801\/#primaryimage"},"thumbnailUrl":"https:\/\/nature-et-developpement.com\/logisain-44\/wp-content\/uploads\/sites\/4\/2023\/11\/Degraissant-Et-Decireur-Pour-Sols-6551.png","datePublished":"2023-11-25T16:40:37+00:00","dateModified":"2025-06-12T12:56:55+00:00","description":"Nettoyant pour terrasse utilisable sur de nombreuses surfaces telles que le bois, la pierre, le b\u00e9ton... pour une protection durable Loire-Atlantique","breadcrumb":{"@id":"https:\/\/nature-et-developpement.com\/logisain-44\/produit\/nettoyant-pour-terrasse-801\/#breadcrumb"},"inLanguage":"fr-FR","potentialAction":[{"@type":"ReadAction","target":["https:\/\/nature-et-developpement.com\/logisain-44\/produit\/nettoyant-pour-terrasse-801\/"]}]},{"@type":"ImageObject","inLanguage":"fr-FR","@id":"https:\/\/nature-et-developpement.com\/logisain-44\/produit\/nettoyant-pour-terrasse-801\/#primaryimage","url":"https:\/\/nature-et-developpement.com\/logisain-44\/wp-content\/uploads\/sites\/4\/2023\/11\/Degraissant-Et-Decireur-Pour-Sols-6551.png","contentUrl":"https:\/\/nature-et-developpement.com\/logisain-44\/wp-content\/uploads\/sites\/4\/2023\/11\/Degraissant-Et-Decireur-Pour-Sols-6551.png","width":800,"height":800},{"@type":"BreadcrumbList","@id":"https:\/\/nature-et-developpement.com\/logisain-44\/produit\/nettoyant-pour-terrasse-801\/#breadcrumb","itemListElement":[{"@type":"ListItem","position":1,"name":"Accueil","item":"https:\/\/nature-et-developpement.com\/logisain-44\/"},{"@type":"ListItem","position":2,"name":"Produits","item":"https:\/\/nature-et-developpement.com\/logisain-44\/shop\/"},{"@type":"ListItem","position":3,"name":"Promo et D\u00e9stockage","item":"https:\/\/nature-et-developpement.com\/logisain-44\/produits\/promo-et-destockage\/"},{"@type":"ListItem","position":4,"name":"Destockage","item":"https:\/\/nature-et-developpement.com\/logisain-44\/produits\/promo-et-destockage\/bonne-affaire\/"},{"@type":"ListItem","position":5,"name":"Nettoyant Pour Terrasse 801"}]},{"@type":"WebSite","@id":"https:\/\/nature-et-developpement.com\/logisain-44\/#website","url":"https:\/\/nature-et-developpement.com\/logisain-44\/","name":"Logisain 44","description":"Logisain 44 est membre du groupement Nature &amp; D\u00e9veloppement","publisher":{"@id":"https:\/\/nature-et-developpement.com\/logisain-44\/#organization"},"potentialAction":[{"@type":"SearchAction","target":{"@type":"EntryPoint","urlTemplate":"https:\/\/nature-et-developpement.com\/logisain-44\/?s={search_term_string}"},"query-input":{"@type":"PropertyValueSpecification","valueRequired":true,"valueName":"search_term_string"}}],"inLanguage":"fr-FR"},{"@type":"Organization","@id":"https:\/\/nature-et-developpement.com\/logisain-44\/#organization","name":"Logisain 44","url":"https:\/\/nature-et-developpement.com\/logisain-44\/","logo":{"@type":"ImageObject","inLanguage":"fr-FR","@id":"https:\/\/nature-et-developpement.com\/logisain-44\/#\/schema\/logo\/image\/","url":"https:\/\/nature-et-developpement.com\/logisain-44\/wp-content\/uploads\/sites\/4\/2021\/08\/logo-logisain.jpg","contentUrl":"https:\/\/nature-et-developpement.com\/logisain-44\/wp-content\/uploads\/sites\/4\/2021\/08\/logo-logisain.jpg","width":672,"height":455,"caption":"Logisain 44"},"image":{"@id":"https:\/\/nature-et-developpement.com\/logisain-44\/#\/schema\/logo\/image\/"}}]}},"distributor_meta":false,"distributor_terms":false,"distributor_media":false,"distributor_original_site_name":"Logisain 44","distributor_original_site_url":"https:\/\/nature-et-developpement.com\/logisain-44","push-errors":false,"_links":{"self":[{"href":"https:\/\/nature-et-developpement.com\/logisain-44\/wp-json\/wp\/v2\/product\/40670","targetHints":{"allow":["GET"]}}],"collection":[{"href":"https:\/\/nature-et-developpement.com\/logisain-44\/wp-json\/wp\/v2\/product"}],"about":[{"href":"https:\/\/nature-et-developpement.com\/logisain-44\/wp-json\/wp\/v2\/types\/product"}],"wp:featuredmedia":[{"embeddable":true,"href":"https:\/\/nature-et-developpement.com\/logisain-44\/wp-json\/wp\/v2\/media\/40671"}],"wp:attachment":[{"href":"https:\/\/nature-et-developpement.com\/logisain-44\/wp-json\/wp\/v2\/media?parent=40670"}],"wp:term":[{"taxonomy":"product_brand","embeddable":true,"href":"https:\/\/nature-et-developpement.com\/logisain-44\/wp-json\/wp\/v2\/product_brand?post=40670"},{"taxonomy":"product_cat","embeddable":true,"href":"https:\/\/nature-et-developpement.com\/logisain-44\/wp-json\/wp\/v2\/product_cat?post=40670"},{"taxonomy":"product_tag","embeddable":true,"href":"https:\/\/nature-et-developpement.com\/logisain-44\/wp-json\/wp\/v2\/product_tag?post=40670"}],"curies":[{"name":"wp","href":"https:\/\/api.w.org\/{rel}","templated":true}]}}