{"id":5513,"date":"2025-11-06T10:51:15","date_gmt":"2025-11-06T09:51:15","guid":{"rendered":"https:\/\/nature-et-developpement.com\/logisain\/produit\/escalier-escamotable-isolation-thermique-renforcee-lwt\/"},"modified":"2025-11-07T05:25:11","modified_gmt":"2025-11-07T04:25:11","slug":"escalier-escamotable-isolation-thermique-renforcee-lwt","status":"publish","type":"product","link":"https:\/\/nature-et-developpement.com\/logisain-44\/produit\/escalier-escamotable-isolation-thermique-renforcee-lwt\/","title":{"rendered":"Escalier escamotable isolation thermique renforc\u00e9e LWT"},"content":{"rendered":"<p>La trappe sp\u00e9ciale de 8cm d\u2019\u00e9paisseur, remplie uniquement avec une mati\u00e8re thermo-isolante (polystyr\u00e8ne), assure une excellente barri\u00e8re r\u00e9duisant les pertes de chaleur.<\/p>\n<p><span style=\"text-align: center\">Le faible poids et un syst\u00e8me novateur d\u2019accrochage de la trappe \u00e0\u201eclick\u201d, acc\u00e9l\u00e8rent la mise en place au plafond <\/span><\/p>\n<p><span style=\"text-align: center\">Le triple syst\u00e8me de joints garantit une \u00e9tanch\u00e9it\u00e9 parfaite<\/span><\/p>\n<p><strong><span style=\"text-align: center\">Donn\u00e9es techniques:<\/span><\/strong><\/p>\n<ul>\n<li>charge maximale 160 kg<\/li>\n<li><span style=\"text-align: center\">coefficient de transmission de chaleur U = 0,51W\/m\u00b2K <\/span><\/li>\n<li><span style=\"text-align: center\">\u00e9paisseur de l\u2019isolant thermique 7,4 cm <\/span><\/li>\n<li><span style=\"text-align: center\">\u00e9paisseur de la trappe 8 cm<\/span><\/li>\n<\/ul>\n","protected":false},"excerpt":{"rendered":"<p>L\u2019escalier escamotable super thermo \u2013 isolant LWT est recommand\u00e9 pour les b\u00e2timents \u00e0 \u00e9conomie d\u2019\u00e9nergie qui se concentrent sur la r\u00e9duction des pertes de chaleur.<br \/>\nIl est parfaitement adapt\u00e9 au montage dans les pi\u00e8ces avec d\u2019importantes diff\u00e9rences de temp\u00e9rature entre la zone chauff\u00e9e et le grenier non habitable<\/p>\n","protected":false},"featured_media":1000000167661,"template":"","meta":[],"product_brand":[10222],"product_cat":[8149],"product_tag":[11766],"class_list":{"0":"post-5513","1":"product","2":"type-product","3":"status-publish","4":"has-post-thumbnail","6":"product_brand-fakro","7":"product_cat-escalier-et-porte","8":"product_tag-fakro","9":"product_shipping_class-petit-equipement-outil-eclairage","11":"first","12":"instock","13":"taxable","14":"shipping-taxable","15":"purchasable","16":"product-type-variable"},"yoast_head":"<!-- This site is optimized with the Yoast SEO plugin v27.5 - https:\/\/yoast.com\/product\/yoast-seo-wordpress\/ -->\n<title>Escalier escamotable isolation thermique renforc\u00e9e LWT - Logisain 44<\/title>\n<meta name=\"description\" content=\"L\u2019escalier escamotable super thermo \u2013 isolant LWT est recommand\u00e9 pour les b\u00e2timents \u00e0 \u00e9conomie d\u2019\u00e9nergie qui se concentrent sur la r\u00e9duction des pertes de chaleur. Il est parfaitement adapt\u00e9 au montage dans les pi\u00e8ces avec d\u2019importantes diff\u00e9rences de temp\u00e9rature entre la zone chauff\u00e9e et le grenier non habitable Loire-Atlantique\" \/>\n<meta name=\"robots\" content=\"noindex, nofollow\" \/>\n<meta property=\"og:locale\" content=\"fr_FR\" \/>\n<meta property=\"og:type\" content=\"article\" \/>\n<meta property=\"og:title\" content=\"Escalier escamotable isolation thermique renforc\u00e9e LWT - Logisain 44\" \/>\n<meta property=\"og:description\" content=\"L\u2019escalier escamotable super thermo \u2013 isolant LWT est recommand\u00e9 pour les b\u00e2timents \u00e0 \u00e9conomie d\u2019\u00e9nergie qui se concentrent sur la r\u00e9duction des pertes de chaleur. Il est parfaitement adapt\u00e9 au montage dans les pi\u00e8ces avec d\u2019importantes diff\u00e9rences de temp\u00e9rature entre la zone chauff\u00e9e et le grenier non habitable Loire-Atlantique\" \/>\n<meta property=\"og:url\" content=\"https:\/\/nature-et-developpement.com\/logisain-44\/produit\/escalier-escamotable-isolation-thermique-renforcee-lwt\/\" \/>\n<meta property=\"og:site_name\" content=\"Logisain 44\" \/>\n<meta property=\"article:modified_time\" content=\"2025-11-07T04:25:11+00:00\" \/>\n<meta name=\"twitter:card\" content=\"summary_large_image\" \/>\n<script type=\"application\/ld+json\" class=\"yoast-schema-graph\">{\"@context\":\"https:\\\/\\\/schema.org\",\"@graph\":[{\"@type\":\"WebPage\",\"@id\":\"https:\\\/\\\/nature-et-developpement.com\\\/logisain-44\\\/produit\\\/escalier-escamotable-isolation-thermique-renforcee-lwt\\\/\",\"url\":\"https:\\\/\\\/nature-et-developpement.com\\\/logisain-44\\\/produit\\\/escalier-escamotable-isolation-thermique-renforcee-lwt\\\/\",\"name\":\"Escalier escamotable isolation thermique renforc\u00e9e LWT - Logisain 44\",\"isPartOf\":{\"@id\":\"https:\\\/\\\/nature-et-developpement.com\\\/logisain-44\\\/#website\"},\"primaryImageOfPage\":{\"@id\":\"https:\\\/\\\/nature-et-developpement.com\\\/logisain-44\\\/produit\\\/escalier-escamotable-isolation-thermique-renforcee-lwt\\\/#primaryimage\"},\"image\":{\"@id\":\"https:\\\/\\\/nature-et-developpement.com\\\/logisain-44\\\/produit\\\/escalier-escamotable-isolation-thermique-renforcee-lwt\\\/#primaryimage\"},\"thumbnailUrl\":\"https:\\\/\\\/nature-et-developpement.com\\\/logisain-44\\\/wp-content\\\/uploads\\\/Escalier-escamotable-isolation-thermique-renforcee-LWT.jpg\",\"datePublished\":\"2025-11-06T09:51:15+00:00\",\"dateModified\":\"2025-11-07T04:25:11+00:00\",\"description\":\"L\u2019escalier escamotable super thermo \u2013 isolant LWT est recommand\u00e9 pour les b\u00e2timents \u00e0 \u00e9conomie d\u2019\u00e9nergie qui se concentrent sur la r\u00e9duction des pertes de chaleur. Il est parfaitement adapt\u00e9 au montage dans les pi\u00e8ces avec d\u2019importantes diff\u00e9rences de temp\u00e9rature entre la zone chauff\u00e9e et le grenier non habitable Loire-Atlantique\",\"breadcrumb\":{\"@id\":\"https:\\\/\\\/nature-et-developpement.com\\\/logisain-44\\\/produit\\\/escalier-escamotable-isolation-thermique-renforcee-lwt\\\/#breadcrumb\"},\"inLanguage\":\"fr-FR\",\"potentialAction\":[{\"@type\":\"ReadAction\",\"target\":[\"https:\\\/\\\/nature-et-developpement.com\\\/logisain-44\\\/produit\\\/escalier-escamotable-isolation-thermique-renforcee-lwt\\\/\"]}]},{\"@type\":\"ImageObject\",\"inLanguage\":\"fr-FR\",\"@id\":\"https:\\\/\\\/nature-et-developpement.com\\\/logisain-44\\\/produit\\\/escalier-escamotable-isolation-thermique-renforcee-lwt\\\/#primaryimage\",\"url\":\"https:\\\/\\\/nature-et-developpement.com\\\/logisain-44\\\/wp-content\\\/uploads\\\/Escalier-escamotable-isolation-thermique-renforcee-LWT.jpg\",\"contentUrl\":\"https:\\\/\\\/nature-et-developpement.com\\\/logisain-44\\\/wp-content\\\/uploads\\\/Escalier-escamotable-isolation-thermique-renforcee-LWT.jpg\"},{\"@type\":\"BreadcrumbList\",\"@id\":\"https:\\\/\\\/nature-et-developpement.com\\\/logisain-44\\\/produit\\\/escalier-escamotable-isolation-thermique-renforcee-lwt\\\/#breadcrumb\",\"itemListElement\":[{\"@type\":\"ListItem\",\"position\":1,\"name\":\"Accueil\",\"item\":\"https:\\\/\\\/nature-et-developpement.com\\\/logisain-44\\\/\"},{\"@type\":\"ListItem\",\"position\":2,\"name\":\"Produits\",\"item\":\"https:\\\/\\\/nature-et-developpement.com\\\/logisain-44\\\/shop\\\/\"},{\"@type\":\"ListItem\",\"position\":3,\"name\":\"Agencement int\u00e9rieur\",\"item\":\"https:\\\/\\\/nature-et-developpement.com\\\/logisain-44\\\/produits\\\/agencement-interieur\\\/\"},{\"@type\":\"ListItem\",\"position\":4,\"name\":\"Escalier et porte\",\"item\":\"https:\\\/\\\/nature-et-developpement.com\\\/logisain-44\\\/produits\\\/agencement-interieur\\\/escalier-et-porte\\\/\"},{\"@type\":\"ListItem\",\"position\":5,\"name\":\"Escalier escamotable isolation thermique renforc\u00e9e LWT\"}]},{\"@type\":\"WebSite\",\"@id\":\"https:\\\/\\\/nature-et-developpement.com\\\/logisain-44\\\/#website\",\"url\":\"https:\\\/\\\/nature-et-developpement.com\\\/logisain-44\\\/\",\"name\":\"Logisain 44\",\"description\":\"Logisain 44 est membre du groupement Nature &amp; D\u00e9veloppement\",\"publisher\":{\"@id\":\"https:\\\/\\\/nature-et-developpement.com\\\/logisain-44\\\/#organization\"},\"potentialAction\":[{\"@type\":\"SearchAction\",\"target\":{\"@type\":\"EntryPoint\",\"urlTemplate\":\"https:\\\/\\\/nature-et-developpement.com\\\/logisain-44\\\/?s={search_term_string}\"},\"query-input\":{\"@type\":\"PropertyValueSpecification\",\"valueRequired\":true,\"valueName\":\"search_term_string\"}}],\"inLanguage\":\"fr-FR\"},{\"@type\":\"Organization\",\"@id\":\"https:\\\/\\\/nature-et-developpement.com\\\/logisain-44\\\/#organization\",\"name\":\"Logisain 44\",\"url\":\"https:\\\/\\\/nature-et-developpement.com\\\/logisain-44\\\/\",\"logo\":{\"@type\":\"ImageObject\",\"inLanguage\":\"fr-FR\",\"@id\":\"https:\\\/\\\/nature-et-developpement.com\\\/logisain-44\\\/#\\\/schema\\\/logo\\\/image\\\/\",\"url\":\"https:\\\/\\\/nature-et-developpement.com\\\/logisain-44\\\/wp-content\\\/uploads\\\/sites\\\/4\\\/2021\\\/08\\\/logo-logisain.jpg\",\"contentUrl\":\"https:\\\/\\\/nature-et-developpement.com\\\/logisain-44\\\/wp-content\\\/uploads\\\/sites\\\/4\\\/2021\\\/08\\\/logo-logisain.jpg\",\"width\":672,\"height\":455,\"caption\":\"Logisain 44\"},\"image\":{\"@id\":\"https:\\\/\\\/nature-et-developpement.com\\\/logisain-44\\\/#\\\/schema\\\/logo\\\/image\\\/\"}}]}<\/script>\n<!-- \/ Yoast SEO plugin. -->","yoast_head_json":{"title":"Escalier escamotable isolation thermique renforc\u00e9e LWT - Logisain 44","description":"L\u2019escalier escamotable super thermo \u2013 isolant LWT est recommand\u00e9 pour les b\u00e2timents \u00e0 \u00e9conomie d\u2019\u00e9nergie qui se concentrent sur la r\u00e9duction des pertes de chaleur. Il est parfaitement adapt\u00e9 au montage dans les pi\u00e8ces avec d\u2019importantes diff\u00e9rences de temp\u00e9rature entre la zone chauff\u00e9e et le grenier non habitable Loire-Atlantique","robots":{"index":"noindex","follow":"nofollow"},"og_locale":"fr_FR","og_type":"article","og_title":"Escalier escamotable isolation thermique renforc\u00e9e LWT - Logisain 44","og_description":"L\u2019escalier escamotable super thermo \u2013 isolant LWT est recommand\u00e9 pour les b\u00e2timents \u00e0 \u00e9conomie d\u2019\u00e9nergie qui se concentrent sur la r\u00e9duction des pertes de chaleur. Il est parfaitement adapt\u00e9 au montage dans les pi\u00e8ces avec d\u2019importantes diff\u00e9rences de temp\u00e9rature entre la zone chauff\u00e9e et le grenier non habitable Loire-Atlantique","og_url":"https:\/\/nature-et-developpement.com\/logisain-44\/produit\/escalier-escamotable-isolation-thermique-renforcee-lwt\/","og_site_name":"Logisain 44","article_modified_time":"2025-11-07T04:25:11+00:00","twitter_card":"summary_large_image","schema":{"@context":"https:\/\/schema.org","@graph":[{"@type":"WebPage","@id":"https:\/\/nature-et-developpement.com\/logisain-44\/produit\/escalier-escamotable-isolation-thermique-renforcee-lwt\/","url":"https:\/\/nature-et-developpement.com\/logisain-44\/produit\/escalier-escamotable-isolation-thermique-renforcee-lwt\/","name":"Escalier escamotable isolation thermique renforc\u00e9e LWT - Logisain 44","isPartOf":{"@id":"https:\/\/nature-et-developpement.com\/logisain-44\/#website"},"primaryImageOfPage":{"@id":"https:\/\/nature-et-developpement.com\/logisain-44\/produit\/escalier-escamotable-isolation-thermique-renforcee-lwt\/#primaryimage"},"image":{"@id":"https:\/\/nature-et-developpement.com\/logisain-44\/produit\/escalier-escamotable-isolation-thermique-renforcee-lwt\/#primaryimage"},"thumbnailUrl":"https:\/\/nature-et-developpement.com\/logisain-44\/wp-content\/uploads\/Escalier-escamotable-isolation-thermique-renforcee-LWT.jpg","datePublished":"2025-11-06T09:51:15+00:00","dateModified":"2025-11-07T04:25:11+00:00","description":"L\u2019escalier escamotable super thermo \u2013 isolant LWT est recommand\u00e9 pour les b\u00e2timents \u00e0 \u00e9conomie d\u2019\u00e9nergie qui se concentrent sur la r\u00e9duction des pertes de chaleur. Il est parfaitement adapt\u00e9 au montage dans les pi\u00e8ces avec d\u2019importantes diff\u00e9rences de temp\u00e9rature entre la zone chauff\u00e9e et le grenier non habitable Loire-Atlantique","breadcrumb":{"@id":"https:\/\/nature-et-developpement.com\/logisain-44\/produit\/escalier-escamotable-isolation-thermique-renforcee-lwt\/#breadcrumb"},"inLanguage":"fr-FR","potentialAction":[{"@type":"ReadAction","target":["https:\/\/nature-et-developpement.com\/logisain-44\/produit\/escalier-escamotable-isolation-thermique-renforcee-lwt\/"]}]},{"@type":"ImageObject","inLanguage":"fr-FR","@id":"https:\/\/nature-et-developpement.com\/logisain-44\/produit\/escalier-escamotable-isolation-thermique-renforcee-lwt\/#primaryimage","url":"https:\/\/nature-et-developpement.com\/logisain-44\/wp-content\/uploads\/Escalier-escamotable-isolation-thermique-renforcee-LWT.jpg","contentUrl":"https:\/\/nature-et-developpement.com\/logisain-44\/wp-content\/uploads\/Escalier-escamotable-isolation-thermique-renforcee-LWT.jpg"},{"@type":"BreadcrumbList","@id":"https:\/\/nature-et-developpement.com\/logisain-44\/produit\/escalier-escamotable-isolation-thermique-renforcee-lwt\/#breadcrumb","itemListElement":[{"@type":"ListItem","position":1,"name":"Accueil","item":"https:\/\/nature-et-developpement.com\/logisain-44\/"},{"@type":"ListItem","position":2,"name":"Produits","item":"https:\/\/nature-et-developpement.com\/logisain-44\/shop\/"},{"@type":"ListItem","position":3,"name":"Agencement int\u00e9rieur","item":"https:\/\/nature-et-developpement.com\/logisain-44\/produits\/agencement-interieur\/"},{"@type":"ListItem","position":4,"name":"Escalier et porte","item":"https:\/\/nature-et-developpement.com\/logisain-44\/produits\/agencement-interieur\/escalier-et-porte\/"},{"@type":"ListItem","position":5,"name":"Escalier escamotable isolation thermique renforc\u00e9e LWT"}]},{"@type":"WebSite","@id":"https:\/\/nature-et-developpement.com\/logisain-44\/#website","url":"https:\/\/nature-et-developpement.com\/logisain-44\/","name":"Logisain 44","description":"Logisain 44 est membre du groupement Nature &amp; D\u00e9veloppement","publisher":{"@id":"https:\/\/nature-et-developpement.com\/logisain-44\/#organization"},"potentialAction":[{"@type":"SearchAction","target":{"@type":"EntryPoint","urlTemplate":"https:\/\/nature-et-developpement.com\/logisain-44\/?s={search_term_string}"},"query-input":{"@type":"PropertyValueSpecification","valueRequired":true,"valueName":"search_term_string"}}],"inLanguage":"fr-FR"},{"@type":"Organization","@id":"https:\/\/nature-et-developpement.com\/logisain-44\/#organization","name":"Logisain 44","url":"https:\/\/nature-et-developpement.com\/logisain-44\/","logo":{"@type":"ImageObject","inLanguage":"fr-FR","@id":"https:\/\/nature-et-developpement.com\/logisain-44\/#\/schema\/logo\/image\/","url":"https:\/\/nature-et-developpement.com\/logisain-44\/wp-content\/uploads\/sites\/4\/2021\/08\/logo-logisain.jpg","contentUrl":"https:\/\/nature-et-developpement.com\/logisain-44\/wp-content\/uploads\/sites\/4\/2021\/08\/logo-logisain.jpg","width":672,"height":455,"caption":"Logisain 44"},"image":{"@id":"https:\/\/nature-et-developpement.com\/logisain-44\/#\/schema\/logo\/image\/"}}]}},"distributor_meta":false,"distributor_terms":false,"distributor_media":false,"distributor_original_site_name":"Logisain 44","distributor_original_site_url":"https:\/\/nature-et-developpement.com\/logisain-44","push-errors":false,"_links":{"self":[{"href":"https:\/\/nature-et-developpement.com\/logisain-44\/wp-json\/wp\/v2\/product\/5513","targetHints":{"allow":["GET"]}}],"collection":[{"href":"https:\/\/nature-et-developpement.com\/logisain-44\/wp-json\/wp\/v2\/product"}],"about":[{"href":"https:\/\/nature-et-developpement.com\/logisain-44\/wp-json\/wp\/v2\/types\/product"}],"wp:featuredmedia":[{"embeddable":true,"href":"https:\/\/nature-et-developpement.com\/logisain-44\/wp-json\/"}],"wp:attachment":[{"href":"https:\/\/nature-et-developpement.com\/logisain-44\/wp-json\/wp\/v2\/media?parent=5513"}],"wp:term":[{"taxonomy":"product_brand","embeddable":true,"href":"https:\/\/nature-et-developpement.com\/logisain-44\/wp-json\/wp\/v2\/product_brand?post=5513"},{"taxonomy":"product_cat","embeddable":true,"href":"https:\/\/nature-et-developpement.com\/logisain-44\/wp-json\/wp\/v2\/product_cat?post=5513"},{"taxonomy":"product_tag","embeddable":true,"href":"https:\/\/nature-et-developpement.com\/logisain-44\/wp-json\/wp\/v2\/product_tag?post=5513"}],"curies":[{"name":"wp","href":"https:\/\/api.w.org\/{rel}","templated":true}]}}