{"id":5699,"date":"2020-11-04T18:09:21","date_gmt":"2020-11-04T17:09:21","guid":{"rendered":"https:\/\/nature-et-developpement.com\/logisain\/produit\/ruban-raccord-avec-3-bandes-adesives-contega-sl-pro-clima\/"},"modified":"2026-03-24T21:40:07","modified_gmt":"2026-03-24T20:40:07","slug":"ruban-raccord-avec-3-bandes-adesives-contega-sl-pro-clima","status":"publish","type":"product","link":"https:\/\/nature-et-developpement.com\/logisain-44\/produit\/ruban-raccord-avec-3-bandes-adesives-contega-sl-pro-clima\/","title":{"rendered":"Ruban raccord avec 3 bandes ad\u00e9sives CONTEGA SL Pro clima"},"content":{"rendered":"<p>CON\u00adTEGA SL per\u00admet, du c\u00f4t\u00e9 in\u00adt\u00e9rieur, le rac\u00adcord \u00e9tanche \u00e0 l\u2019air aux menuis\u00ader\u00adies.<\/p>\n<p>Les col\u00adlages sont con\u00adformes aux ex\u00adi\u00adgences des normes DIN 4108-7, SIA 180 et OENORM B 8110-2.<\/p>\n<div class=\"col-xs-12\">\n<div class=\"grid-item\">\n<h4>Conditions g\u00e9n\u00e9rales<\/h4>\n<div class=\"two-column\">\n<p>Les collages ne doivent pas \u00eatre soumis \u00e0 une contrainte de traction.<br \/>\nBien maroufler les rubans adh\u00e9sifs pour qu\u2019ils adh\u00e8rent bien. Veiller \u00e0 une contre-pression suffisante.<br \/>\nLes collages \u00e9tanches \u00e0 l\u2019air sont seulement possibles moyennant une pose sans plis et ininterrompue du ruban de raccord.<br \/>\nEvacuer rapidement l\u2019exc\u00e8s d\u2019humidit\u00e9 de l\u2019air ambiant par une a\u00e9ration syst\u00e9matique et constante ; installer \u00e9ventuellement un d\u00e9shumidificateur de chantier.<br \/>\nPour l\u2019enduit, merci de respecter les recommandations du fabricant d\u2019enduit pour les supports non-absorbant. Un pont d\u2019adh\u00e9rence est \u00e9ventuellement n\u00e9cessaire.<br \/>\nSi le raccord \u00e9tanche \u00e0 l\u2019air se fait seulement apr\u00e8s application d\u2019un enduit, il y a un risque que l\u2019humidit\u00e9 p\u00e9n\u00e8tre dans l\u2019isolation thermique ou que le d\u00e9roulement du chantier soit perturb\u00e9.<\/p>\n<\/div>\n<\/div>\n<\/div>\n<div class=\"col-xs-12\">\n<div class=\"grid-item\">\n<h4>Supports<\/h4>\n<div class=\"two-column\">\n<p>Avant le collage, nettoyez les supports.<br \/>\nLe collage n\u2019est pas possible sur des supports recouverts d\u2019une fine couche de glace. Les mat\u00e9riaux \u00e0 enduire ne doivent pas \u00eatre recouverts de substances antiadh\u00e9sives (p. ex. graisse ou silicone).<br \/>\nLa largeur \u00e0 enduire du ruban ne devrait pas, de fa\u00e7on g\u00e9n\u00e9rale, d\u00e9passer 60 mm et 50 % de la surface de l\u2019embrasure. Des recommandations d\u00e9taill\u00e9es doivent \u00eatre disponibles aupr\u00e8s du fabricant de l\u2019enduit.<br \/>\nLes supports doivent \u00eatre suffisamment secs et solides.<\/p>\n<p>Une adh\u00e9rence durable s\u2019obtient sur toutes les membranes int\u00e9rieures pro clima et sur d\u2019autres frein-vapeurs, membranes d\u2019\u00e9tanch\u00e9it\u00e9 \u00e0 l\u2019air (par exemple en PE, PA, PP et aluminium).<br \/>\nLes collages peuvent se faire sur le bois rabot\u00e9 et verni, les mati\u00e8res synth\u00e9tiques rigides, les panneaux rigides d\u00e9riv\u00e9s du bois (agglom\u00e9r\u00e9s, OSB, contreplaqu\u00e9s). Pour le collage de raccords sur la ma\u00e7onnerie, le b\u00e9ton ou des supports rugueux, utiliser ORCON F.<\/p>\n<p>Les meilleurs r\u00e9sultats en termes de protection de la paroi s\u2019obtiennent sur des supports d\u2019excellente qualit\u00e9.<br \/>\nA l\u2019utilisateur de v\u00e9rifier l\u2019ad\u00e9quation du support ; au besoin, nous recommandons de proc\u00e9der \u00e0 des essais de collage.<br \/>\nSi les supports ne sont pas assez solides, il est recommand\u00e9 de traiter la zone de collage avec du primaire d\u2019accroche TESCON PRIMER.<\/p>\n<\/div>\n<\/div>\n<\/div>\n<table class=\"table table-striped\">\n<thead>\n<tr>\n<td><strong>Propri\u00e9t\u00e9<\/strong><\/td>\n<td class=\"hidden-xs\"><strong>R\u00e9glementation<\/strong><\/td>\n<td><strong>Valeur<\/strong><\/td>\n<\/tr>\n<\/thead>\n<tbody>\n<tr>\n<td>Couleur<\/td>\n<td class=\"hidden-xs\"><\/td>\n<td>bleu clair<\/td>\n<\/tr>\n<tr>\n<td>Valeur sd<\/td>\n<td class=\"hidden-xs\">NF EN 1931<\/td>\n<td>2,3 m<\/td>\n<\/tr>\n<tr>\n<td>Test\u00e9 par l&rsquo;ift Rosenheim (DE)<\/td>\n<td class=\"hidden-xs\">MO-01\/1:2007-01, Abs. 5<\/td>\n<td>existe, sur tout le pourtour<\/td>\n<\/tr>\n<tr>\n<td>Temp\u00e9rature de mise en \u0153uvre<\/td>\n<td class=\"hidden-xs\"><\/td>\n<td>\u00e0 partir de -10 \u00b0C<\/td>\n<\/tr>\n<tr>\n<td>R\u00e9sistance \u00e0 la temp\u00e9rature<\/td>\n<td class=\"hidden-xs\"><\/td>\n<td>stable entre -40 \u00b0C et  90 \u00b0C<\/td>\n<\/tr>\n<tr>\n<td>Stockage<\/td>\n<td class=\"hidden-xs\"><\/td>\n<td>dans un endroit frais et sec<\/td>\n<\/tr>\n<\/tbody>\n<\/table>\n","protected":false},"excerpt":{"rendered":"<p>Raccord int\u00e9rieur, \u00e9tanche \u00e0 l\u2018air et frein-vapeur des menuiseries \u00e0 l\u2018ossature en bois, avec 3 bandes collantes.<\/p>\n","protected":false},"featured_media":1000000166660,"template":"","meta":[],"product_brand":[10191],"product_cat":[7388,7386,11723,7532],"product_tag":[11731],"class_list":{"0":"post-5699","1":"product","2":"type-product","3":"status-publish","4":"has-post-thumbnail","6":"product_brand-proclima","7":"product_cat-accessoires-construction","8":"product_cat-accessoires-isolation-et-etancheite","9":"product_cat-etancheite-a-lair","10":"product_cat-menuiseries-exterieures","11":"product_tag-pro-clima","12":"product_shipping_class-petit-equipement-outil-eclairage","14":"first","15":"instock","16":"taxable","17":"shipping-taxable","18":"purchasable","19":"product-type-variable"},"yoast_head":"<!-- This site is optimized with the Yoast SEO plugin v27.5 - https:\/\/yoast.com\/product\/yoast-seo-wordpress\/ -->\n<title>Ruban raccord avec 3 bandes ad\u00e9sives CONTEGA SL Pro clima - Logisain 44<\/title>\n<meta name=\"description\" content=\"Raccord int\u00e9rieur, \u00e9tanche \u00e0 l\u2018air et frein-vapeur des menuiseries \u00e0 l\u2018ossature en bois, avec 3 bandes collantes. Loire-Atlantique\" \/>\n<meta name=\"robots\" content=\"noindex, nofollow\" \/>\n<meta property=\"og:locale\" content=\"fr_FR\" \/>\n<meta property=\"og:type\" content=\"article\" \/>\n<meta property=\"og:title\" content=\"Ruban raccord avec 3 bandes ad\u00e9sives CONTEGA SL Pro clima - Logisain 44\" \/>\n<meta property=\"og:description\" content=\"Raccord int\u00e9rieur, \u00e9tanche \u00e0 l\u2018air et frein-vapeur des menuiseries \u00e0 l\u2018ossature en bois, avec 3 bandes collantes. Loire-Atlantique\" \/>\n<meta property=\"og:url\" content=\"https:\/\/nature-et-developpement.com\/logisain-44\/produit\/ruban-raccord-avec-3-bandes-adesives-contega-sl-pro-clima\/\" \/>\n<meta property=\"og:site_name\" content=\"Logisain 44\" \/>\n<meta property=\"article:modified_time\" content=\"2026-03-24T20:40:07+00:00\" \/>\n<meta name=\"twitter:card\" content=\"summary_large_image\" \/>\n<meta name=\"twitter:label1\" content=\"Dur\u00e9e de lecture estim\u00e9e\" \/>\n\t<meta name=\"twitter:data1\" content=\"2 minutes\" \/>\n<script type=\"application\/ld+json\" class=\"yoast-schema-graph\">{\"@context\":\"https:\\\/\\\/schema.org\",\"@graph\":[{\"@type\":\"WebPage\",\"@id\":\"https:\\\/\\\/nature-et-developpement.com\\\/logisain-44\\\/produit\\\/ruban-raccord-avec-3-bandes-adesives-contega-sl-pro-clima\\\/\",\"url\":\"https:\\\/\\\/nature-et-developpement.com\\\/logisain-44\\\/produit\\\/ruban-raccord-avec-3-bandes-adesives-contega-sl-pro-clima\\\/\",\"name\":\"Ruban raccord avec 3 bandes ad\u00e9sives CONTEGA SL Pro clima - Logisain 44\",\"isPartOf\":{\"@id\":\"https:\\\/\\\/nature-et-developpement.com\\\/logisain-44\\\/#website\"},\"primaryImageOfPage\":{\"@id\":\"https:\\\/\\\/nature-et-developpement.com\\\/logisain-44\\\/produit\\\/ruban-raccord-avec-3-bandes-adesives-contega-sl-pro-clima\\\/#primaryimage\"},\"image\":{\"@id\":\"https:\\\/\\\/nature-et-developpement.com\\\/logisain-44\\\/produit\\\/ruban-raccord-avec-3-bandes-adesives-contega-sl-pro-clima\\\/#primaryimage\"},\"thumbnailUrl\":\"https:\\\/\\\/nature-et-developpement.com\\\/logisain-44\\\/wp-content\\\/uploads\\\/Ruban-raccord-avec-3-bandes-adesives-CONTEGA-SL-Pro-clima.jpg\",\"datePublished\":\"2020-11-04T17:09:21+00:00\",\"dateModified\":\"2026-03-24T20:40:07+00:00\",\"description\":\"Raccord int\u00e9rieur, \u00e9tanche \u00e0 l\u2018air et frein-vapeur des menuiseries \u00e0 l\u2018ossature en bois, avec 3 bandes collantes. Loire-Atlantique\",\"breadcrumb\":{\"@id\":\"https:\\\/\\\/nature-et-developpement.com\\\/logisain-44\\\/produit\\\/ruban-raccord-avec-3-bandes-adesives-contega-sl-pro-clima\\\/#breadcrumb\"},\"inLanguage\":\"fr-FR\",\"potentialAction\":[{\"@type\":\"ReadAction\",\"target\":[\"https:\\\/\\\/nature-et-developpement.com\\\/logisain-44\\\/produit\\\/ruban-raccord-avec-3-bandes-adesives-contega-sl-pro-clima\\\/\"]}]},{\"@type\":\"ImageObject\",\"inLanguage\":\"fr-FR\",\"@id\":\"https:\\\/\\\/nature-et-developpement.com\\\/logisain-44\\\/produit\\\/ruban-raccord-avec-3-bandes-adesives-contega-sl-pro-clima\\\/#primaryimage\",\"url\":\"https:\\\/\\\/nature-et-developpement.com\\\/logisain-44\\\/wp-content\\\/uploads\\\/Ruban-raccord-avec-3-bandes-adesives-CONTEGA-SL-Pro-clima.jpg\",\"contentUrl\":\"https:\\\/\\\/nature-et-developpement.com\\\/logisain-44\\\/wp-content\\\/uploads\\\/Ruban-raccord-avec-3-bandes-adesives-CONTEGA-SL-Pro-clima.jpg\"},{\"@type\":\"BreadcrumbList\",\"@id\":\"https:\\\/\\\/nature-et-developpement.com\\\/logisain-44\\\/produit\\\/ruban-raccord-avec-3-bandes-adesives-contega-sl-pro-clima\\\/#breadcrumb\",\"itemListElement\":[{\"@type\":\"ListItem\",\"position\":1,\"name\":\"Accueil\",\"item\":\"https:\\\/\\\/nature-et-developpement.com\\\/logisain-44\\\/\"},{\"@type\":\"ListItem\",\"position\":2,\"name\":\"Produits\",\"item\":\"https:\\\/\\\/nature-et-developpement.com\\\/logisain-44\\\/shop\\\/\"},{\"@type\":\"ListItem\",\"position\":3,\"name\":\"Construction, cloison et fen\u00eatres\",\"item\":\"https:\\\/\\\/nature-et-developpement.com\\\/logisain-44\\\/produits\\\/construction\\\/\"},{\"@type\":\"ListItem\",\"position\":4,\"name\":\"Menuiserie ext\u00e9rieure\",\"item\":\"https:\\\/\\\/nature-et-developpement.com\\\/logisain-44\\\/produits\\\/construction\\\/menuiseries-exterieures\\\/\"},{\"@type\":\"ListItem\",\"position\":5,\"name\":\"Ruban raccord avec 3 bandes ad\u00e9sives CONTEGA SL Pro clima\"}]},{\"@type\":\"WebSite\",\"@id\":\"https:\\\/\\\/nature-et-developpement.com\\\/logisain-44\\\/#website\",\"url\":\"https:\\\/\\\/nature-et-developpement.com\\\/logisain-44\\\/\",\"name\":\"Logisain 44\",\"description\":\"Logisain 44 est membre du groupement Nature &amp; D\u00e9veloppement\",\"publisher\":{\"@id\":\"https:\\\/\\\/nature-et-developpement.com\\\/logisain-44\\\/#organization\"},\"potentialAction\":[{\"@type\":\"SearchAction\",\"target\":{\"@type\":\"EntryPoint\",\"urlTemplate\":\"https:\\\/\\\/nature-et-developpement.com\\\/logisain-44\\\/?s={search_term_string}\"},\"query-input\":{\"@type\":\"PropertyValueSpecification\",\"valueRequired\":true,\"valueName\":\"search_term_string\"}}],\"inLanguage\":\"fr-FR\"},{\"@type\":\"Organization\",\"@id\":\"https:\\\/\\\/nature-et-developpement.com\\\/logisain-44\\\/#organization\",\"name\":\"Logisain 44\",\"url\":\"https:\\\/\\\/nature-et-developpement.com\\\/logisain-44\\\/\",\"logo\":{\"@type\":\"ImageObject\",\"inLanguage\":\"fr-FR\",\"@id\":\"https:\\\/\\\/nature-et-developpement.com\\\/logisain-44\\\/#\\\/schema\\\/logo\\\/image\\\/\",\"url\":\"https:\\\/\\\/nature-et-developpement.com\\\/logisain-44\\\/wp-content\\\/uploads\\\/sites\\\/4\\\/2021\\\/08\\\/logo-logisain.jpg\",\"contentUrl\":\"https:\\\/\\\/nature-et-developpement.com\\\/logisain-44\\\/wp-content\\\/uploads\\\/sites\\\/4\\\/2021\\\/08\\\/logo-logisain.jpg\",\"width\":672,\"height\":455,\"caption\":\"Logisain 44\"},\"image\":{\"@id\":\"https:\\\/\\\/nature-et-developpement.com\\\/logisain-44\\\/#\\\/schema\\\/logo\\\/image\\\/\"}}]}<\/script>\n<!-- \/ Yoast SEO plugin. -->","yoast_head_json":{"title":"Ruban raccord avec 3 bandes ad\u00e9sives CONTEGA SL Pro clima - Logisain 44","description":"Raccord int\u00e9rieur, \u00e9tanche \u00e0 l\u2018air et frein-vapeur des menuiseries \u00e0 l\u2018ossature en bois, avec 3 bandes collantes. Loire-Atlantique","robots":{"index":"noindex","follow":"nofollow"},"og_locale":"fr_FR","og_type":"article","og_title":"Ruban raccord avec 3 bandes ad\u00e9sives CONTEGA SL Pro clima - Logisain 44","og_description":"Raccord int\u00e9rieur, \u00e9tanche \u00e0 l\u2018air et frein-vapeur des menuiseries \u00e0 l\u2018ossature en bois, avec 3 bandes collantes. Loire-Atlantique","og_url":"https:\/\/nature-et-developpement.com\/logisain-44\/produit\/ruban-raccord-avec-3-bandes-adesives-contega-sl-pro-clima\/","og_site_name":"Logisain 44","article_modified_time":"2026-03-24T20:40:07+00:00","twitter_card":"summary_large_image","twitter_misc":{"Dur\u00e9e de lecture estim\u00e9e":"2 minutes"},"schema":{"@context":"https:\/\/schema.org","@graph":[{"@type":"WebPage","@id":"https:\/\/nature-et-developpement.com\/logisain-44\/produit\/ruban-raccord-avec-3-bandes-adesives-contega-sl-pro-clima\/","url":"https:\/\/nature-et-developpement.com\/logisain-44\/produit\/ruban-raccord-avec-3-bandes-adesives-contega-sl-pro-clima\/","name":"Ruban raccord avec 3 bandes ad\u00e9sives CONTEGA SL Pro clima - Logisain 44","isPartOf":{"@id":"https:\/\/nature-et-developpement.com\/logisain-44\/#website"},"primaryImageOfPage":{"@id":"https:\/\/nature-et-developpement.com\/logisain-44\/produit\/ruban-raccord-avec-3-bandes-adesives-contega-sl-pro-clima\/#primaryimage"},"image":{"@id":"https:\/\/nature-et-developpement.com\/logisain-44\/produit\/ruban-raccord-avec-3-bandes-adesives-contega-sl-pro-clima\/#primaryimage"},"thumbnailUrl":"https:\/\/nature-et-developpement.com\/logisain-44\/wp-content\/uploads\/Ruban-raccord-avec-3-bandes-adesives-CONTEGA-SL-Pro-clima.jpg","datePublished":"2020-11-04T17:09:21+00:00","dateModified":"2026-03-24T20:40:07+00:00","description":"Raccord int\u00e9rieur, \u00e9tanche \u00e0 l\u2018air et frein-vapeur des menuiseries \u00e0 l\u2018ossature en bois, avec 3 bandes collantes. Loire-Atlantique","breadcrumb":{"@id":"https:\/\/nature-et-developpement.com\/logisain-44\/produit\/ruban-raccord-avec-3-bandes-adesives-contega-sl-pro-clima\/#breadcrumb"},"inLanguage":"fr-FR","potentialAction":[{"@type":"ReadAction","target":["https:\/\/nature-et-developpement.com\/logisain-44\/produit\/ruban-raccord-avec-3-bandes-adesives-contega-sl-pro-clima\/"]}]},{"@type":"ImageObject","inLanguage":"fr-FR","@id":"https:\/\/nature-et-developpement.com\/logisain-44\/produit\/ruban-raccord-avec-3-bandes-adesives-contega-sl-pro-clima\/#primaryimage","url":"https:\/\/nature-et-developpement.com\/logisain-44\/wp-content\/uploads\/Ruban-raccord-avec-3-bandes-adesives-CONTEGA-SL-Pro-clima.jpg","contentUrl":"https:\/\/nature-et-developpement.com\/logisain-44\/wp-content\/uploads\/Ruban-raccord-avec-3-bandes-adesives-CONTEGA-SL-Pro-clima.jpg"},{"@type":"BreadcrumbList","@id":"https:\/\/nature-et-developpement.com\/logisain-44\/produit\/ruban-raccord-avec-3-bandes-adesives-contega-sl-pro-clima\/#breadcrumb","itemListElement":[{"@type":"ListItem","position":1,"name":"Accueil","item":"https:\/\/nature-et-developpement.com\/logisain-44\/"},{"@type":"ListItem","position":2,"name":"Produits","item":"https:\/\/nature-et-developpement.com\/logisain-44\/shop\/"},{"@type":"ListItem","position":3,"name":"Construction, cloison et fen\u00eatres","item":"https:\/\/nature-et-developpement.com\/logisain-44\/produits\/construction\/"},{"@type":"ListItem","position":4,"name":"Menuiserie ext\u00e9rieure","item":"https:\/\/nature-et-developpement.com\/logisain-44\/produits\/construction\/menuiseries-exterieures\/"},{"@type":"ListItem","position":5,"name":"Ruban raccord avec 3 bandes ad\u00e9sives CONTEGA SL Pro clima"}]},{"@type":"WebSite","@id":"https:\/\/nature-et-developpement.com\/logisain-44\/#website","url":"https:\/\/nature-et-developpement.com\/logisain-44\/","name":"Logisain 44","description":"Logisain 44 est membre du groupement Nature &amp; D\u00e9veloppement","publisher":{"@id":"https:\/\/nature-et-developpement.com\/logisain-44\/#organization"},"potentialAction":[{"@type":"SearchAction","target":{"@type":"EntryPoint","urlTemplate":"https:\/\/nature-et-developpement.com\/logisain-44\/?s={search_term_string}"},"query-input":{"@type":"PropertyValueSpecification","valueRequired":true,"valueName":"search_term_string"}}],"inLanguage":"fr-FR"},{"@type":"Organization","@id":"https:\/\/nature-et-developpement.com\/logisain-44\/#organization","name":"Logisain 44","url":"https:\/\/nature-et-developpement.com\/logisain-44\/","logo":{"@type":"ImageObject","inLanguage":"fr-FR","@id":"https:\/\/nature-et-developpement.com\/logisain-44\/#\/schema\/logo\/image\/","url":"https:\/\/nature-et-developpement.com\/logisain-44\/wp-content\/uploads\/sites\/4\/2021\/08\/logo-logisain.jpg","contentUrl":"https:\/\/nature-et-developpement.com\/logisain-44\/wp-content\/uploads\/sites\/4\/2021\/08\/logo-logisain.jpg","width":672,"height":455,"caption":"Logisain 44"},"image":{"@id":"https:\/\/nature-et-developpement.com\/logisain-44\/#\/schema\/logo\/image\/"}}]}},"distributor_meta":false,"distributor_terms":false,"distributor_media":false,"distributor_original_site_name":"Logisain 44","distributor_original_site_url":"https:\/\/nature-et-developpement.com\/logisain-44","push-errors":false,"_links":{"self":[{"href":"https:\/\/nature-et-developpement.com\/logisain-44\/wp-json\/wp\/v2\/product\/5699","targetHints":{"allow":["GET"]}}],"collection":[{"href":"https:\/\/nature-et-developpement.com\/logisain-44\/wp-json\/wp\/v2\/product"}],"about":[{"href":"https:\/\/nature-et-developpement.com\/logisain-44\/wp-json\/wp\/v2\/types\/product"}],"wp:featuredmedia":[{"embeddable":true,"href":"https:\/\/nature-et-developpement.com\/logisain-44\/wp-json\/"}],"wp:attachment":[{"href":"https:\/\/nature-et-developpement.com\/logisain-44\/wp-json\/wp\/v2\/media?parent=5699"}],"wp:term":[{"taxonomy":"product_brand","embeddable":true,"href":"https:\/\/nature-et-developpement.com\/logisain-44\/wp-json\/wp\/v2\/product_brand?post=5699"},{"taxonomy":"product_cat","embeddable":true,"href":"https:\/\/nature-et-developpement.com\/logisain-44\/wp-json\/wp\/v2\/product_cat?post=5699"},{"taxonomy":"product_tag","embeddable":true,"href":"https:\/\/nature-et-developpement.com\/logisain-44\/wp-json\/wp\/v2\/product_tag?post=5699"}],"curies":[{"name":"wp","href":"https:\/\/api.w.org\/{rel}","templated":true}]}}