{"id":10226,"date":"2017-06-23T12:10:44","date_gmt":"2017-06-23T10:10:44","guid":{"rendered":"https:\/\/nature-et-developpement.com\/logisain78\/produit\/toiture-vegetalisee\/"},"modified":"2025-03-29T15:05:04","modified_gmt":"2025-03-29T14:05:04","slug":"toiture-vegetalisee","status":"publish","type":"product","link":"https:\/\/nature-et-developpement.com\/logisain-78\/produit\/toiture-vegetalisee\/","title":{"rendered":"Toiture v\u00e9g\u00e9talis\u00e9e"},"content":{"rendered":"<p><span class=\"stijl34\" style=\"font-size: 18px;font-weight: bold;font-family: Arial\"><strong><span class=\"stijl39\"><span class=\"stijl60\" style=\"font-size: 21px\">Les syst\u00e8mes de toitures vertes<\/span><br \/>\n<span class=\"stijl59\" style=\"font-size: xx-small\">\u2022\u2022\u2022<\/span><br \/>\n<\/span><\/strong><\/span><span style=\"font-family: Arial\">Transformez votre toit en magnifique jardin. Il y a un jardin ou une terrasse de toiture pour chaque client et chaque budget. Les jardins de toiture sont connus depuis l\u2019antiquit\u00e9 et permettent la cr\u00e9ation de toitures tr\u00e8s attrayantes. De nos jours, les toitures vertes et les terrasses de toiture sont de nouveau in. Et on s\u2019attend \u00e0 ce que cette tendance s\u2019accentue encore. Ces projets sont une b\u00e9n\u00e9diction pour l\u2019environnement, qui est trop souvent gris et maussade.<\/span><span class=\"stijl34\" style=\"font-size: 18px;font-weight: bold;font-family: Arial\"><br \/>\n<span class=\"stijl59\" style=\"font-size: xx-small\">\u2022<\/span><span class=\"stijl59\" style=\"font-size: xx-small\">\u2022<\/span><br \/>\n<\/span><span style=\"font-family: Arial\">Chaque m2 de jardin en toiture est en quelque sorte un gain au niveau de l\u2019espace \u00ab ouvert \u00bb qui nous reste encore. Nous offrons \u00e0 l\u2019homme et aux animaux un environnement plus agr\u00e9able dans nos cit\u00e9s et en dehors. La nature est dans les mains de notre culture, et nous pouvons en prendre soin ensemble. Actuellement, plus de 100.000 m2 de jardins de toiture sont d\u00e9j\u00e0 install\u00e9s en Belgique, et ce \u00e0 la grande satisfaction de nos propri\u00e9taires \/ clients.<\/span><span class=\"stijl34\" style=\"font-size: 18px;font-weight: bold;font-family: Arial\"><br \/>\n<span class=\"stijl59\" style=\"font-size: xx-small\">\u2022<\/span><span class=\"stijl59\" style=\"font-size: xx-small\">\u2022<\/span><br \/>\n<span class=\"stijl62\">Avantages<\/span><br \/>\n<span class=\"stijl59\" style=\"font-size: xx-small\">\u2022<\/span><span class=\"stijl59\" style=\"font-size: xx-small\">\u2022<\/span><span class=\"stijl59\" style=\"font-size: xx-small\">\u2022<\/span><br \/>\n<\/span><span style=\"font-family: Arial\">Avec les projets de jardin de toiture d\u2019I.R.S., vous profitez de la VERDURE. De l\u2019\u00e9tanchement \u00e0 la plantation, nous vous offrons une solution parfaite.<\/span><br style=\"font-family: Arial\" \/><span class=\"stijl34\" style=\"font-size: 18px;font-weight: bold;font-family: Arial\"><span class=\"stijl59\" style=\"font-size: xx-small\">\u2022<\/span><span class=\"stijl59\" style=\"font-size: xx-small\">\u2022<\/span><span class=\"stijl59\" style=\"font-size: xx-small\">\u2022<\/span><\/span><br style=\"font-family: Arial\" \/><span style=\"font-family: Arial\">D\u00e9couvrez nos atouts verts :<\/span><br style=\"font-family: Arial\" \/><strong style=\"font-family: Arial\">1. Nous vous offrons un environnement agr\u00e9able.<br \/>\n2. Nous rendons \u00e0 la nature les espaces perdus.<br \/>\n3. Nous ralentissons et r\u00e9glons l\u2019\u00e9vacuation de l\u2019eau de pluie.<br \/>\n4. Nous vous offrons une protection suppl\u00e9mentaire du toiture.<br \/>\n5. Nous offrons de possibilit\u00e9s attrayantes \u00e0 nos architectes.<br \/>\n6. Nous cr\u00e9ons un nouveau pouvoir d\u2019isolation thermique.<br \/>\n7. Nous garantissons des propri\u00e9t\u00e9s ignifuges suppl\u00e9mentaires.<br \/>\n8. La poussi\u00e8re ambiante est retenue.<br \/>\n9. Travailler dans un environnement vert.<\/strong><br style=\"font-family: Arial\" \/><br style=\"font-family: Arial\" \/><span style=\"color: #336600;font-family: Arial\"><span style=\"font-size: 14px\"><b>V\u00e9g\u00e9tation intensive<\/b><\/span><\/span><br style=\"font-family: Arial\" \/><span class=\"stijl34\" style=\"font-size: 18px;font-weight: bold;font-family: Arial\"><span class=\"stijl59\" style=\"font-size: xx-small\">\u2022<\/span><span class=\"stijl59\" style=\"font-size: xx-small\">\u2022<\/span><\/span><br style=\"font-family: Arial\" \/><span style=\"font-family: Arial\">Pour les toitures vertes intensives, nous utilisons les solutions les plus modernes :<\/span><br style=\"font-family: Arial\" \/><strong style=\"font-family: Arial\"><span class=\"stijl34\" style=\"font-size: 18px\"><span class=\"stijl59\" style=\"font-size: xx-small\">\u2022\u2022<\/span><\/span><br \/>\nL\u2019\u00e9tanchement :\u00a0<\/strong><span style=\"font-family: Arial\">nous commen\u00e7ons par une membrane EPDM adapt\u00e9e, r\u00e9sistante aux racines. Ce qui est important, c\u2019est de choisir le bon produit. Nous vous aidons dans votre choix. Diff\u00e9rents syst\u00e8mes d\u2019EPDM \u00a0entrent en ligne de compte. Il s\u2019agit, entre autres, des raccords (anti-racine) agr\u00e9\u00e9s FLL. Pour des applications tr\u00e8s sp\u00e9ciales, on peut \u00e9galement appliquer une membrane suppl\u00e9mentaire contre les racines, bien qu\u2019en g\u00e9n\u00e9ral, cela n\u2019est absolument pas n\u00e9cessaire avec les produits I.R.S.<\/span><br style=\"font-family: Arial\" \/><strong style=\"font-family: Arial\"><span class=\"stijl59\" style=\"font-size: xx-small\">\u2022\u2022<\/span><\/strong><br style=\"font-family: Arial\" \/><strong style=\"font-family: Arial\">Le drainage :<\/strong><span style=\"font-family: Arial\">\u00a0apr\u00e8s l\u2019\u00e9tanchement, on a bien entendu le drainage. L\u2019eau de pluie exc\u00e9dentaire est \u00e9vacu\u00e9e efficacement par notre syst\u00e8me de drainage. Nos tapis de drainage offrent en outre une protection m\u00e9canique suppl\u00e9mentaire de la surface d\u2019\u00e9tanchement (par exemple, contre les coups de b\u00eache).<\/span><br style=\"font-family: Arial\" \/><strong style=\"font-family: Arial\"><span class=\"stijl59\" style=\"font-size: xx-small\">\u2022\u2022<\/span><\/strong><br style=\"font-family: Arial\" \/><strong style=\"font-family: Arial\">Le substrat :<\/strong><span style=\"font-family: Arial\">\u00a0nous n\u2019utilisons jamais de terre arable ordinaire. Elle emm\u00e8ne des mauvaises herbes, de l\u2019acidit\u00e9 et des germes infectieux. Nous choisissons des substrats (terre) sp\u00e9ciaux qui offrent une solution particuli\u00e8re \u00e0 tous les probl\u00e8mes soulev\u00e9s. Nos sp\u00e9cialistes en jardins de toiture sont \u00e0 votre disposition.<\/span><br style=\"font-family: Arial\" \/><br \/>\n<span class=\"stijl41\" style=\"font-weight: bold;font-size: 14px\">V\u00e9g\u00e9tation extensive<\/span><br \/>\n<span class=\"stijl34\" style=\"font-size: 18px;font-weight: bold\"><span class=\"stijl59\" style=\"font-size: xx-small\">\u2022<\/span><span class=\"stijl59\" style=\"font-size: xx-small\">\u2022<\/span><span class=\"stijl59\" style=\"font-size: xx-small\">\u2022<\/span><\/span><br \/>\nUne v\u00e9g\u00e9tation extensive, l\u00e9g\u00e8re de la surface de toiture n\u00e9cessite un entretien tr\u00e8s limit\u00e9.<br \/>\n<span class=\"stijl34\" style=\"font-size: 18px;font-weight: bold\"><span class=\"stijl59\" style=\"font-size: xx-small\">\u2022<\/span><span class=\"stijl59\" style=\"font-size: xx-small\">\u2022<\/span><span class=\"stijl59\" style=\"font-size: xx-small\">\u2022<\/span><\/span><br \/>\nGr\u00e2ce \u00e0 l\u2019usage de sedums ou mousses, on peut r\u00e9aliser une toiture verte, pratiquement sans aucun entretien. Un facteur d\u00e9terminant, c\u2019est l\u2019\u00e9paisseur et la composition des couches du substrat. S\u2019il est r\u00e9alis\u00e9 de fa\u00e7on bien r\u00e9fl\u00e9chie, il est pratiquement impossible aux mauvaises herbes de survivre. Gr\u00e2ce \u00e0 nos plantes sp\u00e9cialement choisies, \u00e0 croissance lente, nos jardins de toiture extensifs r\u00e9sistent merveilleusement \u00e0 la chaleur et \u00e0 la s\u00e9cheresse, au gel et aux pr\u00e9cipitations excessives.<\/p>\n<p style=\"font-family: Arial\">Gr\u00e2ce \u00e0 ce syst\u00e8me de jardin de toiture, on cr\u00e9e un substrat riche en nutriments (graines) pour de nombreux oiseaux. Ainsi, votre toit abrite un vrai coin de nature, jour apr\u00e8s jour.<\/p>\n<p>De telles toitures ont de nombreuses applications : b\u00e2timents industriels, bureaux, habitations priv\u00e9es, \u00e9coles, h\u00f4pitaux, banques\u2026 D\u00e9couvrez nos r\u00e9f\u00e9rences sur le site.<\/p>\n<p><strong class=\"stijl41\" style=\"font-size: 14px\">Terrasses en bois<\/strong><br \/>\n<span class=\"stijl34\" style=\"font-size: 18px;font-weight: bold\"><span class=\"stijl59\" style=\"font-size: xx-small\">\u2022<\/span><span class=\"stijl59\" style=\"font-size: xx-small\">\u2022<\/span><\/span><br \/>\nLes terrasses en bois n\u00e9cessitent \u00e9galement une attention particuli\u00e8re.<br \/>\nIl est important de choisir des bois nobles (on trouve beaucoup de qualit\u00e9 douteuse sur le march\u00e9).<br \/>\nNotre syst\u00e8me efficace de bandes \u00e0 crampons assure un drainage rapide de l\u2019eau et int\u00e8gre un syst\u00e8me de ventilation. Les longerons en bois peuvent \u00eatre pos\u00e9s directement sur les bandes \u00e0 c<span class=\"stijl34\" style=\"font-size: 18px;font-weight: bold\"><span class=\"stijl59\" style=\"font-size: xx-small\">\u2022<\/span><\/span>rampons.<br \/>\n<span class=\"stijl34\" style=\"font-size: 18px;font-weight: bold\"><span class=\"stijl59\" style=\"font-size: xx-small\">\u2022<\/span><span class=\"stijl59\" style=\"font-size: xx-small\">\u2022<\/span><\/span><br \/>\n<strong>Installation de terrasses en bois ?<br \/>\nMaintenant, c\u2019est un jeu d\u2019enfant.<\/strong><\/p>\n<p><strong class=\"stijl41\" style=\"font-size: 14px\">Carreaux ou pav\u00e9s de terrasses<\/strong><br \/>\n<span class=\"stijl34\" style=\"font-size: 18px;font-weight: bold\"><span class=\"stijl59\" style=\"font-size: xx-small\">\u2022<\/span><span class=\"stijl59\" style=\"font-size: xx-small\">\u2022<\/span><span class=\"stijl59\" style=\"font-size: xx-small\">\u2022<\/span><\/span><br \/>\nPresque tous les pav\u00e9s ou carreaux disponibles sur le march\u00e9 peuvent \u00eatre int\u00e9gr\u00e9s dans notre syst\u00e8me de bandes \u00e0 crampons terras\u2013drain.<br \/>\nLes carreaux ou pav\u00e9s de terrasse peuvent \u00eatre pos\u00e9s directement les uns contre les autres, simplement sur les bandes \u00e0 crampons. Les pav\u00e9s sont jointoy\u00e9s avec du sable blanc (ad\u00e9quat).<br \/>\nL\u2019ensemble est maintenu (encercl\u00e9 par les bords lat\u00e9raux) avec le stabilis\u00e9 habituel. Si on opte pour les carreaux de terrasse, on utilise un lit de drainage.<br \/>\n<span class=\"stijl34\" style=\"font-size: 18px;font-weight: bold\"><span class=\"stijl59\" style=\"font-size: xx-small\">\u2022<\/span><span class=\"stijl59\" style=\"font-size: xx-small\">\u2022<\/span><span class=\"stijl59\" style=\"font-size: xx-small\">\u2022<\/span><\/span><br \/>\n<strong>Cr\u00e9ation de terrasses ?<br \/>\nMaintenant, c\u2019est un jeu d\u2019enfant.<\/strong><\/p>\n<p><strong class=\"stijl41\" style=\"font-size: 14px\">Un plan d&rsquo;eau en toiture<\/strong><br \/>\n<span class=\"stijl34\" style=\"font-size: 18px;font-weight: bold\"><span class=\"stijl59\" style=\"font-size: xx-small\">\u2022<\/span><span class=\"stijl59\" style=\"font-size: xx-small\">\u2022<\/span><span class=\"stijl59\" style=\"font-size: xx-small\">\u2022<\/span><\/span><br \/>\n<span class=\"stijl42\"><strong><em>En effet. Cela aussi, c\u2019est possible.<\/em><\/strong><\/span><\/p>\n<p style=\"font-family: Arial\">Bien entendu, les ing\u00e9nieurs effectuent d\u2019abord les calculs de stabilit\u00e9 n\u00e9cessaires. Mais apr\u00e8s cela, c\u2019est \u00e0 vous de jouer. Notre IRS \u2013 Carlisle Pondliner ou notre membrane pour \u00e9tangs Tridex sur mesure vous offre la possibilit\u00e9 de cr\u00e9er un plan d\u2019eau en toiture avec une solution d\u2019\u00e9tanchement parfaite.<br \/>\nLes \u00e9tangs en soi sont toujours attrayants, mais sur un toit, ils nous laissent bouche b\u00e9e. Une architecture fra\u00eeche est n\u00e9e, qui r\u00e9fl\u00e9chit la lumi\u00e8re du soleil et la vue environnante.<\/p>\n<p><strong>Profitez-en !<\/strong><\/p>\n","protected":false},"excerpt":{"rendered":"<p>Transformez votre toit en magnifique jardin<\/p>\n","protected":false},"featured_media":1000000104727,"template":"","meta":[],"product_brand":[2913],"product_cat":[2909,168],"product_tag":[],"class_list":{"0":"post-10226","1":"product","2":"type-product","3":"status-publish","4":"has-post-thumbnail","6":"product_brand-produit-logisain","7":"product_cat-demande-de-devis-uniquement-sans-prix","8":"product_cat-terrasses","9":"product_shipping_class-impact-transport-important","11":"first","12":"onbackorder","13":"taxable","14":"shipping-taxable","15":"product-type-simple"},"yoast_head":"<!-- This site is optimized with the Yoast SEO plugin v27.5 - https:\/\/yoast.com\/product\/yoast-seo-wordpress\/ -->\n<title>Toiture v\u00e9g\u00e9talis\u00e9e<\/title>\n<meta name=\"description\" content=\"Transformez votre toit en magnifique jardin\" \/>\n<meta name=\"robots\" content=\"noindex, follow\" \/>\n<meta property=\"og:locale\" content=\"fr_FR\" \/>\n<meta property=\"og:type\" content=\"article\" \/>\n<meta property=\"og:title\" content=\"Toiture v\u00e9g\u00e9talis\u00e9e\" \/>\n<meta property=\"og:description\" content=\"Transformez votre toit en magnifique jardin\" \/>\n<meta property=\"og:url\" content=\"https:\/\/nature-et-developpement.com\/logisain-78\/produit\/toiture-vegetalisee\/\" \/>\n<meta property=\"og:site_name\" content=\"LOGISAIN 78 \u2013 Magasin de mat\u00e9riaux biosourc\u00e9s\" \/>\n<meta property=\"article:modified_time\" content=\"2025-03-29T14:05:04+00:00\" \/>\n<meta name=\"twitter:card\" content=\"summary_large_image\" \/>\n<meta name=\"twitter:label1\" content=\"Dur\u00e9e de lecture estim\u00e9e\" \/>\n\t<meta name=\"twitter:data1\" content=\"5 minutes\" \/>\n<script type=\"application\/ld+json\" class=\"yoast-schema-graph\">{\"@context\":\"https:\\\/\\\/schema.org\",\"@graph\":[{\"@type\":\"WebPage\",\"@id\":\"https:\\\/\\\/nature-et-developpement.com\\\/logisain-78\\\/produit\\\/toiture-vegetalisee\\\/\",\"url\":\"https:\\\/\\\/nature-et-developpement.com\\\/logisain-78\\\/produit\\\/toiture-vegetalisee\\\/\",\"name\":\"Toiture v\u00e9g\u00e9talis\u00e9e\",\"isPartOf\":{\"@id\":\"https:\\\/\\\/nature-et-developpement.com\\\/logisain-78\\\/#website\"},\"primaryImageOfPage\":{\"@id\":\"https:\\\/\\\/nature-et-developpement.com\\\/logisain-78\\\/produit\\\/toiture-vegetalisee\\\/#primaryimage\"},\"image\":{\"@id\":\"https:\\\/\\\/nature-et-developpement.com\\\/logisain-78\\\/produit\\\/toiture-vegetalisee\\\/#primaryimage\"},\"thumbnailUrl\":\"https:\\\/\\\/nature-et-developpement.com\\\/logisain-78\\\/wp-content\\\/uploads\\\/15056-Toiture-vegetalisee.jpg\",\"datePublished\":\"2017-06-23T10:10:44+00:00\",\"dateModified\":\"2025-03-29T14:05:04+00:00\",\"description\":\"Transformez votre toit en magnifique jardin\",\"breadcrumb\":{\"@id\":\"https:\\\/\\\/nature-et-developpement.com\\\/logisain-78\\\/produit\\\/toiture-vegetalisee\\\/#breadcrumb\"},\"inLanguage\":\"fr-FR\",\"potentialAction\":[{\"@type\":\"ReadAction\",\"target\":[\"https:\\\/\\\/nature-et-developpement.com\\\/logisain-78\\\/produit\\\/toiture-vegetalisee\\\/\"]}]},{\"@type\":\"ImageObject\",\"inLanguage\":\"fr-FR\",\"@id\":\"https:\\\/\\\/nature-et-developpement.com\\\/logisain-78\\\/produit\\\/toiture-vegetalisee\\\/#primaryimage\",\"url\":\"https:\\\/\\\/nature-et-developpement.com\\\/logisain-78\\\/wp-content\\\/uploads\\\/15056-Toiture-vegetalisee.jpg\",\"contentUrl\":\"https:\\\/\\\/nature-et-developpement.com\\\/logisain-78\\\/wp-content\\\/uploads\\\/15056-Toiture-vegetalisee.jpg\"},{\"@type\":\"BreadcrumbList\",\"@id\":\"https:\\\/\\\/nature-et-developpement.com\\\/logisain-78\\\/produit\\\/toiture-vegetalisee\\\/#breadcrumb\",\"itemListElement\":[{\"@type\":\"ListItem\",\"position\":1,\"name\":\"Accueil\",\"item\":\"https:\\\/\\\/nature-et-developpement.com\\\/logisain-78\\\/\"},{\"@type\":\"ListItem\",\"position\":2,\"name\":\"Produits\",\"item\":\"https:\\\/\\\/nature-et-developpement.com\\\/logisain-78\\\/shop\\\/\"},{\"@type\":\"ListItem\",\"position\":3,\"name\":\"Agencement ext\u00e9rieur\",\"item\":\"https:\\\/\\\/nature-et-developpement.com\\\/logisain-78\\\/produits\\\/agencement-exterieur\\\/\"},{\"@type\":\"ListItem\",\"position\":4,\"name\":\"Terrasses et cl\u00f4tures\",\"item\":\"https:\\\/\\\/nature-et-developpement.com\\\/logisain-78\\\/produits\\\/agencement-exterieur\\\/terrasses\\\/\"},{\"@type\":\"ListItem\",\"position\":5,\"name\":\"Toiture v\u00e9g\u00e9talis\u00e9e\"}]},{\"@type\":\"WebSite\",\"@id\":\"https:\\\/\\\/nature-et-developpement.com\\\/logisain-78\\\/#website\",\"url\":\"https:\\\/\\\/nature-et-developpement.com\\\/logisain-78\\\/\",\"name\":\"LOGISAIN 78 \u2013 Magasin de mat\u00e9riaux biosourc\u00e9s\",\"description\":\"Logisain 78 est membre du groupement Nature &amp; D\u00e9veloppement\",\"publisher\":{\"@id\":\"https:\\\/\\\/nature-et-developpement.com\\\/logisain-78\\\/#organization\"},\"potentialAction\":[{\"@type\":\"SearchAction\",\"target\":{\"@type\":\"EntryPoint\",\"urlTemplate\":\"https:\\\/\\\/nature-et-developpement.com\\\/logisain-78\\\/?s={search_term_string}\"},\"query-input\":{\"@type\":\"PropertyValueSpecification\",\"valueRequired\":true,\"valueName\":\"search_term_string\"}}],\"inLanguage\":\"fr-FR\"},{\"@type\":\"Organization\",\"@id\":\"https:\\\/\\\/nature-et-developpement.com\\\/logisain-78\\\/#organization\",\"name\":\"Logisain 78\",\"url\":\"https:\\\/\\\/nature-et-developpement.com\\\/logisain-78\\\/\",\"logo\":{\"@type\":\"ImageObject\",\"inLanguage\":\"fr-FR\",\"@id\":\"https:\\\/\\\/nature-et-developpement.com\\\/logisain-78\\\/#\\\/schema\\\/logo\\\/image\\\/\",\"url\":\"https:\\\/\\\/nature-et-developpement.com\\\/logisain-78\\\/wp-content\\\/uploads\\\/sites\\\/5\\\/2021\\\/08\\\/logo-logisain.jpg\",\"contentUrl\":\"https:\\\/\\\/nature-et-developpement.com\\\/logisain-78\\\/wp-content\\\/uploads\\\/sites\\\/5\\\/2021\\\/08\\\/logo-logisain.jpg\",\"width\":672,\"height\":455,\"caption\":\"Logisain 78\"},\"image\":{\"@id\":\"https:\\\/\\\/nature-et-developpement.com\\\/logisain-78\\\/#\\\/schema\\\/logo\\\/image\\\/\"}}]}<\/script>\n<!-- \/ Yoast SEO plugin. -->","yoast_head_json":{"title":"Toiture v\u00e9g\u00e9talis\u00e9e","description":"Transformez votre toit en magnifique jardin","robots":{"index":"noindex","follow":"follow"},"og_locale":"fr_FR","og_type":"article","og_title":"Toiture v\u00e9g\u00e9talis\u00e9e","og_description":"Transformez votre toit en magnifique jardin","og_url":"https:\/\/nature-et-developpement.com\/logisain-78\/produit\/toiture-vegetalisee\/","og_site_name":"LOGISAIN 78 \u2013 Magasin de mat\u00e9riaux biosourc\u00e9s","article_modified_time":"2025-03-29T14:05:04+00:00","twitter_card":"summary_large_image","twitter_misc":{"Dur\u00e9e de lecture estim\u00e9e":"5 minutes"},"schema":{"@context":"https:\/\/schema.org","@graph":[{"@type":"WebPage","@id":"https:\/\/nature-et-developpement.com\/logisain-78\/produit\/toiture-vegetalisee\/","url":"https:\/\/nature-et-developpement.com\/logisain-78\/produit\/toiture-vegetalisee\/","name":"Toiture v\u00e9g\u00e9talis\u00e9e","isPartOf":{"@id":"https:\/\/nature-et-developpement.com\/logisain-78\/#website"},"primaryImageOfPage":{"@id":"https:\/\/nature-et-developpement.com\/logisain-78\/produit\/toiture-vegetalisee\/#primaryimage"},"image":{"@id":"https:\/\/nature-et-developpement.com\/logisain-78\/produit\/toiture-vegetalisee\/#primaryimage"},"thumbnailUrl":"https:\/\/nature-et-developpement.com\/logisain-78\/wp-content\/uploads\/15056-Toiture-vegetalisee.jpg","datePublished":"2017-06-23T10:10:44+00:00","dateModified":"2025-03-29T14:05:04+00:00","description":"Transformez votre toit en magnifique jardin","breadcrumb":{"@id":"https:\/\/nature-et-developpement.com\/logisain-78\/produit\/toiture-vegetalisee\/#breadcrumb"},"inLanguage":"fr-FR","potentialAction":[{"@type":"ReadAction","target":["https:\/\/nature-et-developpement.com\/logisain-78\/produit\/toiture-vegetalisee\/"]}]},{"@type":"ImageObject","inLanguage":"fr-FR","@id":"https:\/\/nature-et-developpement.com\/logisain-78\/produit\/toiture-vegetalisee\/#primaryimage","url":"https:\/\/nature-et-developpement.com\/logisain-78\/wp-content\/uploads\/15056-Toiture-vegetalisee.jpg","contentUrl":"https:\/\/nature-et-developpement.com\/logisain-78\/wp-content\/uploads\/15056-Toiture-vegetalisee.jpg"},{"@type":"BreadcrumbList","@id":"https:\/\/nature-et-developpement.com\/logisain-78\/produit\/toiture-vegetalisee\/#breadcrumb","itemListElement":[{"@type":"ListItem","position":1,"name":"Accueil","item":"https:\/\/nature-et-developpement.com\/logisain-78\/"},{"@type":"ListItem","position":2,"name":"Produits","item":"https:\/\/nature-et-developpement.com\/logisain-78\/shop\/"},{"@type":"ListItem","position":3,"name":"Agencement ext\u00e9rieur","item":"https:\/\/nature-et-developpement.com\/logisain-78\/produits\/agencement-exterieur\/"},{"@type":"ListItem","position":4,"name":"Terrasses et cl\u00f4tures","item":"https:\/\/nature-et-developpement.com\/logisain-78\/produits\/agencement-exterieur\/terrasses\/"},{"@type":"ListItem","position":5,"name":"Toiture v\u00e9g\u00e9talis\u00e9e"}]},{"@type":"WebSite","@id":"https:\/\/nature-et-developpement.com\/logisain-78\/#website","url":"https:\/\/nature-et-developpement.com\/logisain-78\/","name":"LOGISAIN 78 \u2013 Magasin de mat\u00e9riaux biosourc\u00e9s","description":"Logisain 78 est membre du groupement Nature &amp; D\u00e9veloppement","publisher":{"@id":"https:\/\/nature-et-developpement.com\/logisain-78\/#organization"},"potentialAction":[{"@type":"SearchAction","target":{"@type":"EntryPoint","urlTemplate":"https:\/\/nature-et-developpement.com\/logisain-78\/?s={search_term_string}"},"query-input":{"@type":"PropertyValueSpecification","valueRequired":true,"valueName":"search_term_string"}}],"inLanguage":"fr-FR"},{"@type":"Organization","@id":"https:\/\/nature-et-developpement.com\/logisain-78\/#organization","name":"Logisain 78","url":"https:\/\/nature-et-developpement.com\/logisain-78\/","logo":{"@type":"ImageObject","inLanguage":"fr-FR","@id":"https:\/\/nature-et-developpement.com\/logisain-78\/#\/schema\/logo\/image\/","url":"https:\/\/nature-et-developpement.com\/logisain-78\/wp-content\/uploads\/sites\/5\/2021\/08\/logo-logisain.jpg","contentUrl":"https:\/\/nature-et-developpement.com\/logisain-78\/wp-content\/uploads\/sites\/5\/2021\/08\/logo-logisain.jpg","width":672,"height":455,"caption":"Logisain 78"},"image":{"@id":"https:\/\/nature-et-developpement.com\/logisain-78\/#\/schema\/logo\/image\/"}}]}},"distributor_meta":false,"distributor_terms":false,"distributor_media":false,"distributor_original_site_name":"LOGISAIN 78 \u2013 Magasin de mat\u00e9riaux biosourc\u00e9s","distributor_original_site_url":"https:\/\/nature-et-developpement.com\/logisain-78","push-errors":false,"_links":{"self":[{"href":"https:\/\/nature-et-developpement.com\/logisain-78\/wp-json\/wp\/v2\/product\/10226","targetHints":{"allow":["GET"]}}],"collection":[{"href":"https:\/\/nature-et-developpement.com\/logisain-78\/wp-json\/wp\/v2\/product"}],"about":[{"href":"https:\/\/nature-et-developpement.com\/logisain-78\/wp-json\/wp\/v2\/types\/product"}],"wp:featuredmedia":[{"embeddable":true,"href":"https:\/\/nature-et-developpement.com\/logisain-78\/wp-json\/"}],"wp:attachment":[{"href":"https:\/\/nature-et-developpement.com\/logisain-78\/wp-json\/wp\/v2\/media?parent=10226"}],"wp:term":[{"taxonomy":"product_brand","embeddable":true,"href":"https:\/\/nature-et-developpement.com\/logisain-78\/wp-json\/wp\/v2\/product_brand?post=10226"},{"taxonomy":"product_cat","embeddable":true,"href":"https:\/\/nature-et-developpement.com\/logisain-78\/wp-json\/wp\/v2\/product_cat?post=10226"},{"taxonomy":"product_tag","embeddable":true,"href":"https:\/\/nature-et-developpement.com\/logisain-78\/wp-json\/wp\/v2\/product_tag?post=10226"}],"curies":[{"name":"wp","href":"https:\/\/api.w.org\/{rel}","templated":true}]}}