{"id":10291,"date":"2017-06-23T12:07:50","date_gmt":"2017-06-23T10:07:50","guid":{"rendered":"https:\/\/nature-et-developpement.com\/logisain78\/produit\/kit-daspiration-materiaux-vracs\/"},"modified":"2025-06-12T16:57:31","modified_gmt":"2025-06-12T14:57:31","slug":"kit-d-aspiration-materiaux-vracs","status":"publish","type":"product","link":"https:\/\/nature-et-developpement.com\/logisain-78\/produit\/kit-d-aspiration-materiaux-vracs\/","title":{"rendered":"Kit d&rsquo;aspiration mat\u00e9riaux vracs"},"content":{"rendered":"<p>Lors de l&rsquo;injection de mat\u00e9riaux\u00a0isolants en vrac, un \u00e9quipement d&rsquo;aspiration peut \u00eatre parfois tr\u00e8s utile:<\/p>\n<p class=\"bodytext\" style=\"line-height: 1.2; padding: 0px 0px 9px 0px; margin: 0px;\">&#8211; Aspiration de restes de mat\u00e9riau isolant en vrac<br \/>\n&#8211; D\u00e9construction, aspiration et vidage de cavit\u00e9s qui sont d\u00e9j\u00e0 remplies de mat\u00e9riau isolants en vrac<br \/>\n&#8211; nettoyage de surfaces qui doivent \u00eatre ensuite remplies \u00e0 l&rsquo;air libre de mat\u00e9riaux isolants en vrac<br \/>\n&#8211; etc.<\/p>\n<p class=\"bodytext\" style=\"line-height: 1.2; padding: 0px 0px 9px 0px; margin: 0px;\">La station d&rsquo;amplification et d&rsquo;aspiration peut alors dans cette variante \u00eatre utilis\u00e9e avec un f\u00fbt de r\u00e9cup\u00e9ration. Pour cela le flux d&rsquo;aspiration de la station est branch\u00e9 sur le f\u00fbt. Un tuyau d&rsquo;aspiration lui m\u00eame branch\u00e9 sur le f\u00fbt permet l&rsquo;aspiration des poussi\u00e8res dans un sac en toile de nylon. Selon la taille du f\u00fbt et du sac, le mat\u00e9riau isolant aspir\u00e9 est compress\u00e9.<\/p>\n<p class=\"bodytext\" style=\"line-height: 1.2; padding: 0px 0px 9px 0px; margin: 0px;\">Le co\u00fbt tr\u00e8s faible des sacs en nylon pour l&rsquo;aspiration des\u00a0flocons de mat\u00e9riau isolants permettent un transport et un stockage tr\u00e8s simple de ceux-ci.<\/p>\n","protected":false},"excerpt":{"rendered":"<h5><span style=\"color: #008000;\"><strong>En location<\/strong><\/span><\/h5>\n<p>Lors de l&rsquo;injection de mat\u00e9riaux isolants en vrac, un \u00e9quipement d&rsquo;aspiration peut \u00eatre parfois tr\u00e8s utile.<\/p>\n","protected":false},"featured_media":10290,"template":"","meta":[],"product_brand":[],"product_cat":[2909,631],"product_tag":[],"class_list":{"0":"post-10291","1":"product","2":"type-product","3":"status-publish","4":"has-post-thumbnail","6":"product_cat-demande-de-devis-uniquement-sans-prix","7":"product_cat-outillage","8":"product_shipping_class-impact-transport-important","10":"first","11":"instock","12":"taxable","13":"shipping-taxable","14":"purchasable","15":"product-type-simple"},"yoast_head":"<!-- This site is optimized with the Yoast SEO plugin v27.5 - https:\/\/yoast.com\/product\/yoast-seo-wordpress\/ -->\n<title>Kit d&#039;aspiration mat\u00e9riaux vracs<\/title>\n<meta name=\"description\" content=\"En location Lors de l&#039;injection de mat\u00e9riaux isolants en vrac, un \u00e9quipement d&#039;aspiration peut \u00eatre parfois tr\u00e8s utile.\" \/>\n<meta name=\"robots\" content=\"noindex, follow\" \/>\n<meta property=\"og:locale\" content=\"fr_FR\" \/>\n<meta property=\"og:type\" content=\"article\" \/>\n<meta property=\"og:title\" content=\"Kit d&#039;aspiration mat\u00e9riaux vracs\" \/>\n<meta property=\"og:description\" content=\"En location Lors de l&#039;injection de mat\u00e9riaux isolants en vrac, un \u00e9quipement d&#039;aspiration peut \u00eatre parfois tr\u00e8s utile.\" \/>\n<meta property=\"og:url\" content=\"https:\/\/nature-et-developpement.com\/logisain-78\/produit\/kit-d-aspiration-materiaux-vracs\/\" \/>\n<meta property=\"og:site_name\" content=\"LOGISAIN 78 \u2013 Magasin de mat\u00e9riaux biosourc\u00e9s\" \/>\n<meta property=\"article:modified_time\" content=\"2025-06-12T14:57:31+00:00\" \/>\n<meta property=\"og:image\" content=\"https:\/\/nature-et-developpement.com\/logisain-78\/wp-content\/uploads\/sites\/5\/2021\/06\/14874-Kit-daspiration-materiaux-vracs.jpg\" \/>\n\t<meta property=\"og:image:width\" content=\"800\" \/>\n\t<meta property=\"og:image:height\" content=\"800\" \/>\n\t<meta property=\"og:image:type\" content=\"image\/jpeg\" \/>\n<meta name=\"twitter:card\" content=\"summary_large_image\" \/>\n<meta name=\"twitter:label1\" content=\"Dur\u00e9e de lecture estim\u00e9e\" \/>\n\t<meta name=\"twitter:data1\" content=\"1 minute\" \/>\n<script type=\"application\/ld+json\" class=\"yoast-schema-graph\">{\"@context\":\"https:\\\/\\\/schema.org\",\"@graph\":[{\"@type\":\"WebPage\",\"@id\":\"https:\\\/\\\/nature-et-developpement.com\\\/logisain-78\\\/produit\\\/kit-d-aspiration-materiaux-vracs\\\/\",\"url\":\"https:\\\/\\\/nature-et-developpement.com\\\/logisain-78\\\/produit\\\/kit-d-aspiration-materiaux-vracs\\\/\",\"name\":\"Kit d'aspiration mat\u00e9riaux vracs\",\"isPartOf\":{\"@id\":\"https:\\\/\\\/nature-et-developpement.com\\\/logisain-78\\\/#website\"},\"primaryImageOfPage\":{\"@id\":\"https:\\\/\\\/nature-et-developpement.com\\\/logisain-78\\\/produit\\\/kit-d-aspiration-materiaux-vracs\\\/#primaryimage\"},\"image\":{\"@id\":\"https:\\\/\\\/nature-et-developpement.com\\\/logisain-78\\\/produit\\\/kit-d-aspiration-materiaux-vracs\\\/#primaryimage\"},\"thumbnailUrl\":\"https:\\\/\\\/nature-et-developpement.com\\\/logisain-78\\\/wp-content\\\/uploads\\\/sites\\\/5\\\/2021\\\/06\\\/14874-Kit-daspiration-materiaux-vracs.jpg\",\"datePublished\":\"2017-06-23T10:07:50+00:00\",\"dateModified\":\"2025-06-12T14:57:31+00:00\",\"description\":\"En location Lors de l'injection de mat\u00e9riaux isolants en vrac, un \u00e9quipement d'aspiration peut \u00eatre parfois tr\u00e8s utile.\",\"breadcrumb\":{\"@id\":\"https:\\\/\\\/nature-et-developpement.com\\\/logisain-78\\\/produit\\\/kit-d-aspiration-materiaux-vracs\\\/#breadcrumb\"},\"inLanguage\":\"fr-FR\",\"potentialAction\":[{\"@type\":\"ReadAction\",\"target\":[\"https:\\\/\\\/nature-et-developpement.com\\\/logisain-78\\\/produit\\\/kit-d-aspiration-materiaux-vracs\\\/\"]}]},{\"@type\":\"ImageObject\",\"inLanguage\":\"fr-FR\",\"@id\":\"https:\\\/\\\/nature-et-developpement.com\\\/logisain-78\\\/produit\\\/kit-d-aspiration-materiaux-vracs\\\/#primaryimage\",\"url\":\"https:\\\/\\\/nature-et-developpement.com\\\/logisain-78\\\/wp-content\\\/uploads\\\/sites\\\/5\\\/2021\\\/06\\\/14874-Kit-daspiration-materiaux-vracs.jpg\",\"contentUrl\":\"https:\\\/\\\/nature-et-developpement.com\\\/logisain-78\\\/wp-content\\\/uploads\\\/sites\\\/5\\\/2021\\\/06\\\/14874-Kit-daspiration-materiaux-vracs.jpg\",\"width\":800,\"height\":800,\"caption\":\"Kit d'aspiration mat\u00e9riaux vracs\"},{\"@type\":\"BreadcrumbList\",\"@id\":\"https:\\\/\\\/nature-et-developpement.com\\\/logisain-78\\\/produit\\\/kit-d-aspiration-materiaux-vracs\\\/#breadcrumb\",\"itemListElement\":[{\"@type\":\"ListItem\",\"position\":1,\"name\":\"Accueil\",\"item\":\"https:\\\/\\\/nature-et-developpement.com\\\/logisain-78\\\/\"},{\"@type\":\"ListItem\",\"position\":2,\"name\":\"Produits\",\"item\":\"https:\\\/\\\/nature-et-developpement.com\\\/logisain-78\\\/shop\\\/\"},{\"@type\":\"ListItem\",\"position\":3,\"name\":\"Droguerie et outils\",\"item\":\"https:\\\/\\\/nature-et-developpement.com\\\/logisain-78\\\/produits\\\/droguerie-et-outils\\\/\"},{\"@type\":\"ListItem\",\"position\":4,\"name\":\"Outillage\",\"item\":\"https:\\\/\\\/nature-et-developpement.com\\\/logisain-78\\\/produits\\\/droguerie-et-outils\\\/outillage\\\/\"},{\"@type\":\"ListItem\",\"position\":5,\"name\":\"Kit d&rsquo;aspiration mat\u00e9riaux vracs\"}]},{\"@type\":\"WebSite\",\"@id\":\"https:\\\/\\\/nature-et-developpement.com\\\/logisain-78\\\/#website\",\"url\":\"https:\\\/\\\/nature-et-developpement.com\\\/logisain-78\\\/\",\"name\":\"LOGISAIN 78 \u2013 Magasin de mat\u00e9riaux biosourc\u00e9s\",\"description\":\"Logisain 78 est membre du groupement Nature &amp; D\u00e9veloppement\",\"publisher\":{\"@id\":\"https:\\\/\\\/nature-et-developpement.com\\\/logisain-78\\\/#organization\"},\"potentialAction\":[{\"@type\":\"SearchAction\",\"target\":{\"@type\":\"EntryPoint\",\"urlTemplate\":\"https:\\\/\\\/nature-et-developpement.com\\\/logisain-78\\\/?s={search_term_string}\"},\"query-input\":{\"@type\":\"PropertyValueSpecification\",\"valueRequired\":true,\"valueName\":\"search_term_string\"}}],\"inLanguage\":\"fr-FR\"},{\"@type\":\"Organization\",\"@id\":\"https:\\\/\\\/nature-et-developpement.com\\\/logisain-78\\\/#organization\",\"name\":\"Logisain 78\",\"url\":\"https:\\\/\\\/nature-et-developpement.com\\\/logisain-78\\\/\",\"logo\":{\"@type\":\"ImageObject\",\"inLanguage\":\"fr-FR\",\"@id\":\"https:\\\/\\\/nature-et-developpement.com\\\/logisain-78\\\/#\\\/schema\\\/logo\\\/image\\\/\",\"url\":\"https:\\\/\\\/nature-et-developpement.com\\\/logisain-78\\\/wp-content\\\/uploads\\\/sites\\\/5\\\/2021\\\/08\\\/logo-logisain.jpg\",\"contentUrl\":\"https:\\\/\\\/nature-et-developpement.com\\\/logisain-78\\\/wp-content\\\/uploads\\\/sites\\\/5\\\/2021\\\/08\\\/logo-logisain.jpg\",\"width\":672,\"height\":455,\"caption\":\"Logisain 78\"},\"image\":{\"@id\":\"https:\\\/\\\/nature-et-developpement.com\\\/logisain-78\\\/#\\\/schema\\\/logo\\\/image\\\/\"}}]}<\/script>\n<!-- \/ Yoast SEO plugin. -->","yoast_head_json":{"title":"Kit d'aspiration mat\u00e9riaux vracs","description":"En location Lors de l'injection de mat\u00e9riaux isolants en vrac, un \u00e9quipement d'aspiration peut \u00eatre parfois tr\u00e8s utile.","robots":{"index":"noindex","follow":"follow"},"og_locale":"fr_FR","og_type":"article","og_title":"Kit d'aspiration mat\u00e9riaux vracs","og_description":"En location Lors de l'injection de mat\u00e9riaux isolants en vrac, un \u00e9quipement d'aspiration peut \u00eatre parfois tr\u00e8s utile.","og_url":"https:\/\/nature-et-developpement.com\/logisain-78\/produit\/kit-d-aspiration-materiaux-vracs\/","og_site_name":"LOGISAIN 78 \u2013 Magasin de mat\u00e9riaux biosourc\u00e9s","article_modified_time":"2025-06-12T14:57:31+00:00","og_image":[{"width":800,"height":800,"url":"https:\/\/nature-et-developpement.com\/logisain-78\/wp-content\/uploads\/sites\/5\/2021\/06\/14874-Kit-daspiration-materiaux-vracs.jpg","type":"image\/jpeg"}],"twitter_card":"summary_large_image","twitter_misc":{"Dur\u00e9e de lecture estim\u00e9e":"1 minute"},"schema":{"@context":"https:\/\/schema.org","@graph":[{"@type":"WebPage","@id":"https:\/\/nature-et-developpement.com\/logisain-78\/produit\/kit-d-aspiration-materiaux-vracs\/","url":"https:\/\/nature-et-developpement.com\/logisain-78\/produit\/kit-d-aspiration-materiaux-vracs\/","name":"Kit d'aspiration mat\u00e9riaux vracs","isPartOf":{"@id":"https:\/\/nature-et-developpement.com\/logisain-78\/#website"},"primaryImageOfPage":{"@id":"https:\/\/nature-et-developpement.com\/logisain-78\/produit\/kit-d-aspiration-materiaux-vracs\/#primaryimage"},"image":{"@id":"https:\/\/nature-et-developpement.com\/logisain-78\/produit\/kit-d-aspiration-materiaux-vracs\/#primaryimage"},"thumbnailUrl":"https:\/\/nature-et-developpement.com\/logisain-78\/wp-content\/uploads\/sites\/5\/2021\/06\/14874-Kit-daspiration-materiaux-vracs.jpg","datePublished":"2017-06-23T10:07:50+00:00","dateModified":"2025-06-12T14:57:31+00:00","description":"En location Lors de l'injection de mat\u00e9riaux isolants en vrac, un \u00e9quipement d'aspiration peut \u00eatre parfois tr\u00e8s utile.","breadcrumb":{"@id":"https:\/\/nature-et-developpement.com\/logisain-78\/produit\/kit-d-aspiration-materiaux-vracs\/#breadcrumb"},"inLanguage":"fr-FR","potentialAction":[{"@type":"ReadAction","target":["https:\/\/nature-et-developpement.com\/logisain-78\/produit\/kit-d-aspiration-materiaux-vracs\/"]}]},{"@type":"ImageObject","inLanguage":"fr-FR","@id":"https:\/\/nature-et-developpement.com\/logisain-78\/produit\/kit-d-aspiration-materiaux-vracs\/#primaryimage","url":"https:\/\/nature-et-developpement.com\/logisain-78\/wp-content\/uploads\/sites\/5\/2021\/06\/14874-Kit-daspiration-materiaux-vracs.jpg","contentUrl":"https:\/\/nature-et-developpement.com\/logisain-78\/wp-content\/uploads\/sites\/5\/2021\/06\/14874-Kit-daspiration-materiaux-vracs.jpg","width":800,"height":800,"caption":"Kit d'aspiration mat\u00e9riaux vracs"},{"@type":"BreadcrumbList","@id":"https:\/\/nature-et-developpement.com\/logisain-78\/produit\/kit-d-aspiration-materiaux-vracs\/#breadcrumb","itemListElement":[{"@type":"ListItem","position":1,"name":"Accueil","item":"https:\/\/nature-et-developpement.com\/logisain-78\/"},{"@type":"ListItem","position":2,"name":"Produits","item":"https:\/\/nature-et-developpement.com\/logisain-78\/shop\/"},{"@type":"ListItem","position":3,"name":"Droguerie et outils","item":"https:\/\/nature-et-developpement.com\/logisain-78\/produits\/droguerie-et-outils\/"},{"@type":"ListItem","position":4,"name":"Outillage","item":"https:\/\/nature-et-developpement.com\/logisain-78\/produits\/droguerie-et-outils\/outillage\/"},{"@type":"ListItem","position":5,"name":"Kit d&rsquo;aspiration mat\u00e9riaux vracs"}]},{"@type":"WebSite","@id":"https:\/\/nature-et-developpement.com\/logisain-78\/#website","url":"https:\/\/nature-et-developpement.com\/logisain-78\/","name":"LOGISAIN 78 \u2013 Magasin de mat\u00e9riaux biosourc\u00e9s","description":"Logisain 78 est membre du groupement Nature &amp; D\u00e9veloppement","publisher":{"@id":"https:\/\/nature-et-developpement.com\/logisain-78\/#organization"},"potentialAction":[{"@type":"SearchAction","target":{"@type":"EntryPoint","urlTemplate":"https:\/\/nature-et-developpement.com\/logisain-78\/?s={search_term_string}"},"query-input":{"@type":"PropertyValueSpecification","valueRequired":true,"valueName":"search_term_string"}}],"inLanguage":"fr-FR"},{"@type":"Organization","@id":"https:\/\/nature-et-developpement.com\/logisain-78\/#organization","name":"Logisain 78","url":"https:\/\/nature-et-developpement.com\/logisain-78\/","logo":{"@type":"ImageObject","inLanguage":"fr-FR","@id":"https:\/\/nature-et-developpement.com\/logisain-78\/#\/schema\/logo\/image\/","url":"https:\/\/nature-et-developpement.com\/logisain-78\/wp-content\/uploads\/sites\/5\/2021\/08\/logo-logisain.jpg","contentUrl":"https:\/\/nature-et-developpement.com\/logisain-78\/wp-content\/uploads\/sites\/5\/2021\/08\/logo-logisain.jpg","width":672,"height":455,"caption":"Logisain 78"},"image":{"@id":"https:\/\/nature-et-developpement.com\/logisain-78\/#\/schema\/logo\/image\/"}}]}},"distributor_meta":false,"distributor_terms":false,"distributor_media":false,"distributor_original_site_name":"LOGISAIN 78 \u2013 Magasin de mat\u00e9riaux biosourc\u00e9s","distributor_original_site_url":"https:\/\/nature-et-developpement.com\/logisain-78","push-errors":false,"_links":{"self":[{"href":"https:\/\/nature-et-developpement.com\/logisain-78\/wp-json\/wp\/v2\/product\/10291","targetHints":{"allow":["GET"]}}],"collection":[{"href":"https:\/\/nature-et-developpement.com\/logisain-78\/wp-json\/wp\/v2\/product"}],"about":[{"href":"https:\/\/nature-et-developpement.com\/logisain-78\/wp-json\/wp\/v2\/types\/product"}],"wp:featuredmedia":[{"embeddable":true,"href":"https:\/\/nature-et-developpement.com\/logisain-78\/wp-json\/wp\/v2\/media\/10290"}],"wp:attachment":[{"href":"https:\/\/nature-et-developpement.com\/logisain-78\/wp-json\/wp\/v2\/media?parent=10291"}],"wp:term":[{"taxonomy":"product_brand","embeddable":true,"href":"https:\/\/nature-et-developpement.com\/logisain-78\/wp-json\/wp\/v2\/product_brand?post=10291"},{"taxonomy":"product_cat","embeddable":true,"href":"https:\/\/nature-et-developpement.com\/logisain-78\/wp-json\/wp\/v2\/product_cat?post=10291"},{"taxonomy":"product_tag","embeddable":true,"href":"https:\/\/nature-et-developpement.com\/logisain-78\/wp-json\/wp\/v2\/product_tag?post=10291"}],"curies":[{"name":"wp","href":"https:\/\/api.w.org\/{rel}","templated":true}]}}