{"id":10445,"date":"2017-03-17T23:04:18","date_gmt":"2017-03-17T22:04:18","guid":{"rendered":"https:\/\/nature-et-developpement.com\/logisain78\/produit\/poele-a-granules-alpenwood\/"},"modified":"2025-02-26T15:30:31","modified_gmt":"2025-02-26T14:30:31","slug":"poele-a-granules-alpenwood","status":"publish","type":"product","link":"https:\/\/nature-et-developpement.com\/logisain-78\/produit\/poele-a-granules-alpenwood\/","title":{"rendered":"Po\u00eale \u00e0 granul\u00e9s Alpenwood"},"content":{"rendered":"<p class=\"plain\" align=\"justify\">La moyenne nationale de consommation de granul\u00e9s pour un logement chauff\u00e9 par un po\u00eale \u00e0 granul\u00e9s est de 2 tonnes par an, \u00e0 comparer aux consommations d&rsquo;\u00e9lectricit\u00e9 ou de fioul pour les m\u00eames habitations ! Le po\u00eale \u00e0 granul\u00e9s offre donc une alternative \u00e9conomique, permettant de remplacer simplement un mode de chauffage principal.<\/p>\n<p class=\"plain\" align=\"justify\">ALPENWOOD va encore plus loin en proposant un po\u00eale, fait pour durer, avec le minimum de frais d&rsquo;entretien, permettant de r\u00e9aliser plus d&rsquo;\u00e9conomies.<\/p>\n<div class=\"plain\">\n<div align=\"center\"><span class=\"heading2\"><span style=\"text-decoration: underline\">Le silence est d&rsquo;or<\/span><\/span><\/div>\n<\/div>\n<div class=\"plain\">\n<div class=\"sk-rte-table-wrapper\">\n<table class=\"plain sk-dynamic-id-table1420541532477115\" border=\"0\" width=\"990\" cellspacing=\"2\" cellpadding=\"2\">\n<tbody>\n<tr>\n<td class=\"plain\" width=\"320\"><span class=\"heading2\"><span style=\"text-decoration: underline\"><img decoding=\"async\" src=\"http:\/\/0602.nccdn.net\/\/000\/000\/117\/65b\/Femme-silence-cut.png\" alt=\"Femme-silence-cut.png\" border=\"0\" \/><br \/>\n<\/span><\/span><\/td>\n<td class=\"plain\" width=\"20\"><\/td>\n<td class=\"plain\">\n<p class=\"plain\" align=\"justify\">Les po\u00eales \u00e0 granul\u00e9s ALPENWOOD, bien qu&rsquo;ils soient ventil\u00e9s, sont r\u00e9put\u00e9s pour \u00eatre les plus silencieux du march\u00e9. Gr\u00e2ce \u00e0 une recherche pouss\u00e9e sur les causes de nuisances sonores dans l&rsquo;appareil, les po\u00eales ALPENWOOD savent se faire oublier, m\u00eame en pi\u00e8ce de repos. Pour les plus exigeants, leur mode \u00ab\u00a0Silence\u00a0\u00bb coupe la ventilation une fois que la pi\u00e8ce est d\u00e9j\u00e0 chaude (puissance inf\u00e9rieure \u00e0 40%).<\/p>\n<p class=\"plain\" align=\"justify\">Le flux d&rsquo;air puls\u00e9 g\u00e9n\u00e8re une diffusion de chaleur douce, r\u00e9partie sur l\u2019ensemble de l\u2019habitation, en fonction bien s\u00fbr de sa configuration. S\u2019adaptant au dixi\u00e8me de degr\u00e9 pr\u00e8s au besoin r\u00e9el en chauffage de la maison, le syst\u00e8me ultra performant de r\u00e9gulation des po\u00eales ALPENWOOD assure une mont\u00e9e en puissance modul\u00e9e. La variation sonore se fait donc de fa\u00e7on r\u00e9guli\u00e8re et en douceur, le temps pour l\u2019oreille de s\u2019habituer \u00e0 ce tr\u00e8s l\u00e9ger ronronnement, rendant m\u00eame sa pr\u00e9sence \u2018rassurante\u2019 (contrairement \u00e0 certains syst\u00e8mes dont les passages de paliers de puissance font penser \u00e0 de brusques reprises de vitesse sur un v\u00e9hicule sportif).<\/p>\n<p class=\"plain\" align=\"justify\">Le confort sonore est \u00e0 port\u00e9e de main avec le po\u00eale ALPENWOOD.<\/p>\n<\/td>\n<\/tr>\n<\/tbody>\n<\/table>\n<\/div>\n<\/div>\n<p class=\"plain\" style=\"text-align: center\" align=\"justify\"><span style=\"text-decoration: underline\">Beaut\u00e9 de la flamme<\/span><\/p>\n<div class=\"plain\"><\/div>\n<div class=\"plain\">\n<div class=\"sk-rte-table-wrapper\">\n<table class=\"plain sk-dynamic-id-table1420541676446742\" border=\"0\" width=\"990\" cellspacing=\"2\" cellpadding=\"2\">\n<tbody>\n<tr>\n<td class=\"plain\">\n<p class=\"plain\">Le feu fascine encore, et les utilisateurs sont parfois d\u00e9\u00e7us par la simple \u00ab\u00a0flamm\u00e8che\u00a0\u00bb produite par les po\u00eales \u00e0 granul\u00e9s.<\/p>\n<p class=\"plain\" align=\"justify\"><span class=\"heading2\">Un ballet de flammes<\/span><\/p>\n<p class=\"plain\" align=\"justify\">Les foyers de po\u00eales \u00e0 granul\u00e9s sont g\u00e9n\u00e9ralement peu attractifs, sans doute car la flamme qu\u2019ils d\u00e9gagent rappelle plus l&rsquo;effet chalumeau d&rsquo;une flamme factice qu\u2019\u00e0 l\u2019\u00e2tre chatoyante d\u2019une chemin\u00e9e. Les po\u00eales \u00e0 granul\u00e9s ALPENWOOD offrent au contraire, gr\u00e2ce \u00e0 une technologie qui leur est propre, la vision d&rsquo;une flamme esth\u00e9tique et chaleureuse. Le po\u00eale tr\u00f4nant dans le salon peut prendre alors toute sa place, au coeur de tous les regards, r\u00e9chauffant \u00e0 la fois le corps et l\u2019esprit.<\/p>\n<p><span class=\"heading2\">Le plaisir d&rsquo;un foyer rayonnan<\/span>t<\/p>\n<p class=\"plain\" align=\"justify\">La flamme n\u2019est pas seulement belle, elle chauffe ! Les po\u00eales \u00e0 granul\u00e9s ALPENWOOD procurent \u00e0 leurs utilisateurs une v\u00e9ritable sensation de chaleur par rayonnement (de nombreux po\u00eales \u00e0 granul\u00e9s du march\u00e9 ne chauffent que l\u2019air qu\u2019ils ventilent). De plus, de par leur mode de r\u00e9gulation, les po\u00eales \u00e0 pellets ALPENWOOD apportent une chaleur douce, qui r\u00e9chauffe l\u2019atmosph\u00e8re progressivement. Cette mont\u00e9e en temp\u00e9rature, combin\u00e9e \u00e0 la diffusion de la chaleur du foyer, apporte une sensation de confort sans \u00e9gal.<\/p>\n<\/td>\n<td class=\"plain\" width=\"350\"><img decoding=\"async\" src=\"http:\/\/0602.nccdn.net\/\/000\/000\/117\/743\/Flammes.png\" alt=\"Flammes.png\" \/><\/td>\n<\/tr>\n<\/tbody>\n<\/table>\n<\/div>\n<\/div>\n","protected":false},"excerpt":{"rendered":"<h4 class=\"text-justify\">Alpenwood, le po\u00eale \u00e0 granul\u00e9s Fran\u00e7ais. Le silence du po\u00eale b\u00fbche, le confort de la chaudi\u00e8re \u00e0 granul\u00e9s.<\/h4>\n","protected":false},"featured_media":10442,"template":"","meta":[],"product_brand":[2913],"product_cat":[384],"product_tag":[],"class_list":{"0":"post-10445","1":"product","2":"type-product","3":"status-publish","4":"has-post-thumbnail","6":"product_brand-produit-logisain","7":"product_cat-chauffage","8":"product_shipping_class-impact-transport-important","10":"first","11":"instock","12":"taxable","13":"shipping-taxable","14":"purchasable","15":"product-type-variable"},"yoast_head":"<!-- This site is optimized with the Yoast SEO plugin v27.5 - https:\/\/yoast.com\/product\/yoast-seo-wordpress\/ -->\n<title>Po\u00eale \u00e0 granul\u00e9s Alpenwood<\/title>\n<meta name=\"description\" content=\"Alpenwood, le po\u00eale \u00e0 granul\u00e9s Fran\u00e7ais. Le silence du po\u00eale b\u00fbche, le confort de la chaudi\u00e8re \u00e0 granul\u00e9s.\" \/>\n<meta name=\"robots\" content=\"noindex, follow\" \/>\n<meta property=\"og:locale\" content=\"fr_FR\" \/>\n<meta property=\"og:type\" content=\"article\" \/>\n<meta property=\"og:title\" content=\"Po\u00eale \u00e0 granul\u00e9s Alpenwood\" \/>\n<meta property=\"og:description\" content=\"Alpenwood, le po\u00eale \u00e0 granul\u00e9s Fran\u00e7ais. Le silence du po\u00eale b\u00fbche, le confort de la chaudi\u00e8re \u00e0 granul\u00e9s.\" \/>\n<meta property=\"og:url\" content=\"https:\/\/nature-et-developpement.com\/logisain-78\/produit\/poele-a-granules-alpenwood\/\" \/>\n<meta property=\"og:site_name\" content=\"LOGISAIN 78 \u2013 Magasin de mat\u00e9riaux biosourc\u00e9s\" \/>\n<meta property=\"article:modified_time\" content=\"2025-02-26T14:30:31+00:00\" \/>\n<meta property=\"og:image\" content=\"https:\/\/nature-et-developpement.com\/logisain-78\/wp-content\/uploads\/sites\/5\/2021\/06\/10933-Poele-a-granules-Alpenwood.jpg\" \/>\n\t<meta property=\"og:image:width\" content=\"800\" \/>\n\t<meta property=\"og:image:height\" content=\"800\" \/>\n\t<meta property=\"og:image:type\" content=\"image\/jpeg\" \/>\n<meta name=\"twitter:card\" content=\"summary_large_image\" \/>\n<meta name=\"twitter:label1\" content=\"Dur\u00e9e de lecture estim\u00e9e\" \/>\n\t<meta name=\"twitter:data1\" content=\"3 minutes\" \/>\n<script type=\"application\/ld+json\" class=\"yoast-schema-graph\">{\"@context\":\"https:\\\/\\\/schema.org\",\"@graph\":[{\"@type\":\"WebPage\",\"@id\":\"https:\\\/\\\/nature-et-developpement.com\\\/logisain-78\\\/produit\\\/poele-a-granules-alpenwood\\\/\",\"url\":\"https:\\\/\\\/nature-et-developpement.com\\\/logisain-78\\\/produit\\\/poele-a-granules-alpenwood\\\/\",\"name\":\"Po\u00eale \u00e0 granul\u00e9s Alpenwood\",\"isPartOf\":{\"@id\":\"https:\\\/\\\/nature-et-developpement.com\\\/logisain-78\\\/#website\"},\"primaryImageOfPage\":{\"@id\":\"https:\\\/\\\/nature-et-developpement.com\\\/logisain-78\\\/produit\\\/poele-a-granules-alpenwood\\\/#primaryimage\"},\"image\":{\"@id\":\"https:\\\/\\\/nature-et-developpement.com\\\/logisain-78\\\/produit\\\/poele-a-granules-alpenwood\\\/#primaryimage\"},\"thumbnailUrl\":\"https:\\\/\\\/nature-et-developpement.com\\\/logisain-78\\\/wp-content\\\/uploads\\\/sites\\\/5\\\/2021\\\/06\\\/10933-Poele-a-granules-Alpenwood.jpg\",\"datePublished\":\"2017-03-17T22:04:18+00:00\",\"dateModified\":\"2025-02-26T14:30:31+00:00\",\"description\":\"Alpenwood, le po\u00eale \u00e0 granul\u00e9s Fran\u00e7ais. Le silence du po\u00eale b\u00fbche, le confort de la chaudi\u00e8re \u00e0 granul\u00e9s.\",\"breadcrumb\":{\"@id\":\"https:\\\/\\\/nature-et-developpement.com\\\/logisain-78\\\/produit\\\/poele-a-granules-alpenwood\\\/#breadcrumb\"},\"inLanguage\":\"fr-FR\",\"potentialAction\":[{\"@type\":\"ReadAction\",\"target\":[\"https:\\\/\\\/nature-et-developpement.com\\\/logisain-78\\\/produit\\\/poele-a-granules-alpenwood\\\/\"]}]},{\"@type\":\"ImageObject\",\"inLanguage\":\"fr-FR\",\"@id\":\"https:\\\/\\\/nature-et-developpement.com\\\/logisain-78\\\/produit\\\/poele-a-granules-alpenwood\\\/#primaryimage\",\"url\":\"https:\\\/\\\/nature-et-developpement.com\\\/logisain-78\\\/wp-content\\\/uploads\\\/sites\\\/5\\\/2021\\\/06\\\/10933-Poele-a-granules-Alpenwood.jpg\",\"contentUrl\":\"https:\\\/\\\/nature-et-developpement.com\\\/logisain-78\\\/wp-content\\\/uploads\\\/sites\\\/5\\\/2021\\\/06\\\/10933-Poele-a-granules-Alpenwood.jpg\",\"width\":800,\"height\":800,\"caption\":\"Po\u00eale \u00e0 granul\u00e9s Alpenwood\"},{\"@type\":\"BreadcrumbList\",\"@id\":\"https:\\\/\\\/nature-et-developpement.com\\\/logisain-78\\\/produit\\\/poele-a-granules-alpenwood\\\/#breadcrumb\",\"itemListElement\":[{\"@type\":\"ListItem\",\"position\":1,\"name\":\"Accueil\",\"item\":\"https:\\\/\\\/nature-et-developpement.com\\\/logisain-78\\\/\"},{\"@type\":\"ListItem\",\"position\":2,\"name\":\"Produits\",\"item\":\"https:\\\/\\\/nature-et-developpement.com\\\/logisain-78\\\/shop\\\/\"},{\"@type\":\"ListItem\",\"position\":3,\"name\":\"Chauffage, eau et \u00e9nergie\",\"item\":\"https:\\\/\\\/nature-et-developpement.com\\\/logisain-78\\\/produits\\\/energie-et-ventilation\\\/\"},{\"@type\":\"ListItem\",\"position\":4,\"name\":\"Chauffage bois et pellet, chaudi\u00e8re, po\u00eale, insert\",\"item\":\"https:\\\/\\\/nature-et-developpement.com\\\/logisain-78\\\/produits\\\/energie-et-ventilation\\\/chauffage\\\/\"},{\"@type\":\"ListItem\",\"position\":5,\"name\":\"Po\u00eale \u00e0 granul\u00e9s Alpenwood\"}]},{\"@type\":\"WebSite\",\"@id\":\"https:\\\/\\\/nature-et-developpement.com\\\/logisain-78\\\/#website\",\"url\":\"https:\\\/\\\/nature-et-developpement.com\\\/logisain-78\\\/\",\"name\":\"LOGISAIN 78 \u2013 Magasin de mat\u00e9riaux biosourc\u00e9s\",\"description\":\"Logisain 78 est membre du groupement Nature &amp; D\u00e9veloppement\",\"publisher\":{\"@id\":\"https:\\\/\\\/nature-et-developpement.com\\\/logisain-78\\\/#organization\"},\"potentialAction\":[{\"@type\":\"SearchAction\",\"target\":{\"@type\":\"EntryPoint\",\"urlTemplate\":\"https:\\\/\\\/nature-et-developpement.com\\\/logisain-78\\\/?s={search_term_string}\"},\"query-input\":{\"@type\":\"PropertyValueSpecification\",\"valueRequired\":true,\"valueName\":\"search_term_string\"}}],\"inLanguage\":\"fr-FR\"},{\"@type\":\"Organization\",\"@id\":\"https:\\\/\\\/nature-et-developpement.com\\\/logisain-78\\\/#organization\",\"name\":\"Logisain 78\",\"url\":\"https:\\\/\\\/nature-et-developpement.com\\\/logisain-78\\\/\",\"logo\":{\"@type\":\"ImageObject\",\"inLanguage\":\"fr-FR\",\"@id\":\"https:\\\/\\\/nature-et-developpement.com\\\/logisain-78\\\/#\\\/schema\\\/logo\\\/image\\\/\",\"url\":\"https:\\\/\\\/nature-et-developpement.com\\\/logisain-78\\\/wp-content\\\/uploads\\\/sites\\\/5\\\/2021\\\/08\\\/logo-logisain.jpg\",\"contentUrl\":\"https:\\\/\\\/nature-et-developpement.com\\\/logisain-78\\\/wp-content\\\/uploads\\\/sites\\\/5\\\/2021\\\/08\\\/logo-logisain.jpg\",\"width\":672,\"height\":455,\"caption\":\"Logisain 78\"},\"image\":{\"@id\":\"https:\\\/\\\/nature-et-developpement.com\\\/logisain-78\\\/#\\\/schema\\\/logo\\\/image\\\/\"}}]}<\/script>\n<!-- \/ Yoast SEO plugin. -->","yoast_head_json":{"title":"Po\u00eale \u00e0 granul\u00e9s Alpenwood","description":"Alpenwood, le po\u00eale \u00e0 granul\u00e9s Fran\u00e7ais. Le silence du po\u00eale b\u00fbche, le confort de la chaudi\u00e8re \u00e0 granul\u00e9s.","robots":{"index":"noindex","follow":"follow"},"og_locale":"fr_FR","og_type":"article","og_title":"Po\u00eale \u00e0 granul\u00e9s Alpenwood","og_description":"Alpenwood, le po\u00eale \u00e0 granul\u00e9s Fran\u00e7ais. Le silence du po\u00eale b\u00fbche, le confort de la chaudi\u00e8re \u00e0 granul\u00e9s.","og_url":"https:\/\/nature-et-developpement.com\/logisain-78\/produit\/poele-a-granules-alpenwood\/","og_site_name":"LOGISAIN 78 \u2013 Magasin de mat\u00e9riaux biosourc\u00e9s","article_modified_time":"2025-02-26T14:30:31+00:00","og_image":[{"width":800,"height":800,"url":"https:\/\/nature-et-developpement.com\/logisain-78\/wp-content\/uploads\/sites\/5\/2021\/06\/10933-Poele-a-granules-Alpenwood.jpg","type":"image\/jpeg"}],"twitter_card":"summary_large_image","twitter_misc":{"Dur\u00e9e de lecture estim\u00e9e":"3 minutes"},"schema":{"@context":"https:\/\/schema.org","@graph":[{"@type":"WebPage","@id":"https:\/\/nature-et-developpement.com\/logisain-78\/produit\/poele-a-granules-alpenwood\/","url":"https:\/\/nature-et-developpement.com\/logisain-78\/produit\/poele-a-granules-alpenwood\/","name":"Po\u00eale \u00e0 granul\u00e9s Alpenwood","isPartOf":{"@id":"https:\/\/nature-et-developpement.com\/logisain-78\/#website"},"primaryImageOfPage":{"@id":"https:\/\/nature-et-developpement.com\/logisain-78\/produit\/poele-a-granules-alpenwood\/#primaryimage"},"image":{"@id":"https:\/\/nature-et-developpement.com\/logisain-78\/produit\/poele-a-granules-alpenwood\/#primaryimage"},"thumbnailUrl":"https:\/\/nature-et-developpement.com\/logisain-78\/wp-content\/uploads\/sites\/5\/2021\/06\/10933-Poele-a-granules-Alpenwood.jpg","datePublished":"2017-03-17T22:04:18+00:00","dateModified":"2025-02-26T14:30:31+00:00","description":"Alpenwood, le po\u00eale \u00e0 granul\u00e9s Fran\u00e7ais. Le silence du po\u00eale b\u00fbche, le confort de la chaudi\u00e8re \u00e0 granul\u00e9s.","breadcrumb":{"@id":"https:\/\/nature-et-developpement.com\/logisain-78\/produit\/poele-a-granules-alpenwood\/#breadcrumb"},"inLanguage":"fr-FR","potentialAction":[{"@type":"ReadAction","target":["https:\/\/nature-et-developpement.com\/logisain-78\/produit\/poele-a-granules-alpenwood\/"]}]},{"@type":"ImageObject","inLanguage":"fr-FR","@id":"https:\/\/nature-et-developpement.com\/logisain-78\/produit\/poele-a-granules-alpenwood\/#primaryimage","url":"https:\/\/nature-et-developpement.com\/logisain-78\/wp-content\/uploads\/sites\/5\/2021\/06\/10933-Poele-a-granules-Alpenwood.jpg","contentUrl":"https:\/\/nature-et-developpement.com\/logisain-78\/wp-content\/uploads\/sites\/5\/2021\/06\/10933-Poele-a-granules-Alpenwood.jpg","width":800,"height":800,"caption":"Po\u00eale \u00e0 granul\u00e9s Alpenwood"},{"@type":"BreadcrumbList","@id":"https:\/\/nature-et-developpement.com\/logisain-78\/produit\/poele-a-granules-alpenwood\/#breadcrumb","itemListElement":[{"@type":"ListItem","position":1,"name":"Accueil","item":"https:\/\/nature-et-developpement.com\/logisain-78\/"},{"@type":"ListItem","position":2,"name":"Produits","item":"https:\/\/nature-et-developpement.com\/logisain-78\/shop\/"},{"@type":"ListItem","position":3,"name":"Chauffage, eau et \u00e9nergie","item":"https:\/\/nature-et-developpement.com\/logisain-78\/produits\/energie-et-ventilation\/"},{"@type":"ListItem","position":4,"name":"Chauffage bois et pellet, chaudi\u00e8re, po\u00eale, insert","item":"https:\/\/nature-et-developpement.com\/logisain-78\/produits\/energie-et-ventilation\/chauffage\/"},{"@type":"ListItem","position":5,"name":"Po\u00eale \u00e0 granul\u00e9s Alpenwood"}]},{"@type":"WebSite","@id":"https:\/\/nature-et-developpement.com\/logisain-78\/#website","url":"https:\/\/nature-et-developpement.com\/logisain-78\/","name":"LOGISAIN 78 \u2013 Magasin de mat\u00e9riaux biosourc\u00e9s","description":"Logisain 78 est membre du groupement Nature &amp; D\u00e9veloppement","publisher":{"@id":"https:\/\/nature-et-developpement.com\/logisain-78\/#organization"},"potentialAction":[{"@type":"SearchAction","target":{"@type":"EntryPoint","urlTemplate":"https:\/\/nature-et-developpement.com\/logisain-78\/?s={search_term_string}"},"query-input":{"@type":"PropertyValueSpecification","valueRequired":true,"valueName":"search_term_string"}}],"inLanguage":"fr-FR"},{"@type":"Organization","@id":"https:\/\/nature-et-developpement.com\/logisain-78\/#organization","name":"Logisain 78","url":"https:\/\/nature-et-developpement.com\/logisain-78\/","logo":{"@type":"ImageObject","inLanguage":"fr-FR","@id":"https:\/\/nature-et-developpement.com\/logisain-78\/#\/schema\/logo\/image\/","url":"https:\/\/nature-et-developpement.com\/logisain-78\/wp-content\/uploads\/sites\/5\/2021\/08\/logo-logisain.jpg","contentUrl":"https:\/\/nature-et-developpement.com\/logisain-78\/wp-content\/uploads\/sites\/5\/2021\/08\/logo-logisain.jpg","width":672,"height":455,"caption":"Logisain 78"},"image":{"@id":"https:\/\/nature-et-developpement.com\/logisain-78\/#\/schema\/logo\/image\/"}}]}},"distributor_meta":false,"distributor_terms":false,"distributor_media":false,"distributor_original_site_name":"LOGISAIN 78 \u2013 Magasin de mat\u00e9riaux biosourc\u00e9s","distributor_original_site_url":"https:\/\/nature-et-developpement.com\/logisain-78","push-errors":false,"_links":{"self":[{"href":"https:\/\/nature-et-developpement.com\/logisain-78\/wp-json\/wp\/v2\/product\/10445","targetHints":{"allow":["GET"]}}],"collection":[{"href":"https:\/\/nature-et-developpement.com\/logisain-78\/wp-json\/wp\/v2\/product"}],"about":[{"href":"https:\/\/nature-et-developpement.com\/logisain-78\/wp-json\/wp\/v2\/types\/product"}],"wp:featuredmedia":[{"embeddable":true,"href":"https:\/\/nature-et-developpement.com\/logisain-78\/wp-json\/wp\/v2\/media\/10442"}],"wp:attachment":[{"href":"https:\/\/nature-et-developpement.com\/logisain-78\/wp-json\/wp\/v2\/media?parent=10445"}],"wp:term":[{"taxonomy":"product_brand","embeddable":true,"href":"https:\/\/nature-et-developpement.com\/logisain-78\/wp-json\/wp\/v2\/product_brand?post=10445"},{"taxonomy":"product_cat","embeddable":true,"href":"https:\/\/nature-et-developpement.com\/logisain-78\/wp-json\/wp\/v2\/product_cat?post=10445"},{"taxonomy":"product_tag","embeddable":true,"href":"https:\/\/nature-et-developpement.com\/logisain-78\/wp-json\/wp\/v2\/product_tag?post=10445"}],"curies":[{"name":"wp","href":"https:\/\/api.w.org\/{rel}","templated":true}]}}