{"id":11932,"date":"2023-08-01T00:00:00","date_gmt":"2023-07-31T22:00:00","guid":{"rendered":"https:\/\/nature-et-developpement.com\/logisain78\/produit\/bloc-de-chanvre-en-u-30cm-a-maconner-isohemp\/"},"modified":"2026-01-28T17:10:18","modified_gmt":"2026-01-28T16:10:18","slug":"bloc-de-chanvre-en-u-isohemp","status":"publish","type":"product","link":"https:\/\/nature-et-developpement.com\/logisain-78\/produit\/bloc-de-chanvre-en-u-isohemp\/","title":{"rendered":"Bloc de chanvre en U \u00e0 ma\u00e7onner Hempro d&rsquo;Isohemp"},"content":{"rendered":"<h2>Chainages horizontaux isol\u00e9s<\/h2>\n<h4>NOUVELLE CONSTRUCTION<\/h4>\n<p>Id\u00e9al pour les nouvelles constructions avec le syst\u00e8me Hempro d\u2019IsoHemp.<\/p>\n<p>Il s\u2019utilise en compl\u00e9mentarit\u00e9 du bloc perc\u00e9 et du bloc.<\/p>\n<p>Il permet de r\u00e9aliser une nouvelle construction homog\u00e8ne enti\u00e8rement r\u00e9alis\u00e9e en blocs de chanvre IsoHemp.<\/p>\n<p>Le syst\u00e8me Hempro procure les performances n\u00e9cessaires pour atteindre les standards basse \u00e9nergie, tr\u00e8s basse \u00e9nergie et passifs.<\/p>\n<p>Le bloc de chanvre IsoHemp est un produit de ma\u00e7onnerie coll\u00e9e non porteur destin\u00e9 \u00e0 la r\u00e9alisation d\u2019enveloppes, de parois de s\u00e9paration et de contre-cloisons isolantes, saines et naturelles.<\/p>\n<p>Tr\u00e8s polyvalent, il est pl\u00e9biscit\u00e9 par les professionnels tant pour des nouvelles constructions que des r\u00e9novations, qu\u2019il s\u2019agisse de projets unifamiliaux, collectifs ou tertiaires.<\/p>\n<p>Les blocs de chanvre : une r\u00e9ponse \u00e0 de nombreux d\u00e9fis techniques<\/p>\n<p>Le bloc de chanvre IsoHemp est particuli\u00e8rement adapt\u00e9 \u00e0 la construction de maisons r\u00e9sidentielles, au doublage de murs existants par l\u2019int\u00e9rieur ou par l\u2019ext\u00e9rieur, ainsi qu\u2019au compartimentage industriel et d\u2019appartements.<\/p>\n<ul>\n<li>Il permet d\u2019atteindre les standards basse \u00e9nergie, tr\u00e8s basse \u00e9nergie et passifs.<\/li>\n<li>Il poss\u00e8de un agr\u00e9ment technique et b\u00e9n\u00e9ficie de toutes les certifications n\u00e9cessaires suivant les normes europ\u00e9ennes en vigueur.<\/li>\n<\/ul>\n<h3>Avantages<\/h3>\n<p><strong>100% naturel<\/strong><br \/>\nSolution 100% naturelle, ils pr\u00e9sentent en plus un bilan carbone positif.<br \/>\nUn m3 de blocs de chanvre stocke 75kg de CO2 (carbone biog\u00e9nique).<\/p>\n<p><strong>R\u00e9gulation thermique<\/strong><br \/>\nIls r\u00e9gulent la temp\u00e9rature en raison de leur capacit\u00e9 \u00e0 diffuser la chaleur accumul\u00e9e.<\/p>\n<p>V\u00e9ritable tampon thermique, la temp\u00e9rature int\u00e9rieure est maintenue constante. Vous r\u00e9duisez significativement votre facture \u00e9nerg\u00e9tique (jusqu\u2019\u00e0 -70%).<\/p>\n<p><strong>Isolation acoustique<\/strong><br \/>\nIls amortissent et absorbent les bruits.<\/p>\n<p>V\u00e9ritables pi\u00e8ges \u00e0 sons, ils permettent de r\u00e9duire ou absorber la majorit\u00e9 des ondes acoustiques en vous prot\u00e9geant ainsi de la pollution sonore.<\/p>\n<p><strong>R\u00e9gulation hydrique<\/strong><br \/>\nIls r\u00e9gulent l\u2019humidit\u00e9 gr\u00e2ce \u00e0 leur grande perm\u00e9abilit\u00e9 \u00e0 la vapeur d\u2019eau.<\/p>\n<p>Ils jouent le r\u00f4le de tampon hydrique et offrent ainsi un climat int\u00e9rieur constant et sain pour les occupants du b\u00e2timent.<\/p>\n<p><strong>R\u00e9sistance au feu<\/strong><br \/>\nIls ne s\u2019enflamment pas, ne d\u00e9gagent pas de fum\u00e9es toxiques.<\/p>\n<p>Avec leur excellente r\u00e9action au feu ils offrent jusqu\u2019\u00e0 plus de 2h de r\u00e9sistance au feu en fonction de la finition et de l\u2019\u00e9paisseur.<\/p>\n","protected":false},"excerpt":{"rendered":"<p>Le bloc U est un bloc de chanvre comportant un \u00e9videment horizontal destin\u00e9 \u00e0 la r\u00e9alisation d\u2019une poutre de ceinture en b\u00e9ton arm\u00e9 du b\u00e2timent.<\/p>\n<p>Il est utilis\u00e9 dans le syst\u00e8me constructif Hempro d\u2019IsoHemp pour r\u00e9aliser une enveloppe compl\u00e8te de l\u2019habitat uniquement en blocs de chanvre.<\/p>\n<p>Il sera associ\u00e9 au bloc perc\u00e9 pour obtenir une construction homog\u00e8ne.<\/p>\n<p><span style=\"text-decoration: underline;color: #008000\"><strong>Vendu \u00e0 la palette<\/strong><\/span><\/p>\n","protected":false},"featured_media":1000000170525,"template":"","meta":[],"product_brand":[2847],"product_cat":[295,2904,4261,4263,4265,173],"product_tag":[4202],"class_list":{"0":"post-11932","1":"product","2":"type-product","3":"status-publish","4":"has-post-thumbnail","6":"product_brand-isohemp","7":"product_cat-accessoires-construction","8":"product_cat-demande-de-devis-uniquement-avec-prix","9":"product_cat-isolation-exterieure","10":"product_cat-isolation-interieure","11":"product_cat-isolation-phonique","12":"product_cat-maconnerie","13":"product_tag-chanvre","14":"product_shipping_class-impact-transport-important","16":"first","17":"onbackorder","18":"taxable","19":"shipping-taxable","20":"purchasable","21":"product-type-variable"},"yoast_head":"<!-- This site is optimized with the Yoast SEO plugin v27.5 - https:\/\/yoast.com\/product\/yoast-seo-wordpress\/ -->\n<title>Bloc de chanvre en U \u00e0 ma\u00e7onner Hempro d&#039;Isohemp<\/title>\n<meta name=\"description\" content=\"Le bloc U est un bloc de chanvre comportant un \u00e9videment horizontal destin\u00e9 \u00e0 la r\u00e9alisation d\u2019une poutre de ceinture en b\u00e9ton arm\u00e9 du b\u00e2timent.  Il est utilis\u00e9 dans le syst\u00e8me constructif Hempro d\u2019IsoHemp pour r\u00e9aliser une enveloppe compl\u00e8te de l\u2019habitat uniquement en blocs de chanvre.  Il sera associ\u00e9 au bloc perc\u00e9 pour obtenir une construction homog\u00e8ne.  Vendu \u00e0 la palette\" \/>\n<meta name=\"robots\" content=\"noindex, nofollow\" \/>\n<meta property=\"og:locale\" content=\"fr_FR\" \/>\n<meta property=\"og:type\" content=\"article\" \/>\n<meta property=\"og:title\" content=\"Bloc de chanvre en U \u00e0 ma\u00e7onner Hempro d&#039;Isohemp\" \/>\n<meta property=\"og:description\" content=\"Le bloc U est un bloc de chanvre comportant un \u00e9videment horizontal destin\u00e9 \u00e0 la r\u00e9alisation d\u2019une poutre de ceinture en b\u00e9ton arm\u00e9 du b\u00e2timent.  Il est utilis\u00e9 dans le syst\u00e8me constructif Hempro d\u2019IsoHemp pour r\u00e9aliser une enveloppe compl\u00e8te de l\u2019habitat uniquement en blocs de chanvre.  Il sera associ\u00e9 au bloc perc\u00e9 pour obtenir une construction homog\u00e8ne.  Vendu \u00e0 la palette\" \/>\n<meta property=\"og:url\" content=\"https:\/\/nature-et-developpement.com\/logisain-78\/produit\/bloc-de-chanvre-en-u-isohemp\/\" \/>\n<meta property=\"og:site_name\" content=\"LOGISAIN 78 \u2013 Magasin de mat\u00e9riaux biosourc\u00e9s\" \/>\n<meta property=\"article:modified_time\" content=\"2026-01-28T16:10:18+00:00\" \/>\n<meta name=\"twitter:card\" content=\"summary_large_image\" \/>\n<meta name=\"twitter:label1\" content=\"Dur\u00e9e de lecture estim\u00e9e\" \/>\n\t<meta name=\"twitter:data1\" content=\"2 minutes\" \/>\n<script type=\"application\/ld+json\" class=\"yoast-schema-graph\">{\"@context\":\"https:\\\/\\\/schema.org\",\"@graph\":[{\"@type\":\"WebPage\",\"@id\":\"https:\\\/\\\/nature-et-developpement.com\\\/logisain-78\\\/produit\\\/bloc-de-chanvre-en-u-isohemp\\\/\",\"url\":\"https:\\\/\\\/nature-et-developpement.com\\\/logisain-78\\\/produit\\\/bloc-de-chanvre-en-u-isohemp\\\/\",\"name\":\"Bloc de chanvre en U \u00e0 ma\u00e7onner Hempro d'Isohemp\",\"isPartOf\":{\"@id\":\"https:\\\/\\\/nature-et-developpement.com\\\/logisain-78\\\/#website\"},\"primaryImageOfPage\":{\"@id\":\"https:\\\/\\\/nature-et-developpement.com\\\/logisain-78\\\/produit\\\/bloc-de-chanvre-en-u-isohemp\\\/#primaryimage\"},\"image\":{\"@id\":\"https:\\\/\\\/nature-et-developpement.com\\\/logisain-78\\\/produit\\\/bloc-de-chanvre-en-u-isohemp\\\/#primaryimage\"},\"thumbnailUrl\":\"https:\\\/\\\/nature-et-developpement.com\\\/logisain-78\\\/wp-content\\\/uploads\\\/Bloc-U-chainage-horizontal-Hemppro-IsoHemp.jpg\",\"datePublished\":\"2023-07-31T22:00:00+00:00\",\"dateModified\":\"2026-01-28T16:10:18+00:00\",\"description\":\"Le bloc U est un bloc de chanvre comportant un \u00e9videment horizontal destin\u00e9 \u00e0 la r\u00e9alisation d\u2019une poutre de ceinture en b\u00e9ton arm\u00e9 du b\u00e2timent. Il est utilis\u00e9 dans le syst\u00e8me constructif Hempro d\u2019IsoHemp pour r\u00e9aliser une enveloppe compl\u00e8te de l\u2019habitat uniquement en blocs de chanvre. Il sera associ\u00e9 au bloc perc\u00e9 pour obtenir une construction homog\u00e8ne. Vendu \u00e0 la palette\",\"breadcrumb\":{\"@id\":\"https:\\\/\\\/nature-et-developpement.com\\\/logisain-78\\\/produit\\\/bloc-de-chanvre-en-u-isohemp\\\/#breadcrumb\"},\"inLanguage\":\"fr-FR\",\"potentialAction\":[{\"@type\":\"ReadAction\",\"target\":[\"https:\\\/\\\/nature-et-developpement.com\\\/logisain-78\\\/produit\\\/bloc-de-chanvre-en-u-isohemp\\\/\"]}]},{\"@type\":\"ImageObject\",\"inLanguage\":\"fr-FR\",\"@id\":\"https:\\\/\\\/nature-et-developpement.com\\\/logisain-78\\\/produit\\\/bloc-de-chanvre-en-u-isohemp\\\/#primaryimage\",\"url\":\"https:\\\/\\\/nature-et-developpement.com\\\/logisain-78\\\/wp-content\\\/uploads\\\/Bloc-U-chainage-horizontal-Hemppro-IsoHemp.jpg\",\"contentUrl\":\"https:\\\/\\\/nature-et-developpement.com\\\/logisain-78\\\/wp-content\\\/uploads\\\/Bloc-U-chainage-horizontal-Hemppro-IsoHemp.jpg\"},{\"@type\":\"BreadcrumbList\",\"@id\":\"https:\\\/\\\/nature-et-developpement.com\\\/logisain-78\\\/produit\\\/bloc-de-chanvre-en-u-isohemp\\\/#breadcrumb\",\"itemListElement\":[{\"@type\":\"ListItem\",\"position\":1,\"name\":\"Accueil\",\"item\":\"https:\\\/\\\/nature-et-developpement.com\\\/logisain-78\\\/\"},{\"@type\":\"ListItem\",\"position\":2,\"name\":\"Produits\",\"item\":\"https:\\\/\\\/nature-et-developpement.com\\\/logisain-78\\\/shop\\\/\"},{\"@type\":\"ListItem\",\"position\":3,\"name\":\"Construction, cloison et fen\u00eatres\",\"item\":\"https:\\\/\\\/nature-et-developpement.com\\\/logisain-78\\\/produits\\\/construction\\\/\"},{\"@type\":\"ListItem\",\"position\":4,\"name\":\"Ma\u00e7onnerie\",\"item\":\"https:\\\/\\\/nature-et-developpement.com\\\/logisain-78\\\/produits\\\/construction\\\/maconnerie\\\/\"},{\"@type\":\"ListItem\",\"position\":5,\"name\":\"Bloc de chanvre en U \u00e0 ma\u00e7onner Hempro d&rsquo;Isohemp\"}]},{\"@type\":\"WebSite\",\"@id\":\"https:\\\/\\\/nature-et-developpement.com\\\/logisain-78\\\/#website\",\"url\":\"https:\\\/\\\/nature-et-developpement.com\\\/logisain-78\\\/\",\"name\":\"LOGISAIN 78 \u2013 Magasin de mat\u00e9riaux biosourc\u00e9s\",\"description\":\"Logisain 78 est membre du groupement Nature &amp; D\u00e9veloppement\",\"publisher\":{\"@id\":\"https:\\\/\\\/nature-et-developpement.com\\\/logisain-78\\\/#organization\"},\"potentialAction\":[{\"@type\":\"SearchAction\",\"target\":{\"@type\":\"EntryPoint\",\"urlTemplate\":\"https:\\\/\\\/nature-et-developpement.com\\\/logisain-78\\\/?s={search_term_string}\"},\"query-input\":{\"@type\":\"PropertyValueSpecification\",\"valueRequired\":true,\"valueName\":\"search_term_string\"}}],\"inLanguage\":\"fr-FR\"},{\"@type\":\"Organization\",\"@id\":\"https:\\\/\\\/nature-et-developpement.com\\\/logisain-78\\\/#organization\",\"name\":\"Logisain 78\",\"url\":\"https:\\\/\\\/nature-et-developpement.com\\\/logisain-78\\\/\",\"logo\":{\"@type\":\"ImageObject\",\"inLanguage\":\"fr-FR\",\"@id\":\"https:\\\/\\\/nature-et-developpement.com\\\/logisain-78\\\/#\\\/schema\\\/logo\\\/image\\\/\",\"url\":\"https:\\\/\\\/nature-et-developpement.com\\\/logisain-78\\\/wp-content\\\/uploads\\\/sites\\\/5\\\/2021\\\/08\\\/logo-logisain.jpg\",\"contentUrl\":\"https:\\\/\\\/nature-et-developpement.com\\\/logisain-78\\\/wp-content\\\/uploads\\\/sites\\\/5\\\/2021\\\/08\\\/logo-logisain.jpg\",\"width\":672,\"height\":455,\"caption\":\"Logisain 78\"},\"image\":{\"@id\":\"https:\\\/\\\/nature-et-developpement.com\\\/logisain-78\\\/#\\\/schema\\\/logo\\\/image\\\/\"}}]}<\/script>\n<!-- \/ Yoast SEO plugin. -->","yoast_head_json":{"title":"Bloc de chanvre en U \u00e0 ma\u00e7onner Hempro d'Isohemp","description":"Le bloc U est un bloc de chanvre comportant un \u00e9videment horizontal destin\u00e9 \u00e0 la r\u00e9alisation d\u2019une poutre de ceinture en b\u00e9ton arm\u00e9 du b\u00e2timent.  Il est utilis\u00e9 dans le syst\u00e8me constructif Hempro d\u2019IsoHemp pour r\u00e9aliser une enveloppe compl\u00e8te de l\u2019habitat uniquement en blocs de chanvre.  Il sera associ\u00e9 au bloc perc\u00e9 pour obtenir une construction homog\u00e8ne.  Vendu \u00e0 la palette","robots":{"index":"noindex","follow":"nofollow"},"og_locale":"fr_FR","og_type":"article","og_title":"Bloc de chanvre en U \u00e0 ma\u00e7onner Hempro d'Isohemp","og_description":"Le bloc U est un bloc de chanvre comportant un \u00e9videment horizontal destin\u00e9 \u00e0 la r\u00e9alisation d\u2019une poutre de ceinture en b\u00e9ton arm\u00e9 du b\u00e2timent.  Il est utilis\u00e9 dans le syst\u00e8me constructif Hempro d\u2019IsoHemp pour r\u00e9aliser une enveloppe compl\u00e8te de l\u2019habitat uniquement en blocs de chanvre.  Il sera associ\u00e9 au bloc perc\u00e9 pour obtenir une construction homog\u00e8ne.  Vendu \u00e0 la palette","og_url":"https:\/\/nature-et-developpement.com\/logisain-78\/produit\/bloc-de-chanvre-en-u-isohemp\/","og_site_name":"LOGISAIN 78 \u2013 Magasin de mat\u00e9riaux biosourc\u00e9s","article_modified_time":"2026-01-28T16:10:18+00:00","twitter_card":"summary_large_image","twitter_misc":{"Dur\u00e9e de lecture estim\u00e9e":"2 minutes"},"schema":{"@context":"https:\/\/schema.org","@graph":[{"@type":"WebPage","@id":"https:\/\/nature-et-developpement.com\/logisain-78\/produit\/bloc-de-chanvre-en-u-isohemp\/","url":"https:\/\/nature-et-developpement.com\/logisain-78\/produit\/bloc-de-chanvre-en-u-isohemp\/","name":"Bloc de chanvre en U \u00e0 ma\u00e7onner Hempro d'Isohemp","isPartOf":{"@id":"https:\/\/nature-et-developpement.com\/logisain-78\/#website"},"primaryImageOfPage":{"@id":"https:\/\/nature-et-developpement.com\/logisain-78\/produit\/bloc-de-chanvre-en-u-isohemp\/#primaryimage"},"image":{"@id":"https:\/\/nature-et-developpement.com\/logisain-78\/produit\/bloc-de-chanvre-en-u-isohemp\/#primaryimage"},"thumbnailUrl":"https:\/\/nature-et-developpement.com\/logisain-78\/wp-content\/uploads\/Bloc-U-chainage-horizontal-Hemppro-IsoHemp.jpg","datePublished":"2023-07-31T22:00:00+00:00","dateModified":"2026-01-28T16:10:18+00:00","description":"Le bloc U est un bloc de chanvre comportant un \u00e9videment horizontal destin\u00e9 \u00e0 la r\u00e9alisation d\u2019une poutre de ceinture en b\u00e9ton arm\u00e9 du b\u00e2timent. Il est utilis\u00e9 dans le syst\u00e8me constructif Hempro d\u2019IsoHemp pour r\u00e9aliser une enveloppe compl\u00e8te de l\u2019habitat uniquement en blocs de chanvre. Il sera associ\u00e9 au bloc perc\u00e9 pour obtenir une construction homog\u00e8ne. Vendu \u00e0 la palette","breadcrumb":{"@id":"https:\/\/nature-et-developpement.com\/logisain-78\/produit\/bloc-de-chanvre-en-u-isohemp\/#breadcrumb"},"inLanguage":"fr-FR","potentialAction":[{"@type":"ReadAction","target":["https:\/\/nature-et-developpement.com\/logisain-78\/produit\/bloc-de-chanvre-en-u-isohemp\/"]}]},{"@type":"ImageObject","inLanguage":"fr-FR","@id":"https:\/\/nature-et-developpement.com\/logisain-78\/produit\/bloc-de-chanvre-en-u-isohemp\/#primaryimage","url":"https:\/\/nature-et-developpement.com\/logisain-78\/wp-content\/uploads\/Bloc-U-chainage-horizontal-Hemppro-IsoHemp.jpg","contentUrl":"https:\/\/nature-et-developpement.com\/logisain-78\/wp-content\/uploads\/Bloc-U-chainage-horizontal-Hemppro-IsoHemp.jpg"},{"@type":"BreadcrumbList","@id":"https:\/\/nature-et-developpement.com\/logisain-78\/produit\/bloc-de-chanvre-en-u-isohemp\/#breadcrumb","itemListElement":[{"@type":"ListItem","position":1,"name":"Accueil","item":"https:\/\/nature-et-developpement.com\/logisain-78\/"},{"@type":"ListItem","position":2,"name":"Produits","item":"https:\/\/nature-et-developpement.com\/logisain-78\/shop\/"},{"@type":"ListItem","position":3,"name":"Construction, cloison et fen\u00eatres","item":"https:\/\/nature-et-developpement.com\/logisain-78\/produits\/construction\/"},{"@type":"ListItem","position":4,"name":"Ma\u00e7onnerie","item":"https:\/\/nature-et-developpement.com\/logisain-78\/produits\/construction\/maconnerie\/"},{"@type":"ListItem","position":5,"name":"Bloc de chanvre en U \u00e0 ma\u00e7onner Hempro d&rsquo;Isohemp"}]},{"@type":"WebSite","@id":"https:\/\/nature-et-developpement.com\/logisain-78\/#website","url":"https:\/\/nature-et-developpement.com\/logisain-78\/","name":"LOGISAIN 78 \u2013 Magasin de mat\u00e9riaux biosourc\u00e9s","description":"Logisain 78 est membre du groupement Nature &amp; D\u00e9veloppement","publisher":{"@id":"https:\/\/nature-et-developpement.com\/logisain-78\/#organization"},"potentialAction":[{"@type":"SearchAction","target":{"@type":"EntryPoint","urlTemplate":"https:\/\/nature-et-developpement.com\/logisain-78\/?s={search_term_string}"},"query-input":{"@type":"PropertyValueSpecification","valueRequired":true,"valueName":"search_term_string"}}],"inLanguage":"fr-FR"},{"@type":"Organization","@id":"https:\/\/nature-et-developpement.com\/logisain-78\/#organization","name":"Logisain 78","url":"https:\/\/nature-et-developpement.com\/logisain-78\/","logo":{"@type":"ImageObject","inLanguage":"fr-FR","@id":"https:\/\/nature-et-developpement.com\/logisain-78\/#\/schema\/logo\/image\/","url":"https:\/\/nature-et-developpement.com\/logisain-78\/wp-content\/uploads\/sites\/5\/2021\/08\/logo-logisain.jpg","contentUrl":"https:\/\/nature-et-developpement.com\/logisain-78\/wp-content\/uploads\/sites\/5\/2021\/08\/logo-logisain.jpg","width":672,"height":455,"caption":"Logisain 78"},"image":{"@id":"https:\/\/nature-et-developpement.com\/logisain-78\/#\/schema\/logo\/image\/"}}]}},"distributor_meta":false,"distributor_terms":false,"distributor_media":false,"distributor_original_site_name":"LOGISAIN 78 \u2013 Magasin de mat\u00e9riaux biosourc\u00e9s","distributor_original_site_url":"https:\/\/nature-et-developpement.com\/logisain-78","push-errors":false,"_links":{"self":[{"href":"https:\/\/nature-et-developpement.com\/logisain-78\/wp-json\/wp\/v2\/product\/11932","targetHints":{"allow":["GET"]}}],"collection":[{"href":"https:\/\/nature-et-developpement.com\/logisain-78\/wp-json\/wp\/v2\/product"}],"about":[{"href":"https:\/\/nature-et-developpement.com\/logisain-78\/wp-json\/wp\/v2\/types\/product"}],"wp:featuredmedia":[{"embeddable":true,"href":"https:\/\/nature-et-developpement.com\/logisain-78\/wp-json\/"}],"wp:attachment":[{"href":"https:\/\/nature-et-developpement.com\/logisain-78\/wp-json\/wp\/v2\/media?parent=11932"}],"wp:term":[{"taxonomy":"product_brand","embeddable":true,"href":"https:\/\/nature-et-developpement.com\/logisain-78\/wp-json\/wp\/v2\/product_brand?post=11932"},{"taxonomy":"product_cat","embeddable":true,"href":"https:\/\/nature-et-developpement.com\/logisain-78\/wp-json\/wp\/v2\/product_cat?post=11932"},{"taxonomy":"product_tag","embeddable":true,"href":"https:\/\/nature-et-developpement.com\/logisain-78\/wp-json\/wp\/v2\/product_tag?post=11932"}],"curies":[{"name":"wp","href":"https:\/\/api.w.org\/{rel}","templated":true}]}}