{"id":26143,"date":"2022-01-27T16:30:36","date_gmt":"2022-01-27T15:30:36","guid":{"rendered":"https:\/\/nature-et-developpement.com\/logisain-78\/produit\/huile-de-lin-crue-vierge-pression-a-froid-natura\/"},"modified":"2026-03-27T11:20:11","modified_gmt":"2026-03-27T10:20:11","slug":"huile-de-lin-crue-vierge-pression-a-froid-natura","status":"publish","type":"product","link":"https:\/\/nature-et-developpement.com\/logisain-78\/produit\/huile-de-lin-crue-vierge-pression-a-froid-natura\/","title":{"rendered":"Huile de lin crue vierge pression \u00e0 froid de Natura"},"content":{"rendered":"<h3>Pourquoi l\u2019huile de lin crue<\/h3>\n<p>Id\u00e9al pour la protection et entretien des boiseries et li\u00e8ge, cuir, supports min\u00e9raux, terre cuite, brique, tommette, etc.<\/p>\n<p>Cette huile v\u00e9g\u00e9tal est naturellement antistatique et prot\u00e8ge de la poussi\u00e8re.<\/p>\n<p>Elle peut servir de premi\u00e8re couche d&rsquo;impr\u00e9gnation avant l&rsquo;huile cuite.<\/p>\n<p>Ce liant sert aussi \u00e0 la protection et la d\u00e9coration du bois (surfaces, huisseries, meubles,&#8230;)<\/p>\n<p>Ainsi que pour le li\u00e8ge et les supports min\u00e9raux poreux en int\u00e9rieur (pierre naturelle, briquettes,&#8230;).<\/p>\n<p>Mais aussi pour la protection des bois lasur\u00e9s soumis aux agressions ou aux nettoyages fr\u00e9quents (cuisines, salles de bain, huisseries, plans de travail).<\/p>\n<p>Extraite des graines du linum usitatissimum (Linac\u00e9es), l\u2019huile de lin est la plus utilis\u00e9e des huiles siccatives.<\/p>\n<p>Les graines d\u2019origine normande est valoris\u00e9es dans le cadre d\u2019un p\u00f4le d\u2019excellence rurale.<\/p>\n<p>Les cultures sont garanties sans OGM.<\/p>\n<p>Avec une valorisation des sous produits peu exploit\u00e9s (graines de lin textile).<\/p>\n<p>Une production en circuit court, dans un rayon de 30km, favorisant un d\u00e9veloppement de l\u2019\u00e9conomie locale.<\/p>\n<h3>Un peu d\u2019histoire\u2026<\/h3>\n<p>La culture de lin est tr\u00e8s ancienne et fut longtemps enti\u00e8rement d\u00e9di\u00e9e \u00e0 la production de fibre.<\/p>\n<p>Les plus anciennes traces de fibres de lin retrouv\u00e9es en G\u00e9orgie datent de 36 000 ans.<\/p>\n<p>La culture est apparue en Europe au n\u00e9olithique, mais il faudra attendre le XI\u00e8me si\u00e8cle pour qu\u2019elle se g\u00e9n\u00e9ralise gr\u00e2ce \u00e0 Charlemagne.<\/p>\n<p>Les propri\u00e9t\u00e9s m\u00e9dicinales de la graine sont connues depuis Hippocrate.<\/p>\n<p>Quant \u00e0 l\u2019huile, son usage s\u2019est r\u00e9pandu \u00e0 partir du XVI\u00e8 si\u00e8cle.<\/p>\n<p>Elle a connu un nombre consid\u00e9rable d\u2019usages, dont la peinture \u00e0 l\u2019huile et le fameux\u00a0<em>linoleum<\/em>, qui signifie litt\u00e9ralement\u00a0<em>huile de lin<\/em>.<\/p>\n<p>Ces huiles v\u00e9g\u00e9tales furent interdites, en France, au XX\u00e8me si\u00e8cle, suspect\u00e9e alors de devenir toxique si rancie.<\/p>\n<p>Ce liant a \u00e9t\u00e9 r\u00e9-autoris\u00e9e en 2009 et jouit, depuis, d\u2019une belle renomm\u00e9e.<\/p>\n<h3>Utilisations recommand\u00e9es :<\/h3>\n<p>Vernis en profondeur pour bois, li\u00e8ges, cuirs, carrelages min\u00e9raux poreux, terrassements.<\/p>\n<p>Couche de vernis avant finie \u00e0 l&rsquo;huile cuite ou sur la surface int\u00e9rieure.<\/p>\n","protected":false},"excerpt":{"rendered":"<p>Huile de lin obtenue par pression \u00e0 froid sans solvant, filtr\u00e9e \u00e0 1\u03bcm.<br \/>\nUne teinte jaune orang\u00e9 et un effet mouill\u00e9 plus accentu\u00e9 qu&rsquo;avec une huile cuite.<\/p>\n","protected":false},"featured_media":1000000166412,"template":"","meta":[],"product_brand":[2855],"product_cat":[124,472,2909,473,49,1417],"product_tag":[4163],"class_list":{"0":"post-26143","1":"product","2":"type-product","3":"status-publish","4":"has-post-thumbnail","6":"product_brand-natura","7":"product_cat-accessoires-peinture-et-enduit","8":"product_cat-adjuvants","9":"product_cat-demande-de-devis-uniquement-sans-prix","10":"product_cat-droguerie","11":"product_cat-protection-du-bois","12":"product_cat-traitement-bois-et-pierre-ecologique","13":"product_tag-traitement-du-bois","14":"product_shipping_class-peintures-accessoires-peintures","16":"first","17":"instock","18":"taxable","19":"shipping-taxable","20":"purchasable","21":"product-type-variable"},"yoast_head":"<!-- This site is optimized with the Yoast SEO plugin v27.5 - https:\/\/yoast.com\/product\/yoast-seo-wordpress\/ -->\n<title>Huile de lin crue vierge pression \u00e0 froid de Natura<\/title>\n<meta name=\"description\" content=\"Huile de lin obtenue par pression \u00e0 froid sans solvant, filtr\u00e9e \u00e0 1\u03bcm. Une teinte jaune orang\u00e9 et un effet mouill\u00e9 plus accentu\u00e9 qu&#039;avec une huile cuite.\" \/>\n<meta name=\"robots\" content=\"noindex, nofollow\" \/>\n<meta property=\"og:locale\" content=\"fr_FR\" \/>\n<meta property=\"og:type\" content=\"article\" \/>\n<meta property=\"og:title\" content=\"Huile de lin crue vierge pression \u00e0 froid de Natura\" \/>\n<meta property=\"og:description\" content=\"Huile de lin obtenue par pression \u00e0 froid sans solvant, filtr\u00e9e \u00e0 1\u03bcm. Une teinte jaune orang\u00e9 et un effet mouill\u00e9 plus accentu\u00e9 qu&#039;avec une huile cuite.\" \/>\n<meta property=\"og:url\" content=\"https:\/\/nature-et-developpement.com\/logisain-78\/produit\/huile-de-lin-crue-vierge-pression-a-froid-natura\/\" \/>\n<meta property=\"og:site_name\" content=\"LOGISAIN 78 \u2013 Magasin de mat\u00e9riaux biosourc\u00e9s\" \/>\n<meta property=\"article:modified_time\" content=\"2026-03-27T10:20:11+00:00\" \/>\n<meta name=\"twitter:card\" content=\"summary_large_image\" \/>\n<meta name=\"twitter:label1\" content=\"Dur\u00e9e de lecture estim\u00e9e\" \/>\n\t<meta name=\"twitter:data1\" content=\"2 minutes\" \/>\n<script type=\"application\/ld+json\" class=\"yoast-schema-graph\">{\"@context\":\"https:\\\/\\\/schema.org\",\"@graph\":[{\"@type\":\"WebPage\",\"@id\":\"https:\\\/\\\/nature-et-developpement.com\\\/logisain-78\\\/produit\\\/huile-de-lin-crue-vierge-pression-a-froid-natura\\\/\",\"url\":\"https:\\\/\\\/nature-et-developpement.com\\\/logisain-78\\\/produit\\\/huile-de-lin-crue-vierge-pression-a-froid-natura\\\/\",\"name\":\"Huile de lin crue vierge pression \u00e0 froid de Natura\",\"isPartOf\":{\"@id\":\"https:\\\/\\\/nature-et-developpement.com\\\/logisain-78\\\/#website\"},\"primaryImageOfPage\":{\"@id\":\"https:\\\/\\\/nature-et-developpement.com\\\/logisain-78\\\/produit\\\/huile-de-lin-crue-vierge-pression-a-froid-natura\\\/#primaryimage\"},\"image\":{\"@id\":\"https:\\\/\\\/nature-et-developpement.com\\\/logisain-78\\\/produit\\\/huile-de-lin-crue-vierge-pression-a-froid-natura\\\/#primaryimage\"},\"thumbnailUrl\":\"https:\\\/\\\/nature-et-developpement.com\\\/logisain-78\\\/wp-content\\\/uploads\\\/Huile-de-lin-crue-Natura-1-litre-huiles-des-terres-normandes.jpg\",\"datePublished\":\"2022-01-27T15:30:36+00:00\",\"dateModified\":\"2026-03-27T10:20:11+00:00\",\"description\":\"Huile de lin obtenue par pression \u00e0 froid sans solvant, filtr\u00e9e \u00e0 1\u03bcm. Une teinte jaune orang\u00e9 et un effet mouill\u00e9 plus accentu\u00e9 qu'avec une huile cuite.\",\"breadcrumb\":{\"@id\":\"https:\\\/\\\/nature-et-developpement.com\\\/logisain-78\\\/produit\\\/huile-de-lin-crue-vierge-pression-a-froid-natura\\\/#breadcrumb\"},\"inLanguage\":\"fr-FR\",\"potentialAction\":[{\"@type\":\"ReadAction\",\"target\":[\"https:\\\/\\\/nature-et-developpement.com\\\/logisain-78\\\/produit\\\/huile-de-lin-crue-vierge-pression-a-froid-natura\\\/\"]}]},{\"@type\":\"ImageObject\",\"inLanguage\":\"fr-FR\",\"@id\":\"https:\\\/\\\/nature-et-developpement.com\\\/logisain-78\\\/produit\\\/huile-de-lin-crue-vierge-pression-a-froid-natura\\\/#primaryimage\",\"url\":\"https:\\\/\\\/nature-et-developpement.com\\\/logisain-78\\\/wp-content\\\/uploads\\\/Huile-de-lin-crue-Natura-1-litre-huiles-des-terres-normandes.jpg\",\"contentUrl\":\"https:\\\/\\\/nature-et-developpement.com\\\/logisain-78\\\/wp-content\\\/uploads\\\/Huile-de-lin-crue-Natura-1-litre-huiles-des-terres-normandes.jpg\"},{\"@type\":\"BreadcrumbList\",\"@id\":\"https:\\\/\\\/nature-et-developpement.com\\\/logisain-78\\\/produit\\\/huile-de-lin-crue-vierge-pression-a-froid-natura\\\/#breadcrumb\",\"itemListElement\":[{\"@type\":\"ListItem\",\"position\":1,\"name\":\"Accueil\",\"item\":\"https:\\\/\\\/nature-et-developpement.com\\\/logisain-78\\\/\"},{\"@type\":\"ListItem\",\"position\":2,\"name\":\"Produits\",\"item\":\"https:\\\/\\\/nature-et-developpement.com\\\/logisain-78\\\/shop\\\/\"},{\"@type\":\"ListItem\",\"position\":3,\"name\":\"Peinture, pigment et enduit\",\"item\":\"https:\\\/\\\/nature-et-developpement.com\\\/logisain-78\\\/produits\\\/peinture-et-enduit\\\/\"},{\"@type\":\"ListItem\",\"position\":4,\"name\":\"Protection du bois\",\"item\":\"https:\\\/\\\/nature-et-developpement.com\\\/logisain-78\\\/produits\\\/peinture-et-enduit\\\/protection-du-bois\\\/\"},{\"@type\":\"ListItem\",\"position\":5,\"name\":\"Huile de lin crue vierge pression \u00e0 froid de Natura\"}]},{\"@type\":\"WebSite\",\"@id\":\"https:\\\/\\\/nature-et-developpement.com\\\/logisain-78\\\/#website\",\"url\":\"https:\\\/\\\/nature-et-developpement.com\\\/logisain-78\\\/\",\"name\":\"LOGISAIN 78 \u2013 Magasin de mat\u00e9riaux biosourc\u00e9s\",\"description\":\"Logisain 78 est membre du groupement Nature &amp; D\u00e9veloppement\",\"publisher\":{\"@id\":\"https:\\\/\\\/nature-et-developpement.com\\\/logisain-78\\\/#organization\"},\"potentialAction\":[{\"@type\":\"SearchAction\",\"target\":{\"@type\":\"EntryPoint\",\"urlTemplate\":\"https:\\\/\\\/nature-et-developpement.com\\\/logisain-78\\\/?s={search_term_string}\"},\"query-input\":{\"@type\":\"PropertyValueSpecification\",\"valueRequired\":true,\"valueName\":\"search_term_string\"}}],\"inLanguage\":\"fr-FR\"},{\"@type\":\"Organization\",\"@id\":\"https:\\\/\\\/nature-et-developpement.com\\\/logisain-78\\\/#organization\",\"name\":\"Logisain 78\",\"url\":\"https:\\\/\\\/nature-et-developpement.com\\\/logisain-78\\\/\",\"logo\":{\"@type\":\"ImageObject\",\"inLanguage\":\"fr-FR\",\"@id\":\"https:\\\/\\\/nature-et-developpement.com\\\/logisain-78\\\/#\\\/schema\\\/logo\\\/image\\\/\",\"url\":\"https:\\\/\\\/nature-et-developpement.com\\\/logisain-78\\\/wp-content\\\/uploads\\\/sites\\\/5\\\/2021\\\/08\\\/logo-logisain.jpg\",\"contentUrl\":\"https:\\\/\\\/nature-et-developpement.com\\\/logisain-78\\\/wp-content\\\/uploads\\\/sites\\\/5\\\/2021\\\/08\\\/logo-logisain.jpg\",\"width\":672,\"height\":455,\"caption\":\"Logisain 78\"},\"image\":{\"@id\":\"https:\\\/\\\/nature-et-developpement.com\\\/logisain-78\\\/#\\\/schema\\\/logo\\\/image\\\/\"}}]}<\/script>\n<!-- \/ Yoast SEO plugin. -->","yoast_head_json":{"title":"Huile de lin crue vierge pression \u00e0 froid de Natura","description":"Huile de lin obtenue par pression \u00e0 froid sans solvant, filtr\u00e9e \u00e0 1\u03bcm. Une teinte jaune orang\u00e9 et un effet mouill\u00e9 plus accentu\u00e9 qu'avec une huile cuite.","robots":{"index":"noindex","follow":"nofollow"},"og_locale":"fr_FR","og_type":"article","og_title":"Huile de lin crue vierge pression \u00e0 froid de Natura","og_description":"Huile de lin obtenue par pression \u00e0 froid sans solvant, filtr\u00e9e \u00e0 1\u03bcm. Une teinte jaune orang\u00e9 et un effet mouill\u00e9 plus accentu\u00e9 qu'avec une huile cuite.","og_url":"https:\/\/nature-et-developpement.com\/logisain-78\/produit\/huile-de-lin-crue-vierge-pression-a-froid-natura\/","og_site_name":"LOGISAIN 78 \u2013 Magasin de mat\u00e9riaux biosourc\u00e9s","article_modified_time":"2026-03-27T10:20:11+00:00","twitter_card":"summary_large_image","twitter_misc":{"Dur\u00e9e de lecture estim\u00e9e":"2 minutes"},"schema":{"@context":"https:\/\/schema.org","@graph":[{"@type":"WebPage","@id":"https:\/\/nature-et-developpement.com\/logisain-78\/produit\/huile-de-lin-crue-vierge-pression-a-froid-natura\/","url":"https:\/\/nature-et-developpement.com\/logisain-78\/produit\/huile-de-lin-crue-vierge-pression-a-froid-natura\/","name":"Huile de lin crue vierge pression \u00e0 froid de Natura","isPartOf":{"@id":"https:\/\/nature-et-developpement.com\/logisain-78\/#website"},"primaryImageOfPage":{"@id":"https:\/\/nature-et-developpement.com\/logisain-78\/produit\/huile-de-lin-crue-vierge-pression-a-froid-natura\/#primaryimage"},"image":{"@id":"https:\/\/nature-et-developpement.com\/logisain-78\/produit\/huile-de-lin-crue-vierge-pression-a-froid-natura\/#primaryimage"},"thumbnailUrl":"https:\/\/nature-et-developpement.com\/logisain-78\/wp-content\/uploads\/Huile-de-lin-crue-Natura-1-litre-huiles-des-terres-normandes.jpg","datePublished":"2022-01-27T15:30:36+00:00","dateModified":"2026-03-27T10:20:11+00:00","description":"Huile de lin obtenue par pression \u00e0 froid sans solvant, filtr\u00e9e \u00e0 1\u03bcm. Une teinte jaune orang\u00e9 et un effet mouill\u00e9 plus accentu\u00e9 qu'avec une huile cuite.","breadcrumb":{"@id":"https:\/\/nature-et-developpement.com\/logisain-78\/produit\/huile-de-lin-crue-vierge-pression-a-froid-natura\/#breadcrumb"},"inLanguage":"fr-FR","potentialAction":[{"@type":"ReadAction","target":["https:\/\/nature-et-developpement.com\/logisain-78\/produit\/huile-de-lin-crue-vierge-pression-a-froid-natura\/"]}]},{"@type":"ImageObject","inLanguage":"fr-FR","@id":"https:\/\/nature-et-developpement.com\/logisain-78\/produit\/huile-de-lin-crue-vierge-pression-a-froid-natura\/#primaryimage","url":"https:\/\/nature-et-developpement.com\/logisain-78\/wp-content\/uploads\/Huile-de-lin-crue-Natura-1-litre-huiles-des-terres-normandes.jpg","contentUrl":"https:\/\/nature-et-developpement.com\/logisain-78\/wp-content\/uploads\/Huile-de-lin-crue-Natura-1-litre-huiles-des-terres-normandes.jpg"},{"@type":"BreadcrumbList","@id":"https:\/\/nature-et-developpement.com\/logisain-78\/produit\/huile-de-lin-crue-vierge-pression-a-froid-natura\/#breadcrumb","itemListElement":[{"@type":"ListItem","position":1,"name":"Accueil","item":"https:\/\/nature-et-developpement.com\/logisain-78\/"},{"@type":"ListItem","position":2,"name":"Produits","item":"https:\/\/nature-et-developpement.com\/logisain-78\/shop\/"},{"@type":"ListItem","position":3,"name":"Peinture, pigment et enduit","item":"https:\/\/nature-et-developpement.com\/logisain-78\/produits\/peinture-et-enduit\/"},{"@type":"ListItem","position":4,"name":"Protection du bois","item":"https:\/\/nature-et-developpement.com\/logisain-78\/produits\/peinture-et-enduit\/protection-du-bois\/"},{"@type":"ListItem","position":5,"name":"Huile de lin crue vierge pression \u00e0 froid de Natura"}]},{"@type":"WebSite","@id":"https:\/\/nature-et-developpement.com\/logisain-78\/#website","url":"https:\/\/nature-et-developpement.com\/logisain-78\/","name":"LOGISAIN 78 \u2013 Magasin de mat\u00e9riaux biosourc\u00e9s","description":"Logisain 78 est membre du groupement Nature &amp; D\u00e9veloppement","publisher":{"@id":"https:\/\/nature-et-developpement.com\/logisain-78\/#organization"},"potentialAction":[{"@type":"SearchAction","target":{"@type":"EntryPoint","urlTemplate":"https:\/\/nature-et-developpement.com\/logisain-78\/?s={search_term_string}"},"query-input":{"@type":"PropertyValueSpecification","valueRequired":true,"valueName":"search_term_string"}}],"inLanguage":"fr-FR"},{"@type":"Organization","@id":"https:\/\/nature-et-developpement.com\/logisain-78\/#organization","name":"Logisain 78","url":"https:\/\/nature-et-developpement.com\/logisain-78\/","logo":{"@type":"ImageObject","inLanguage":"fr-FR","@id":"https:\/\/nature-et-developpement.com\/logisain-78\/#\/schema\/logo\/image\/","url":"https:\/\/nature-et-developpement.com\/logisain-78\/wp-content\/uploads\/sites\/5\/2021\/08\/logo-logisain.jpg","contentUrl":"https:\/\/nature-et-developpement.com\/logisain-78\/wp-content\/uploads\/sites\/5\/2021\/08\/logo-logisain.jpg","width":672,"height":455,"caption":"Logisain 78"},"image":{"@id":"https:\/\/nature-et-developpement.com\/logisain-78\/#\/schema\/logo\/image\/"}}]}},"distributor_meta":false,"distributor_terms":false,"distributor_media":false,"distributor_original_site_name":"LOGISAIN 78 \u2013 Magasin de mat\u00e9riaux biosourc\u00e9s","distributor_original_site_url":"https:\/\/nature-et-developpement.com\/logisain-78","push-errors":false,"_links":{"self":[{"href":"https:\/\/nature-et-developpement.com\/logisain-78\/wp-json\/wp\/v2\/product\/26143","targetHints":{"allow":["GET"]}}],"collection":[{"href":"https:\/\/nature-et-developpement.com\/logisain-78\/wp-json\/wp\/v2\/product"}],"about":[{"href":"https:\/\/nature-et-developpement.com\/logisain-78\/wp-json\/wp\/v2\/types\/product"}],"wp:featuredmedia":[{"embeddable":true,"href":"https:\/\/nature-et-developpement.com\/logisain-78\/wp-json\/"}],"wp:attachment":[{"href":"https:\/\/nature-et-developpement.com\/logisain-78\/wp-json\/wp\/v2\/media?parent=26143"}],"wp:term":[{"taxonomy":"product_brand","embeddable":true,"href":"https:\/\/nature-et-developpement.com\/logisain-78\/wp-json\/wp\/v2\/product_brand?post=26143"},{"taxonomy":"product_cat","embeddable":true,"href":"https:\/\/nature-et-developpement.com\/logisain-78\/wp-json\/wp\/v2\/product_cat?post=26143"},{"taxonomy":"product_tag","embeddable":true,"href":"https:\/\/nature-et-developpement.com\/logisain-78\/wp-json\/wp\/v2\/product_tag?post=26143"}],"curies":[{"name":"wp","href":"https:\/\/api.w.org\/{rel}","templated":true}]}}