{"id":27371,"date":"2020-04-01T00:00:00","date_gmt":"2020-03-31T22:00:00","guid":{"rendered":"https:\/\/nature-et-developpement.com\/logisain-78\/produit\/peinture-ecologique-lavable-teintee-tassili-satin-label-pure\/"},"modified":"2025-06-12T16:58:29","modified_gmt":"2025-06-12T14:58:29","slug":"peinture-lavable-teintee-tassili-satin-label-pure","status":"publish","type":"product","link":"https:\/\/nature-et-developpement.com\/logisain-78\/produit\/peinture-lavable-teintee-tassili-satin-label-pure\/","title":{"rendered":"Peinture v\u00e9g\u00e9tale lavable satin teint\u00e9e Label PURE TASSILI de Natura"},"content":{"rendered":"<h2>Peinture Satin\u00a0 Label PURE TASSILI<\/h2>\n<p>La peinture \u00e9cologique NATURA satin plus int\u00e9rieur\u00a0est \u00e0 plus de 99% issue de mati\u00e8res premi\u00e8res naturelles.<\/p>\n<p>Plus de 5000 teintes r\u00e9alis\u00e9es avec nos colorants sans COV en liant naturel. Teintes pastelles et vives.<\/p>\n<p>Brillance satin\u00e9e exceptionnelle pour une peinture naturelle &#8211; Excellent couvrant, garnissant et lessivable<br \/>\nMonocouche sur support homog\u00e8ne imprim\u00e9 \u00e0 50\u03bcm sec .<\/p>\n<p><b>Qualit\u00e9s environnementales <\/b>:<br \/>\nSubstance naturelle : 62,9%<br \/>\nSubstance d\u2019origine naturelle transform\u00e9e : 18,5%<br \/>\nDioxyde de titane (minerai transform\u00e9 chimiquement) : 17,6%<br \/>\nSubstance p\u00e9trochimique : 1%<br \/>\nTr\u00e8s faible taux de C.O.V. (0,05g\/L)<br \/>\nM\u00eames performances techniques que celles exig\u00e9es par l&rsquo;Ecolabel, attest\u00e9es par laboratoire tierce partie<\/p>\n<p><b>Supports : <\/b>Tous les supports classiques du b\u00e2timent d\u00fbment imprim\u00e9s avec TASSILI PRIMAIRE.<\/p>\n<p>Sur pl\u00e2tre, placopl\u00e2tre, Fermacell ou \u00e9quivalent, papier \u00e0 peindre, toile de verre, enduits min\u00e9raux, anciennes peintures adh\u00e9rente, boiseries.<\/p>\n<p><strong>Consommation :<\/strong> 17 \u00e0 20m\u00b2\/L par couche<\/p>\n<p><b>Pr\u00e9paration<\/b> :<br \/>\n&#8211; Les surfaces \u00e0 peindre doivent \u00eatre propres, saines et s\u00e8ches.<br \/>\n&#8211; Les anciennes peintures non adh\u00e9rentes doivent \u00eatre \u00e9limin\u00e9es<br \/>\n&#8211; Supports non peints: d\u00e9poussi\u00e9rer \u00e0 l&rsquo;\u00e9ponge humide, laisser s\u00e9cher et appliquer imp\u00e9rativement une couche de TASSILI PRIMAIRE<br \/>\n&#8211; Anciennes peintures: lessiver et rincer le support, laisser s\u00e9cher, \u00e9ventuellement poncer l\u00e9g\u00e8rement de celles qui sont brillantes ou satin\u00e9es puis une couche de TASSILI PRIMAIRE (conseill\u00e9)<\/p>\n<p><b>Application <\/b>:<br \/>\n&#8211; Brosse<br \/>\n&#8211; Rouleau microfibre<br \/>\n&#8211; Airless, station de peinture<\/p>\n<p><b>Mise en oeuvre<\/b> :<br \/>\n&#8211; M\u00e9langer le produit avec soin. Pensez \u00e0 prot\u00e9ger ce qui ne doit \u00eatre peint.<br \/>\n&#8211; Appliquer \u00e0 temp\u00e9rature ambiante de 15 \u00e0 25\u00b0C apr\u00e8s homog\u00e9n\u00e9isation du produit.<br \/>\n&#8211; Commencer par un angle sup\u00e9rieur au rouleau laqueur 4mm ou microfibre 6mm.<br \/>\n&#8211; Appliquer verticalement par bande de 50 \u00e0 60 cm\u00a0<b>sans croiser<\/b><br \/>\n&#8211; Rechampir au pinceau au fur et \u00e0 mesure du travail<br \/>\n&#8211; Unir au rouleau rechampis et zones peintes en s&rsquo;accrochant au plus pr\u00e8s des angles<br \/>\n&#8211; Une fois en bas de mur, terminer en lissant de bas en haut, sans pression et d&rsquo;un seul geste, sans recharger le rouleau<br \/>\n&#8211; Progresser ainsi jusqu&rsquo;au bout du pan de mur qu&rsquo;il faut toujours terminer quand on l&rsquo;a commenc\u00e9 (risque de trace de reprise)conditions.<\/p>\n<p><strong>Dilution :<\/strong> 5%<\/p>\n<p><strong>S\u00e9chage :<\/strong><br \/>\n&#8211; Hors poussi\u00e8re : 30mn<br \/>\n&#8211; Sec au toucher : 70mn<br \/>\n&#8211; Recouvrable : 24h \u00e0 48h<\/p>\n<p><strong>Composition :<\/strong><br \/>\nComposition: eau (1), dioxyde de titane (4), standolie huile de ricin d\u00e9shydrat\u00e9e (2), kaolin (1), carbonate de calcium (1), cas\u00e9ine (2), huile de ricin sulfat\u00e9e (2), huile de chanvre (1), standolie huile de tournesol (2), l\u00e9cithine de soja (1), r\u00e9sinate de zinc (2), siccatif au fer (3), anti-mousse \u00e0 base d&rsquo;huile v\u00e9g\u00e9tale (3), hydroxyde de sodium (2), hexametaphosphate de sodium (2), aluminosilicate de sodium (2), \u00e9paississant \u00e0 base d&rsquo;ether de cellulose (2)(3), conservateurs \u00e0 base de MIT\/BIT\/CIT (3)<\/p>\n<p>(1) Substance naturelle : 62,9% &#8211; (2) Substance d\u2019origine naturelle transform\u00e9e : 18,5% &#8211; (3) Substance p\u00e9trochimique : 1% &#8211; (4) Dioxyde<br \/>\nde titane (minerai transform\u00e9 chimiquement) : 17,6%<\/p>\n","protected":false},"excerpt":{"rendered":"<p><strong><a class=\"btn btn-default\" href=\"https:\/\/nature-et-developpement.com\/wp-content\/uploads\/cms\/KEIM\/Spektrum_KEIM.pdf\" target=\"_blank\" rel=\"noopener\"><img loading=\"lazy\" decoding=\"async\" class=\"alignleft wp-image-108482\" src=\"https:\/\/nature-et-developpement.com\/wp-content\/uploads\/cms\/NATURA\/COULEURS_2020-450x450.jpg\" alt=\"\" width=\"30\" height=\"30\" \/><\/a><a href=\"https:\/\/nature-et-developpement.com\/wp-content\/uploads\/Nuancier_NATURA_2021_ND.pdf\" target=\"_blank\" rel=\"noopener\">Choisissez votre couleur<\/a><\/strong><br \/>\n<a href=\"https:\/\/nature-et-developpement.com\/wp-content\/uploads\/CLASSIFICATION%20TEINTES%20NATURA.pdf\" target=\"_blank\" rel=\"noopener\"><strong>Retrouvez votre classe de prix<\/strong><\/a><\/p>\n<p>Peinture \u00e9cologique de finition teint\u00e9e, d&rsquo;origine v\u00e9g\u00e9tale et min\u00e9rale, int\u00e9rieur, satin plus.<\/p>\n<p>Plus de 5000 teintes r\u00e9alis\u00e9es avec nos colorants sans COV en liant naturel. Teintes pastelles et vives.<\/p>\n<p>Naturelle \u00e0 plus de 99%. LABEL PURE.<br \/>\nLessivable, adapt\u00e9e aux pi\u00e8ces s\u00e8ches et humides, et compatible avec tous les supports classiques du b\u00e2timent, murs, plafonds et boiseries<\/p>\n","protected":false},"featured_media":1000000119353,"template":"","meta":[],"product_brand":[2855],"product_cat":[47,108,49],"product_tag":[4164],"class_list":{"0":"post-27371","1":"product","2":"type-product","3":"status-publish","4":"has-post-thumbnail","6":"product_brand-natura","7":"product_cat-peinture-et-enduit","8":"product_cat-peinture-ecologique","9":"product_cat-protection-du-bois","10":"product_tag-peinture-ecologique","11":"product_shipping_class-peintures-accessoires-peintures","13":"first","14":"instock","15":"taxable","16":"shipping-taxable","17":"purchasable","18":"product-type-variable"},"yoast_head":"<!-- This site is optimized with the Yoast SEO plugin v27.5 - https:\/\/yoast.com\/product\/yoast-seo-wordpress\/ -->\n<title>Peinture v\u00e9g\u00e9tale lavable satin teint\u00e9e Label PURE TASSILI de Natura<\/title>\n<meta name=\"description\" content=\"Choisissez votre couleur Retrouvez votre classe de prix  Peinture \u00e9cologique de finition teint\u00e9e, d&#039;origine v\u00e9g\u00e9tale et min\u00e9rale, int\u00e9rieur, satin plus.  Plus de 5000 teintes r\u00e9alis\u00e9es avec nos colorants sans COV en liant naturel. Teintes pastelles et vives.  Naturelle \u00e0 plus de 99%. LABEL PURE. Lessivable, adapt\u00e9e aux pi\u00e8ces s\u00e8ches et humides, et compatible avec tous les supports classiques du b\u00e2timent, murs, plafonds et boiseries\" \/>\n<meta name=\"robots\" content=\"noindex, follow\" \/>\n<meta property=\"og:locale\" content=\"fr_FR\" \/>\n<meta property=\"og:type\" content=\"article\" \/>\n<meta property=\"og:title\" content=\"Peinture v\u00e9g\u00e9tale lavable satin teint\u00e9e Label PURE TASSILI de Natura\" \/>\n<meta property=\"og:description\" content=\"Choisissez votre couleur Retrouvez votre classe de prix  Peinture \u00e9cologique de finition teint\u00e9e, d&#039;origine v\u00e9g\u00e9tale et min\u00e9rale, int\u00e9rieur, satin plus.  Plus de 5000 teintes r\u00e9alis\u00e9es avec nos colorants sans COV en liant naturel. Teintes pastelles et vives.  Naturelle \u00e0 plus de 99%. LABEL PURE. Lessivable, adapt\u00e9e aux pi\u00e8ces s\u00e8ches et humides, et compatible avec tous les supports classiques du b\u00e2timent, murs, plafonds et boiseries\" \/>\n<meta property=\"og:url\" content=\"https:\/\/nature-et-developpement.com\/logisain-78\/produit\/peinture-lavable-teintee-tassili-satin-label-pure\/\" \/>\n<meta property=\"og:site_name\" content=\"LOGISAIN 78 \u2013 Magasin de mat\u00e9riaux biosourc\u00e9s\" \/>\n<meta property=\"article:modified_time\" content=\"2025-06-12T14:58:29+00:00\" \/>\n<meta name=\"twitter:card\" content=\"summary_large_image\" \/>\n<meta name=\"twitter:label1\" content=\"Dur\u00e9e de lecture estim\u00e9e\" \/>\n\t<meta name=\"twitter:data1\" content=\"3 minutes\" \/>\n<script type=\"application\/ld+json\" class=\"yoast-schema-graph\">{\"@context\":\"https:\\\/\\\/schema.org\",\"@graph\":[{\"@type\":\"WebPage\",\"@id\":\"https:\\\/\\\/nature-et-developpement.com\\\/logisain-78\\\/produit\\\/peinture-lavable-teintee-tassili-satin-label-pure\\\/\",\"url\":\"https:\\\/\\\/nature-et-developpement.com\\\/logisain-78\\\/produit\\\/peinture-lavable-teintee-tassili-satin-label-pure\\\/\",\"name\":\"Peinture v\u00e9g\u00e9tale lavable satin teint\u00e9e Label PURE TASSILI de Natura\",\"isPartOf\":{\"@id\":\"https:\\\/\\\/nature-et-developpement.com\\\/logisain-78\\\/#website\"},\"primaryImageOfPage\":{\"@id\":\"https:\\\/\\\/nature-et-developpement.com\\\/logisain-78\\\/produit\\\/peinture-lavable-teintee-tassili-satin-label-pure\\\/#primaryimage\"},\"image\":{\"@id\":\"https:\\\/\\\/nature-et-developpement.com\\\/logisain-78\\\/produit\\\/peinture-lavable-teintee-tassili-satin-label-pure\\\/#primaryimage\"},\"thumbnailUrl\":\"https:\\\/\\\/nature-et-developpement.com\\\/logisain-78\\\/wp-content\\\/uploads\\\/27543-Peinture-Teintee-TASSILI-Satin-Label-PURE.jpg\",\"datePublished\":\"2020-03-31T22:00:00+00:00\",\"dateModified\":\"2025-06-12T14:58:29+00:00\",\"description\":\"Choisissez votre couleur Retrouvez votre classe de prix Peinture \u00e9cologique de finition teint\u00e9e, d'origine v\u00e9g\u00e9tale et min\u00e9rale, int\u00e9rieur, satin plus. Plus de 5000 teintes r\u00e9alis\u00e9es avec nos colorants sans COV en liant naturel. Teintes pastelles et vives. Naturelle \u00e0 plus de 99%. LABEL PURE. Lessivable, adapt\u00e9e aux pi\u00e8ces s\u00e8ches et humides, et compatible avec tous les supports classiques du b\u00e2timent, murs, plafonds et boiseries\",\"breadcrumb\":{\"@id\":\"https:\\\/\\\/nature-et-developpement.com\\\/logisain-78\\\/produit\\\/peinture-lavable-teintee-tassili-satin-label-pure\\\/#breadcrumb\"},\"inLanguage\":\"fr-FR\",\"potentialAction\":[{\"@type\":\"ReadAction\",\"target\":[\"https:\\\/\\\/nature-et-developpement.com\\\/logisain-78\\\/produit\\\/peinture-lavable-teintee-tassili-satin-label-pure\\\/\"]}]},{\"@type\":\"ImageObject\",\"inLanguage\":\"fr-FR\",\"@id\":\"https:\\\/\\\/nature-et-developpement.com\\\/logisain-78\\\/produit\\\/peinture-lavable-teintee-tassili-satin-label-pure\\\/#primaryimage\",\"url\":\"https:\\\/\\\/nature-et-developpement.com\\\/logisain-78\\\/wp-content\\\/uploads\\\/27543-Peinture-Teintee-TASSILI-Satin-Label-PURE.jpg\",\"contentUrl\":\"https:\\\/\\\/nature-et-developpement.com\\\/logisain-78\\\/wp-content\\\/uploads\\\/27543-Peinture-Teintee-TASSILI-Satin-Label-PURE.jpg\"},{\"@type\":\"BreadcrumbList\",\"@id\":\"https:\\\/\\\/nature-et-developpement.com\\\/logisain-78\\\/produit\\\/peinture-lavable-teintee-tassili-satin-label-pure\\\/#breadcrumb\",\"itemListElement\":[{\"@type\":\"ListItem\",\"position\":1,\"name\":\"Accueil\",\"item\":\"https:\\\/\\\/nature-et-developpement.com\\\/logisain-78\\\/\"},{\"@type\":\"ListItem\",\"position\":2,\"name\":\"Produits\",\"item\":\"https:\\\/\\\/nature-et-developpement.com\\\/logisain-78\\\/shop\\\/\"},{\"@type\":\"ListItem\",\"position\":3,\"name\":\"Peinture, pigment et enduit\",\"item\":\"https:\\\/\\\/nature-et-developpement.com\\\/logisain-78\\\/produits\\\/peinture-et-enduit\\\/\"},{\"@type\":\"ListItem\",\"position\":4,\"name\":\"Peintures\",\"item\":\"https:\\\/\\\/nature-et-developpement.com\\\/logisain-78\\\/produits\\\/peinture-et-enduit\\\/peinture-ecologique\\\/\"},{\"@type\":\"ListItem\",\"position\":5,\"name\":\"Peinture v\u00e9g\u00e9tale lavable satin teint\u00e9e Label PURE TASSILI de Natura\"}]},{\"@type\":\"WebSite\",\"@id\":\"https:\\\/\\\/nature-et-developpement.com\\\/logisain-78\\\/#website\",\"url\":\"https:\\\/\\\/nature-et-developpement.com\\\/logisain-78\\\/\",\"name\":\"LOGISAIN 78 \u2013 Magasin de mat\u00e9riaux biosourc\u00e9s\",\"description\":\"Logisain 78 est membre du groupement Nature &amp; D\u00e9veloppement\",\"publisher\":{\"@id\":\"https:\\\/\\\/nature-et-developpement.com\\\/logisain-78\\\/#organization\"},\"potentialAction\":[{\"@type\":\"SearchAction\",\"target\":{\"@type\":\"EntryPoint\",\"urlTemplate\":\"https:\\\/\\\/nature-et-developpement.com\\\/logisain-78\\\/?s={search_term_string}\"},\"query-input\":{\"@type\":\"PropertyValueSpecification\",\"valueRequired\":true,\"valueName\":\"search_term_string\"}}],\"inLanguage\":\"fr-FR\"},{\"@type\":\"Organization\",\"@id\":\"https:\\\/\\\/nature-et-developpement.com\\\/logisain-78\\\/#organization\",\"name\":\"Logisain 78\",\"url\":\"https:\\\/\\\/nature-et-developpement.com\\\/logisain-78\\\/\",\"logo\":{\"@type\":\"ImageObject\",\"inLanguage\":\"fr-FR\",\"@id\":\"https:\\\/\\\/nature-et-developpement.com\\\/logisain-78\\\/#\\\/schema\\\/logo\\\/image\\\/\",\"url\":\"https:\\\/\\\/nature-et-developpement.com\\\/logisain-78\\\/wp-content\\\/uploads\\\/sites\\\/5\\\/2021\\\/08\\\/logo-logisain.jpg\",\"contentUrl\":\"https:\\\/\\\/nature-et-developpement.com\\\/logisain-78\\\/wp-content\\\/uploads\\\/sites\\\/5\\\/2021\\\/08\\\/logo-logisain.jpg\",\"width\":672,\"height\":455,\"caption\":\"Logisain 78\"},\"image\":{\"@id\":\"https:\\\/\\\/nature-et-developpement.com\\\/logisain-78\\\/#\\\/schema\\\/logo\\\/image\\\/\"}}]}<\/script>\n<!-- \/ Yoast SEO plugin. -->","yoast_head_json":{"title":"Peinture v\u00e9g\u00e9tale lavable satin teint\u00e9e Label PURE TASSILI de Natura","description":"Choisissez votre couleur Retrouvez votre classe de prix  Peinture \u00e9cologique de finition teint\u00e9e, d'origine v\u00e9g\u00e9tale et min\u00e9rale, int\u00e9rieur, satin plus.  Plus de 5000 teintes r\u00e9alis\u00e9es avec nos colorants sans COV en liant naturel. Teintes pastelles et vives.  Naturelle \u00e0 plus de 99%. LABEL PURE. Lessivable, adapt\u00e9e aux pi\u00e8ces s\u00e8ches et humides, et compatible avec tous les supports classiques du b\u00e2timent, murs, plafonds et boiseries","robots":{"index":"noindex","follow":"follow"},"og_locale":"fr_FR","og_type":"article","og_title":"Peinture v\u00e9g\u00e9tale lavable satin teint\u00e9e Label PURE TASSILI de Natura","og_description":"Choisissez votre couleur Retrouvez votre classe de prix  Peinture \u00e9cologique de finition teint\u00e9e, d'origine v\u00e9g\u00e9tale et min\u00e9rale, int\u00e9rieur, satin plus.  Plus de 5000 teintes r\u00e9alis\u00e9es avec nos colorants sans COV en liant naturel. Teintes pastelles et vives.  Naturelle \u00e0 plus de 99%. LABEL PURE. Lessivable, adapt\u00e9e aux pi\u00e8ces s\u00e8ches et humides, et compatible avec tous les supports classiques du b\u00e2timent, murs, plafonds et boiseries","og_url":"https:\/\/nature-et-developpement.com\/logisain-78\/produit\/peinture-lavable-teintee-tassili-satin-label-pure\/","og_site_name":"LOGISAIN 78 \u2013 Magasin de mat\u00e9riaux biosourc\u00e9s","article_modified_time":"2025-06-12T14:58:29+00:00","twitter_card":"summary_large_image","twitter_misc":{"Dur\u00e9e de lecture estim\u00e9e":"3 minutes"},"schema":{"@context":"https:\/\/schema.org","@graph":[{"@type":"WebPage","@id":"https:\/\/nature-et-developpement.com\/logisain-78\/produit\/peinture-lavable-teintee-tassili-satin-label-pure\/","url":"https:\/\/nature-et-developpement.com\/logisain-78\/produit\/peinture-lavable-teintee-tassili-satin-label-pure\/","name":"Peinture v\u00e9g\u00e9tale lavable satin teint\u00e9e Label PURE TASSILI de Natura","isPartOf":{"@id":"https:\/\/nature-et-developpement.com\/logisain-78\/#website"},"primaryImageOfPage":{"@id":"https:\/\/nature-et-developpement.com\/logisain-78\/produit\/peinture-lavable-teintee-tassili-satin-label-pure\/#primaryimage"},"image":{"@id":"https:\/\/nature-et-developpement.com\/logisain-78\/produit\/peinture-lavable-teintee-tassili-satin-label-pure\/#primaryimage"},"thumbnailUrl":"https:\/\/nature-et-developpement.com\/logisain-78\/wp-content\/uploads\/27543-Peinture-Teintee-TASSILI-Satin-Label-PURE.jpg","datePublished":"2020-03-31T22:00:00+00:00","dateModified":"2025-06-12T14:58:29+00:00","description":"Choisissez votre couleur Retrouvez votre classe de prix Peinture \u00e9cologique de finition teint\u00e9e, d'origine v\u00e9g\u00e9tale et min\u00e9rale, int\u00e9rieur, satin plus. Plus de 5000 teintes r\u00e9alis\u00e9es avec nos colorants sans COV en liant naturel. Teintes pastelles et vives. Naturelle \u00e0 plus de 99%. LABEL PURE. Lessivable, adapt\u00e9e aux pi\u00e8ces s\u00e8ches et humides, et compatible avec tous les supports classiques du b\u00e2timent, murs, plafonds et boiseries","breadcrumb":{"@id":"https:\/\/nature-et-developpement.com\/logisain-78\/produit\/peinture-lavable-teintee-tassili-satin-label-pure\/#breadcrumb"},"inLanguage":"fr-FR","potentialAction":[{"@type":"ReadAction","target":["https:\/\/nature-et-developpement.com\/logisain-78\/produit\/peinture-lavable-teintee-tassili-satin-label-pure\/"]}]},{"@type":"ImageObject","inLanguage":"fr-FR","@id":"https:\/\/nature-et-developpement.com\/logisain-78\/produit\/peinture-lavable-teintee-tassili-satin-label-pure\/#primaryimage","url":"https:\/\/nature-et-developpement.com\/logisain-78\/wp-content\/uploads\/27543-Peinture-Teintee-TASSILI-Satin-Label-PURE.jpg","contentUrl":"https:\/\/nature-et-developpement.com\/logisain-78\/wp-content\/uploads\/27543-Peinture-Teintee-TASSILI-Satin-Label-PURE.jpg"},{"@type":"BreadcrumbList","@id":"https:\/\/nature-et-developpement.com\/logisain-78\/produit\/peinture-lavable-teintee-tassili-satin-label-pure\/#breadcrumb","itemListElement":[{"@type":"ListItem","position":1,"name":"Accueil","item":"https:\/\/nature-et-developpement.com\/logisain-78\/"},{"@type":"ListItem","position":2,"name":"Produits","item":"https:\/\/nature-et-developpement.com\/logisain-78\/shop\/"},{"@type":"ListItem","position":3,"name":"Peinture, pigment et enduit","item":"https:\/\/nature-et-developpement.com\/logisain-78\/produits\/peinture-et-enduit\/"},{"@type":"ListItem","position":4,"name":"Peintures","item":"https:\/\/nature-et-developpement.com\/logisain-78\/produits\/peinture-et-enduit\/peinture-ecologique\/"},{"@type":"ListItem","position":5,"name":"Peinture v\u00e9g\u00e9tale lavable satin teint\u00e9e Label PURE TASSILI de Natura"}]},{"@type":"WebSite","@id":"https:\/\/nature-et-developpement.com\/logisain-78\/#website","url":"https:\/\/nature-et-developpement.com\/logisain-78\/","name":"LOGISAIN 78 \u2013 Magasin de mat\u00e9riaux biosourc\u00e9s","description":"Logisain 78 est membre du groupement Nature &amp; D\u00e9veloppement","publisher":{"@id":"https:\/\/nature-et-developpement.com\/logisain-78\/#organization"},"potentialAction":[{"@type":"SearchAction","target":{"@type":"EntryPoint","urlTemplate":"https:\/\/nature-et-developpement.com\/logisain-78\/?s={search_term_string}"},"query-input":{"@type":"PropertyValueSpecification","valueRequired":true,"valueName":"search_term_string"}}],"inLanguage":"fr-FR"},{"@type":"Organization","@id":"https:\/\/nature-et-developpement.com\/logisain-78\/#organization","name":"Logisain 78","url":"https:\/\/nature-et-developpement.com\/logisain-78\/","logo":{"@type":"ImageObject","inLanguage":"fr-FR","@id":"https:\/\/nature-et-developpement.com\/logisain-78\/#\/schema\/logo\/image\/","url":"https:\/\/nature-et-developpement.com\/logisain-78\/wp-content\/uploads\/sites\/5\/2021\/08\/logo-logisain.jpg","contentUrl":"https:\/\/nature-et-developpement.com\/logisain-78\/wp-content\/uploads\/sites\/5\/2021\/08\/logo-logisain.jpg","width":672,"height":455,"caption":"Logisain 78"},"image":{"@id":"https:\/\/nature-et-developpement.com\/logisain-78\/#\/schema\/logo\/image\/"}}]}},"distributor_meta":false,"distributor_terms":false,"distributor_media":false,"distributor_original_site_name":"LOGISAIN 78 \u2013 Magasin de mat\u00e9riaux biosourc\u00e9s","distributor_original_site_url":"https:\/\/nature-et-developpement.com\/logisain-78","push-errors":false,"_links":{"self":[{"href":"https:\/\/nature-et-developpement.com\/logisain-78\/wp-json\/wp\/v2\/product\/27371","targetHints":{"allow":["GET"]}}],"collection":[{"href":"https:\/\/nature-et-developpement.com\/logisain-78\/wp-json\/wp\/v2\/product"}],"about":[{"href":"https:\/\/nature-et-developpement.com\/logisain-78\/wp-json\/wp\/v2\/types\/product"}],"wp:featuredmedia":[{"embeddable":true,"href":"https:\/\/nature-et-developpement.com\/logisain-78\/wp-json\/"}],"wp:attachment":[{"href":"https:\/\/nature-et-developpement.com\/logisain-78\/wp-json\/wp\/v2\/media?parent=27371"}],"wp:term":[{"taxonomy":"product_brand","embeddable":true,"href":"https:\/\/nature-et-developpement.com\/logisain-78\/wp-json\/wp\/v2\/product_brand?post=27371"},{"taxonomy":"product_cat","embeddable":true,"href":"https:\/\/nature-et-developpement.com\/logisain-78\/wp-json\/wp\/v2\/product_cat?post=27371"},{"taxonomy":"product_tag","embeddable":true,"href":"https:\/\/nature-et-developpement.com\/logisain-78\/wp-json\/wp\/v2\/product_tag?post=27371"}],"curies":[{"name":"wp","href":"https:\/\/api.w.org\/{rel}","templated":true}]}}