{"id":30805,"date":"2023-06-22T09:57:09","date_gmt":"2023-06-22T07:57:09","guid":{"rendered":"https:\/\/nature-et-developpement.com\/logisain-78\/?post_type=product&#038;p=30805"},"modified":"2026-01-06T12:25:11","modified_gmt":"2026-01-06T11:25:11","slug":"manchon-anti-goutte-180mm-extra-long-meche-24mm","status":"publish","type":"product","link":"https:\/\/nature-et-developpement.com\/logisain-78\/produit\/manchon-anti-goutte-180mm-extra-long-meche-24mm\/","title":{"rendered":"Manchon anti-goutte 180mm extra long m\u00e9ch\u00e9 24mm OCAI sp\u00e9cial peinture fa\u00e7ade"},"content":{"rendered":"","protected":false},"excerpt":{"rendered":"<p>Manchon en polyamide tiss\u00e9 soud\u00e9 m\u00e9ch\u00e9 card\u00e9 24 mm, montage par thermofusion et bords biseaut\u00e9s.<\/p>\n<p>Pour surfaces tr\u00e8s irr\u00e9guli\u00e8res, il \u00e9pouse parfaitement les formes du support et p\u00e9n\u00e8tre tr\u00e8s efficacement au fond des reliefs.<\/p>\n<p>OCAI 251318<\/p>\n","protected":false},"featured_media":1000000169490,"template":"","meta":[],"product_brand":[2857],"product_cat":[631,1654],"product_tag":[4058],"class_list":{"0":"post-30805","1":"product","2":"type-product","3":"status-publish","4":"has-post-thumbnail","6":"product_brand-ocai","7":"product_cat-outillage","8":"product_cat-outillage-peinture-et-enduit","9":"product_tag-peinture","10":"product_shipping_class-petit-equipement-outil-eclairage","12":"first","13":"instock","14":"taxable","15":"shipping-taxable","16":"purchasable","17":"product-type-simple"},"yoast_head":"<!-- This site is optimized with the Yoast SEO plugin v27.5 - https:\/\/yoast.com\/product\/yoast-seo-wordpress\/ -->\n<title>Manchon anti-goutte extra long m\u00e9ch\u00e9 24mm sp\u00e9cial peinture fa\u00e7ade<\/title>\n<meta name=\"description\" content=\"Manchon en polyamide tiss\u00e9 soud\u00e9 m\u00e9ch\u00e9 card\u00e9 24 mm, montage par thermofusion et bords biseaut\u00e9s.  Pour surfaces tr\u00e8s irr\u00e9guli\u00e8res, il \u00e9pouse parfaitement les formes du support et p\u00e9n\u00e8tre tr\u00e8s efficacement au fond des reliefs.  OCAI 251318\" \/>\n<meta name=\"robots\" content=\"noindex, nofollow\" \/>\n<meta property=\"og:locale\" content=\"fr_FR\" \/>\n<meta property=\"og:type\" content=\"article\" \/>\n<meta property=\"og:title\" content=\"Manchon anti-goutte extra long m\u00e9ch\u00e9 24mm sp\u00e9cial peinture fa\u00e7ade\" \/>\n<meta property=\"og:description\" content=\"Manchon en polyamide tiss\u00e9 soud\u00e9 m\u00e9ch\u00e9 card\u00e9 24 mm, montage par thermofusion et bords biseaut\u00e9s.  Pour surfaces tr\u00e8s irr\u00e9guli\u00e8res, il \u00e9pouse parfaitement les formes du support et p\u00e9n\u00e8tre tr\u00e8s efficacement au fond des reliefs.  OCAI 251318\" \/>\n<meta property=\"og:url\" content=\"https:\/\/nature-et-developpement.com\/logisain-78\/produit\/manchon-anti-goutte-180mm-extra-long-meche-24mm\/\" \/>\n<meta property=\"og:site_name\" content=\"LOGISAIN 78 \u2013 Magasin de mat\u00e9riaux biosourc\u00e9s\" \/>\n<meta property=\"article:modified_time\" content=\"2026-01-06T11:25:11+00:00\" \/>\n<meta name=\"twitter:card\" content=\"summary_large_image\" \/>\n<script type=\"application\/ld+json\" class=\"yoast-schema-graph\">{\"@context\":\"https:\\\/\\\/schema.org\",\"@graph\":[{\"@type\":\"WebPage\",\"@id\":\"https:\\\/\\\/nature-et-developpement.com\\\/logisain-78\\\/produit\\\/manchon-anti-goutte-180mm-extra-long-meche-24mm\\\/\",\"url\":\"https:\\\/\\\/nature-et-developpement.com\\\/logisain-78\\\/produit\\\/manchon-anti-goutte-180mm-extra-long-meche-24mm\\\/\",\"name\":\"Manchon anti-goutte extra long m\u00e9ch\u00e9 24mm sp\u00e9cial peinture fa\u00e7ade\",\"isPartOf\":{\"@id\":\"https:\\\/\\\/nature-et-developpement.com\\\/logisain-78\\\/#website\"},\"primaryImageOfPage\":{\"@id\":\"https:\\\/\\\/nature-et-developpement.com\\\/logisain-78\\\/produit\\\/manchon-anti-goutte-180mm-extra-long-meche-24mm\\\/#primaryimage\"},\"image\":{\"@id\":\"https:\\\/\\\/nature-et-developpement.com\\\/logisain-78\\\/produit\\\/manchon-anti-goutte-180mm-extra-long-meche-24mm\\\/#primaryimage\"},\"thumbnailUrl\":\"https:\\\/\\\/nature-et-developpement.com\\\/logisain-78\\\/wp-content\\\/uploads\\\/Manchon-anti-goutte-180mm-extra-long-meche-24mm-251318-OCAI.jpg\",\"datePublished\":\"2023-06-22T07:57:09+00:00\",\"dateModified\":\"2026-01-06T11:25:11+00:00\",\"description\":\"Manchon en polyamide tiss\u00e9 soud\u00e9 m\u00e9ch\u00e9 card\u00e9 24 mm, montage par thermofusion et bords biseaut\u00e9s. Pour surfaces tr\u00e8s irr\u00e9guli\u00e8res, il \u00e9pouse parfaitement les formes du support et p\u00e9n\u00e8tre tr\u00e8s efficacement au fond des reliefs. OCAI 251318\",\"breadcrumb\":{\"@id\":\"https:\\\/\\\/nature-et-developpement.com\\\/logisain-78\\\/produit\\\/manchon-anti-goutte-180mm-extra-long-meche-24mm\\\/#breadcrumb\"},\"inLanguage\":\"fr-FR\",\"potentialAction\":[{\"@type\":\"ReadAction\",\"target\":[\"https:\\\/\\\/nature-et-developpement.com\\\/logisain-78\\\/produit\\\/manchon-anti-goutte-180mm-extra-long-meche-24mm\\\/\"]}]},{\"@type\":\"ImageObject\",\"inLanguage\":\"fr-FR\",\"@id\":\"https:\\\/\\\/nature-et-developpement.com\\\/logisain-78\\\/produit\\\/manchon-anti-goutte-180mm-extra-long-meche-24mm\\\/#primaryimage\",\"url\":\"https:\\\/\\\/nature-et-developpement.com\\\/logisain-78\\\/wp-content\\\/uploads\\\/Manchon-anti-goutte-180mm-extra-long-meche-24mm-251318-OCAI.jpg\",\"contentUrl\":\"https:\\\/\\\/nature-et-developpement.com\\\/logisain-78\\\/wp-content\\\/uploads\\\/Manchon-anti-goutte-180mm-extra-long-meche-24mm-251318-OCAI.jpg\"},{\"@type\":\"BreadcrumbList\",\"@id\":\"https:\\\/\\\/nature-et-developpement.com\\\/logisain-78\\\/produit\\\/manchon-anti-goutte-180mm-extra-long-meche-24mm\\\/#breadcrumb\",\"itemListElement\":[{\"@type\":\"ListItem\",\"position\":1,\"name\":\"Accueil\",\"item\":\"https:\\\/\\\/nature-et-developpement.com\\\/logisain-78\\\/\"},{\"@type\":\"ListItem\",\"position\":2,\"name\":\"Produits\",\"item\":\"https:\\\/\\\/nature-et-developpement.com\\\/logisain-78\\\/shop\\\/\"},{\"@type\":\"ListItem\",\"position\":3,\"name\":\"Peinture, pigment et enduit\",\"item\":\"https:\\\/\\\/nature-et-developpement.com\\\/logisain-78\\\/produits\\\/peinture-et-enduit\\\/\"},{\"@type\":\"ListItem\",\"position\":4,\"name\":\"Outillage peinture et enduit\",\"item\":\"https:\\\/\\\/nature-et-developpement.com\\\/logisain-78\\\/produits\\\/peinture-et-enduit\\\/outillage-peinture-et-enduit\\\/\"},{\"@type\":\"ListItem\",\"position\":5,\"name\":\"Manchon anti-goutte 180mm extra long m\u00e9ch\u00e9 24mm OCAI sp\u00e9cial peinture fa\u00e7ade\"}]},{\"@type\":\"WebSite\",\"@id\":\"https:\\\/\\\/nature-et-developpement.com\\\/logisain-78\\\/#website\",\"url\":\"https:\\\/\\\/nature-et-developpement.com\\\/logisain-78\\\/\",\"name\":\"LOGISAIN 78 \u2013 Magasin de mat\u00e9riaux biosourc\u00e9s\",\"description\":\"Logisain 78 est membre du groupement Nature &amp; D\u00e9veloppement\",\"publisher\":{\"@id\":\"https:\\\/\\\/nature-et-developpement.com\\\/logisain-78\\\/#organization\"},\"potentialAction\":[{\"@type\":\"SearchAction\",\"target\":{\"@type\":\"EntryPoint\",\"urlTemplate\":\"https:\\\/\\\/nature-et-developpement.com\\\/logisain-78\\\/?s={search_term_string}\"},\"query-input\":{\"@type\":\"PropertyValueSpecification\",\"valueRequired\":true,\"valueName\":\"search_term_string\"}}],\"inLanguage\":\"fr-FR\"},{\"@type\":\"Organization\",\"@id\":\"https:\\\/\\\/nature-et-developpement.com\\\/logisain-78\\\/#organization\",\"name\":\"Logisain 78\",\"url\":\"https:\\\/\\\/nature-et-developpement.com\\\/logisain-78\\\/\",\"logo\":{\"@type\":\"ImageObject\",\"inLanguage\":\"fr-FR\",\"@id\":\"https:\\\/\\\/nature-et-developpement.com\\\/logisain-78\\\/#\\\/schema\\\/logo\\\/image\\\/\",\"url\":\"https:\\\/\\\/nature-et-developpement.com\\\/logisain-78\\\/wp-content\\\/uploads\\\/sites\\\/5\\\/2021\\\/08\\\/logo-logisain.jpg\",\"contentUrl\":\"https:\\\/\\\/nature-et-developpement.com\\\/logisain-78\\\/wp-content\\\/uploads\\\/sites\\\/5\\\/2021\\\/08\\\/logo-logisain.jpg\",\"width\":672,\"height\":455,\"caption\":\"Logisain 78\"},\"image\":{\"@id\":\"https:\\\/\\\/nature-et-developpement.com\\\/logisain-78\\\/#\\\/schema\\\/logo\\\/image\\\/\"}}]}<\/script>\n<!-- \/ Yoast SEO plugin. -->","yoast_head_json":{"title":"Manchon anti-goutte extra long m\u00e9ch\u00e9 24mm sp\u00e9cial peinture fa\u00e7ade","description":"Manchon en polyamide tiss\u00e9 soud\u00e9 m\u00e9ch\u00e9 card\u00e9 24 mm, montage par thermofusion et bords biseaut\u00e9s.  Pour surfaces tr\u00e8s irr\u00e9guli\u00e8res, il \u00e9pouse parfaitement les formes du support et p\u00e9n\u00e8tre tr\u00e8s efficacement au fond des reliefs.  OCAI 251318","robots":{"index":"noindex","follow":"nofollow"},"og_locale":"fr_FR","og_type":"article","og_title":"Manchon anti-goutte extra long m\u00e9ch\u00e9 24mm sp\u00e9cial peinture fa\u00e7ade","og_description":"Manchon en polyamide tiss\u00e9 soud\u00e9 m\u00e9ch\u00e9 card\u00e9 24 mm, montage par thermofusion et bords biseaut\u00e9s.  Pour surfaces tr\u00e8s irr\u00e9guli\u00e8res, il \u00e9pouse parfaitement les formes du support et p\u00e9n\u00e8tre tr\u00e8s efficacement au fond des reliefs.  OCAI 251318","og_url":"https:\/\/nature-et-developpement.com\/logisain-78\/produit\/manchon-anti-goutte-180mm-extra-long-meche-24mm\/","og_site_name":"LOGISAIN 78 \u2013 Magasin de mat\u00e9riaux biosourc\u00e9s","article_modified_time":"2026-01-06T11:25:11+00:00","twitter_card":"summary_large_image","schema":{"@context":"https:\/\/schema.org","@graph":[{"@type":"WebPage","@id":"https:\/\/nature-et-developpement.com\/logisain-78\/produit\/manchon-anti-goutte-180mm-extra-long-meche-24mm\/","url":"https:\/\/nature-et-developpement.com\/logisain-78\/produit\/manchon-anti-goutte-180mm-extra-long-meche-24mm\/","name":"Manchon anti-goutte extra long m\u00e9ch\u00e9 24mm sp\u00e9cial peinture fa\u00e7ade","isPartOf":{"@id":"https:\/\/nature-et-developpement.com\/logisain-78\/#website"},"primaryImageOfPage":{"@id":"https:\/\/nature-et-developpement.com\/logisain-78\/produit\/manchon-anti-goutte-180mm-extra-long-meche-24mm\/#primaryimage"},"image":{"@id":"https:\/\/nature-et-developpement.com\/logisain-78\/produit\/manchon-anti-goutte-180mm-extra-long-meche-24mm\/#primaryimage"},"thumbnailUrl":"https:\/\/nature-et-developpement.com\/logisain-78\/wp-content\/uploads\/Manchon-anti-goutte-180mm-extra-long-meche-24mm-251318-OCAI.jpg","datePublished":"2023-06-22T07:57:09+00:00","dateModified":"2026-01-06T11:25:11+00:00","description":"Manchon en polyamide tiss\u00e9 soud\u00e9 m\u00e9ch\u00e9 card\u00e9 24 mm, montage par thermofusion et bords biseaut\u00e9s. Pour surfaces tr\u00e8s irr\u00e9guli\u00e8res, il \u00e9pouse parfaitement les formes du support et p\u00e9n\u00e8tre tr\u00e8s efficacement au fond des reliefs. OCAI 251318","breadcrumb":{"@id":"https:\/\/nature-et-developpement.com\/logisain-78\/produit\/manchon-anti-goutte-180mm-extra-long-meche-24mm\/#breadcrumb"},"inLanguage":"fr-FR","potentialAction":[{"@type":"ReadAction","target":["https:\/\/nature-et-developpement.com\/logisain-78\/produit\/manchon-anti-goutte-180mm-extra-long-meche-24mm\/"]}]},{"@type":"ImageObject","inLanguage":"fr-FR","@id":"https:\/\/nature-et-developpement.com\/logisain-78\/produit\/manchon-anti-goutte-180mm-extra-long-meche-24mm\/#primaryimage","url":"https:\/\/nature-et-developpement.com\/logisain-78\/wp-content\/uploads\/Manchon-anti-goutte-180mm-extra-long-meche-24mm-251318-OCAI.jpg","contentUrl":"https:\/\/nature-et-developpement.com\/logisain-78\/wp-content\/uploads\/Manchon-anti-goutte-180mm-extra-long-meche-24mm-251318-OCAI.jpg"},{"@type":"BreadcrumbList","@id":"https:\/\/nature-et-developpement.com\/logisain-78\/produit\/manchon-anti-goutte-180mm-extra-long-meche-24mm\/#breadcrumb","itemListElement":[{"@type":"ListItem","position":1,"name":"Accueil","item":"https:\/\/nature-et-developpement.com\/logisain-78\/"},{"@type":"ListItem","position":2,"name":"Produits","item":"https:\/\/nature-et-developpement.com\/logisain-78\/shop\/"},{"@type":"ListItem","position":3,"name":"Peinture, pigment et enduit","item":"https:\/\/nature-et-developpement.com\/logisain-78\/produits\/peinture-et-enduit\/"},{"@type":"ListItem","position":4,"name":"Outillage peinture et enduit","item":"https:\/\/nature-et-developpement.com\/logisain-78\/produits\/peinture-et-enduit\/outillage-peinture-et-enduit\/"},{"@type":"ListItem","position":5,"name":"Manchon anti-goutte 180mm extra long m\u00e9ch\u00e9 24mm OCAI sp\u00e9cial peinture fa\u00e7ade"}]},{"@type":"WebSite","@id":"https:\/\/nature-et-developpement.com\/logisain-78\/#website","url":"https:\/\/nature-et-developpement.com\/logisain-78\/","name":"LOGISAIN 78 \u2013 Magasin de mat\u00e9riaux biosourc\u00e9s","description":"Logisain 78 est membre du groupement Nature &amp; D\u00e9veloppement","publisher":{"@id":"https:\/\/nature-et-developpement.com\/logisain-78\/#organization"},"potentialAction":[{"@type":"SearchAction","target":{"@type":"EntryPoint","urlTemplate":"https:\/\/nature-et-developpement.com\/logisain-78\/?s={search_term_string}"},"query-input":{"@type":"PropertyValueSpecification","valueRequired":true,"valueName":"search_term_string"}}],"inLanguage":"fr-FR"},{"@type":"Organization","@id":"https:\/\/nature-et-developpement.com\/logisain-78\/#organization","name":"Logisain 78","url":"https:\/\/nature-et-developpement.com\/logisain-78\/","logo":{"@type":"ImageObject","inLanguage":"fr-FR","@id":"https:\/\/nature-et-developpement.com\/logisain-78\/#\/schema\/logo\/image\/","url":"https:\/\/nature-et-developpement.com\/logisain-78\/wp-content\/uploads\/sites\/5\/2021\/08\/logo-logisain.jpg","contentUrl":"https:\/\/nature-et-developpement.com\/logisain-78\/wp-content\/uploads\/sites\/5\/2021\/08\/logo-logisain.jpg","width":672,"height":455,"caption":"Logisain 78"},"image":{"@id":"https:\/\/nature-et-developpement.com\/logisain-78\/#\/schema\/logo\/image\/"}}]}},"distributor_meta":false,"distributor_terms":false,"distributor_media":false,"distributor_original_site_name":"LOGISAIN 78 \u2013 Magasin de mat\u00e9riaux biosourc\u00e9s","distributor_original_site_url":"https:\/\/nature-et-developpement.com\/logisain-78","push-errors":false,"_links":{"self":[{"href":"https:\/\/nature-et-developpement.com\/logisain-78\/wp-json\/wp\/v2\/product\/30805","targetHints":{"allow":["GET"]}}],"collection":[{"href":"https:\/\/nature-et-developpement.com\/logisain-78\/wp-json\/wp\/v2\/product"}],"about":[{"href":"https:\/\/nature-et-developpement.com\/logisain-78\/wp-json\/wp\/v2\/types\/product"}],"wp:featuredmedia":[{"embeddable":true,"href":"https:\/\/nature-et-developpement.com\/logisain-78\/wp-json\/"}],"wp:attachment":[{"href":"https:\/\/nature-et-developpement.com\/logisain-78\/wp-json\/wp\/v2\/media?parent=30805"}],"wp:term":[{"taxonomy":"product_brand","embeddable":true,"href":"https:\/\/nature-et-developpement.com\/logisain-78\/wp-json\/wp\/v2\/product_brand?post=30805"},{"taxonomy":"product_cat","embeddable":true,"href":"https:\/\/nature-et-developpement.com\/logisain-78\/wp-json\/wp\/v2\/product_cat?post=30805"},{"taxonomy":"product_tag","embeddable":true,"href":"https:\/\/nature-et-developpement.com\/logisain-78\/wp-json\/wp\/v2\/product_tag?post=30805"}],"curies":[{"name":"wp","href":"https:\/\/api.w.org\/{rel}","templated":true}]}}