{"id":31505,"date":"2024-04-02T10:29:25","date_gmt":"2024-04-02T08:29:25","guid":{"rendered":"https:\/\/nature-et-developpement.com\/logisain-78\/?post_type=product&#038;p=31505"},"modified":"2026-01-13T17:45:16","modified_gmt":"2026-01-13T16:45:16","slug":"plaque-fibres-gypse-format-hauteur-detage-fermacell-10mm","status":"publish","type":"product","link":"https:\/\/nature-et-developpement.com\/logisain-78\/produit\/plaque-fibres-gypse-format-hauteur-detage-fermacell-10mm\/","title":{"rendered":"Fermacell 10mm &#8211; Cloison s\u00e8che Plaque format hauteur d&rsquo;\u00e9tage en fibres-gypse"},"content":{"rendered":"<h2>Cloison s\u00e8che Plaque de fermacell 10mm grand format<\/h2>\n<p>L&rsquo;ossature supportant les plaques fermacell peut \u00eatre en bois ou constitu\u00e9e de profil\u00e9s m\u00e9talliques.<\/p>\n<p>Dans tous les cas, les plaques doivent reposer sur une largeur des montants d&rsquo;ossature de 15mm minimum.<\/p>\n<p>La liaison des plaques est r\u00e9alis\u00e9e sans bandes ni calicot, ce qui permet un gain de temps et facilite la mise en \u0153uvre.<\/p>\n<p>Cette liaison s&rsquo;effectue par collage des plaques bord-\u00e0-bord \u00e0 l&rsquo;aide de la colle fermacell.<\/p>\n<p>Ce proc\u00e9d\u00e9 permet aux syst\u00e8mes de montage d&rsquo;atteindre une rigidit\u00e9 extr\u00eame.<\/p>\n<p>L&rsquo;application des produits de finition et d\u00e9cor (peintures, papiers peints, enduits, carreaux, etc&#8230;) s&rsquo;effectue directement, sans sous-couche d&rsquo;impression, la plaque \u00e9tant d\u00e9j\u00e0 trait\u00e9e en usine.<\/p>\n<p>Le rendement et la productivit\u00e9 en chantier en sont d&rsquo;autant am\u00e9lior\u00e9s.<\/p>\n","protected":false},"excerpt":{"rendered":"<p>La plaque fermacell est exclusivement compos\u00e9e de pl\u00e2tre et de fibres de cellulose issues du recyclage du papier.<\/p>\n<p>Le m\u00e9lange de ces composants naturels additionn\u00e9 d&rsquo;eau, est ensuite compress\u00e9 \u00e0 haute temp\u00e9rature et s\u00e9ch\u00e9 \u00e0 haute temp\u00e9rature pour obtenir une plaque d&rsquo;une rigidit\u00e9 incomparable.<\/p>\n","protected":false},"featured_media":1000000165962,"template":"","meta":[],"product_brand":[2838],"product_cat":[132],"product_tag":[],"class_list":{"0":"post-31505","1":"product","2":"type-product","3":"status-publish","4":"has-post-thumbnail","6":"product_brand-fermacell","7":"product_cat-cloisons-et-doublage","8":"product_shipping_class-sac-de-25kg","10":"first","11":"instock","12":"taxable","13":"shipping-taxable","14":"purchasable","15":"product-type-variable"},"yoast_head":"<!-- This site is optimized with the Yoast SEO plugin v27.5 - https:\/\/yoast.com\/product\/yoast-seo-wordpress\/ -->\n<title>Cloison s\u00e8che fermacell plaque 10mm grand format<\/title>\n<meta name=\"description\" content=\"La plaque fermacell est exclusivement compos\u00e9e de pl\u00e2tre et de fibres de cellulose issues du recyclage du papier.  Le m\u00e9lange de ces composants naturels additionn\u00e9 d&#039;eau, est ensuite compress\u00e9 \u00e0 haute temp\u00e9rature et s\u00e9ch\u00e9 \u00e0 haute temp\u00e9rature pour obtenir une plaque d&#039;une rigidit\u00e9 incomparable.\" \/>\n<meta name=\"robots\" content=\"noindex, nofollow\" \/>\n<meta property=\"og:locale\" content=\"fr_FR\" \/>\n<meta property=\"og:type\" content=\"article\" \/>\n<meta property=\"og:title\" content=\"Cloison s\u00e8che fermacell plaque 10mm grand format\" \/>\n<meta property=\"og:description\" content=\"La plaque fermacell est exclusivement compos\u00e9e de pl\u00e2tre et de fibres de cellulose issues du recyclage du papier.  Le m\u00e9lange de ces composants naturels additionn\u00e9 d&#039;eau, est ensuite compress\u00e9 \u00e0 haute temp\u00e9rature et s\u00e9ch\u00e9 \u00e0 haute temp\u00e9rature pour obtenir une plaque d&#039;une rigidit\u00e9 incomparable.\" \/>\n<meta property=\"og:url\" content=\"https:\/\/nature-et-developpement.com\/logisain-78\/produit\/plaque-fibres-gypse-format-hauteur-detage-fermacell-10mm\/\" \/>\n<meta property=\"og:site_name\" content=\"LOGISAIN 78 \u2013 Magasin de mat\u00e9riaux biosourc\u00e9s\" \/>\n<meta property=\"article:modified_time\" content=\"2026-01-13T16:45:16+00:00\" \/>\n<meta name=\"twitter:card\" content=\"summary_large_image\" \/>\n<meta name=\"twitter:label1\" content=\"Dur\u00e9e de lecture estim\u00e9e\" \/>\n\t<meta name=\"twitter:data1\" content=\"1 minute\" \/>\n<script type=\"application\/ld+json\" class=\"yoast-schema-graph\">{\"@context\":\"https:\\\/\\\/schema.org\",\"@graph\":[{\"@type\":\"WebPage\",\"@id\":\"https:\\\/\\\/nature-et-developpement.com\\\/logisain-78\\\/produit\\\/plaque-fibres-gypse-format-hauteur-detage-fermacell-10mm\\\/\",\"url\":\"https:\\\/\\\/nature-et-developpement.com\\\/logisain-78\\\/produit\\\/plaque-fibres-gypse-format-hauteur-detage-fermacell-10mm\\\/\",\"name\":\"Cloison s\u00e8che fermacell plaque 10mm grand format\",\"isPartOf\":{\"@id\":\"https:\\\/\\\/nature-et-developpement.com\\\/logisain-78\\\/#website\"},\"primaryImageOfPage\":{\"@id\":\"https:\\\/\\\/nature-et-developpement.com\\\/logisain-78\\\/produit\\\/plaque-fibres-gypse-format-hauteur-detage-fermacell-10mm\\\/#primaryimage\"},\"image\":{\"@id\":\"https:\\\/\\\/nature-et-developpement.com\\\/logisain-78\\\/produit\\\/plaque-fibres-gypse-format-hauteur-detage-fermacell-10mm\\\/#primaryimage\"},\"thumbnailUrl\":\"https:\\\/\\\/nature-et-developpement.com\\\/logisain-78\\\/wp-content\\\/uploads\\\/Plaque-bords-droits-fermacell-hauteur-etage-71036.jpg\",\"datePublished\":\"2024-04-02T08:29:25+00:00\",\"dateModified\":\"2026-01-13T16:45:16+00:00\",\"description\":\"La plaque fermacell est exclusivement compos\u00e9e de pl\u00e2tre et de fibres de cellulose issues du recyclage du papier. Le m\u00e9lange de ces composants naturels additionn\u00e9 d'eau, est ensuite compress\u00e9 \u00e0 haute temp\u00e9rature et s\u00e9ch\u00e9 \u00e0 haute temp\u00e9rature pour obtenir une plaque d'une rigidit\u00e9 incomparable.\",\"breadcrumb\":{\"@id\":\"https:\\\/\\\/nature-et-developpement.com\\\/logisain-78\\\/produit\\\/plaque-fibres-gypse-format-hauteur-detage-fermacell-10mm\\\/#breadcrumb\"},\"inLanguage\":\"fr-FR\",\"potentialAction\":[{\"@type\":\"ReadAction\",\"target\":[\"https:\\\/\\\/nature-et-developpement.com\\\/logisain-78\\\/produit\\\/plaque-fibres-gypse-format-hauteur-detage-fermacell-10mm\\\/\"]}]},{\"@type\":\"ImageObject\",\"inLanguage\":\"fr-FR\",\"@id\":\"https:\\\/\\\/nature-et-developpement.com\\\/logisain-78\\\/produit\\\/plaque-fibres-gypse-format-hauteur-detage-fermacell-10mm\\\/#primaryimage\",\"url\":\"https:\\\/\\\/nature-et-developpement.com\\\/logisain-78\\\/wp-content\\\/uploads\\\/Plaque-bords-droits-fermacell-hauteur-etage-71036.jpg\",\"contentUrl\":\"https:\\\/\\\/nature-et-developpement.com\\\/logisain-78\\\/wp-content\\\/uploads\\\/Plaque-bords-droits-fermacell-hauteur-etage-71036.jpg\"},{\"@type\":\"BreadcrumbList\",\"@id\":\"https:\\\/\\\/nature-et-developpement.com\\\/logisain-78\\\/produit\\\/plaque-fibres-gypse-format-hauteur-detage-fermacell-10mm\\\/#breadcrumb\",\"itemListElement\":[{\"@type\":\"ListItem\",\"position\":1,\"name\":\"Accueil\",\"item\":\"https:\\\/\\\/nature-et-developpement.com\\\/logisain-78\\\/\"},{\"@type\":\"ListItem\",\"position\":2,\"name\":\"Produits\",\"item\":\"https:\\\/\\\/nature-et-developpement.com\\\/logisain-78\\\/shop\\\/\"},{\"@type\":\"ListItem\",\"position\":3,\"name\":\"Construction, cloison et fen\u00eatres\",\"item\":\"https:\\\/\\\/nature-et-developpement.com\\\/logisain-78\\\/produits\\\/construction\\\/\"},{\"@type\":\"ListItem\",\"position\":4,\"name\":\"Cloisons et doublage\",\"item\":\"https:\\\/\\\/nature-et-developpement.com\\\/logisain-78\\\/produits\\\/construction\\\/cloisons-et-doublage\\\/\"},{\"@type\":\"ListItem\",\"position\":5,\"name\":\"Fermacell 10mm &#8211; Cloison s\u00e8che Plaque format hauteur d&rsquo;\u00e9tage en fibres-gypse\"}]},{\"@type\":\"WebSite\",\"@id\":\"https:\\\/\\\/nature-et-developpement.com\\\/logisain-78\\\/#website\",\"url\":\"https:\\\/\\\/nature-et-developpement.com\\\/logisain-78\\\/\",\"name\":\"LOGISAIN 78 \u2013 Magasin de mat\u00e9riaux biosourc\u00e9s\",\"description\":\"Logisain 78 est membre du groupement Nature &amp; D\u00e9veloppement\",\"publisher\":{\"@id\":\"https:\\\/\\\/nature-et-developpement.com\\\/logisain-78\\\/#organization\"},\"potentialAction\":[{\"@type\":\"SearchAction\",\"target\":{\"@type\":\"EntryPoint\",\"urlTemplate\":\"https:\\\/\\\/nature-et-developpement.com\\\/logisain-78\\\/?s={search_term_string}\"},\"query-input\":{\"@type\":\"PropertyValueSpecification\",\"valueRequired\":true,\"valueName\":\"search_term_string\"}}],\"inLanguage\":\"fr-FR\"},{\"@type\":\"Organization\",\"@id\":\"https:\\\/\\\/nature-et-developpement.com\\\/logisain-78\\\/#organization\",\"name\":\"Logisain 78\",\"url\":\"https:\\\/\\\/nature-et-developpement.com\\\/logisain-78\\\/\",\"logo\":{\"@type\":\"ImageObject\",\"inLanguage\":\"fr-FR\",\"@id\":\"https:\\\/\\\/nature-et-developpement.com\\\/logisain-78\\\/#\\\/schema\\\/logo\\\/image\\\/\",\"url\":\"https:\\\/\\\/nature-et-developpement.com\\\/logisain-78\\\/wp-content\\\/uploads\\\/sites\\\/5\\\/2021\\\/08\\\/logo-logisain.jpg\",\"contentUrl\":\"https:\\\/\\\/nature-et-developpement.com\\\/logisain-78\\\/wp-content\\\/uploads\\\/sites\\\/5\\\/2021\\\/08\\\/logo-logisain.jpg\",\"width\":672,\"height\":455,\"caption\":\"Logisain 78\"},\"image\":{\"@id\":\"https:\\\/\\\/nature-et-developpement.com\\\/logisain-78\\\/#\\\/schema\\\/logo\\\/image\\\/\"}}]}<\/script>\n<!-- \/ Yoast SEO plugin. -->","yoast_head_json":{"title":"Cloison s\u00e8che fermacell plaque 10mm grand format","description":"La plaque fermacell est exclusivement compos\u00e9e de pl\u00e2tre et de fibres de cellulose issues du recyclage du papier.  Le m\u00e9lange de ces composants naturels additionn\u00e9 d'eau, est ensuite compress\u00e9 \u00e0 haute temp\u00e9rature et s\u00e9ch\u00e9 \u00e0 haute temp\u00e9rature pour obtenir une plaque d'une rigidit\u00e9 incomparable.","robots":{"index":"noindex","follow":"nofollow"},"og_locale":"fr_FR","og_type":"article","og_title":"Cloison s\u00e8che fermacell plaque 10mm grand format","og_description":"La plaque fermacell est exclusivement compos\u00e9e de pl\u00e2tre et de fibres de cellulose issues du recyclage du papier.  Le m\u00e9lange de ces composants naturels additionn\u00e9 d'eau, est ensuite compress\u00e9 \u00e0 haute temp\u00e9rature et s\u00e9ch\u00e9 \u00e0 haute temp\u00e9rature pour obtenir une plaque d'une rigidit\u00e9 incomparable.","og_url":"https:\/\/nature-et-developpement.com\/logisain-78\/produit\/plaque-fibres-gypse-format-hauteur-detage-fermacell-10mm\/","og_site_name":"LOGISAIN 78 \u2013 Magasin de mat\u00e9riaux biosourc\u00e9s","article_modified_time":"2026-01-13T16:45:16+00:00","twitter_card":"summary_large_image","twitter_misc":{"Dur\u00e9e de lecture estim\u00e9e":"1 minute"},"schema":{"@context":"https:\/\/schema.org","@graph":[{"@type":"WebPage","@id":"https:\/\/nature-et-developpement.com\/logisain-78\/produit\/plaque-fibres-gypse-format-hauteur-detage-fermacell-10mm\/","url":"https:\/\/nature-et-developpement.com\/logisain-78\/produit\/plaque-fibres-gypse-format-hauteur-detage-fermacell-10mm\/","name":"Cloison s\u00e8che fermacell plaque 10mm grand format","isPartOf":{"@id":"https:\/\/nature-et-developpement.com\/logisain-78\/#website"},"primaryImageOfPage":{"@id":"https:\/\/nature-et-developpement.com\/logisain-78\/produit\/plaque-fibres-gypse-format-hauteur-detage-fermacell-10mm\/#primaryimage"},"image":{"@id":"https:\/\/nature-et-developpement.com\/logisain-78\/produit\/plaque-fibres-gypse-format-hauteur-detage-fermacell-10mm\/#primaryimage"},"thumbnailUrl":"https:\/\/nature-et-developpement.com\/logisain-78\/wp-content\/uploads\/Plaque-bords-droits-fermacell-hauteur-etage-71036.jpg","datePublished":"2024-04-02T08:29:25+00:00","dateModified":"2026-01-13T16:45:16+00:00","description":"La plaque fermacell est exclusivement compos\u00e9e de pl\u00e2tre et de fibres de cellulose issues du recyclage du papier. Le m\u00e9lange de ces composants naturels additionn\u00e9 d'eau, est ensuite compress\u00e9 \u00e0 haute temp\u00e9rature et s\u00e9ch\u00e9 \u00e0 haute temp\u00e9rature pour obtenir une plaque d'une rigidit\u00e9 incomparable.","breadcrumb":{"@id":"https:\/\/nature-et-developpement.com\/logisain-78\/produit\/plaque-fibres-gypse-format-hauteur-detage-fermacell-10mm\/#breadcrumb"},"inLanguage":"fr-FR","potentialAction":[{"@type":"ReadAction","target":["https:\/\/nature-et-developpement.com\/logisain-78\/produit\/plaque-fibres-gypse-format-hauteur-detage-fermacell-10mm\/"]}]},{"@type":"ImageObject","inLanguage":"fr-FR","@id":"https:\/\/nature-et-developpement.com\/logisain-78\/produit\/plaque-fibres-gypse-format-hauteur-detage-fermacell-10mm\/#primaryimage","url":"https:\/\/nature-et-developpement.com\/logisain-78\/wp-content\/uploads\/Plaque-bords-droits-fermacell-hauteur-etage-71036.jpg","contentUrl":"https:\/\/nature-et-developpement.com\/logisain-78\/wp-content\/uploads\/Plaque-bords-droits-fermacell-hauteur-etage-71036.jpg"},{"@type":"BreadcrumbList","@id":"https:\/\/nature-et-developpement.com\/logisain-78\/produit\/plaque-fibres-gypse-format-hauteur-detage-fermacell-10mm\/#breadcrumb","itemListElement":[{"@type":"ListItem","position":1,"name":"Accueil","item":"https:\/\/nature-et-developpement.com\/logisain-78\/"},{"@type":"ListItem","position":2,"name":"Produits","item":"https:\/\/nature-et-developpement.com\/logisain-78\/shop\/"},{"@type":"ListItem","position":3,"name":"Construction, cloison et fen\u00eatres","item":"https:\/\/nature-et-developpement.com\/logisain-78\/produits\/construction\/"},{"@type":"ListItem","position":4,"name":"Cloisons et doublage","item":"https:\/\/nature-et-developpement.com\/logisain-78\/produits\/construction\/cloisons-et-doublage\/"},{"@type":"ListItem","position":5,"name":"Fermacell 10mm &#8211; Cloison s\u00e8che Plaque format hauteur d&rsquo;\u00e9tage en fibres-gypse"}]},{"@type":"WebSite","@id":"https:\/\/nature-et-developpement.com\/logisain-78\/#website","url":"https:\/\/nature-et-developpement.com\/logisain-78\/","name":"LOGISAIN 78 \u2013 Magasin de mat\u00e9riaux biosourc\u00e9s","description":"Logisain 78 est membre du groupement Nature &amp; D\u00e9veloppement","publisher":{"@id":"https:\/\/nature-et-developpement.com\/logisain-78\/#organization"},"potentialAction":[{"@type":"SearchAction","target":{"@type":"EntryPoint","urlTemplate":"https:\/\/nature-et-developpement.com\/logisain-78\/?s={search_term_string}"},"query-input":{"@type":"PropertyValueSpecification","valueRequired":true,"valueName":"search_term_string"}}],"inLanguage":"fr-FR"},{"@type":"Organization","@id":"https:\/\/nature-et-developpement.com\/logisain-78\/#organization","name":"Logisain 78","url":"https:\/\/nature-et-developpement.com\/logisain-78\/","logo":{"@type":"ImageObject","inLanguage":"fr-FR","@id":"https:\/\/nature-et-developpement.com\/logisain-78\/#\/schema\/logo\/image\/","url":"https:\/\/nature-et-developpement.com\/logisain-78\/wp-content\/uploads\/sites\/5\/2021\/08\/logo-logisain.jpg","contentUrl":"https:\/\/nature-et-developpement.com\/logisain-78\/wp-content\/uploads\/sites\/5\/2021\/08\/logo-logisain.jpg","width":672,"height":455,"caption":"Logisain 78"},"image":{"@id":"https:\/\/nature-et-developpement.com\/logisain-78\/#\/schema\/logo\/image\/"}}]}},"distributor_meta":false,"distributor_terms":false,"distributor_media":false,"distributor_original_site_name":"LOGISAIN 78 \u2013 Magasin de mat\u00e9riaux biosourc\u00e9s","distributor_original_site_url":"https:\/\/nature-et-developpement.com\/logisain-78","push-errors":false,"_links":{"self":[{"href":"https:\/\/nature-et-developpement.com\/logisain-78\/wp-json\/wp\/v2\/product\/31505","targetHints":{"allow":["GET"]}}],"collection":[{"href":"https:\/\/nature-et-developpement.com\/logisain-78\/wp-json\/wp\/v2\/product"}],"about":[{"href":"https:\/\/nature-et-developpement.com\/logisain-78\/wp-json\/wp\/v2\/types\/product"}],"wp:featuredmedia":[{"embeddable":true,"href":"https:\/\/nature-et-developpement.com\/logisain-78\/wp-json\/"}],"wp:attachment":[{"href":"https:\/\/nature-et-developpement.com\/logisain-78\/wp-json\/wp\/v2\/media?parent=31505"}],"wp:term":[{"taxonomy":"product_brand","embeddable":true,"href":"https:\/\/nature-et-developpement.com\/logisain-78\/wp-json\/wp\/v2\/product_brand?post=31505"},{"taxonomy":"product_cat","embeddable":true,"href":"https:\/\/nature-et-developpement.com\/logisain-78\/wp-json\/wp\/v2\/product_cat?post=31505"},{"taxonomy":"product_tag","embeddable":true,"href":"https:\/\/nature-et-developpement.com\/logisain-78\/wp-json\/wp\/v2\/product_tag?post=31505"}],"curies":[{"name":"wp","href":"https:\/\/api.w.org\/{rel}","templated":true}]}}