{"id":32431,"date":"2023-05-17T10:59:53","date_gmt":"2023-05-17T08:59:53","guid":{"rendered":"https:\/\/nature-et-developpement.com\/logisain-78\/produit\/clou-sans-tete-en-bois-3-7mm-lignoloc-alsafix\/"},"modified":"2025-09-17T17:15:08","modified_gmt":"2025-09-17T15:15:08","slug":"clou-sans-tete-en-bois-3-7mm-lignoloc-alsafix","status":"publish","type":"product","link":"https:\/\/nature-et-developpement.com\/logisain-78\/produit\/clou-sans-tete-en-bois-3-7mm-lignoloc-alsafix\/","title":{"rendered":"Clou sans t\u00eate en bois 3,7mm Lignoloc Alsafix"},"content":{"rendered":"<h2>La pointe sans t\u00eate en bois Lignoloc<\/h2>\n<p>&nbsp;<\/p>\n<p>Ce clou en bois est une innovation r\u00e9volutionnaire dans le domaine de la fixation du bois.<\/p>\n<p>Brevet\u00e9e par un fabricant autrichien.<\/p>\n<p>Elle a \u00e9t\u00e9 con\u00e7ue sp\u00e9cifiquement pour les charpentiers et menuisiers pour la fixation de bardage, parquet, ossature bois, lamell\u00e9 coll\u00e9.<\/p>\n<p>Ces clous sont tr\u00e8s pratiques aussi pour la menuiserie, l\u2019ameublement, notamment, d\u00e8s que des pi\u00e8ces assembl\u00e9es doivent \u00eatre ponc\u00e9es.<\/p>\n<p>Contrairement aux chevilles traditionnelles, elle ne n\u00e9cessite pas de pr\u00e9-per\u00e7age ni de colle, gr\u00e2ce \u00e0 une structure de bois soud\u00e9e \u00e0 la pointe elle-m\u00eame.<\/p>\n<p>La pointe en bois est bien plus rapide \u00e0 utiliser qu&rsquo;une cheville bois.<\/p>\n<p>Avec une meilleure r\u00e9sistance au feu qu&rsquo;une pointe m\u00e9tallique et une absence totale de pont thermique et de corrosion.<\/p>\n<p>Elle est \u00e9galement r\u00e9sistante \u00e0 l&rsquo;eau et ne travaille pas, ce qui la rend id\u00e9ale pour les projets int\u00e9rieurs et ext\u00e9rieurs.<\/p>\n<h3>Elle existe en 2 formats :<\/h3>\n<ul>\n<li>Pointe sans t\u00eate :<br \/>\nen 3,7 ou 4,7 mm de diam\u00e8tre, pour des longueurs variants de 38 \u00e0 90 mm<\/li>\n<li>Pointe avec t\u00eate :<br \/>\nen 4,7 mm de diam\u00e8tre, pour une longueur de 58 mm<\/li>\n<\/ul>\n<p>Fabriqu\u00e9e en bois de h\u00eatre allemand, cette pointe est non seulement \u00e9cologique, mais \u00e9galement facilement r\u00e9usinable, et ne risque pas d&rsquo;endommager les outils de coupe.<\/p>\n","protected":false},"excerpt":{"rendered":"<p>La pointe en bois est bien plus rapide \u00e0 utiliser qu&rsquo;une cheville bois, avec une meilleure r\u00e9sistance au feu qu&rsquo;une pointe m\u00e9tallique et une absence totale de pont thermique et de corrosion.<\/p>\n","protected":false},"featured_media":1000000171192,"template":"","meta":[],"product_brand":[3928],"product_cat":[615,295,319,616],"product_tag":[4151],"class_list":{"0":"post-32431","1":"product","2":"type-product","3":"status-publish","4":"has-post-thumbnail","6":"product_brand-alsafix","7":"product_cat-accessoires-agencement-exterieur","8":"product_cat-accessoires-construction","9":"product_cat-bardages","10":"product_cat-visserie","11":"product_tag-clouage","13":"first","14":"instock","15":"taxable","16":"shipping-taxable","17":"purchasable","18":"product-type-variable"},"yoast_head":"<!-- This site is optimized with the Yoast SEO plugin v27.5 - https:\/\/yoast.com\/product\/yoast-seo-wordpress\/ -->\n<title>Clou sans t\u00eate en bois 3,7mm Lignoloc Alsafix<\/title>\n<meta name=\"description\" content=\"La pointe en bois est bien plus rapide \u00e0 utiliser qu&#039;une cheville bois, avec une meilleure r\u00e9sistance au feu et pas de pont thermique ni de corrosion.\" \/>\n<meta name=\"robots\" content=\"noindex, nofollow\" \/>\n<meta property=\"og:locale\" content=\"fr_FR\" \/>\n<meta property=\"og:type\" content=\"article\" \/>\n<meta property=\"og:title\" content=\"Clou sans t\u00eate en bois 3,7mm Lignoloc Alsafix\" \/>\n<meta property=\"og:description\" content=\"La pointe en bois est bien plus rapide \u00e0 utiliser qu&#039;une cheville bois, avec une meilleure r\u00e9sistance au feu et pas de pont thermique ni de corrosion.\" \/>\n<meta property=\"og:url\" content=\"https:\/\/nature-et-developpement.com\/logisain-78\/produit\/clou-sans-tete-en-bois-3-7mm-lignoloc-alsafix\/\" \/>\n<meta property=\"og:site_name\" content=\"LOGISAIN 78 \u2013 Magasin de mat\u00e9riaux biosourc\u00e9s\" \/>\n<meta property=\"article:modified_time\" content=\"2025-09-17T15:15:08+00:00\" \/>\n<meta name=\"twitter:card\" content=\"summary_large_image\" \/>\n<meta name=\"twitter:label1\" content=\"Dur\u00e9e de lecture estim\u00e9e\" \/>\n\t<meta name=\"twitter:data1\" content=\"1 minute\" \/>\n<script type=\"application\/ld+json\" class=\"yoast-schema-graph\">{\"@context\":\"https:\\\/\\\/schema.org\",\"@graph\":[{\"@type\":\"WebPage\",\"@id\":\"https:\\\/\\\/nature-et-developpement.com\\\/logisain-78\\\/produit\\\/clou-sans-tete-en-bois-3-7mm-lignoloc-alsafix\\\/\",\"url\":\"https:\\\/\\\/nature-et-developpement.com\\\/logisain-78\\\/produit\\\/clou-sans-tete-en-bois-3-7mm-lignoloc-alsafix\\\/\",\"name\":\"Clou sans t\u00eate en bois 3,7mm Lignoloc Alsafix\",\"isPartOf\":{\"@id\":\"https:\\\/\\\/nature-et-developpement.com\\\/logisain-78\\\/#website\"},\"primaryImageOfPage\":{\"@id\":\"https:\\\/\\\/nature-et-developpement.com\\\/logisain-78\\\/produit\\\/clou-sans-tete-en-bois-3-7mm-lignoloc-alsafix\\\/#primaryimage\"},\"image\":{\"@id\":\"https:\\\/\\\/nature-et-developpement.com\\\/logisain-78\\\/produit\\\/clou-sans-tete-en-bois-3-7mm-lignoloc-alsafix\\\/#primaryimage\"},\"thumbnailUrl\":\"https:\\\/\\\/nature-et-developpement.com\\\/logisain-78\\\/wp-content\\\/uploads\\\/Clou-sans-tete-en-bois-3-7mm-Lignoloc-Alsafix.jpg\",\"datePublished\":\"2023-05-17T08:59:53+00:00\",\"dateModified\":\"2025-09-17T15:15:08+00:00\",\"description\":\"La pointe en bois est bien plus rapide \u00e0 utiliser qu'une cheville bois, avec une meilleure r\u00e9sistance au feu et pas de pont thermique ni de corrosion.\",\"breadcrumb\":{\"@id\":\"https:\\\/\\\/nature-et-developpement.com\\\/logisain-78\\\/produit\\\/clou-sans-tete-en-bois-3-7mm-lignoloc-alsafix\\\/#breadcrumb\"},\"inLanguage\":\"fr-FR\",\"potentialAction\":[{\"@type\":\"ReadAction\",\"target\":[\"https:\\\/\\\/nature-et-developpement.com\\\/logisain-78\\\/produit\\\/clou-sans-tete-en-bois-3-7mm-lignoloc-alsafix\\\/\"]}]},{\"@type\":\"ImageObject\",\"inLanguage\":\"fr-FR\",\"@id\":\"https:\\\/\\\/nature-et-developpement.com\\\/logisain-78\\\/produit\\\/clou-sans-tete-en-bois-3-7mm-lignoloc-alsafix\\\/#primaryimage\",\"url\":\"https:\\\/\\\/nature-et-developpement.com\\\/logisain-78\\\/wp-content\\\/uploads\\\/Clou-sans-tete-en-bois-3-7mm-Lignoloc-Alsafix.jpg\",\"contentUrl\":\"https:\\\/\\\/nature-et-developpement.com\\\/logisain-78\\\/wp-content\\\/uploads\\\/Clou-sans-tete-en-bois-3-7mm-Lignoloc-Alsafix.jpg\"},{\"@type\":\"BreadcrumbList\",\"@id\":\"https:\\\/\\\/nature-et-developpement.com\\\/logisain-78\\\/produit\\\/clou-sans-tete-en-bois-3-7mm-lignoloc-alsafix\\\/#breadcrumb\",\"itemListElement\":[{\"@type\":\"ListItem\",\"position\":1,\"name\":\"Accueil\",\"item\":\"https:\\\/\\\/nature-et-developpement.com\\\/logisain-78\\\/\"},{\"@type\":\"ListItem\",\"position\":2,\"name\":\"Produits\",\"item\":\"https:\\\/\\\/nature-et-developpement.com\\\/logisain-78\\\/shop\\\/\"},{\"@type\":\"ListItem\",\"position\":3,\"name\":\"Construction, cloison et fen\u00eatres\",\"item\":\"https:\\\/\\\/nature-et-developpement.com\\\/logisain-78\\\/produits\\\/construction\\\/\"},{\"@type\":\"ListItem\",\"position\":4,\"name\":\"Accessoires construction\",\"item\":\"https:\\\/\\\/nature-et-developpement.com\\\/logisain-78\\\/produits\\\/construction\\\/accessoires-construction\\\/\"},{\"@type\":\"ListItem\",\"position\":5,\"name\":\"Clou sans t\u00eate en bois 3,7mm Lignoloc Alsafix\"}]},{\"@type\":\"WebSite\",\"@id\":\"https:\\\/\\\/nature-et-developpement.com\\\/logisain-78\\\/#website\",\"url\":\"https:\\\/\\\/nature-et-developpement.com\\\/logisain-78\\\/\",\"name\":\"LOGISAIN 78 \u2013 Magasin de mat\u00e9riaux biosourc\u00e9s\",\"description\":\"Logisain 78 est membre du groupement Nature &amp; D\u00e9veloppement\",\"publisher\":{\"@id\":\"https:\\\/\\\/nature-et-developpement.com\\\/logisain-78\\\/#organization\"},\"potentialAction\":[{\"@type\":\"SearchAction\",\"target\":{\"@type\":\"EntryPoint\",\"urlTemplate\":\"https:\\\/\\\/nature-et-developpement.com\\\/logisain-78\\\/?s={search_term_string}\"},\"query-input\":{\"@type\":\"PropertyValueSpecification\",\"valueRequired\":true,\"valueName\":\"search_term_string\"}}],\"inLanguage\":\"fr-FR\"},{\"@type\":\"Organization\",\"@id\":\"https:\\\/\\\/nature-et-developpement.com\\\/logisain-78\\\/#organization\",\"name\":\"Logisain 78\",\"url\":\"https:\\\/\\\/nature-et-developpement.com\\\/logisain-78\\\/\",\"logo\":{\"@type\":\"ImageObject\",\"inLanguage\":\"fr-FR\",\"@id\":\"https:\\\/\\\/nature-et-developpement.com\\\/logisain-78\\\/#\\\/schema\\\/logo\\\/image\\\/\",\"url\":\"https:\\\/\\\/nature-et-developpement.com\\\/logisain-78\\\/wp-content\\\/uploads\\\/sites\\\/5\\\/2021\\\/08\\\/logo-logisain.jpg\",\"contentUrl\":\"https:\\\/\\\/nature-et-developpement.com\\\/logisain-78\\\/wp-content\\\/uploads\\\/sites\\\/5\\\/2021\\\/08\\\/logo-logisain.jpg\",\"width\":672,\"height\":455,\"caption\":\"Logisain 78\"},\"image\":{\"@id\":\"https:\\\/\\\/nature-et-developpement.com\\\/logisain-78\\\/#\\\/schema\\\/logo\\\/image\\\/\"}}]}<\/script>\n<!-- \/ Yoast SEO plugin. -->","yoast_head_json":{"title":"Clou sans t\u00eate en bois 3,7mm Lignoloc Alsafix","description":"La pointe en bois est bien plus rapide \u00e0 utiliser qu'une cheville bois, avec une meilleure r\u00e9sistance au feu et pas de pont thermique ni de corrosion.","robots":{"index":"noindex","follow":"nofollow"},"og_locale":"fr_FR","og_type":"article","og_title":"Clou sans t\u00eate en bois 3,7mm Lignoloc Alsafix","og_description":"La pointe en bois est bien plus rapide \u00e0 utiliser qu'une cheville bois, avec une meilleure r\u00e9sistance au feu et pas de pont thermique ni de corrosion.","og_url":"https:\/\/nature-et-developpement.com\/logisain-78\/produit\/clou-sans-tete-en-bois-3-7mm-lignoloc-alsafix\/","og_site_name":"LOGISAIN 78 \u2013 Magasin de mat\u00e9riaux biosourc\u00e9s","article_modified_time":"2025-09-17T15:15:08+00:00","twitter_card":"summary_large_image","twitter_misc":{"Dur\u00e9e de lecture estim\u00e9e":"1 minute"},"schema":{"@context":"https:\/\/schema.org","@graph":[{"@type":"WebPage","@id":"https:\/\/nature-et-developpement.com\/logisain-78\/produit\/clou-sans-tete-en-bois-3-7mm-lignoloc-alsafix\/","url":"https:\/\/nature-et-developpement.com\/logisain-78\/produit\/clou-sans-tete-en-bois-3-7mm-lignoloc-alsafix\/","name":"Clou sans t\u00eate en bois 3,7mm Lignoloc Alsafix","isPartOf":{"@id":"https:\/\/nature-et-developpement.com\/logisain-78\/#website"},"primaryImageOfPage":{"@id":"https:\/\/nature-et-developpement.com\/logisain-78\/produit\/clou-sans-tete-en-bois-3-7mm-lignoloc-alsafix\/#primaryimage"},"image":{"@id":"https:\/\/nature-et-developpement.com\/logisain-78\/produit\/clou-sans-tete-en-bois-3-7mm-lignoloc-alsafix\/#primaryimage"},"thumbnailUrl":"https:\/\/nature-et-developpement.com\/logisain-78\/wp-content\/uploads\/Clou-sans-tete-en-bois-3-7mm-Lignoloc-Alsafix.jpg","datePublished":"2023-05-17T08:59:53+00:00","dateModified":"2025-09-17T15:15:08+00:00","description":"La pointe en bois est bien plus rapide \u00e0 utiliser qu'une cheville bois, avec une meilleure r\u00e9sistance au feu et pas de pont thermique ni de corrosion.","breadcrumb":{"@id":"https:\/\/nature-et-developpement.com\/logisain-78\/produit\/clou-sans-tete-en-bois-3-7mm-lignoloc-alsafix\/#breadcrumb"},"inLanguage":"fr-FR","potentialAction":[{"@type":"ReadAction","target":["https:\/\/nature-et-developpement.com\/logisain-78\/produit\/clou-sans-tete-en-bois-3-7mm-lignoloc-alsafix\/"]}]},{"@type":"ImageObject","inLanguage":"fr-FR","@id":"https:\/\/nature-et-developpement.com\/logisain-78\/produit\/clou-sans-tete-en-bois-3-7mm-lignoloc-alsafix\/#primaryimage","url":"https:\/\/nature-et-developpement.com\/logisain-78\/wp-content\/uploads\/Clou-sans-tete-en-bois-3-7mm-Lignoloc-Alsafix.jpg","contentUrl":"https:\/\/nature-et-developpement.com\/logisain-78\/wp-content\/uploads\/Clou-sans-tete-en-bois-3-7mm-Lignoloc-Alsafix.jpg"},{"@type":"BreadcrumbList","@id":"https:\/\/nature-et-developpement.com\/logisain-78\/produit\/clou-sans-tete-en-bois-3-7mm-lignoloc-alsafix\/#breadcrumb","itemListElement":[{"@type":"ListItem","position":1,"name":"Accueil","item":"https:\/\/nature-et-developpement.com\/logisain-78\/"},{"@type":"ListItem","position":2,"name":"Produits","item":"https:\/\/nature-et-developpement.com\/logisain-78\/shop\/"},{"@type":"ListItem","position":3,"name":"Construction, cloison et fen\u00eatres","item":"https:\/\/nature-et-developpement.com\/logisain-78\/produits\/construction\/"},{"@type":"ListItem","position":4,"name":"Accessoires construction","item":"https:\/\/nature-et-developpement.com\/logisain-78\/produits\/construction\/accessoires-construction\/"},{"@type":"ListItem","position":5,"name":"Clou sans t\u00eate en bois 3,7mm Lignoloc Alsafix"}]},{"@type":"WebSite","@id":"https:\/\/nature-et-developpement.com\/logisain-78\/#website","url":"https:\/\/nature-et-developpement.com\/logisain-78\/","name":"LOGISAIN 78 \u2013 Magasin de mat\u00e9riaux biosourc\u00e9s","description":"Logisain 78 est membre du groupement Nature &amp; D\u00e9veloppement","publisher":{"@id":"https:\/\/nature-et-developpement.com\/logisain-78\/#organization"},"potentialAction":[{"@type":"SearchAction","target":{"@type":"EntryPoint","urlTemplate":"https:\/\/nature-et-developpement.com\/logisain-78\/?s={search_term_string}"},"query-input":{"@type":"PropertyValueSpecification","valueRequired":true,"valueName":"search_term_string"}}],"inLanguage":"fr-FR"},{"@type":"Organization","@id":"https:\/\/nature-et-developpement.com\/logisain-78\/#organization","name":"Logisain 78","url":"https:\/\/nature-et-developpement.com\/logisain-78\/","logo":{"@type":"ImageObject","inLanguage":"fr-FR","@id":"https:\/\/nature-et-developpement.com\/logisain-78\/#\/schema\/logo\/image\/","url":"https:\/\/nature-et-developpement.com\/logisain-78\/wp-content\/uploads\/sites\/5\/2021\/08\/logo-logisain.jpg","contentUrl":"https:\/\/nature-et-developpement.com\/logisain-78\/wp-content\/uploads\/sites\/5\/2021\/08\/logo-logisain.jpg","width":672,"height":455,"caption":"Logisain 78"},"image":{"@id":"https:\/\/nature-et-developpement.com\/logisain-78\/#\/schema\/logo\/image\/"}}]}},"distributor_meta":false,"distributor_terms":false,"distributor_media":false,"distributor_original_site_name":"LOGISAIN 78 \u2013 Magasin de mat\u00e9riaux biosourc\u00e9s","distributor_original_site_url":"https:\/\/nature-et-developpement.com\/logisain-78","push-errors":false,"_links":{"self":[{"href":"https:\/\/nature-et-developpement.com\/logisain-78\/wp-json\/wp\/v2\/product\/32431","targetHints":{"allow":["GET"]}}],"collection":[{"href":"https:\/\/nature-et-developpement.com\/logisain-78\/wp-json\/wp\/v2\/product"}],"about":[{"href":"https:\/\/nature-et-developpement.com\/logisain-78\/wp-json\/wp\/v2\/types\/product"}],"wp:featuredmedia":[{"embeddable":true,"href":"https:\/\/nature-et-developpement.com\/logisain-78\/wp-json\/"}],"wp:attachment":[{"href":"https:\/\/nature-et-developpement.com\/logisain-78\/wp-json\/wp\/v2\/media?parent=32431"}],"wp:term":[{"taxonomy":"product_brand","embeddable":true,"href":"https:\/\/nature-et-developpement.com\/logisain-78\/wp-json\/wp\/v2\/product_brand?post=32431"},{"taxonomy":"product_cat","embeddable":true,"href":"https:\/\/nature-et-developpement.com\/logisain-78\/wp-json\/wp\/v2\/product_cat?post=32431"},{"taxonomy":"product_tag","embeddable":true,"href":"https:\/\/nature-et-developpement.com\/logisain-78\/wp-json\/wp\/v2\/product_tag?post=32431"}],"curies":[{"name":"wp","href":"https:\/\/api.w.org\/{rel}","templated":true}]}}