{"id":35852,"date":"2024-02-21T11:32:53","date_gmt":"2024-02-21T10:32:53","guid":{"rendered":"https:\/\/nature-et-developpement.com\/logisain-78\/produit\/perle-ceramique-active-hydropure\/"},"modified":"2026-04-13T20:30:09","modified_gmt":"2026-04-13T18:30:09","slug":"perle-ceramique-active-hydropure","status":"publish","type":"product","link":"https:\/\/nature-et-developpement.com\/logisain-78\/produit\/perle-ceramique-active-hydropure\/","title":{"rendered":"Perle c\u00e9ramique active HYDROPURE"},"content":{"rendered":"<div style=\"text-align: justify\">\n<h2><strong>Perles de C\u00e9ramique Active pour l&rsquo;Am\u00e9lioration de l&rsquo;Eau<\/strong><\/h2>\n<p>Elles agissent gr\u00e2ce au principe de r\u00e9sonance. Elles redynamisent l\u2019eau, avec pour r\u00e9sultats une r\u00e9duction des d\u00e9p\u00f4ts de tartre et de l\u2019oxydation. Ainsi que a disparition du go\u00fbt d\u00e9sagr\u00e9able et une am\u00e9lioration de la qualit\u00e9 de l\u2019eau.<\/p>\n<p>L&rsquo;am\u00e9lioration de la qualit\u00e9 de l&rsquo;eau du robinet s&rsquo;obtient gr\u00e2ce aux produits de la gamme EM\u00ae.<\/p>\n<p>La fabrication des produits EM\u00ae Ceramics se fait par la cuisson \u00e0 haute temp\u00e9rature (1300\u00b0C pour les c\u00e9ramiques grises) de l&rsquo;argile de Seto, ferment\u00e9e par les EM\u00ae. Bien que les EM\u00ae ne survivent pas \u00e0 cette cuisson, les fr\u00e9quences qu&rsquo;ils \u00e9mettent sont pr\u00e9serv\u00e9es sous forme de vibrations dans la c\u00e9ramique form\u00e9e, et ce, de mani\u00e8re illimit\u00e9e.<\/p>\n<p>Les vibrations \u00e9mises par les EM\u00ae Ceramics grises ont plusieurs effets. Dont l&rsquo;am\u00e9lioration de la structure de l&rsquo;eau en r\u00e9duisant les groupements de mol\u00e9cules (clusters). Ce changement modifie la texture et le go\u00fbt de l&rsquo;eau.<\/p>\n<p>Environ 90% de ces vibrations rel\u00e8vent de l&rsquo;infrarouge lointain, impactant positivement notre corps en stimulant la circulation sanguine et l&rsquo;oxyg\u00e9nation.<\/p>\n<p>Gr\u00e2ce aux EM\u00ae Ceramics grises qui r\u00e9duit, l&rsquo;oxydation de la mati\u00e8re, de m\u00eame que les d\u00e9p\u00f4ts de tartre.<\/p>\n<h3><strong>Comment utiliser les perles ?<\/strong><\/h3>\n<p><em>Pour l&rsquo;eau :<\/em> Les produits EM\u00ae Ceramics agissent par r\u00e9sonance, redynamisant l&rsquo;eau et entra\u00eenant une r\u00e9duction des d\u00e9p\u00f4ts de tartre et de l&rsquo;oxydation. Mais aussi l&rsquo;\u00e9limination du go\u00fbt d\u00e9sagr\u00e9able, et une am\u00e9lioration de la qualit\u00e9 de l&rsquo;eau. Placez entre 10 et 15 perles dans une carafe ou une bouilloire par litre d&rsquo;eau.<\/p>\n<p><em>Pour la conservation :<\/em> Toujours gr\u00e2ce \u00e0 la r\u00e9sonance, les produits EM\u00ae Ceramics prolongent la dur\u00e9e de conservation des aliments dans le r\u00e9frig\u00e9rateur, la corbeille \u00e0 fruits, etc. Hydropure propose un collier de 25 perles EMX25 pour ces deux utilisations.<\/p>\n<h4><strong>Entretien<\/strong><\/h4>\n<p>Pour les EM\u00ae Ceramics grises, nettoyez-les r\u00e9guli\u00e8rement en les laissant tremper une nuit dans une eau savonneuse pour les conserver ind\u00e9finiment.<\/p>\n<h4><strong>Pr\u00e9cautions<\/strong><\/h4>\n<p>Les produits EM\u00ae Ceramics ne conviennent pas pour une utilisation au micro-ondes ni sur une plaque \u00e0 induction. Bien que les EM\u00ae Ceramics sont fragiles, s&rsquo;ils se d\u00e9gradent ou en fin de vie. On les\u00a0 r\u00e9utilisera dans le jardin pour abriter la microbiologie et stocker les \u00e9l\u00e9ments nutritifs n\u00e9cessaires au bon d\u00e9veloppement des plantes. Les petites pi\u00e8ces doivent \u00eatre tenues hors de la port\u00e9e des enfants. Les quantit\u00e9s recommand\u00e9es sont indicatives et sont ajust\u00e9es sans risque.<\/p>\n<h3><strong>Pourquoi choisir Hydropure ?<\/strong><\/h3>\n<p>Fond\u00e9e il y a plus de 20 ans et dirig\u00e9e par un ing\u00e9nieur en G\u00e9nie Chimique, la soci\u00e9t\u00e9 CIDT s&rsquo;engage dans la recherche et le d\u00e9veloppement. Des solutions efficaces et \u00e9conomiques pour la filtration de l&rsquo;eau. Initialement centr\u00e9e sur la conception de syst\u00e8mes de traitement de l&rsquo;eau par osmose inverse. La soci\u00e9t\u00e9 a \u00e9tendu ses activit\u00e9s pour r\u00e9pondre aux besoins croissants de filtration \u00e9conomique. La gamme HYDROPURE\u00ae Microfiltration repr\u00e9sente le fruit de recherches visant \u00e0 r\u00e9soudre des probl\u00e8mes tels que le plomb, les r\u00e9sidus de m\u00e9dicaments, les organo-chlor\u00e9s, les pesticides et les bact\u00e9ries dans l&rsquo;eau de consommation.<\/p>\n<\/div>\n","protected":false},"excerpt":{"rendered":"<p>Gr\u00e2ce au principe de r\u00e9sonance. Elles redynamisent l\u2019eau, avec pour r\u00e9sultats une r\u00e9duction des d\u00e9p\u00f4ts de tartre et de l\u2019oxydation. Ainsi que a disparition du go\u00fbt d\u00e9sagr\u00e9able et une am\u00e9lioration de la qualit\u00e9 de l\u2019eau.<\/p>\n","protected":false},"featured_media":1000000174650,"template":"","meta":[],"product_brand":[2829],"product_cat":[1771],"product_tag":[4306],"class_list":{"0":"post-35852","1":"product","2":"type-product","3":"status-publish","4":"has-post-thumbnail","6":"product_brand-cidt","7":"product_cat-eau","8":"product_tag-cidt","9":"product_shipping_class-petit-equipement-outil-eclairage","11":"first","12":"instock","13":"taxable","14":"shipping-taxable","15":"purchasable","16":"product-type-variable"},"yoast_head":"<!-- This site is optimized with the Yoast SEO plugin v27.5 - https:\/\/yoast.com\/product\/yoast-seo-wordpress\/ -->\n<title>Perle c\u00e9ramique active HYDROPURE<\/title>\n<meta name=\"description\" content=\"Gr\u00e2ce au principe de r\u00e9sonance. Elles redynamisent l\u2019eau, avec pour r\u00e9sultats une r\u00e9duction des d\u00e9p\u00f4ts de tartre et de l\u2019oxydation. Ainsi que a disparition du go\u00fbt d\u00e9sagr\u00e9able et une am\u00e9lioration de la qualit\u00e9 de l\u2019eau.\" \/>\n<meta name=\"robots\" content=\"noindex, nofollow\" \/>\n<meta property=\"og:locale\" content=\"fr_FR\" \/>\n<meta property=\"og:type\" content=\"article\" \/>\n<meta property=\"og:title\" content=\"Perle c\u00e9ramique active HYDROPURE\" \/>\n<meta property=\"og:description\" content=\"Gr\u00e2ce au principe de r\u00e9sonance. Elles redynamisent l\u2019eau, avec pour r\u00e9sultats une r\u00e9duction des d\u00e9p\u00f4ts de tartre et de l\u2019oxydation. Ainsi que a disparition du go\u00fbt d\u00e9sagr\u00e9able et une am\u00e9lioration de la qualit\u00e9 de l\u2019eau.\" \/>\n<meta property=\"og:url\" content=\"https:\/\/nature-et-developpement.com\/logisain-78\/produit\/perle-ceramique-active-hydropure\/\" \/>\n<meta property=\"og:site_name\" content=\"LOGISAIN 78 \u2013 Magasin de mat\u00e9riaux biosourc\u00e9s\" \/>\n<meta property=\"article:modified_time\" content=\"2026-04-13T18:30:09+00:00\" \/>\n<meta name=\"twitter:card\" content=\"summary_large_image\" \/>\n<meta name=\"twitter:label1\" content=\"Dur\u00e9e de lecture estim\u00e9e\" \/>\n\t<meta name=\"twitter:data1\" content=\"1 minute\" \/>\n<script type=\"application\/ld+json\" class=\"yoast-schema-graph\">{\"@context\":\"https:\\\/\\\/schema.org\",\"@graph\":[{\"@type\":\"WebPage\",\"@id\":\"https:\\\/\\\/nature-et-developpement.com\\\/logisain-78\\\/produit\\\/perle-ceramique-active-hydropure\\\/\",\"url\":\"https:\\\/\\\/nature-et-developpement.com\\\/logisain-78\\\/produit\\\/perle-ceramique-active-hydropure\\\/\",\"name\":\"Perle c\u00e9ramique active HYDROPURE\",\"isPartOf\":{\"@id\":\"https:\\\/\\\/nature-et-developpement.com\\\/logisain-78\\\/#website\"},\"primaryImageOfPage\":{\"@id\":\"https:\\\/\\\/nature-et-developpement.com\\\/logisain-78\\\/produit\\\/perle-ceramique-active-hydropure\\\/#primaryimage\"},\"image\":{\"@id\":\"https:\\\/\\\/nature-et-developpement.com\\\/logisain-78\\\/produit\\\/perle-ceramique-active-hydropure\\\/#primaryimage\"},\"thumbnailUrl\":\"https:\\\/\\\/nature-et-developpement.com\\\/logisain-78\\\/wp-content\\\/uploads\\\/Perle-ceramique-active-HYDROPURE-EMX25.jpg\",\"datePublished\":\"2024-02-21T10:32:53+00:00\",\"dateModified\":\"2026-04-13T18:30:09+00:00\",\"description\":\"Gr\u00e2ce au principe de r\u00e9sonance. Elles redynamisent l\u2019eau, avec pour r\u00e9sultats une r\u00e9duction des d\u00e9p\u00f4ts de tartre et de l\u2019oxydation. Ainsi que a disparition du go\u00fbt d\u00e9sagr\u00e9able et une am\u00e9lioration de la qualit\u00e9 de l\u2019eau.\",\"breadcrumb\":{\"@id\":\"https:\\\/\\\/nature-et-developpement.com\\\/logisain-78\\\/produit\\\/perle-ceramique-active-hydropure\\\/#breadcrumb\"},\"inLanguage\":\"fr-FR\",\"potentialAction\":[{\"@type\":\"ReadAction\",\"target\":[\"https:\\\/\\\/nature-et-developpement.com\\\/logisain-78\\\/produit\\\/perle-ceramique-active-hydropure\\\/\"]}]},{\"@type\":\"ImageObject\",\"inLanguage\":\"fr-FR\",\"@id\":\"https:\\\/\\\/nature-et-developpement.com\\\/logisain-78\\\/produit\\\/perle-ceramique-active-hydropure\\\/#primaryimage\",\"url\":\"https:\\\/\\\/nature-et-developpement.com\\\/logisain-78\\\/wp-content\\\/uploads\\\/Perle-ceramique-active-HYDROPURE-EMX25.jpg\",\"contentUrl\":\"https:\\\/\\\/nature-et-developpement.com\\\/logisain-78\\\/wp-content\\\/uploads\\\/Perle-ceramique-active-HYDROPURE-EMX25.jpg\"},{\"@type\":\"BreadcrumbList\",\"@id\":\"https:\\\/\\\/nature-et-developpement.com\\\/logisain-78\\\/produit\\\/perle-ceramique-active-hydropure\\\/#breadcrumb\",\"itemListElement\":[{\"@type\":\"ListItem\",\"position\":1,\"name\":\"Accueil\",\"item\":\"https:\\\/\\\/nature-et-developpement.com\\\/logisain-78\\\/\"},{\"@type\":\"ListItem\",\"position\":2,\"name\":\"Produits\",\"item\":\"https:\\\/\\\/nature-et-developpement.com\\\/logisain-78\\\/shop\\\/\"},{\"@type\":\"ListItem\",\"position\":3,\"name\":\"Chauffage, eau et \u00e9nergie\",\"item\":\"https:\\\/\\\/nature-et-developpement.com\\\/logisain-78\\\/produits\\\/energie-et-ventilation\\\/\"},{\"@type\":\"ListItem\",\"position\":4,\"name\":\"Eau, filtre \u00e0 eau, r\u00e9cup\u00e9rateur d'eau de pluie\",\"item\":\"https:\\\/\\\/nature-et-developpement.com\\\/logisain-78\\\/produits\\\/energie-et-ventilation\\\/eau\\\/\"},{\"@type\":\"ListItem\",\"position\":5,\"name\":\"Perle c\u00e9ramique active HYDROPURE\"}]},{\"@type\":\"WebSite\",\"@id\":\"https:\\\/\\\/nature-et-developpement.com\\\/logisain-78\\\/#website\",\"url\":\"https:\\\/\\\/nature-et-developpement.com\\\/logisain-78\\\/\",\"name\":\"LOGISAIN 78 \u2013 Magasin de mat\u00e9riaux biosourc\u00e9s\",\"description\":\"Logisain 78 est membre du groupement Nature &amp; D\u00e9veloppement\",\"publisher\":{\"@id\":\"https:\\\/\\\/nature-et-developpement.com\\\/logisain-78\\\/#organization\"},\"potentialAction\":[{\"@type\":\"SearchAction\",\"target\":{\"@type\":\"EntryPoint\",\"urlTemplate\":\"https:\\\/\\\/nature-et-developpement.com\\\/logisain-78\\\/?s={search_term_string}\"},\"query-input\":{\"@type\":\"PropertyValueSpecification\",\"valueRequired\":true,\"valueName\":\"search_term_string\"}}],\"inLanguage\":\"fr-FR\"},{\"@type\":\"Organization\",\"@id\":\"https:\\\/\\\/nature-et-developpement.com\\\/logisain-78\\\/#organization\",\"name\":\"Logisain 78\",\"url\":\"https:\\\/\\\/nature-et-developpement.com\\\/logisain-78\\\/\",\"logo\":{\"@type\":\"ImageObject\",\"inLanguage\":\"fr-FR\",\"@id\":\"https:\\\/\\\/nature-et-developpement.com\\\/logisain-78\\\/#\\\/schema\\\/logo\\\/image\\\/\",\"url\":\"https:\\\/\\\/nature-et-developpement.com\\\/logisain-78\\\/wp-content\\\/uploads\\\/sites\\\/5\\\/2021\\\/08\\\/logo-logisain.jpg\",\"contentUrl\":\"https:\\\/\\\/nature-et-developpement.com\\\/logisain-78\\\/wp-content\\\/uploads\\\/sites\\\/5\\\/2021\\\/08\\\/logo-logisain.jpg\",\"width\":672,\"height\":455,\"caption\":\"Logisain 78\"},\"image\":{\"@id\":\"https:\\\/\\\/nature-et-developpement.com\\\/logisain-78\\\/#\\\/schema\\\/logo\\\/image\\\/\"}}]}<\/script>\n<!-- \/ Yoast SEO plugin. -->","yoast_head_json":{"title":"Perle c\u00e9ramique active HYDROPURE","description":"Gr\u00e2ce au principe de r\u00e9sonance. Elles redynamisent l\u2019eau, avec pour r\u00e9sultats une r\u00e9duction des d\u00e9p\u00f4ts de tartre et de l\u2019oxydation. Ainsi que a disparition du go\u00fbt d\u00e9sagr\u00e9able et une am\u00e9lioration de la qualit\u00e9 de l\u2019eau.","robots":{"index":"noindex","follow":"nofollow"},"og_locale":"fr_FR","og_type":"article","og_title":"Perle c\u00e9ramique active HYDROPURE","og_description":"Gr\u00e2ce au principe de r\u00e9sonance. Elles redynamisent l\u2019eau, avec pour r\u00e9sultats une r\u00e9duction des d\u00e9p\u00f4ts de tartre et de l\u2019oxydation. Ainsi que a disparition du go\u00fbt d\u00e9sagr\u00e9able et une am\u00e9lioration de la qualit\u00e9 de l\u2019eau.","og_url":"https:\/\/nature-et-developpement.com\/logisain-78\/produit\/perle-ceramique-active-hydropure\/","og_site_name":"LOGISAIN 78 \u2013 Magasin de mat\u00e9riaux biosourc\u00e9s","article_modified_time":"2026-04-13T18:30:09+00:00","twitter_card":"summary_large_image","twitter_misc":{"Dur\u00e9e de lecture estim\u00e9e":"1 minute"},"schema":{"@context":"https:\/\/schema.org","@graph":[{"@type":"WebPage","@id":"https:\/\/nature-et-developpement.com\/logisain-78\/produit\/perle-ceramique-active-hydropure\/","url":"https:\/\/nature-et-developpement.com\/logisain-78\/produit\/perle-ceramique-active-hydropure\/","name":"Perle c\u00e9ramique active HYDROPURE","isPartOf":{"@id":"https:\/\/nature-et-developpement.com\/logisain-78\/#website"},"primaryImageOfPage":{"@id":"https:\/\/nature-et-developpement.com\/logisain-78\/produit\/perle-ceramique-active-hydropure\/#primaryimage"},"image":{"@id":"https:\/\/nature-et-developpement.com\/logisain-78\/produit\/perle-ceramique-active-hydropure\/#primaryimage"},"thumbnailUrl":"https:\/\/nature-et-developpement.com\/logisain-78\/wp-content\/uploads\/Perle-ceramique-active-HYDROPURE-EMX25.jpg","datePublished":"2024-02-21T10:32:53+00:00","dateModified":"2026-04-13T18:30:09+00:00","description":"Gr\u00e2ce au principe de r\u00e9sonance. Elles redynamisent l\u2019eau, avec pour r\u00e9sultats une r\u00e9duction des d\u00e9p\u00f4ts de tartre et de l\u2019oxydation. Ainsi que a disparition du go\u00fbt d\u00e9sagr\u00e9able et une am\u00e9lioration de la qualit\u00e9 de l\u2019eau.","breadcrumb":{"@id":"https:\/\/nature-et-developpement.com\/logisain-78\/produit\/perle-ceramique-active-hydropure\/#breadcrumb"},"inLanguage":"fr-FR","potentialAction":[{"@type":"ReadAction","target":["https:\/\/nature-et-developpement.com\/logisain-78\/produit\/perle-ceramique-active-hydropure\/"]}]},{"@type":"ImageObject","inLanguage":"fr-FR","@id":"https:\/\/nature-et-developpement.com\/logisain-78\/produit\/perle-ceramique-active-hydropure\/#primaryimage","url":"https:\/\/nature-et-developpement.com\/logisain-78\/wp-content\/uploads\/Perle-ceramique-active-HYDROPURE-EMX25.jpg","contentUrl":"https:\/\/nature-et-developpement.com\/logisain-78\/wp-content\/uploads\/Perle-ceramique-active-HYDROPURE-EMX25.jpg"},{"@type":"BreadcrumbList","@id":"https:\/\/nature-et-developpement.com\/logisain-78\/produit\/perle-ceramique-active-hydropure\/#breadcrumb","itemListElement":[{"@type":"ListItem","position":1,"name":"Accueil","item":"https:\/\/nature-et-developpement.com\/logisain-78\/"},{"@type":"ListItem","position":2,"name":"Produits","item":"https:\/\/nature-et-developpement.com\/logisain-78\/shop\/"},{"@type":"ListItem","position":3,"name":"Chauffage, eau et \u00e9nergie","item":"https:\/\/nature-et-developpement.com\/logisain-78\/produits\/energie-et-ventilation\/"},{"@type":"ListItem","position":4,"name":"Eau, filtre \u00e0 eau, r\u00e9cup\u00e9rateur d'eau de pluie","item":"https:\/\/nature-et-developpement.com\/logisain-78\/produits\/energie-et-ventilation\/eau\/"},{"@type":"ListItem","position":5,"name":"Perle c\u00e9ramique active HYDROPURE"}]},{"@type":"WebSite","@id":"https:\/\/nature-et-developpement.com\/logisain-78\/#website","url":"https:\/\/nature-et-developpement.com\/logisain-78\/","name":"LOGISAIN 78 \u2013 Magasin de mat\u00e9riaux biosourc\u00e9s","description":"Logisain 78 est membre du groupement Nature &amp; D\u00e9veloppement","publisher":{"@id":"https:\/\/nature-et-developpement.com\/logisain-78\/#organization"},"potentialAction":[{"@type":"SearchAction","target":{"@type":"EntryPoint","urlTemplate":"https:\/\/nature-et-developpement.com\/logisain-78\/?s={search_term_string}"},"query-input":{"@type":"PropertyValueSpecification","valueRequired":true,"valueName":"search_term_string"}}],"inLanguage":"fr-FR"},{"@type":"Organization","@id":"https:\/\/nature-et-developpement.com\/logisain-78\/#organization","name":"Logisain 78","url":"https:\/\/nature-et-developpement.com\/logisain-78\/","logo":{"@type":"ImageObject","inLanguage":"fr-FR","@id":"https:\/\/nature-et-developpement.com\/logisain-78\/#\/schema\/logo\/image\/","url":"https:\/\/nature-et-developpement.com\/logisain-78\/wp-content\/uploads\/sites\/5\/2021\/08\/logo-logisain.jpg","contentUrl":"https:\/\/nature-et-developpement.com\/logisain-78\/wp-content\/uploads\/sites\/5\/2021\/08\/logo-logisain.jpg","width":672,"height":455,"caption":"Logisain 78"},"image":{"@id":"https:\/\/nature-et-developpement.com\/logisain-78\/#\/schema\/logo\/image\/"}}]}},"distributor_meta":false,"distributor_terms":false,"distributor_media":false,"distributor_original_site_name":"LOGISAIN 78 \u2013 Magasin de mat\u00e9riaux biosourc\u00e9s","distributor_original_site_url":"https:\/\/nature-et-developpement.com\/logisain-78","push-errors":false,"_links":{"self":[{"href":"https:\/\/nature-et-developpement.com\/logisain-78\/wp-json\/wp\/v2\/product\/35852","targetHints":{"allow":["GET"]}}],"collection":[{"href":"https:\/\/nature-et-developpement.com\/logisain-78\/wp-json\/wp\/v2\/product"}],"about":[{"href":"https:\/\/nature-et-developpement.com\/logisain-78\/wp-json\/wp\/v2\/types\/product"}],"wp:featuredmedia":[{"embeddable":true,"href":"https:\/\/nature-et-developpement.com\/logisain-78\/wp-json\/"}],"wp:attachment":[{"href":"https:\/\/nature-et-developpement.com\/logisain-78\/wp-json\/wp\/v2\/media?parent=35852"}],"wp:term":[{"taxonomy":"product_brand","embeddable":true,"href":"https:\/\/nature-et-developpement.com\/logisain-78\/wp-json\/wp\/v2\/product_brand?post=35852"},{"taxonomy":"product_cat","embeddable":true,"href":"https:\/\/nature-et-developpement.com\/logisain-78\/wp-json\/wp\/v2\/product_cat?post=35852"},{"taxonomy":"product_tag","embeddable":true,"href":"https:\/\/nature-et-developpement.com\/logisain-78\/wp-json\/wp\/v2\/product_tag?post=35852"}],"curies":[{"name":"wp","href":"https:\/\/api.w.org\/{rel}","templated":true}]}}