{"id":428,"date":"2021-03-24T16:11:20","date_gmt":"2021-03-24T15:11:20","guid":{"rendered":"https:\/\/nature-et-developpement.com\/logisain78\/produit\/enduit-de-chaux-tradical-pz\/"},"modified":"2025-06-12T16:57:33","modified_gmt":"2025-06-12T14:57:33","slug":"chaux-pouzzolanique-tradical-pz-contre-salpetre-et-remontee-capillaire","status":"publish","type":"product","link":"https:\/\/nature-et-developpement.com\/logisain-78\/produit\/chaux-pouzzolanique-tradical-pz-contre-salpetre-et-remontee-capillaire\/","title":{"rendered":"Chaux pouzzolanique TRADICAL PZ contre salp\u00eatre et remont\u00e9e capillaire"},"content":{"rendered":"<p>Cette chaux est adapt\u00e9e en fa\u00e7ade sur les murs expos\u00e9s aux embruns, \u00e0 des infiltrations d&rsquo;eau dues \u00e0 un d\u00e9faut d&rsquo;\u00e9tanch\u00e9it\u00e9 de toiture, ainsi qu&rsquo;en soubassements sujets \u00e0 des remont\u00e9es capillaires. \u00c0 noter qu&rsquo;il est imp\u00e9ratif de rem\u00e9dier \u00e0 l&rsquo;origine des infiltrations d&rsquo;eau et des remont\u00e9es capillaires par un traitement appropri\u00e9.<\/p>\n<p>Tradical PZ est une chaux formul\u00e9e pouzzolanique de classe HL 5 conforme \u00e0 la norme NF EN 459 des chaux de constructions, destin\u00e9e par simple adjonction d\u2019agr\u00e9gats \u00e0 la confections de mortiers d\u2019assainissement pour supports sujets aux remont\u00e9es capillaires.<\/p>\n<p><span style=\"text-decoration: underline\"><strong>Les plus<\/strong><\/span> :<\/p>\n<ul>\n<li>Enduit \u00e9cologique \u00e0 la chaux.<\/li>\n<li>Mise en \u0153uvre manuelle et machine (projection m\u00e9canique ou pneumatique).<\/li>\n<li>Garantie d\u00e9cennale et de bon fonctionnement du fabricant.<\/li>\n<\/ul>\n<h3><\/h3>\n<h3><span style=\"text-decoration: underline\">La chaux, mat\u00e9riau d&rsquo;avenir.<\/span><\/h3>\n<p>La durabilit\u00e9 des ouvrages d\u00e9pend largement de leur capacit\u00e9 \u00e0 supporter les d\u00e9formations. Dans le cas d\u2019ouvrages en ma\u00e7onnerie, cette facult\u00e9 est largement li\u00e9e aux caract\u00e9ristiques des mortiers de pose qui doivent associer des qualit\u00e9s de r\u00e9sistance \u00e0 la compression et d\u2019\u00e9lasticit\u00e9. La chaux permet d\u2019obtenir ces caract\u00e9ristiques et surtout de les conserver.<\/p>\n<p>La chaux a\u00e9rienne produite aujourd&rsquo;hui par les usines du Groupe Lhoist est, gr\u00e2ce \u00e0 la ma\u00eetrise de toute la cha\u00eene de production, un mat\u00e9riau moderne permettant l\u2019\u00e9laboration de produits de haute technologie.<\/p>\n<p>Une gamme compl\u00e8te de chaux a\u00e9riennes pures ou compos\u00e9es selon des crit\u00e8res (finesse, r\u00e9activit\u00e9, taux de chaux libre\u2026) et des niveaux qualitatifs accrus, garantit d\u00e9sormais des utilisations s\u00e9curis\u00e9es.<\/p>\n","protected":false},"excerpt":{"rendered":"<p>Chaux anti-salp\u00eatre.<\/p>\n<p>Traitement des soubassements sujets aux remont\u00e9es capillaires.<\/p>\n<p>Traitement des pieds de murs et ma\u00e7onneries sujets \u00e0 la pr\u00e9sence de sels (nitrates, chlorures, sulfates).<\/p>\n","protected":false},"featured_media":1000000169915,"template":"","meta":[],"product_brand":[2869],"product_cat":[173],"product_tag":[4295],"class_list":{"0":"post-428","1":"product","2":"type-product","3":"status-publish","4":"has-post-thumbnail","6":"product_brand-tradical","7":"product_cat-maconnerie","8":"product_tag-chaux","9":"product_shipping_class-sac-de-25kg","11":"first","12":"instock","13":"taxable","14":"shipping-taxable","15":"purchasable","16":"product-type-variable"},"yoast_head":"<!-- This site is optimized with the Yoast SEO plugin v27.5 - https:\/\/yoast.com\/product\/yoast-seo-wordpress\/ -->\n<title>Chaux pouzzolanique TRADICAL PZ contre salp\u00eatre et remont\u00e9e capillaire<\/title>\n<meta name=\"description\" content=\"Chaux anti-salp\u00eatre.  Traitement des soubassements sujets aux remont\u00e9es capillaires.  Traitement des pieds de murs et ma\u00e7onneries sujets \u00e0 la pr\u00e9sence de sels (nitrates, chlorures, sulfates).\" \/>\n<meta name=\"robots\" content=\"noindex, follow\" \/>\n<meta property=\"og:locale\" content=\"fr_FR\" \/>\n<meta property=\"og:type\" content=\"article\" \/>\n<meta property=\"og:title\" content=\"Chaux pouzzolanique TRADICAL PZ contre salp\u00eatre et remont\u00e9e capillaire\" \/>\n<meta property=\"og:description\" content=\"Chaux anti-salp\u00eatre.  Traitement des soubassements sujets aux remont\u00e9es capillaires.  Traitement des pieds de murs et ma\u00e7onneries sujets \u00e0 la pr\u00e9sence de sels (nitrates, chlorures, sulfates).\" \/>\n<meta property=\"og:url\" content=\"https:\/\/nature-et-developpement.com\/logisain-78\/produit\/chaux-pouzzolanique-tradical-pz-contre-salpetre-et-remontee-capillaire\/\" \/>\n<meta property=\"og:site_name\" content=\"LOGISAIN 78 \u2013 Magasin de mat\u00e9riaux biosourc\u00e9s\" \/>\n<meta property=\"article:modified_time\" content=\"2025-06-12T14:57:33+00:00\" \/>\n<meta name=\"twitter:card\" content=\"summary_large_image\" \/>\n<meta name=\"twitter:label1\" content=\"Dur\u00e9e de lecture estim\u00e9e\" \/>\n\t<meta name=\"twitter:data1\" content=\"1 minute\" \/>\n<script type=\"application\/ld+json\" class=\"yoast-schema-graph\">{\"@context\":\"https:\\\/\\\/schema.org\",\"@graph\":[{\"@type\":\"WebPage\",\"@id\":\"https:\\\/\\\/nature-et-developpement.com\\\/logisain-78\\\/produit\\\/chaux-pouzzolanique-tradical-pz-contre-salpetre-et-remontee-capillaire\\\/\",\"url\":\"https:\\\/\\\/nature-et-developpement.com\\\/logisain-78\\\/produit\\\/chaux-pouzzolanique-tradical-pz-contre-salpetre-et-remontee-capillaire\\\/\",\"name\":\"Chaux pouzzolanique TRADICAL PZ contre salp\u00eatre et remont\u00e9e capillaire\",\"isPartOf\":{\"@id\":\"https:\\\/\\\/nature-et-developpement.com\\\/logisain-78\\\/#website\"},\"primaryImageOfPage\":{\"@id\":\"https:\\\/\\\/nature-et-developpement.com\\\/logisain-78\\\/produit\\\/chaux-pouzzolanique-tradical-pz-contre-salpetre-et-remontee-capillaire\\\/#primaryimage\"},\"image\":{\"@id\":\"https:\\\/\\\/nature-et-developpement.com\\\/logisain-78\\\/produit\\\/chaux-pouzzolanique-tradical-pz-contre-salpetre-et-remontee-capillaire\\\/#primaryimage\"},\"thumbnailUrl\":\"https:\\\/\\\/nature-et-developpement.com\\\/logisain-78\\\/wp-content\\\/uploads\\\/Chaux-pouzzolanique-TRADICAL-PZ-contre-salpetre-et-remontee-capillaire-.jpg\",\"datePublished\":\"2021-03-24T15:11:20+00:00\",\"dateModified\":\"2025-06-12T14:57:33+00:00\",\"description\":\"Chaux anti-salp\u00eatre. Traitement des soubassements sujets aux remont\u00e9es capillaires. Traitement des pieds de murs et ma\u00e7onneries sujets \u00e0 la pr\u00e9sence de sels (nitrates, chlorures, sulfates).\",\"breadcrumb\":{\"@id\":\"https:\\\/\\\/nature-et-developpement.com\\\/logisain-78\\\/produit\\\/chaux-pouzzolanique-tradical-pz-contre-salpetre-et-remontee-capillaire\\\/#breadcrumb\"},\"inLanguage\":\"fr-FR\",\"potentialAction\":[{\"@type\":\"ReadAction\",\"target\":[\"https:\\\/\\\/nature-et-developpement.com\\\/logisain-78\\\/produit\\\/chaux-pouzzolanique-tradical-pz-contre-salpetre-et-remontee-capillaire\\\/\"]}]},{\"@type\":\"ImageObject\",\"inLanguage\":\"fr-FR\",\"@id\":\"https:\\\/\\\/nature-et-developpement.com\\\/logisain-78\\\/produit\\\/chaux-pouzzolanique-tradical-pz-contre-salpetre-et-remontee-capillaire\\\/#primaryimage\",\"url\":\"https:\\\/\\\/nature-et-developpement.com\\\/logisain-78\\\/wp-content\\\/uploads\\\/Chaux-pouzzolanique-TRADICAL-PZ-contre-salpetre-et-remontee-capillaire-.jpg\",\"contentUrl\":\"https:\\\/\\\/nature-et-developpement.com\\\/logisain-78\\\/wp-content\\\/uploads\\\/Chaux-pouzzolanique-TRADICAL-PZ-contre-salpetre-et-remontee-capillaire-.jpg\"},{\"@type\":\"BreadcrumbList\",\"@id\":\"https:\\\/\\\/nature-et-developpement.com\\\/logisain-78\\\/produit\\\/chaux-pouzzolanique-tradical-pz-contre-salpetre-et-remontee-capillaire\\\/#breadcrumb\",\"itemListElement\":[{\"@type\":\"ListItem\",\"position\":1,\"name\":\"Accueil\",\"item\":\"https:\\\/\\\/nature-et-developpement.com\\\/logisain-78\\\/\"},{\"@type\":\"ListItem\",\"position\":2,\"name\":\"Produits\",\"item\":\"https:\\\/\\\/nature-et-developpement.com\\\/logisain-78\\\/shop\\\/\"},{\"@type\":\"ListItem\",\"position\":3,\"name\":\"Construction, cloison et fen\u00eatres\",\"item\":\"https:\\\/\\\/nature-et-developpement.com\\\/logisain-78\\\/produits\\\/construction\\\/\"},{\"@type\":\"ListItem\",\"position\":4,\"name\":\"Ma\u00e7onnerie\",\"item\":\"https:\\\/\\\/nature-et-developpement.com\\\/logisain-78\\\/produits\\\/construction\\\/maconnerie\\\/\"},{\"@type\":\"ListItem\",\"position\":5,\"name\":\"Chaux pouzzolanique TRADICAL PZ contre salp\u00eatre et remont\u00e9e capillaire\"}]},{\"@type\":\"WebSite\",\"@id\":\"https:\\\/\\\/nature-et-developpement.com\\\/logisain-78\\\/#website\",\"url\":\"https:\\\/\\\/nature-et-developpement.com\\\/logisain-78\\\/\",\"name\":\"LOGISAIN 78 \u2013 Magasin de mat\u00e9riaux biosourc\u00e9s\",\"description\":\"Logisain 78 est membre du groupement Nature &amp; D\u00e9veloppement\",\"publisher\":{\"@id\":\"https:\\\/\\\/nature-et-developpement.com\\\/logisain-78\\\/#organization\"},\"potentialAction\":[{\"@type\":\"SearchAction\",\"target\":{\"@type\":\"EntryPoint\",\"urlTemplate\":\"https:\\\/\\\/nature-et-developpement.com\\\/logisain-78\\\/?s={search_term_string}\"},\"query-input\":{\"@type\":\"PropertyValueSpecification\",\"valueRequired\":true,\"valueName\":\"search_term_string\"}}],\"inLanguage\":\"fr-FR\"},{\"@type\":\"Organization\",\"@id\":\"https:\\\/\\\/nature-et-developpement.com\\\/logisain-78\\\/#organization\",\"name\":\"Logisain 78\",\"url\":\"https:\\\/\\\/nature-et-developpement.com\\\/logisain-78\\\/\",\"logo\":{\"@type\":\"ImageObject\",\"inLanguage\":\"fr-FR\",\"@id\":\"https:\\\/\\\/nature-et-developpement.com\\\/logisain-78\\\/#\\\/schema\\\/logo\\\/image\\\/\",\"url\":\"https:\\\/\\\/nature-et-developpement.com\\\/logisain-78\\\/wp-content\\\/uploads\\\/sites\\\/5\\\/2021\\\/08\\\/logo-logisain.jpg\",\"contentUrl\":\"https:\\\/\\\/nature-et-developpement.com\\\/logisain-78\\\/wp-content\\\/uploads\\\/sites\\\/5\\\/2021\\\/08\\\/logo-logisain.jpg\",\"width\":672,\"height\":455,\"caption\":\"Logisain 78\"},\"image\":{\"@id\":\"https:\\\/\\\/nature-et-developpement.com\\\/logisain-78\\\/#\\\/schema\\\/logo\\\/image\\\/\"}}]}<\/script>\n<!-- \/ Yoast SEO plugin. -->","yoast_head_json":{"title":"Chaux pouzzolanique TRADICAL PZ contre salp\u00eatre et remont\u00e9e capillaire","description":"Chaux anti-salp\u00eatre.  Traitement des soubassements sujets aux remont\u00e9es capillaires.  Traitement des pieds de murs et ma\u00e7onneries sujets \u00e0 la pr\u00e9sence de sels (nitrates, chlorures, sulfates).","robots":{"index":"noindex","follow":"follow"},"og_locale":"fr_FR","og_type":"article","og_title":"Chaux pouzzolanique TRADICAL PZ contre salp\u00eatre et remont\u00e9e capillaire","og_description":"Chaux anti-salp\u00eatre.  Traitement des soubassements sujets aux remont\u00e9es capillaires.  Traitement des pieds de murs et ma\u00e7onneries sujets \u00e0 la pr\u00e9sence de sels (nitrates, chlorures, sulfates).","og_url":"https:\/\/nature-et-developpement.com\/logisain-78\/produit\/chaux-pouzzolanique-tradical-pz-contre-salpetre-et-remontee-capillaire\/","og_site_name":"LOGISAIN 78 \u2013 Magasin de mat\u00e9riaux biosourc\u00e9s","article_modified_time":"2025-06-12T14:57:33+00:00","twitter_card":"summary_large_image","twitter_misc":{"Dur\u00e9e de lecture estim\u00e9e":"1 minute"},"schema":{"@context":"https:\/\/schema.org","@graph":[{"@type":"WebPage","@id":"https:\/\/nature-et-developpement.com\/logisain-78\/produit\/chaux-pouzzolanique-tradical-pz-contre-salpetre-et-remontee-capillaire\/","url":"https:\/\/nature-et-developpement.com\/logisain-78\/produit\/chaux-pouzzolanique-tradical-pz-contre-salpetre-et-remontee-capillaire\/","name":"Chaux pouzzolanique TRADICAL PZ contre salp\u00eatre et remont\u00e9e capillaire","isPartOf":{"@id":"https:\/\/nature-et-developpement.com\/logisain-78\/#website"},"primaryImageOfPage":{"@id":"https:\/\/nature-et-developpement.com\/logisain-78\/produit\/chaux-pouzzolanique-tradical-pz-contre-salpetre-et-remontee-capillaire\/#primaryimage"},"image":{"@id":"https:\/\/nature-et-developpement.com\/logisain-78\/produit\/chaux-pouzzolanique-tradical-pz-contre-salpetre-et-remontee-capillaire\/#primaryimage"},"thumbnailUrl":"https:\/\/nature-et-developpement.com\/logisain-78\/wp-content\/uploads\/Chaux-pouzzolanique-TRADICAL-PZ-contre-salpetre-et-remontee-capillaire-.jpg","datePublished":"2021-03-24T15:11:20+00:00","dateModified":"2025-06-12T14:57:33+00:00","description":"Chaux anti-salp\u00eatre. Traitement des soubassements sujets aux remont\u00e9es capillaires. Traitement des pieds de murs et ma\u00e7onneries sujets \u00e0 la pr\u00e9sence de sels (nitrates, chlorures, sulfates).","breadcrumb":{"@id":"https:\/\/nature-et-developpement.com\/logisain-78\/produit\/chaux-pouzzolanique-tradical-pz-contre-salpetre-et-remontee-capillaire\/#breadcrumb"},"inLanguage":"fr-FR","potentialAction":[{"@type":"ReadAction","target":["https:\/\/nature-et-developpement.com\/logisain-78\/produit\/chaux-pouzzolanique-tradical-pz-contre-salpetre-et-remontee-capillaire\/"]}]},{"@type":"ImageObject","inLanguage":"fr-FR","@id":"https:\/\/nature-et-developpement.com\/logisain-78\/produit\/chaux-pouzzolanique-tradical-pz-contre-salpetre-et-remontee-capillaire\/#primaryimage","url":"https:\/\/nature-et-developpement.com\/logisain-78\/wp-content\/uploads\/Chaux-pouzzolanique-TRADICAL-PZ-contre-salpetre-et-remontee-capillaire-.jpg","contentUrl":"https:\/\/nature-et-developpement.com\/logisain-78\/wp-content\/uploads\/Chaux-pouzzolanique-TRADICAL-PZ-contre-salpetre-et-remontee-capillaire-.jpg"},{"@type":"BreadcrumbList","@id":"https:\/\/nature-et-developpement.com\/logisain-78\/produit\/chaux-pouzzolanique-tradical-pz-contre-salpetre-et-remontee-capillaire\/#breadcrumb","itemListElement":[{"@type":"ListItem","position":1,"name":"Accueil","item":"https:\/\/nature-et-developpement.com\/logisain-78\/"},{"@type":"ListItem","position":2,"name":"Produits","item":"https:\/\/nature-et-developpement.com\/logisain-78\/shop\/"},{"@type":"ListItem","position":3,"name":"Construction, cloison et fen\u00eatres","item":"https:\/\/nature-et-developpement.com\/logisain-78\/produits\/construction\/"},{"@type":"ListItem","position":4,"name":"Ma\u00e7onnerie","item":"https:\/\/nature-et-developpement.com\/logisain-78\/produits\/construction\/maconnerie\/"},{"@type":"ListItem","position":5,"name":"Chaux pouzzolanique TRADICAL PZ contre salp\u00eatre et remont\u00e9e capillaire"}]},{"@type":"WebSite","@id":"https:\/\/nature-et-developpement.com\/logisain-78\/#website","url":"https:\/\/nature-et-developpement.com\/logisain-78\/","name":"LOGISAIN 78 \u2013 Magasin de mat\u00e9riaux biosourc\u00e9s","description":"Logisain 78 est membre du groupement Nature &amp; D\u00e9veloppement","publisher":{"@id":"https:\/\/nature-et-developpement.com\/logisain-78\/#organization"},"potentialAction":[{"@type":"SearchAction","target":{"@type":"EntryPoint","urlTemplate":"https:\/\/nature-et-developpement.com\/logisain-78\/?s={search_term_string}"},"query-input":{"@type":"PropertyValueSpecification","valueRequired":true,"valueName":"search_term_string"}}],"inLanguage":"fr-FR"},{"@type":"Organization","@id":"https:\/\/nature-et-developpement.com\/logisain-78\/#organization","name":"Logisain 78","url":"https:\/\/nature-et-developpement.com\/logisain-78\/","logo":{"@type":"ImageObject","inLanguage":"fr-FR","@id":"https:\/\/nature-et-developpement.com\/logisain-78\/#\/schema\/logo\/image\/","url":"https:\/\/nature-et-developpement.com\/logisain-78\/wp-content\/uploads\/sites\/5\/2021\/08\/logo-logisain.jpg","contentUrl":"https:\/\/nature-et-developpement.com\/logisain-78\/wp-content\/uploads\/sites\/5\/2021\/08\/logo-logisain.jpg","width":672,"height":455,"caption":"Logisain 78"},"image":{"@id":"https:\/\/nature-et-developpement.com\/logisain-78\/#\/schema\/logo\/image\/"}}]}},"distributor_meta":false,"distributor_terms":false,"distributor_media":false,"distributor_original_site_name":"LOGISAIN 78 \u2013 Magasin de mat\u00e9riaux biosourc\u00e9s","distributor_original_site_url":"https:\/\/nature-et-developpement.com\/logisain-78","push-errors":false,"_links":{"self":[{"href":"https:\/\/nature-et-developpement.com\/logisain-78\/wp-json\/wp\/v2\/product\/428","targetHints":{"allow":["GET"]}}],"collection":[{"href":"https:\/\/nature-et-developpement.com\/logisain-78\/wp-json\/wp\/v2\/product"}],"about":[{"href":"https:\/\/nature-et-developpement.com\/logisain-78\/wp-json\/wp\/v2\/types\/product"}],"wp:featuredmedia":[{"embeddable":true,"href":"https:\/\/nature-et-developpement.com\/logisain-78\/wp-json\/"}],"wp:attachment":[{"href":"https:\/\/nature-et-developpement.com\/logisain-78\/wp-json\/wp\/v2\/media?parent=428"}],"wp:term":[{"taxonomy":"product_brand","embeddable":true,"href":"https:\/\/nature-et-developpement.com\/logisain-78\/wp-json\/wp\/v2\/product_brand?post=428"},{"taxonomy":"product_cat","embeddable":true,"href":"https:\/\/nature-et-developpement.com\/logisain-78\/wp-json\/wp\/v2\/product_cat?post=428"},{"taxonomy":"product_tag","embeddable":true,"href":"https:\/\/nature-et-developpement.com\/logisain-78\/wp-json\/wp\/v2\/product_tag?post=428"}],"curies":[{"name":"wp","href":"https:\/\/api.w.org\/{rel}","templated":true}]}}