{"id":444,"date":"2021-03-24T16:10:28","date_gmt":"2021-03-24T15:10:28","guid":{"rendered":"https:\/\/nature-et-developpement.com\/logisain78\/produit\/pigments-systeme-tradical-premium\/"},"modified":"2025-06-12T16:57:33","modified_gmt":"2025-06-12T14:57:33","slug":"pigments-tradical-premium","status":"publish","type":"product","link":"https:\/\/nature-et-developpement.com\/logisain-78\/produit\/pigments-tradical-premium\/","title":{"rendered":"Pigments TRADICAL PREMIUM"},"content":{"rendered":"<p>Tradical Premium est le syst\u00e8me de coloration de BCB pour une mise \u00e0 la teinte de l\u2019ensemble de ses chaux d\u00e9di\u00e9es aux finitions des ouvrages en restauration, r\u00e9novation et neuf. \u00c0 utiliser pour les solutions chaux int\u00e9rieur avec Tradical D\u00e9co<\/p>\n<h3><span style=\"text-decoration: underline\">La chaux, mat\u00e9riau d&rsquo;avenir.<\/span><\/h3>\n<p>La durabilit\u00e9 des ouvrages d\u00e9pend largement de leur capacit\u00e9 \u00e0 supporter les d\u00e9formations. Dans le cas d\u2019ouvrages en ma\u00e7onnerie, cette facult\u00e9 est largement li\u00e9e aux caract\u00e9ristiques des mortiers de pose qui doivent associer des qualit\u00e9s de r\u00e9sistance \u00e0 la compression et d\u2019\u00e9lasticit\u00e9. La chaux permet d\u2019obtenir ces caract\u00e9ristiques et surtout de les conserver.<\/p>\n<p>La chaux a\u00e9rienne produite aujourd&rsquo;hui par les usines du Groupe Lhoist est, gr\u00e2ce \u00e0 la ma\u00eetrise de toute la cha\u00eene de production, un mat\u00e9riau moderne permettant l\u2019\u00e9laboration de produits de haute technologie.<\/p>\n<p>Une gamme compl\u00e8te de chaux a\u00e9riennes pures ou compos\u00e9es selon des crit\u00e8res (finesse, r\u00e9activit\u00e9, taux de chaux libre\u2026) et des niveaux qualitatifs accrus, garantit d\u00e9sormais des utilisations s\u00e9curis\u00e9es.<\/p>\n<p><span style=\"text-decoration: underline\"><strong>Les plus :<\/strong><\/span><\/p>\n<ul style=\"margin-right: 0px;margin-bottom: 12px;margin-left: 12px;padding: 0px;border: 0px;vertical-align: baseline\">\n<li style=\"margin: 0px;padding: 0px;border: 0px;vertical-align: baseline\">Enduits \u00e9cologiques \u00e0 la chaux<\/li>\n<li style=\"margin: 0px;padding: 0px;border: 0px;vertical-align: baseline\">Sp\u00e9cial d\u00e9coration int\u00e9rieure<\/li>\n<li style=\"margin: 0px;padding: 0px;border: 0px;vertical-align: baseline\">Mise en oeuvre manuelle et machine<\/li>\n<li style=\"margin: 0px;padding: 0px;border: 0px;vertical-align: baseline\">Mise \u00e0 la teinte simple et imm\u00e9diate<\/li>\n<li style=\"margin: 0px;padding: 0px;border: 0px;vertical-align: baseline\">Finitions : taloch\u00e9, liss\u00e9, stuqu\u00e9<\/li>\n<li style=\"margin: 0px;padding: 0px;border: 0px;vertical-align: baseline\">Nuancier important<\/li>\n<\/ul>\n","protected":false},"excerpt":{"rendered":"<p>Collection de 16 r\u00e9f\u00e9rences de pigments qui permettent la r\u00e9alisation d\u2019une soixantaine de teintes standard.<\/p>\n<p>Premium Classique s\u2019utilise avec Tradical D\u00e9cor.<\/p>\n<p>Les teintes de la gamme Premium CLASSIQUE sont miscibles entre elles.<\/p>\n","protected":false},"featured_media":1000000169945,"template":"","meta":[],"product_brand":[2869],"product_cat":[257],"product_tag":[4295],"class_list":{"0":"post-444","1":"product","2":"type-product","3":"status-publish","4":"has-post-thumbnail","6":"product_brand-tradical","7":"product_cat-colorants-et-pigments","8":"product_tag-chaux","9":"product_shipping_class-petit-equipement-outil-eclairage","11":"first","12":"instock","13":"taxable","14":"shipping-taxable","15":"purchasable","16":"product-type-variable"},"yoast_head":"<!-- This site is optimized with the Yoast SEO plugin v27.5 - https:\/\/yoast.com\/product\/yoast-seo-wordpress\/ -->\n<title>Pigments TRADICAL PREMIUM<\/title>\n<meta name=\"description\" content=\"Collection de 16 r\u00e9f\u00e9rences de pigments qui permettent la r\u00e9alisation d\u2019une soixantaine de teintes standard.  Premium Classique s\u2019utilise avec Tradical D\u00e9cor.  Les teintes de la gamme Premium CLASSIQUE sont miscibles entre elles.\" \/>\n<meta name=\"robots\" content=\"noindex, follow\" \/>\n<meta property=\"og:locale\" content=\"fr_FR\" \/>\n<meta property=\"og:type\" content=\"article\" \/>\n<meta property=\"og:title\" content=\"Pigments TRADICAL PREMIUM\" \/>\n<meta property=\"og:description\" content=\"Collection de 16 r\u00e9f\u00e9rences de pigments qui permettent la r\u00e9alisation d\u2019une soixantaine de teintes standard.  Premium Classique s\u2019utilise avec Tradical D\u00e9cor.  Les teintes de la gamme Premium CLASSIQUE sont miscibles entre elles.\" \/>\n<meta property=\"og:url\" content=\"https:\/\/nature-et-developpement.com\/logisain-78\/produit\/pigments-tradical-premium\/\" \/>\n<meta property=\"og:site_name\" content=\"LOGISAIN 78 \u2013 Magasin de mat\u00e9riaux biosourc\u00e9s\" \/>\n<meta property=\"article:modified_time\" content=\"2025-06-12T14:57:33+00:00\" \/>\n<meta name=\"twitter:card\" content=\"summary_large_image\" \/>\n<meta name=\"twitter:label1\" content=\"Dur\u00e9e de lecture estim\u00e9e\" \/>\n\t<meta name=\"twitter:data1\" content=\"1 minute\" \/>\n<script type=\"application\/ld+json\" class=\"yoast-schema-graph\">{\"@context\":\"https:\\\/\\\/schema.org\",\"@graph\":[{\"@type\":\"WebPage\",\"@id\":\"https:\\\/\\\/nature-et-developpement.com\\\/logisain-78\\\/produit\\\/pigments-tradical-premium\\\/\",\"url\":\"https:\\\/\\\/nature-et-developpement.com\\\/logisain-78\\\/produit\\\/pigments-tradical-premium\\\/\",\"name\":\"Pigments TRADICAL PREMIUM\",\"isPartOf\":{\"@id\":\"https:\\\/\\\/nature-et-developpement.com\\\/logisain-78\\\/#website\"},\"primaryImageOfPage\":{\"@id\":\"https:\\\/\\\/nature-et-developpement.com\\\/logisain-78\\\/produit\\\/pigments-tradical-premium\\\/#primaryimage\"},\"image\":{\"@id\":\"https:\\\/\\\/nature-et-developpement.com\\\/logisain-78\\\/produit\\\/pigments-tradical-premium\\\/#primaryimage\"},\"thumbnailUrl\":\"https:\\\/\\\/nature-et-developpement.com\\\/logisain-78\\\/wp-content\\\/uploads\\\/Pigments-TRADICAL-PREMIUM.jpg\",\"datePublished\":\"2021-03-24T15:10:28+00:00\",\"dateModified\":\"2025-06-12T14:57:33+00:00\",\"description\":\"Collection de 16 r\u00e9f\u00e9rences de pigments qui permettent la r\u00e9alisation d\u2019une soixantaine de teintes standard. Premium Classique s\u2019utilise avec Tradical D\u00e9cor. Les teintes de la gamme Premium CLASSIQUE sont miscibles entre elles.\",\"breadcrumb\":{\"@id\":\"https:\\\/\\\/nature-et-developpement.com\\\/logisain-78\\\/produit\\\/pigments-tradical-premium\\\/#breadcrumb\"},\"inLanguage\":\"fr-FR\",\"potentialAction\":[{\"@type\":\"ReadAction\",\"target\":[\"https:\\\/\\\/nature-et-developpement.com\\\/logisain-78\\\/produit\\\/pigments-tradical-premium\\\/\"]}]},{\"@type\":\"ImageObject\",\"inLanguage\":\"fr-FR\",\"@id\":\"https:\\\/\\\/nature-et-developpement.com\\\/logisain-78\\\/produit\\\/pigments-tradical-premium\\\/#primaryimage\",\"url\":\"https:\\\/\\\/nature-et-developpement.com\\\/logisain-78\\\/wp-content\\\/uploads\\\/Pigments-TRADICAL-PREMIUM.jpg\",\"contentUrl\":\"https:\\\/\\\/nature-et-developpement.com\\\/logisain-78\\\/wp-content\\\/uploads\\\/Pigments-TRADICAL-PREMIUM.jpg\"},{\"@type\":\"BreadcrumbList\",\"@id\":\"https:\\\/\\\/nature-et-developpement.com\\\/logisain-78\\\/produit\\\/pigments-tradical-premium\\\/#breadcrumb\",\"itemListElement\":[{\"@type\":\"ListItem\",\"position\":1,\"name\":\"Accueil\",\"item\":\"https:\\\/\\\/nature-et-developpement.com\\\/logisain-78\\\/\"},{\"@type\":\"ListItem\",\"position\":2,\"name\":\"Produits\",\"item\":\"https:\\\/\\\/nature-et-developpement.com\\\/logisain-78\\\/shop\\\/\"},{\"@type\":\"ListItem\",\"position\":3,\"name\":\"Peinture, pigment et enduit\",\"item\":\"https:\\\/\\\/nature-et-developpement.com\\\/logisain-78\\\/produits\\\/peinture-et-enduit\\\/\"},{\"@type\":\"ListItem\",\"position\":4,\"name\":\"Colorants et pigments\",\"item\":\"https:\\\/\\\/nature-et-developpement.com\\\/logisain-78\\\/produits\\\/peinture-et-enduit\\\/colorants-et-pigments\\\/\"},{\"@type\":\"ListItem\",\"position\":5,\"name\":\"Pigments TRADICAL PREMIUM\"}]},{\"@type\":\"WebSite\",\"@id\":\"https:\\\/\\\/nature-et-developpement.com\\\/logisain-78\\\/#website\",\"url\":\"https:\\\/\\\/nature-et-developpement.com\\\/logisain-78\\\/\",\"name\":\"LOGISAIN 78 \u2013 Magasin de mat\u00e9riaux biosourc\u00e9s\",\"description\":\"Logisain 78 est membre du groupement Nature &amp; D\u00e9veloppement\",\"publisher\":{\"@id\":\"https:\\\/\\\/nature-et-developpement.com\\\/logisain-78\\\/#organization\"},\"potentialAction\":[{\"@type\":\"SearchAction\",\"target\":{\"@type\":\"EntryPoint\",\"urlTemplate\":\"https:\\\/\\\/nature-et-developpement.com\\\/logisain-78\\\/?s={search_term_string}\"},\"query-input\":{\"@type\":\"PropertyValueSpecification\",\"valueRequired\":true,\"valueName\":\"search_term_string\"}}],\"inLanguage\":\"fr-FR\"},{\"@type\":\"Organization\",\"@id\":\"https:\\\/\\\/nature-et-developpement.com\\\/logisain-78\\\/#organization\",\"name\":\"Logisain 78\",\"url\":\"https:\\\/\\\/nature-et-developpement.com\\\/logisain-78\\\/\",\"logo\":{\"@type\":\"ImageObject\",\"inLanguage\":\"fr-FR\",\"@id\":\"https:\\\/\\\/nature-et-developpement.com\\\/logisain-78\\\/#\\\/schema\\\/logo\\\/image\\\/\",\"url\":\"https:\\\/\\\/nature-et-developpement.com\\\/logisain-78\\\/wp-content\\\/uploads\\\/sites\\\/5\\\/2021\\\/08\\\/logo-logisain.jpg\",\"contentUrl\":\"https:\\\/\\\/nature-et-developpement.com\\\/logisain-78\\\/wp-content\\\/uploads\\\/sites\\\/5\\\/2021\\\/08\\\/logo-logisain.jpg\",\"width\":672,\"height\":455,\"caption\":\"Logisain 78\"},\"image\":{\"@id\":\"https:\\\/\\\/nature-et-developpement.com\\\/logisain-78\\\/#\\\/schema\\\/logo\\\/image\\\/\"}}]}<\/script>\n<!-- \/ Yoast SEO plugin. -->","yoast_head_json":{"title":"Pigments TRADICAL PREMIUM","description":"Collection de 16 r\u00e9f\u00e9rences de pigments qui permettent la r\u00e9alisation d\u2019une soixantaine de teintes standard.  Premium Classique s\u2019utilise avec Tradical D\u00e9cor.  Les teintes de la gamme Premium CLASSIQUE sont miscibles entre elles.","robots":{"index":"noindex","follow":"follow"},"og_locale":"fr_FR","og_type":"article","og_title":"Pigments TRADICAL PREMIUM","og_description":"Collection de 16 r\u00e9f\u00e9rences de pigments qui permettent la r\u00e9alisation d\u2019une soixantaine de teintes standard.  Premium Classique s\u2019utilise avec Tradical D\u00e9cor.  Les teintes de la gamme Premium CLASSIQUE sont miscibles entre elles.","og_url":"https:\/\/nature-et-developpement.com\/logisain-78\/produit\/pigments-tradical-premium\/","og_site_name":"LOGISAIN 78 \u2013 Magasin de mat\u00e9riaux biosourc\u00e9s","article_modified_time":"2025-06-12T14:57:33+00:00","twitter_card":"summary_large_image","twitter_misc":{"Dur\u00e9e de lecture estim\u00e9e":"1 minute"},"schema":{"@context":"https:\/\/schema.org","@graph":[{"@type":"WebPage","@id":"https:\/\/nature-et-developpement.com\/logisain-78\/produit\/pigments-tradical-premium\/","url":"https:\/\/nature-et-developpement.com\/logisain-78\/produit\/pigments-tradical-premium\/","name":"Pigments TRADICAL PREMIUM","isPartOf":{"@id":"https:\/\/nature-et-developpement.com\/logisain-78\/#website"},"primaryImageOfPage":{"@id":"https:\/\/nature-et-developpement.com\/logisain-78\/produit\/pigments-tradical-premium\/#primaryimage"},"image":{"@id":"https:\/\/nature-et-developpement.com\/logisain-78\/produit\/pigments-tradical-premium\/#primaryimage"},"thumbnailUrl":"https:\/\/nature-et-developpement.com\/logisain-78\/wp-content\/uploads\/Pigments-TRADICAL-PREMIUM.jpg","datePublished":"2021-03-24T15:10:28+00:00","dateModified":"2025-06-12T14:57:33+00:00","description":"Collection de 16 r\u00e9f\u00e9rences de pigments qui permettent la r\u00e9alisation d\u2019une soixantaine de teintes standard. Premium Classique s\u2019utilise avec Tradical D\u00e9cor. Les teintes de la gamme Premium CLASSIQUE sont miscibles entre elles.","breadcrumb":{"@id":"https:\/\/nature-et-developpement.com\/logisain-78\/produit\/pigments-tradical-premium\/#breadcrumb"},"inLanguage":"fr-FR","potentialAction":[{"@type":"ReadAction","target":["https:\/\/nature-et-developpement.com\/logisain-78\/produit\/pigments-tradical-premium\/"]}]},{"@type":"ImageObject","inLanguage":"fr-FR","@id":"https:\/\/nature-et-developpement.com\/logisain-78\/produit\/pigments-tradical-premium\/#primaryimage","url":"https:\/\/nature-et-developpement.com\/logisain-78\/wp-content\/uploads\/Pigments-TRADICAL-PREMIUM.jpg","contentUrl":"https:\/\/nature-et-developpement.com\/logisain-78\/wp-content\/uploads\/Pigments-TRADICAL-PREMIUM.jpg"},{"@type":"BreadcrumbList","@id":"https:\/\/nature-et-developpement.com\/logisain-78\/produit\/pigments-tradical-premium\/#breadcrumb","itemListElement":[{"@type":"ListItem","position":1,"name":"Accueil","item":"https:\/\/nature-et-developpement.com\/logisain-78\/"},{"@type":"ListItem","position":2,"name":"Produits","item":"https:\/\/nature-et-developpement.com\/logisain-78\/shop\/"},{"@type":"ListItem","position":3,"name":"Peinture, pigment et enduit","item":"https:\/\/nature-et-developpement.com\/logisain-78\/produits\/peinture-et-enduit\/"},{"@type":"ListItem","position":4,"name":"Colorants et pigments","item":"https:\/\/nature-et-developpement.com\/logisain-78\/produits\/peinture-et-enduit\/colorants-et-pigments\/"},{"@type":"ListItem","position":5,"name":"Pigments TRADICAL PREMIUM"}]},{"@type":"WebSite","@id":"https:\/\/nature-et-developpement.com\/logisain-78\/#website","url":"https:\/\/nature-et-developpement.com\/logisain-78\/","name":"LOGISAIN 78 \u2013 Magasin de mat\u00e9riaux biosourc\u00e9s","description":"Logisain 78 est membre du groupement Nature &amp; D\u00e9veloppement","publisher":{"@id":"https:\/\/nature-et-developpement.com\/logisain-78\/#organization"},"potentialAction":[{"@type":"SearchAction","target":{"@type":"EntryPoint","urlTemplate":"https:\/\/nature-et-developpement.com\/logisain-78\/?s={search_term_string}"},"query-input":{"@type":"PropertyValueSpecification","valueRequired":true,"valueName":"search_term_string"}}],"inLanguage":"fr-FR"},{"@type":"Organization","@id":"https:\/\/nature-et-developpement.com\/logisain-78\/#organization","name":"Logisain 78","url":"https:\/\/nature-et-developpement.com\/logisain-78\/","logo":{"@type":"ImageObject","inLanguage":"fr-FR","@id":"https:\/\/nature-et-developpement.com\/logisain-78\/#\/schema\/logo\/image\/","url":"https:\/\/nature-et-developpement.com\/logisain-78\/wp-content\/uploads\/sites\/5\/2021\/08\/logo-logisain.jpg","contentUrl":"https:\/\/nature-et-developpement.com\/logisain-78\/wp-content\/uploads\/sites\/5\/2021\/08\/logo-logisain.jpg","width":672,"height":455,"caption":"Logisain 78"},"image":{"@id":"https:\/\/nature-et-developpement.com\/logisain-78\/#\/schema\/logo\/image\/"}}]}},"distributor_meta":false,"distributor_terms":false,"distributor_media":false,"distributor_original_site_name":"LOGISAIN 78 \u2013 Magasin de mat\u00e9riaux biosourc\u00e9s","distributor_original_site_url":"https:\/\/nature-et-developpement.com\/logisain-78","push-errors":false,"_links":{"self":[{"href":"https:\/\/nature-et-developpement.com\/logisain-78\/wp-json\/wp\/v2\/product\/444","targetHints":{"allow":["GET"]}}],"collection":[{"href":"https:\/\/nature-et-developpement.com\/logisain-78\/wp-json\/wp\/v2\/product"}],"about":[{"href":"https:\/\/nature-et-developpement.com\/logisain-78\/wp-json\/wp\/v2\/types\/product"}],"wp:featuredmedia":[{"embeddable":true,"href":"https:\/\/nature-et-developpement.com\/logisain-78\/wp-json\/"}],"wp:attachment":[{"href":"https:\/\/nature-et-developpement.com\/logisain-78\/wp-json\/wp\/v2\/media?parent=444"}],"wp:term":[{"taxonomy":"product_brand","embeddable":true,"href":"https:\/\/nature-et-developpement.com\/logisain-78\/wp-json\/wp\/v2\/product_brand?post=444"},{"taxonomy":"product_cat","embeddable":true,"href":"https:\/\/nature-et-developpement.com\/logisain-78\/wp-json\/wp\/v2\/product_cat?post=444"},{"taxonomy":"product_tag","embeddable":true,"href":"https:\/\/nature-et-developpement.com\/logisain-78\/wp-json\/wp\/v2\/product_tag?post=444"}],"curies":[{"name":"wp","href":"https:\/\/api.w.org\/{rel}","templated":true}]}}