{"id":11002,"date":"2023-03-02T16:43:43","date_gmt":"2023-03-02T15:43:43","guid":{"rendered":"https:\/\/nature-et-developpement.com\/macabane-materiaux\/produit\/vis-tete-ronde-et-large-filet-partiel-heco-topix-plus-heco\/"},"modified":"2025-06-17T15:25:09","modified_gmt":"2025-06-17T13:25:09","slug":"vis-tete-ronde-et-large-filet-partiel-heco-topix-plus-heco","status":"publish","type":"product","link":"https:\/\/nature-et-developpement.com\/macabane-materiaux\/produit\/vis-tete-ronde-et-large-filet-partiel-heco-topix-plus-heco\/","title":{"rendered":"Vis t\u00eate ronde et large filet partiel HECO-TOPIX-plus HECO"},"content":{"rendered":"<h2>Vis t\u00eate ronde et large HECO-TOPIX-plus<\/h2>\n<p>Les propri\u00e9t\u00e9s de la vis \u00e0 t\u00eate plate HECO-TOPIX-plus sont enti\u00e8rement con\u00e7ues pour la construction en bois de construction.<\/p>\n<p>Elle a un diam\u00e8tre de t\u00eate plus grand et, gr\u00e2ce \u00e0 cette plus grande surface de contact, peut supporter des charges nettement plus \u00e9lev\u00e9es que les vis \u00e0 t\u00eate frais\u00e9e.<\/p>\n<p>En m\u00eame temps, cela r\u00e9duit consid\u00e9rablement le nombre de points de fixation n\u00e9cessaires.<\/p>\n<p>La variante partiellement filet\u00e9e a des nervures de tige qui r\u00e9duisent le couple de vissage et cr\u00e9ent une connexion sans contrainte.<\/p>\n<p>Le pas de filetage optimal assure un vissage plus facile et plus rapide.<\/p>\n<p>De plus, la pointe brevet\u00e9e HECO-TOPIX assure un effet de fendage r\u00e9duit et permet un vissage rapide sans pr\u00e9-per\u00e7age ni fraisage, que ce soit avec du bois tendre ou du bois pr\u00e9cieux dur.<\/p>\n<header class=\"section-header\">\n<h3 id=\"nm-product-benefits-heading\" class=\"heading\">POINTS FORTS DU PRODUIT<\/h3>\n<\/header>\n<div class=\"section-content cf\">\n<ul id=\"nm-product-benefits-content\" class=\"bullets\">\n<li>PerfectPitch : pas de filetage optimal pour chaque longueur de vis.\u00a0Des performances parfaites pour toutes les applications du bois.<\/li>\n<li>La pointe HECO-TOPIX rend les pr\u00e9-per\u00e7ages inutiles, r\u00e9duit le risque de fendre le bois et permet des entraxes et des bords \u00e9troits.<\/li>\n<li>Transfert de charge accru gr\u00e2ce \u00e0 la surface de contact \u00e9largie de la t\u00eate<\/li>\n<li>Les nervures de l&rsquo;arbre r\u00e9duisent le couple de vissage<\/li>\n<li>Rev\u00eatement sans chrome(VI)<\/li>\n<li>Produit homologu\u00e9 et contr\u00f4l\u00e9 (marquage CE)<\/li>\n<li>V\u00e9rifications de dimensionnement via HECO-HCS ou service de dimensionnement<\/li>\n<\/ul>\n<\/div>\n","protected":false},"excerpt":{"rendered":"<p>La vis t\u00eate \u00e9vas\u00e9e HECO-TOPIX-plus con\u00e7ue pour la construction en bois.<br \/>\nSon diam\u00e8tre de t\u00eate plus grand est capable de transf\u00e9rer des charges plus \u00e9lev\u00e9es.<\/p>\n","protected":false},"featured_media":1000000170895,"template":"","meta":[],"product_brand":[153],"product_cat":[2343,2342,118],"product_tag":[2768],"class_list":{"0":"post-11002","1":"product","2":"type-product","3":"status-publish","4":"has-post-thumbnail","6":"product_brand-heco","7":"product_cat-accessoires-agencement-exterieur","8":"product_cat-accessoires-construction","9":"product_cat-visserie","10":"product_tag-heco","12":"first","13":"instock","14":"taxable","15":"shipping-taxable","16":"purchasable","17":"product-type-variable"},"yoast_head":"<!-- This site is optimized with the Yoast SEO plugin v27.5 - https:\/\/yoast.com\/product\/yoast-seo-wordpress\/ -->\n<title>Vis t\u00eate ronde et large filet partiel HECO-TOPIX-plus HECO - Ma Cabane mat\u00e9riaux naturels<\/title>\n<meta name=\"description\" content=\"La vis t\u00eate \u00e9vas\u00e9e HECO-TOPIX-plus con\u00e7ue pour la construction en bois. Son diam\u00e8tre de t\u00eate plus grand est capable de transf\u00e9rer des charges plus \u00e9lev\u00e9es.\" \/>\n<meta name=\"robots\" content=\"noindex, follow\" \/>\n<meta property=\"og:locale\" content=\"fr_FR\" \/>\n<meta property=\"og:type\" content=\"article\" \/>\n<meta property=\"og:title\" content=\"Vis t\u00eate ronde et large filet partiel HECO-TOPIX-plus HECO - Ma Cabane mat\u00e9riaux naturels\" \/>\n<meta property=\"og:description\" content=\"La vis t\u00eate \u00e9vas\u00e9e HECO-TOPIX-plus con\u00e7ue pour la construction en bois. Son diam\u00e8tre de t\u00eate plus grand est capable de transf\u00e9rer des charges plus \u00e9lev\u00e9es.\" \/>\n<meta property=\"og:url\" content=\"https:\/\/nature-et-developpement.com\/macabane-materiaux\/produit\/vis-tete-ronde-et-large-filet-partiel-heco-topix-plus-heco\/\" \/>\n<meta property=\"og:site_name\" content=\"Ma Cabane mat\u00e9riaux naturels\" \/>\n<meta property=\"article:modified_time\" content=\"2025-06-17T13:25:09+00:00\" \/>\n<meta name=\"twitter:card\" content=\"summary_large_image\" \/>\n<meta name=\"twitter:label1\" content=\"Dur\u00e9e de lecture estim\u00e9e\" \/>\n\t<meta name=\"twitter:data1\" content=\"1 minute\" \/>\n<script type=\"application\/ld+json\" class=\"yoast-schema-graph\">{\"@context\":\"https:\\\/\\\/schema.org\",\"@graph\":[{\"@type\":\"WebPage\",\"@id\":\"https:\\\/\\\/nature-et-developpement.com\\\/macabane-materiaux\\\/produit\\\/vis-tete-ronde-et-large-filet-partiel-heco-topix-plus-heco\\\/\",\"url\":\"https:\\\/\\\/nature-et-developpement.com\\\/macabane-materiaux\\\/produit\\\/vis-tete-ronde-et-large-filet-partiel-heco-topix-plus-heco\\\/\",\"name\":\"Vis t\u00eate ronde et large filet partiel HECO-TOPIX-plus HECO - Ma Cabane mat\u00e9riaux naturels\",\"isPartOf\":{\"@id\":\"https:\\\/\\\/nature-et-developpement.com\\\/macabane-materiaux\\\/#website\"},\"primaryImageOfPage\":{\"@id\":\"https:\\\/\\\/nature-et-developpement.com\\\/macabane-materiaux\\\/produit\\\/vis-tete-ronde-et-large-filet-partiel-heco-topix-plus-heco\\\/#primaryimage\"},\"image\":{\"@id\":\"https:\\\/\\\/nature-et-developpement.com\\\/macabane-materiaux\\\/produit\\\/vis-tete-ronde-et-large-filet-partiel-heco-topix-plus-heco\\\/#primaryimage\"},\"thumbnailUrl\":\"https:\\\/\\\/nature-et-developpement.com\\\/macabane-materiaux\\\/wp-content\\\/uploads\\\/Vis-tete-ronde-et-large-filet-partiel-HECO-TOPIX-plus-HECO.jpg\",\"datePublished\":\"2023-03-02T15:43:43+00:00\",\"dateModified\":\"2025-06-17T13:25:09+00:00\",\"description\":\"La vis t\u00eate \u00e9vas\u00e9e HECO-TOPIX-plus con\u00e7ue pour la construction en bois. Son diam\u00e8tre de t\u00eate plus grand est capable de transf\u00e9rer des charges plus \u00e9lev\u00e9es.\",\"breadcrumb\":{\"@id\":\"https:\\\/\\\/nature-et-developpement.com\\\/macabane-materiaux\\\/produit\\\/vis-tete-ronde-et-large-filet-partiel-heco-topix-plus-heco\\\/#breadcrumb\"},\"inLanguage\":\"fr-FR\",\"potentialAction\":[{\"@type\":\"ReadAction\",\"target\":[\"https:\\\/\\\/nature-et-developpement.com\\\/macabane-materiaux\\\/produit\\\/vis-tete-ronde-et-large-filet-partiel-heco-topix-plus-heco\\\/\"]}]},{\"@type\":\"ImageObject\",\"inLanguage\":\"fr-FR\",\"@id\":\"https:\\\/\\\/nature-et-developpement.com\\\/macabane-materiaux\\\/produit\\\/vis-tete-ronde-et-large-filet-partiel-heco-topix-plus-heco\\\/#primaryimage\",\"url\":\"https:\\\/\\\/nature-et-developpement.com\\\/macabane-materiaux\\\/wp-content\\\/uploads\\\/Vis-tete-ronde-et-large-filet-partiel-HECO-TOPIX-plus-HECO.jpg\",\"contentUrl\":\"https:\\\/\\\/nature-et-developpement.com\\\/macabane-materiaux\\\/wp-content\\\/uploads\\\/Vis-tete-ronde-et-large-filet-partiel-HECO-TOPIX-plus-HECO.jpg\"},{\"@type\":\"BreadcrumbList\",\"@id\":\"https:\\\/\\\/nature-et-developpement.com\\\/macabane-materiaux\\\/produit\\\/vis-tete-ronde-et-large-filet-partiel-heco-topix-plus-heco\\\/#breadcrumb\",\"itemListElement\":[{\"@type\":\"ListItem\",\"position\":1,\"name\":\"Accueil\",\"item\":\"https:\\\/\\\/nature-et-developpement.com\\\/macabane-materiaux\\\/\"},{\"@type\":\"ListItem\",\"position\":2,\"name\":\"Boutique\",\"item\":\"https:\\\/\\\/nature-et-developpement.com\\\/macabane-materiaux\\\/boutique\\\/\"},{\"@type\":\"ListItem\",\"position\":3,\"name\":\"Agencement ext\u00e9rieur\",\"item\":\"https:\\\/\\\/nature-et-developpement.com\\\/macabane-materiaux\\\/produits\\\/agencement-exterieur\\\/\"},{\"@type\":\"ListItem\",\"position\":4,\"name\":\"Accessoires agencement ext\u00e9rieur\",\"item\":\"https:\\\/\\\/nature-et-developpement.com\\\/macabane-materiaux\\\/produits\\\/agencement-exterieur\\\/accessoires-agencement-exterieur\\\/\"},{\"@type\":\"ListItem\",\"position\":5,\"name\":\"Vis t\u00eate ronde et large filet partiel HECO-TOPIX-plus HECO\"}]},{\"@type\":\"WebSite\",\"@id\":\"https:\\\/\\\/nature-et-developpement.com\\\/macabane-materiaux\\\/#website\",\"url\":\"https:\\\/\\\/nature-et-developpement.com\\\/macabane-materiaux\\\/\",\"name\":\"Ma Cabane mat\u00e9riaux naturels\",\"description\":\"Ma Cabane est membre du groupement Nature &amp; D\u00e9veloppement\",\"potentialAction\":[{\"@type\":\"SearchAction\",\"target\":{\"@type\":\"EntryPoint\",\"urlTemplate\":\"https:\\\/\\\/nature-et-developpement.com\\\/macabane-materiaux\\\/?s={search_term_string}\"},\"query-input\":{\"@type\":\"PropertyValueSpecification\",\"valueRequired\":true,\"valueName\":\"search_term_string\"}}],\"inLanguage\":\"fr-FR\"}]}<\/script>\n<!-- \/ Yoast SEO plugin. -->","yoast_head_json":{"title":"Vis t\u00eate ronde et large filet partiel HECO-TOPIX-plus HECO - Ma Cabane mat\u00e9riaux naturels","description":"La vis t\u00eate \u00e9vas\u00e9e HECO-TOPIX-plus con\u00e7ue pour la construction en bois. Son diam\u00e8tre de t\u00eate plus grand est capable de transf\u00e9rer des charges plus \u00e9lev\u00e9es.","robots":{"index":"noindex","follow":"follow"},"og_locale":"fr_FR","og_type":"article","og_title":"Vis t\u00eate ronde et large filet partiel HECO-TOPIX-plus HECO - Ma Cabane mat\u00e9riaux naturels","og_description":"La vis t\u00eate \u00e9vas\u00e9e HECO-TOPIX-plus con\u00e7ue pour la construction en bois. Son diam\u00e8tre de t\u00eate plus grand est capable de transf\u00e9rer des charges plus \u00e9lev\u00e9es.","og_url":"https:\/\/nature-et-developpement.com\/macabane-materiaux\/produit\/vis-tete-ronde-et-large-filet-partiel-heco-topix-plus-heco\/","og_site_name":"Ma Cabane mat\u00e9riaux naturels","article_modified_time":"2025-06-17T13:25:09+00:00","twitter_card":"summary_large_image","twitter_misc":{"Dur\u00e9e de lecture estim\u00e9e":"1 minute"},"schema":{"@context":"https:\/\/schema.org","@graph":[{"@type":"WebPage","@id":"https:\/\/nature-et-developpement.com\/macabane-materiaux\/produit\/vis-tete-ronde-et-large-filet-partiel-heco-topix-plus-heco\/","url":"https:\/\/nature-et-developpement.com\/macabane-materiaux\/produit\/vis-tete-ronde-et-large-filet-partiel-heco-topix-plus-heco\/","name":"Vis t\u00eate ronde et large filet partiel HECO-TOPIX-plus HECO - Ma Cabane mat\u00e9riaux naturels","isPartOf":{"@id":"https:\/\/nature-et-developpement.com\/macabane-materiaux\/#website"},"primaryImageOfPage":{"@id":"https:\/\/nature-et-developpement.com\/macabane-materiaux\/produit\/vis-tete-ronde-et-large-filet-partiel-heco-topix-plus-heco\/#primaryimage"},"image":{"@id":"https:\/\/nature-et-developpement.com\/macabane-materiaux\/produit\/vis-tete-ronde-et-large-filet-partiel-heco-topix-plus-heco\/#primaryimage"},"thumbnailUrl":"https:\/\/nature-et-developpement.com\/macabane-materiaux\/wp-content\/uploads\/Vis-tete-ronde-et-large-filet-partiel-HECO-TOPIX-plus-HECO.jpg","datePublished":"2023-03-02T15:43:43+00:00","dateModified":"2025-06-17T13:25:09+00:00","description":"La vis t\u00eate \u00e9vas\u00e9e HECO-TOPIX-plus con\u00e7ue pour la construction en bois. Son diam\u00e8tre de t\u00eate plus grand est capable de transf\u00e9rer des charges plus \u00e9lev\u00e9es.","breadcrumb":{"@id":"https:\/\/nature-et-developpement.com\/macabane-materiaux\/produit\/vis-tete-ronde-et-large-filet-partiel-heco-topix-plus-heco\/#breadcrumb"},"inLanguage":"fr-FR","potentialAction":[{"@type":"ReadAction","target":["https:\/\/nature-et-developpement.com\/macabane-materiaux\/produit\/vis-tete-ronde-et-large-filet-partiel-heco-topix-plus-heco\/"]}]},{"@type":"ImageObject","inLanguage":"fr-FR","@id":"https:\/\/nature-et-developpement.com\/macabane-materiaux\/produit\/vis-tete-ronde-et-large-filet-partiel-heco-topix-plus-heco\/#primaryimage","url":"https:\/\/nature-et-developpement.com\/macabane-materiaux\/wp-content\/uploads\/Vis-tete-ronde-et-large-filet-partiel-HECO-TOPIX-plus-HECO.jpg","contentUrl":"https:\/\/nature-et-developpement.com\/macabane-materiaux\/wp-content\/uploads\/Vis-tete-ronde-et-large-filet-partiel-HECO-TOPIX-plus-HECO.jpg"},{"@type":"BreadcrumbList","@id":"https:\/\/nature-et-developpement.com\/macabane-materiaux\/produit\/vis-tete-ronde-et-large-filet-partiel-heco-topix-plus-heco\/#breadcrumb","itemListElement":[{"@type":"ListItem","position":1,"name":"Accueil","item":"https:\/\/nature-et-developpement.com\/macabane-materiaux\/"},{"@type":"ListItem","position":2,"name":"Boutique","item":"https:\/\/nature-et-developpement.com\/macabane-materiaux\/boutique\/"},{"@type":"ListItem","position":3,"name":"Agencement ext\u00e9rieur","item":"https:\/\/nature-et-developpement.com\/macabane-materiaux\/produits\/agencement-exterieur\/"},{"@type":"ListItem","position":4,"name":"Accessoires agencement ext\u00e9rieur","item":"https:\/\/nature-et-developpement.com\/macabane-materiaux\/produits\/agencement-exterieur\/accessoires-agencement-exterieur\/"},{"@type":"ListItem","position":5,"name":"Vis t\u00eate ronde et large filet partiel HECO-TOPIX-plus HECO"}]},{"@type":"WebSite","@id":"https:\/\/nature-et-developpement.com\/macabane-materiaux\/#website","url":"https:\/\/nature-et-developpement.com\/macabane-materiaux\/","name":"Ma Cabane mat\u00e9riaux naturels","description":"Ma Cabane est membre du groupement Nature &amp; D\u00e9veloppement","potentialAction":[{"@type":"SearchAction","target":{"@type":"EntryPoint","urlTemplate":"https:\/\/nature-et-developpement.com\/macabane-materiaux\/?s={search_term_string}"},"query-input":{"@type":"PropertyValueSpecification","valueRequired":true,"valueName":"search_term_string"}}],"inLanguage":"fr-FR"}]}},"distributor_meta":false,"distributor_terms":false,"distributor_media":false,"distributor_original_site_name":"Ma Cabane mat\u00e9riaux naturels","distributor_original_site_url":"https:\/\/nature-et-developpement.com\/macabane-materiaux","push-errors":false,"_links":{"self":[{"href":"https:\/\/nature-et-developpement.com\/macabane-materiaux\/wp-json\/wp\/v2\/product\/11002","targetHints":{"allow":["GET"]}}],"collection":[{"href":"https:\/\/nature-et-developpement.com\/macabane-materiaux\/wp-json\/wp\/v2\/product"}],"about":[{"href":"https:\/\/nature-et-developpement.com\/macabane-materiaux\/wp-json\/wp\/v2\/types\/product"}],"wp:featuredmedia":[{"embeddable":true,"href":"https:\/\/nature-et-developpement.com\/macabane-materiaux\/wp-json\/"}],"wp:attachment":[{"href":"https:\/\/nature-et-developpement.com\/macabane-materiaux\/wp-json\/wp\/v2\/media?parent=11002"}],"wp:term":[{"taxonomy":"product_brand","embeddable":true,"href":"https:\/\/nature-et-developpement.com\/macabane-materiaux\/wp-json\/wp\/v2\/product_brand?post=11002"},{"taxonomy":"product_cat","embeddable":true,"href":"https:\/\/nature-et-developpement.com\/macabane-materiaux\/wp-json\/wp\/v2\/product_cat?post=11002"},{"taxonomy":"product_tag","embeddable":true,"href":"https:\/\/nature-et-developpement.com\/macabane-materiaux\/wp-json\/wp\/v2\/product_tag?post=11002"}],"curies":[{"name":"wp","href":"https:\/\/api.w.org\/{rel}","templated":true}]}}