{"id":11027,"date":"2022-06-02T12:20:13","date_gmt":"2022-06-02T10:20:13","guid":{"rendered":"https:\/\/nature-et-developpement.com\/macabane-materiaux\/produit\/vis-dancrage-multi-monti-plus-ssk-heco\/"},"modified":"2025-06-17T15:25:10","modified_gmt":"2025-06-17T13:25:10","slug":"vis-dancrage-multi-monti-plus-ssk-heco","status":"publish","type":"product","link":"https:\/\/nature-et-developpement.com\/macabane-materiaux\/produit\/vis-dancrage-multi-monti-plus-ssk-heco\/","title":{"rendered":"Vis d&rsquo;ancrage sans cheville pour b\u00e9ton MULTI-MONTI-plus SSK HECO fixation d\u00e9montable"},"content":{"rendered":"<h2>Fixation temporaire d\u2019installations de chantiers simple et sans risques<\/h2>\n<p>La vis d&rsquo;ancrage MULTI-MONTI-plus, homologu\u00e9e par les services de contr\u00f4le de la construction, est ins\u00e9r\u00e9e sans cheville, directement dans un trou pr\u00e9-perc\u00e9, et peut \u00eatre mise sous contrainte imm\u00e9diatement.<\/p>\n<p>Sa nouvelle pointe fonctionnelle d&rsquo;un diam\u00e8tre ext\u00e9rieur sup\u00e9rieur et dot\u00e9e d&rsquo;une denture renforc\u00e9e, d\u00e9coupe lors du vissage, un taraudage dans le mat\u00e9riau de construction.<\/p>\n<p>Il en r\u00e9sulte une liaison solidaire par le biais de laquelle s&rsquo;effectue l&rsquo;ancrage.<\/p>\n<p>Ce syst\u00e8me simplifie non seulement le processus de montage, mais il garantit \u00e9galement \u00e0 l&rsquo;artisan un haut niveau de s\u00e9curit\u00e9 d&rsquo;utilisation.<\/p>\n<p>Cette vis \u00e0 b\u00e9ton se monte \u00e0 proximit\u00e9 des bords sans cl\u00e9 dynamom\u00e9trique et est d\u00e9montable.<\/p>\n<h3>Les avantages de cette vis:<\/h3>\n<ul>\n<li>Fixation temporaire d\u2019installations de chantiers telles que des \u00e9tais, des garde-corps, des glissi\u00e8res de s\u00e9curit\u00e9, des \u00e9chafaudages et autres<\/li>\n<li>D\u00e9montable et r\u00e9utilisable apr\u00e8s v\u00e9rification avec un gabarit de mesure<\/li>\n<li>Homologu\u00e9e pour l\u2019utilisation dans un b\u00e9ton jeune \u00e0 partir d\u2019une r\u00e9sistance \u00e0 la compression du b\u00e9ton de fc,cube &gt; 10 N\/mm\u00b2<\/li>\n<li>Une seule vis d\u2019ancrage peut \u00eatre utilis\u00e9e gr\u00e2ce \u00e0 son c\u00f4ne sous t\u00eate dans des trous de passage de 17-23 mm dans la dalle \u00e0 fixer<\/li>\n<li>Montage m\u00e9canique, pas de couple de serrage d\u00e9fini \u00e0 prendre en compte<\/li>\n<li>Aucun effet d\u2019\u00e9clatement dans le b\u00e9ton<\/li>\n<li>Mise en \u0153uvre simple sans risques d\u2019erreurs de montage possible<\/li>\n<\/ul>\n<p><img loading=\"lazy\" decoding=\"async\" class=\"alignnone wp-image-169076 size-full\" src=\"https:\/\/nature-et-developpement.com\/wp-content\/uploads\/MULTI-MONTI-plus-SSK-detail.jpg\" alt=\"\" width=\"600\" height=\"715\" \/><\/p>\n","protected":false},"excerpt":{"rendered":"<p>Cette vis d&rsquo;ancrage\u00a0est facile d&rsquo;utilisation, sans cheville, pour des montages dans le b\u00e9ton, mais\u00a0aussi pour de nombreux autres mat\u00e9riaux de construction comme la pierre naturelle, le marbre, le parpaing ou la briques pleine.<\/p>\n<p>Elle est s\u00fbre et d\u00e9montable.<\/p>\n","protected":false},"featured_media":1000000169077,"template":"","meta":[],"product_brand":[153],"product_cat":[2342,2341,118],"product_tag":[2768],"class_list":{"0":"post-11027","1":"product","2":"type-product","3":"status-publish","4":"has-post-thumbnail","6":"product_brand-heco","7":"product_cat-accessoires-construction","8":"product_cat-accessoires-isolation-et-etancheite","9":"product_cat-visserie","10":"product_tag-heco","11":"product_shipping_class-petit-equipement-outil-eclairage","13":"first","14":"instock","15":"taxable","16":"shipping-taxable","17":"purchasable","18":"product-type-variable"},"yoast_head":"<!-- This site is optimized with the Yoast SEO plugin v27.5 - https:\/\/yoast.com\/product\/yoast-seo-wordpress\/ -->\n<title>Vis d&#039;ancrage sans cheville d\u00e9montable MULTI-MONTI-plus SSK HECO<\/title>\n<meta name=\"description\" content=\"Cette vis d&#039;ancrage\u00a0est facile d&#039;utilisation, sans cheville, pour des montages dans le b\u00e9ton, mais\u00a0aussi pour de nombreux autres mat\u00e9riaux de construction comme la pierre naturelle, le marbre, le parpaing ou la briques pleine.  Elle est s\u00fbre et d\u00e9montable.\" \/>\n<meta name=\"robots\" content=\"noindex, follow\" \/>\n<meta property=\"og:locale\" content=\"fr_FR\" \/>\n<meta property=\"og:type\" content=\"article\" \/>\n<meta property=\"og:title\" content=\"Vis d&#039;ancrage sans cheville d\u00e9montable MULTI-MONTI-plus SSK HECO\" \/>\n<meta property=\"og:description\" content=\"Cette vis d&#039;ancrage\u00a0est facile d&#039;utilisation, sans cheville, pour des montages dans le b\u00e9ton, mais\u00a0aussi pour de nombreux autres mat\u00e9riaux de construction comme la pierre naturelle, le marbre, le parpaing ou la briques pleine.  Elle est s\u00fbre et d\u00e9montable.\" \/>\n<meta property=\"og:url\" content=\"https:\/\/nature-et-developpement.com\/macabane-materiaux\/produit\/vis-dancrage-multi-monti-plus-ssk-heco\/\" \/>\n<meta property=\"og:site_name\" content=\"Ma Cabane mat\u00e9riaux naturels\" \/>\n<meta property=\"article:modified_time\" content=\"2025-06-17T13:25:10+00:00\" \/>\n<meta name=\"twitter:card\" content=\"summary_large_image\" \/>\n<meta name=\"twitter:label1\" content=\"Dur\u00e9e de lecture estim\u00e9e\" \/>\n\t<meta name=\"twitter:data1\" content=\"2 minutes\" \/>\n<script type=\"application\/ld+json\" class=\"yoast-schema-graph\">{\"@context\":\"https:\\\/\\\/schema.org\",\"@graph\":[{\"@type\":\"WebPage\",\"@id\":\"https:\\\/\\\/nature-et-developpement.com\\\/macabane-materiaux\\\/produit\\\/vis-dancrage-multi-monti-plus-ssk-heco\\\/\",\"url\":\"https:\\\/\\\/nature-et-developpement.com\\\/macabane-materiaux\\\/produit\\\/vis-dancrage-multi-monti-plus-ssk-heco\\\/\",\"name\":\"Vis d'ancrage sans cheville d\u00e9montable MULTI-MONTI-plus SSK HECO\",\"isPartOf\":{\"@id\":\"https:\\\/\\\/nature-et-developpement.com\\\/macabane-materiaux\\\/#website\"},\"primaryImageOfPage\":{\"@id\":\"https:\\\/\\\/nature-et-developpement.com\\\/macabane-materiaux\\\/produit\\\/vis-dancrage-multi-monti-plus-ssk-heco\\\/#primaryimage\"},\"image\":{\"@id\":\"https:\\\/\\\/nature-et-developpement.com\\\/macabane-materiaux\\\/produit\\\/vis-dancrage-multi-monti-plus-ssk-heco\\\/#primaryimage\"},\"thumbnailUrl\":\"https:\\\/\\\/nature-et-developpement.com\\\/macabane-materiaux\\\/wp-content\\\/uploads\\\/MULTI-MONTI-plus-SSK.jpg\",\"datePublished\":\"2022-06-02T10:20:13+00:00\",\"dateModified\":\"2025-06-17T13:25:10+00:00\",\"description\":\"Cette vis d'ancrage\u00a0est facile d'utilisation, sans cheville, pour des montages dans le b\u00e9ton, mais\u00a0aussi pour de nombreux autres mat\u00e9riaux de construction comme la pierre naturelle, le marbre, le parpaing ou la briques pleine. Elle est s\u00fbre et d\u00e9montable.\",\"breadcrumb\":{\"@id\":\"https:\\\/\\\/nature-et-developpement.com\\\/macabane-materiaux\\\/produit\\\/vis-dancrage-multi-monti-plus-ssk-heco\\\/#breadcrumb\"},\"inLanguage\":\"fr-FR\",\"potentialAction\":[{\"@type\":\"ReadAction\",\"target\":[\"https:\\\/\\\/nature-et-developpement.com\\\/macabane-materiaux\\\/produit\\\/vis-dancrage-multi-monti-plus-ssk-heco\\\/\"]}]},{\"@type\":\"ImageObject\",\"inLanguage\":\"fr-FR\",\"@id\":\"https:\\\/\\\/nature-et-developpement.com\\\/macabane-materiaux\\\/produit\\\/vis-dancrage-multi-monti-plus-ssk-heco\\\/#primaryimage\",\"url\":\"https:\\\/\\\/nature-et-developpement.com\\\/macabane-materiaux\\\/wp-content\\\/uploads\\\/MULTI-MONTI-plus-SSK.jpg\",\"contentUrl\":\"https:\\\/\\\/nature-et-developpement.com\\\/macabane-materiaux\\\/wp-content\\\/uploads\\\/MULTI-MONTI-plus-SSK.jpg\"},{\"@type\":\"BreadcrumbList\",\"@id\":\"https:\\\/\\\/nature-et-developpement.com\\\/macabane-materiaux\\\/produit\\\/vis-dancrage-multi-monti-plus-ssk-heco\\\/#breadcrumb\",\"itemListElement\":[{\"@type\":\"ListItem\",\"position\":1,\"name\":\"Accueil\",\"item\":\"https:\\\/\\\/nature-et-developpement.com\\\/macabane-materiaux\\\/\"},{\"@type\":\"ListItem\",\"position\":2,\"name\":\"Boutique\",\"item\":\"https:\\\/\\\/nature-et-developpement.com\\\/macabane-materiaux\\\/boutique\\\/\"},{\"@type\":\"ListItem\",\"position\":3,\"name\":\"Construction, cloison et fen\u00eatres\",\"item\":\"https:\\\/\\\/nature-et-developpement.com\\\/macabane-materiaux\\\/produits\\\/construction\\\/\"},{\"@type\":\"ListItem\",\"position\":4,\"name\":\"Accessoires construction\",\"item\":\"https:\\\/\\\/nature-et-developpement.com\\\/macabane-materiaux\\\/produits\\\/construction\\\/accessoires-construction\\\/\"},{\"@type\":\"ListItem\",\"position\":5,\"name\":\"Vis d&rsquo;ancrage sans cheville pour b\u00e9ton MULTI-MONTI-plus SSK HECO fixation d\u00e9montable\"}]},{\"@type\":\"WebSite\",\"@id\":\"https:\\\/\\\/nature-et-developpement.com\\\/macabane-materiaux\\\/#website\",\"url\":\"https:\\\/\\\/nature-et-developpement.com\\\/macabane-materiaux\\\/\",\"name\":\"Ma Cabane mat\u00e9riaux naturels\",\"description\":\"Ma Cabane est membre du groupement Nature &amp; D\u00e9veloppement\",\"potentialAction\":[{\"@type\":\"SearchAction\",\"target\":{\"@type\":\"EntryPoint\",\"urlTemplate\":\"https:\\\/\\\/nature-et-developpement.com\\\/macabane-materiaux\\\/?s={search_term_string}\"},\"query-input\":{\"@type\":\"PropertyValueSpecification\",\"valueRequired\":true,\"valueName\":\"search_term_string\"}}],\"inLanguage\":\"fr-FR\"}]}<\/script>\n<!-- \/ Yoast SEO plugin. -->","yoast_head_json":{"title":"Vis d'ancrage sans cheville d\u00e9montable MULTI-MONTI-plus SSK HECO","description":"Cette vis d'ancrage\u00a0est facile d'utilisation, sans cheville, pour des montages dans le b\u00e9ton, mais\u00a0aussi pour de nombreux autres mat\u00e9riaux de construction comme la pierre naturelle, le marbre, le parpaing ou la briques pleine.  Elle est s\u00fbre et d\u00e9montable.","robots":{"index":"noindex","follow":"follow"},"og_locale":"fr_FR","og_type":"article","og_title":"Vis d'ancrage sans cheville d\u00e9montable MULTI-MONTI-plus SSK HECO","og_description":"Cette vis d'ancrage\u00a0est facile d'utilisation, sans cheville, pour des montages dans le b\u00e9ton, mais\u00a0aussi pour de nombreux autres mat\u00e9riaux de construction comme la pierre naturelle, le marbre, le parpaing ou la briques pleine.  Elle est s\u00fbre et d\u00e9montable.","og_url":"https:\/\/nature-et-developpement.com\/macabane-materiaux\/produit\/vis-dancrage-multi-monti-plus-ssk-heco\/","og_site_name":"Ma Cabane mat\u00e9riaux naturels","article_modified_time":"2025-06-17T13:25:10+00:00","twitter_card":"summary_large_image","twitter_misc":{"Dur\u00e9e de lecture estim\u00e9e":"2 minutes"},"schema":{"@context":"https:\/\/schema.org","@graph":[{"@type":"WebPage","@id":"https:\/\/nature-et-developpement.com\/macabane-materiaux\/produit\/vis-dancrage-multi-monti-plus-ssk-heco\/","url":"https:\/\/nature-et-developpement.com\/macabane-materiaux\/produit\/vis-dancrage-multi-monti-plus-ssk-heco\/","name":"Vis d'ancrage sans cheville d\u00e9montable MULTI-MONTI-plus SSK HECO","isPartOf":{"@id":"https:\/\/nature-et-developpement.com\/macabane-materiaux\/#website"},"primaryImageOfPage":{"@id":"https:\/\/nature-et-developpement.com\/macabane-materiaux\/produit\/vis-dancrage-multi-monti-plus-ssk-heco\/#primaryimage"},"image":{"@id":"https:\/\/nature-et-developpement.com\/macabane-materiaux\/produit\/vis-dancrage-multi-monti-plus-ssk-heco\/#primaryimage"},"thumbnailUrl":"https:\/\/nature-et-developpement.com\/macabane-materiaux\/wp-content\/uploads\/MULTI-MONTI-plus-SSK.jpg","datePublished":"2022-06-02T10:20:13+00:00","dateModified":"2025-06-17T13:25:10+00:00","description":"Cette vis d'ancrage\u00a0est facile d'utilisation, sans cheville, pour des montages dans le b\u00e9ton, mais\u00a0aussi pour de nombreux autres mat\u00e9riaux de construction comme la pierre naturelle, le marbre, le parpaing ou la briques pleine. Elle est s\u00fbre et d\u00e9montable.","breadcrumb":{"@id":"https:\/\/nature-et-developpement.com\/macabane-materiaux\/produit\/vis-dancrage-multi-monti-plus-ssk-heco\/#breadcrumb"},"inLanguage":"fr-FR","potentialAction":[{"@type":"ReadAction","target":["https:\/\/nature-et-developpement.com\/macabane-materiaux\/produit\/vis-dancrage-multi-monti-plus-ssk-heco\/"]}]},{"@type":"ImageObject","inLanguage":"fr-FR","@id":"https:\/\/nature-et-developpement.com\/macabane-materiaux\/produit\/vis-dancrage-multi-monti-plus-ssk-heco\/#primaryimage","url":"https:\/\/nature-et-developpement.com\/macabane-materiaux\/wp-content\/uploads\/MULTI-MONTI-plus-SSK.jpg","contentUrl":"https:\/\/nature-et-developpement.com\/macabane-materiaux\/wp-content\/uploads\/MULTI-MONTI-plus-SSK.jpg"},{"@type":"BreadcrumbList","@id":"https:\/\/nature-et-developpement.com\/macabane-materiaux\/produit\/vis-dancrage-multi-monti-plus-ssk-heco\/#breadcrumb","itemListElement":[{"@type":"ListItem","position":1,"name":"Accueil","item":"https:\/\/nature-et-developpement.com\/macabane-materiaux\/"},{"@type":"ListItem","position":2,"name":"Boutique","item":"https:\/\/nature-et-developpement.com\/macabane-materiaux\/boutique\/"},{"@type":"ListItem","position":3,"name":"Construction, cloison et fen\u00eatres","item":"https:\/\/nature-et-developpement.com\/macabane-materiaux\/produits\/construction\/"},{"@type":"ListItem","position":4,"name":"Accessoires construction","item":"https:\/\/nature-et-developpement.com\/macabane-materiaux\/produits\/construction\/accessoires-construction\/"},{"@type":"ListItem","position":5,"name":"Vis d&rsquo;ancrage sans cheville pour b\u00e9ton MULTI-MONTI-plus SSK HECO fixation d\u00e9montable"}]},{"@type":"WebSite","@id":"https:\/\/nature-et-developpement.com\/macabane-materiaux\/#website","url":"https:\/\/nature-et-developpement.com\/macabane-materiaux\/","name":"Ma Cabane mat\u00e9riaux naturels","description":"Ma Cabane est membre du groupement Nature &amp; D\u00e9veloppement","potentialAction":[{"@type":"SearchAction","target":{"@type":"EntryPoint","urlTemplate":"https:\/\/nature-et-developpement.com\/macabane-materiaux\/?s={search_term_string}"},"query-input":{"@type":"PropertyValueSpecification","valueRequired":true,"valueName":"search_term_string"}}],"inLanguage":"fr-FR"}]}},"distributor_meta":false,"distributor_terms":false,"distributor_media":false,"distributor_original_site_name":"Ma Cabane mat\u00e9riaux naturels","distributor_original_site_url":"https:\/\/nature-et-developpement.com\/macabane-materiaux","push-errors":false,"_links":{"self":[{"href":"https:\/\/nature-et-developpement.com\/macabane-materiaux\/wp-json\/wp\/v2\/product\/11027","targetHints":{"allow":["GET"]}}],"collection":[{"href":"https:\/\/nature-et-developpement.com\/macabane-materiaux\/wp-json\/wp\/v2\/product"}],"about":[{"href":"https:\/\/nature-et-developpement.com\/macabane-materiaux\/wp-json\/wp\/v2\/types\/product"}],"wp:featuredmedia":[{"embeddable":true,"href":"https:\/\/nature-et-developpement.com\/macabane-materiaux\/wp-json\/"}],"wp:attachment":[{"href":"https:\/\/nature-et-developpement.com\/macabane-materiaux\/wp-json\/wp\/v2\/media?parent=11027"}],"wp:term":[{"taxonomy":"product_brand","embeddable":true,"href":"https:\/\/nature-et-developpement.com\/macabane-materiaux\/wp-json\/wp\/v2\/product_brand?post=11027"},{"taxonomy":"product_cat","embeddable":true,"href":"https:\/\/nature-et-developpement.com\/macabane-materiaux\/wp-json\/wp\/v2\/product_cat?post=11027"},{"taxonomy":"product_tag","embeddable":true,"href":"https:\/\/nature-et-developpement.com\/macabane-materiaux\/wp-json\/wp\/v2\/product_tag?post=11027"}],"curies":[{"name":"wp","href":"https:\/\/api.w.org\/{rel}","templated":true}]}}