{"id":11519,"date":"2023-04-07T10:20:31","date_gmt":"2023-04-07T08:20:31","guid":{"rendered":"https:\/\/nature-et-developpement.com\/macabane-materiaux\/produit\/chaux-blanche-nhl35-35kg-saint-astier\/"},"modified":"2026-04-03T14:26:22","modified_gmt":"2026-04-03T12:26:22","slug":"chaux-blanche-nhl35-35kg-saint-astier","status":"publish","type":"product","link":"https:\/\/nature-et-developpement.com\/macabane-materiaux\/produit\/chaux-blanche-nhl35-35kg-saint-astier\/","title":{"rendered":"Chaux hydraulique Blanche NHL3,5 LC 25Kg de Saint Astier"},"content":{"rendered":"<h2>Chaux hydraulique blanche<\/h2>\n<p>La NHL 3,5 LC s\u2019utilise sur tous supports et convient parfaitement pour des travaux de ma\u00e7onnerie, couverture, b\u00e9ton de chaux et pour des travaux d\u2019enduits et de rejointoiements.<\/p>\n<p>Cette chaux r\u00e9v\u00e9lera la couleur de vos sables utilis\u00e9s sur chantier gr\u00e2ce \u00e0 son indice de luminance \u00e9lev\u00e9.<\/p>\n<h3>DOMAINES D\u2019UTILISATION<\/h3>\n<ul>\n<li>Enduit et rejointoiement, ma\u00e7onnerie<\/li>\n<li>Coulis, consolidation de ma\u00e7onnerie<\/li>\n<li>Couverture, g\u00e9noise<\/li>\n<li>Pose de carreaux ou dalles de pierres<\/li>\n<\/ul>\n<h3>CONDITIONNEMENT<\/h3>\n<p>Sac de 25 kg et 55 sacs par palette (palette de 1,375 tonne)<\/p>\n<h3>COMPOSITION<\/h3>\n<p>100% chaux hydraulique naturelle NHL 3,5 de Saint-Astier<\/p>\n","protected":false},"excerpt":{"rendered":"<p>Mondialement connue et utilis\u00e9e pour ses propri\u00e9t\u00e9s a\u00e9riennes et l\u00e9g\u00e8rement hydrauliques<br \/>\n<img loading=\"lazy\" decoding=\"async\" class=\"alignnone size-full wp-image-170632\" src=\"https:\/\/nature-et-developpement.com\/wp-content\/uploads\/logo-EPV.jpg\" alt=\"\" width=\"150\" height=\"150\" \/><\/p>\n","protected":false},"featured_media":1000000174449,"template":"","meta":[],"product_brand":[178],"product_cat":[2342,96,73,82,77],"product_tag":[2704],"class_list":{"0":"post-11519","1":"product","2":"type-product","3":"status-publish","4":"has-post-thumbnail","6":"product_brand-saint-astier","7":"product_cat-accessoires-construction","8":"product_cat-adjuvants","9":"product_cat-demande-de-devis-uniquement-sans-prix","10":"product_cat-maconnerie","11":"product_cat-promo-et-destockage","12":"product_tag-saint-astier","13":"product_shipping_class-sac-de-25kg","15":"first","16":"instock","17":"taxable","18":"shipping-taxable","19":"purchasable","20":"product-type-variable"},"yoast_head":"<!-- This site is optimized with the Yoast SEO plugin v27.5 - https:\/\/yoast.com\/product\/yoast-seo-wordpress\/ -->\n<title>Chaux hydraulique Blanche NHL3,5 LC 25Kg de Saint Astier - Ma Cabane mat\u00e9riaux naturels<\/title>\n<meta name=\"description\" content=\"Mondialement connue et utilis\u00e9e pour ses propri\u00e9t\u00e9s a\u00e9riennes et l\u00e9g\u00e8rement hydrauliques\" \/>\n<meta name=\"robots\" content=\"noindex, nofollow\" \/>\n<meta property=\"og:locale\" content=\"fr_FR\" \/>\n<meta property=\"og:type\" content=\"article\" \/>\n<meta property=\"og:title\" content=\"Chaux hydraulique Blanche NHL3,5 LC 25Kg de Saint Astier - Ma Cabane mat\u00e9riaux naturels\" \/>\n<meta property=\"og:description\" content=\"Mondialement connue et utilis\u00e9e pour ses propri\u00e9t\u00e9s a\u00e9riennes et l\u00e9g\u00e8rement hydrauliques\" \/>\n<meta property=\"og:url\" content=\"https:\/\/nature-et-developpement.com\/macabane-materiaux\/produit\/chaux-blanche-nhl35-35kg-saint-astier\/\" \/>\n<meta property=\"og:site_name\" content=\"Ma Cabane mat\u00e9riaux naturels\" \/>\n<meta property=\"article:modified_time\" content=\"2026-04-03T12:26:22+00:00\" \/>\n<meta name=\"twitter:card\" content=\"summary_large_image\" \/>\n<meta name=\"twitter:label1\" content=\"Dur\u00e9e de lecture estim\u00e9e\" \/>\n\t<meta name=\"twitter:data1\" content=\"1 minute\" \/>\n<script type=\"application\/ld+json\" class=\"yoast-schema-graph\">{\"@context\":\"https:\\\/\\\/schema.org\",\"@graph\":[{\"@type\":\"WebPage\",\"@id\":\"https:\\\/\\\/nature-et-developpement.com\\\/macabane-materiaux\\\/produit\\\/chaux-blanche-nhl35-35kg-saint-astier\\\/\",\"url\":\"https:\\\/\\\/nature-et-developpement.com\\\/macabane-materiaux\\\/produit\\\/chaux-blanche-nhl35-35kg-saint-astier\\\/\",\"name\":\"Chaux hydraulique Blanche NHL3,5 LC 25Kg de Saint Astier - Ma Cabane mat\u00e9riaux naturels\",\"isPartOf\":{\"@id\":\"https:\\\/\\\/nature-et-developpement.com\\\/macabane-materiaux\\\/#website\"},\"primaryImageOfPage\":{\"@id\":\"https:\\\/\\\/nature-et-developpement.com\\\/macabane-materiaux\\\/produit\\\/chaux-blanche-nhl35-35kg-saint-astier\\\/#primaryimage\"},\"image\":{\"@id\":\"https:\\\/\\\/nature-et-developpement.com\\\/macabane-materiaux\\\/produit\\\/chaux-blanche-nhl35-35kg-saint-astier\\\/#primaryimage\"},\"thumbnailUrl\":\"https:\\\/\\\/nature-et-developpement.com\\\/macabane-materiaux\\\/wp-content\\\/uploads\\\/Chaux-Pure-Hydraulique-NHL3-5-LC-25KG-de-Saint-Astier-2024.jpg\",\"datePublished\":\"2023-04-07T08:20:31+00:00\",\"dateModified\":\"2026-04-03T12:26:22+00:00\",\"description\":\"Mondialement connue et utilis\u00e9e pour ses propri\u00e9t\u00e9s a\u00e9riennes et l\u00e9g\u00e8rement hydrauliques\",\"breadcrumb\":{\"@id\":\"https:\\\/\\\/nature-et-developpement.com\\\/macabane-materiaux\\\/produit\\\/chaux-blanche-nhl35-35kg-saint-astier\\\/#breadcrumb\"},\"inLanguage\":\"fr-FR\",\"potentialAction\":[{\"@type\":\"ReadAction\",\"target\":[\"https:\\\/\\\/nature-et-developpement.com\\\/macabane-materiaux\\\/produit\\\/chaux-blanche-nhl35-35kg-saint-astier\\\/\"]}]},{\"@type\":\"ImageObject\",\"inLanguage\":\"fr-FR\",\"@id\":\"https:\\\/\\\/nature-et-developpement.com\\\/macabane-materiaux\\\/produit\\\/chaux-blanche-nhl35-35kg-saint-astier\\\/#primaryimage\",\"url\":\"https:\\\/\\\/nature-et-developpement.com\\\/macabane-materiaux\\\/wp-content\\\/uploads\\\/Chaux-Pure-Hydraulique-NHL3-5-LC-25KG-de-Saint-Astier-2024.jpg\",\"contentUrl\":\"https:\\\/\\\/nature-et-developpement.com\\\/macabane-materiaux\\\/wp-content\\\/uploads\\\/Chaux-Pure-Hydraulique-NHL3-5-LC-25KG-de-Saint-Astier-2024.jpg\"},{\"@type\":\"BreadcrumbList\",\"@id\":\"https:\\\/\\\/nature-et-developpement.com\\\/macabane-materiaux\\\/produit\\\/chaux-blanche-nhl35-35kg-saint-astier\\\/#breadcrumb\",\"itemListElement\":[{\"@type\":\"ListItem\",\"position\":1,\"name\":\"Accueil\",\"item\":\"https:\\\/\\\/nature-et-developpement.com\\\/macabane-materiaux\\\/\"},{\"@type\":\"ListItem\",\"position\":2,\"name\":\"Boutique\",\"item\":\"https:\\\/\\\/nature-et-developpement.com\\\/macabane-materiaux\\\/boutique\\\/\"},{\"@type\":\"ListItem\",\"position\":3,\"name\":\"Construction, cloison et fen\u00eatres\",\"item\":\"https:\\\/\\\/nature-et-developpement.com\\\/macabane-materiaux\\\/produits\\\/construction\\\/\"},{\"@type\":\"ListItem\",\"position\":4,\"name\":\"Ma\u00e7onnerie\",\"item\":\"https:\\\/\\\/nature-et-developpement.com\\\/macabane-materiaux\\\/produits\\\/construction\\\/maconnerie\\\/\"},{\"@type\":\"ListItem\",\"position\":5,\"name\":\"Chaux hydraulique Blanche NHL3,5 LC 25Kg de Saint Astier\"}]},{\"@type\":\"WebSite\",\"@id\":\"https:\\\/\\\/nature-et-developpement.com\\\/macabane-materiaux\\\/#website\",\"url\":\"https:\\\/\\\/nature-et-developpement.com\\\/macabane-materiaux\\\/\",\"name\":\"Ma Cabane mat\u00e9riaux naturels\",\"description\":\"Ma Cabane est membre du groupement Nature &amp; D\u00e9veloppement\",\"potentialAction\":[{\"@type\":\"SearchAction\",\"target\":{\"@type\":\"EntryPoint\",\"urlTemplate\":\"https:\\\/\\\/nature-et-developpement.com\\\/macabane-materiaux\\\/?s={search_term_string}\"},\"query-input\":{\"@type\":\"PropertyValueSpecification\",\"valueRequired\":true,\"valueName\":\"search_term_string\"}}],\"inLanguage\":\"fr-FR\"}]}<\/script>\n<!-- \/ Yoast SEO plugin. -->","yoast_head_json":{"title":"Chaux hydraulique Blanche NHL3,5 LC 25Kg de Saint Astier - Ma Cabane mat\u00e9riaux naturels","description":"Mondialement connue et utilis\u00e9e pour ses propri\u00e9t\u00e9s a\u00e9riennes et l\u00e9g\u00e8rement hydrauliques","robots":{"index":"noindex","follow":"nofollow"},"og_locale":"fr_FR","og_type":"article","og_title":"Chaux hydraulique Blanche NHL3,5 LC 25Kg de Saint Astier - Ma Cabane mat\u00e9riaux naturels","og_description":"Mondialement connue et utilis\u00e9e pour ses propri\u00e9t\u00e9s a\u00e9riennes et l\u00e9g\u00e8rement hydrauliques","og_url":"https:\/\/nature-et-developpement.com\/macabane-materiaux\/produit\/chaux-blanche-nhl35-35kg-saint-astier\/","og_site_name":"Ma Cabane mat\u00e9riaux naturels","article_modified_time":"2026-04-03T12:26:22+00:00","twitter_card":"summary_large_image","twitter_misc":{"Dur\u00e9e de lecture estim\u00e9e":"1 minute"},"schema":{"@context":"https:\/\/schema.org","@graph":[{"@type":"WebPage","@id":"https:\/\/nature-et-developpement.com\/macabane-materiaux\/produit\/chaux-blanche-nhl35-35kg-saint-astier\/","url":"https:\/\/nature-et-developpement.com\/macabane-materiaux\/produit\/chaux-blanche-nhl35-35kg-saint-astier\/","name":"Chaux hydraulique Blanche NHL3,5 LC 25Kg de Saint Astier - Ma Cabane mat\u00e9riaux naturels","isPartOf":{"@id":"https:\/\/nature-et-developpement.com\/macabane-materiaux\/#website"},"primaryImageOfPage":{"@id":"https:\/\/nature-et-developpement.com\/macabane-materiaux\/produit\/chaux-blanche-nhl35-35kg-saint-astier\/#primaryimage"},"image":{"@id":"https:\/\/nature-et-developpement.com\/macabane-materiaux\/produit\/chaux-blanche-nhl35-35kg-saint-astier\/#primaryimage"},"thumbnailUrl":"https:\/\/nature-et-developpement.com\/macabane-materiaux\/wp-content\/uploads\/Chaux-Pure-Hydraulique-NHL3-5-LC-25KG-de-Saint-Astier-2024.jpg","datePublished":"2023-04-07T08:20:31+00:00","dateModified":"2026-04-03T12:26:22+00:00","description":"Mondialement connue et utilis\u00e9e pour ses propri\u00e9t\u00e9s a\u00e9riennes et l\u00e9g\u00e8rement hydrauliques","breadcrumb":{"@id":"https:\/\/nature-et-developpement.com\/macabane-materiaux\/produit\/chaux-blanche-nhl35-35kg-saint-astier\/#breadcrumb"},"inLanguage":"fr-FR","potentialAction":[{"@type":"ReadAction","target":["https:\/\/nature-et-developpement.com\/macabane-materiaux\/produit\/chaux-blanche-nhl35-35kg-saint-astier\/"]}]},{"@type":"ImageObject","inLanguage":"fr-FR","@id":"https:\/\/nature-et-developpement.com\/macabane-materiaux\/produit\/chaux-blanche-nhl35-35kg-saint-astier\/#primaryimage","url":"https:\/\/nature-et-developpement.com\/macabane-materiaux\/wp-content\/uploads\/Chaux-Pure-Hydraulique-NHL3-5-LC-25KG-de-Saint-Astier-2024.jpg","contentUrl":"https:\/\/nature-et-developpement.com\/macabane-materiaux\/wp-content\/uploads\/Chaux-Pure-Hydraulique-NHL3-5-LC-25KG-de-Saint-Astier-2024.jpg"},{"@type":"BreadcrumbList","@id":"https:\/\/nature-et-developpement.com\/macabane-materiaux\/produit\/chaux-blanche-nhl35-35kg-saint-astier\/#breadcrumb","itemListElement":[{"@type":"ListItem","position":1,"name":"Accueil","item":"https:\/\/nature-et-developpement.com\/macabane-materiaux\/"},{"@type":"ListItem","position":2,"name":"Boutique","item":"https:\/\/nature-et-developpement.com\/macabane-materiaux\/boutique\/"},{"@type":"ListItem","position":3,"name":"Construction, cloison et fen\u00eatres","item":"https:\/\/nature-et-developpement.com\/macabane-materiaux\/produits\/construction\/"},{"@type":"ListItem","position":4,"name":"Ma\u00e7onnerie","item":"https:\/\/nature-et-developpement.com\/macabane-materiaux\/produits\/construction\/maconnerie\/"},{"@type":"ListItem","position":5,"name":"Chaux hydraulique Blanche NHL3,5 LC 25Kg de Saint Astier"}]},{"@type":"WebSite","@id":"https:\/\/nature-et-developpement.com\/macabane-materiaux\/#website","url":"https:\/\/nature-et-developpement.com\/macabane-materiaux\/","name":"Ma Cabane mat\u00e9riaux naturels","description":"Ma Cabane est membre du groupement Nature &amp; D\u00e9veloppement","potentialAction":[{"@type":"SearchAction","target":{"@type":"EntryPoint","urlTemplate":"https:\/\/nature-et-developpement.com\/macabane-materiaux\/?s={search_term_string}"},"query-input":{"@type":"PropertyValueSpecification","valueRequired":true,"valueName":"search_term_string"}}],"inLanguage":"fr-FR"}]}},"distributor_meta":false,"distributor_terms":false,"distributor_media":false,"distributor_original_site_name":"Ma Cabane mat\u00e9riaux naturels","distributor_original_site_url":"https:\/\/nature-et-developpement.com\/macabane-materiaux","push-errors":false,"_links":{"self":[{"href":"https:\/\/nature-et-developpement.com\/macabane-materiaux\/wp-json\/wp\/v2\/product\/11519","targetHints":{"allow":["GET"]}}],"collection":[{"href":"https:\/\/nature-et-developpement.com\/macabane-materiaux\/wp-json\/wp\/v2\/product"}],"about":[{"href":"https:\/\/nature-et-developpement.com\/macabane-materiaux\/wp-json\/wp\/v2\/types\/product"}],"wp:featuredmedia":[{"embeddable":true,"href":"https:\/\/nature-et-developpement.com\/macabane-materiaux\/wp-json\/"}],"wp:attachment":[{"href":"https:\/\/nature-et-developpement.com\/macabane-materiaux\/wp-json\/wp\/v2\/media?parent=11519"}],"wp:term":[{"taxonomy":"product_brand","embeddable":true,"href":"https:\/\/nature-et-developpement.com\/macabane-materiaux\/wp-json\/wp\/v2\/product_brand?post=11519"},{"taxonomy":"product_cat","embeddable":true,"href":"https:\/\/nature-et-developpement.com\/macabane-materiaux\/wp-json\/wp\/v2\/product_cat?post=11519"},{"taxonomy":"product_tag","embeddable":true,"href":"https:\/\/nature-et-developpement.com\/macabane-materiaux\/wp-json\/wp\/v2\/product_tag?post=11519"}],"curies":[{"name":"wp","href":"https:\/\/api.w.org\/{rel}","templated":true}]}}