{"id":11531,"date":"2023-04-07T10:20:31","date_gmt":"2023-04-07T08:20:31","guid":{"rendered":"https:\/\/nature-et-developpement.com\/macabane-materiaux\/produit\/chaux-hydraulique-hl35-tradeco-25kg-de-saint-astier\/"},"modified":"2025-10-23T22:01:02","modified_gmt":"2025-10-23T20:01:02","slug":"chaux-hydraulique-hl35-tradeco-25kg-de-saint-astier","status":"publish","type":"product","link":"https:\/\/nature-et-developpement.com\/macabane-materiaux\/produit\/chaux-hydraulique-hl35-tradeco-25kg-de-saint-astier\/","title":{"rendered":"Chaux hydraulique HL3,5 TRADECO 25Kg de Saint Astier"},"content":{"rendered":"<h2>Chaux pour pose manuelle et projection machine<\/h2>\n<p>Liant \u00e0 la chaux naturelle \u00e0 m\u00e9langer sur chantier avec un sable<\/p>\n<h3>DOMAINES D\u2019UTILISATION<\/h3>\n<ul>\n<li>B\u00e9tons et enduits en chaux \/ chanvre<\/li>\n<li>Enduits avec les sables locaux sur\u00a0ma\u00e7onneries neuves ou anciennes<\/li>\n<\/ul>\n<h3>CONDITIONNEMENT<\/h3>\n<p>Sac de 25 kg et 55 sacs par palette (palette de 1,375 tonne)<\/p>\n<h3>COMPOSITION<\/h3>\n<p>Chaux normalis\u00e9e sp\u00e9cialement \u00e9tudi\u00e9e pour optimiser les qualit\u00e9s des enduits chaux \/ chanvre.<\/p>\n<p>La chaux TRAD\u00c9CO\u00ae HL 3,5 est compos\u00e9e de chaux naturelle, de liant hydraulique et d\u2019adjuvants sp\u00e9cifiques<\/p>\n","protected":false},"excerpt":{"rendered":"<p>Sp\u00e9cialement adjuvant\u00e9 pour la r\u00e9alisation d\u2019enduits en projection manuelle ou m\u00e9canique.<\/p>\n<p>Id\u00e9ale pour les enduits avec les sables locaux sur ma\u00e7onneries neuves ou anciennes<br \/>\n<img loading=\"lazy\" decoding=\"async\" class=\"alignnone size-full wp-image-170632\" src=\"https:\/\/nature-et-developpement.com\/wp-content\/uploads\/logo-EPV.jpg\" alt=\"\" width=\"150\" height=\"150\" \/><\/p>\n","protected":false},"featured_media":1000000174453,"template":"","meta":[],"product_brand":[178],"product_cat":[2342,96,73,82],"product_tag":[2704],"class_list":{"0":"post-11531","1":"product","2":"type-product","3":"status-publish","4":"has-post-thumbnail","6":"product_brand-saint-astier","7":"product_cat-accessoires-construction","8":"product_cat-adjuvants","9":"product_cat-demande-de-devis-uniquement-sans-prix","10":"product_cat-maconnerie","11":"product_tag-saint-astier","12":"product_shipping_class-sac-de-25kg","14":"first","15":"instock","16":"taxable","17":"shipping-taxable","18":"purchasable","19":"product-type-variable"},"yoast_head":"<!-- This site is optimized with the Yoast SEO plugin v27.5 - https:\/\/yoast.com\/product\/yoast-seo-wordpress\/ -->\n<title>Chaux hydraulique HL3,5 TRADECO 25Kg de Saint Astier - Ma Cabane mat\u00e9riaux naturels<\/title>\n<meta name=\"description\" content=\"Sp\u00e9cialement adjuvant\u00e9 pour la r\u00e9alisation d\u2019enduits en projection manuelle ou m\u00e9canique. Id\u00e9ale pour les enduits avec les sables locaux.\" \/>\n<meta name=\"robots\" content=\"noindex, nofollow\" \/>\n<meta property=\"og:locale\" content=\"fr_FR\" \/>\n<meta property=\"og:type\" content=\"article\" \/>\n<meta property=\"og:title\" content=\"Chaux hydraulique HL3,5 TRADECO 25Kg de Saint Astier - Ma Cabane mat\u00e9riaux naturels\" \/>\n<meta property=\"og:description\" content=\"Sp\u00e9cialement adjuvant\u00e9 pour la r\u00e9alisation d\u2019enduits en projection manuelle ou m\u00e9canique. Id\u00e9ale pour les enduits avec les sables locaux.\" \/>\n<meta property=\"og:url\" content=\"https:\/\/nature-et-developpement.com\/macabane-materiaux\/produit\/chaux-hydraulique-hl35-tradeco-25kg-de-saint-astier\/\" \/>\n<meta property=\"og:site_name\" content=\"Ma Cabane mat\u00e9riaux naturels\" \/>\n<meta property=\"article:modified_time\" content=\"2025-10-23T20:01:02+00:00\" \/>\n<meta name=\"twitter:card\" content=\"summary_large_image\" \/>\n<meta name=\"twitter:label1\" content=\"Dur\u00e9e de lecture estim\u00e9e\" \/>\n\t<meta name=\"twitter:data1\" content=\"1 minute\" \/>\n<script type=\"application\/ld+json\" class=\"yoast-schema-graph\">{\"@context\":\"https:\\\/\\\/schema.org\",\"@graph\":[{\"@type\":\"WebPage\",\"@id\":\"https:\\\/\\\/nature-et-developpement.com\\\/macabane-materiaux\\\/produit\\\/chaux-hydraulique-hl35-tradeco-25kg-de-saint-astier\\\/\",\"url\":\"https:\\\/\\\/nature-et-developpement.com\\\/macabane-materiaux\\\/produit\\\/chaux-hydraulique-hl35-tradeco-25kg-de-saint-astier\\\/\",\"name\":\"Chaux hydraulique HL3,5 TRADECO 25Kg de Saint Astier - Ma Cabane mat\u00e9riaux naturels\",\"isPartOf\":{\"@id\":\"https:\\\/\\\/nature-et-developpement.com\\\/macabane-materiaux\\\/#website\"},\"primaryImageOfPage\":{\"@id\":\"https:\\\/\\\/nature-et-developpement.com\\\/macabane-materiaux\\\/produit\\\/chaux-hydraulique-hl35-tradeco-25kg-de-saint-astier\\\/#primaryimage\"},\"image\":{\"@id\":\"https:\\\/\\\/nature-et-developpement.com\\\/macabane-materiaux\\\/produit\\\/chaux-hydraulique-hl35-tradeco-25kg-de-saint-astier\\\/#primaryimage\"},\"thumbnailUrl\":\"https:\\\/\\\/nature-et-developpement.com\\\/macabane-materiaux\\\/wp-content\\\/uploads\\\/Chaux-hydraulique-HL35-TRADECO-25KG-de-Saint-Astier-2024.jpg\",\"datePublished\":\"2023-04-07T08:20:31+00:00\",\"dateModified\":\"2025-10-23T20:01:02+00:00\",\"description\":\"Sp\u00e9cialement adjuvant\u00e9 pour la r\u00e9alisation d\u2019enduits en projection manuelle ou m\u00e9canique. Id\u00e9ale pour les enduits avec les sables locaux.\",\"breadcrumb\":{\"@id\":\"https:\\\/\\\/nature-et-developpement.com\\\/macabane-materiaux\\\/produit\\\/chaux-hydraulique-hl35-tradeco-25kg-de-saint-astier\\\/#breadcrumb\"},\"inLanguage\":\"fr-FR\",\"potentialAction\":[{\"@type\":\"ReadAction\",\"target\":[\"https:\\\/\\\/nature-et-developpement.com\\\/macabane-materiaux\\\/produit\\\/chaux-hydraulique-hl35-tradeco-25kg-de-saint-astier\\\/\"]}]},{\"@type\":\"ImageObject\",\"inLanguage\":\"fr-FR\",\"@id\":\"https:\\\/\\\/nature-et-developpement.com\\\/macabane-materiaux\\\/produit\\\/chaux-hydraulique-hl35-tradeco-25kg-de-saint-astier\\\/#primaryimage\",\"url\":\"https:\\\/\\\/nature-et-developpement.com\\\/macabane-materiaux\\\/wp-content\\\/uploads\\\/Chaux-hydraulique-HL35-TRADECO-25KG-de-Saint-Astier-2024.jpg\",\"contentUrl\":\"https:\\\/\\\/nature-et-developpement.com\\\/macabane-materiaux\\\/wp-content\\\/uploads\\\/Chaux-hydraulique-HL35-TRADECO-25KG-de-Saint-Astier-2024.jpg\"},{\"@type\":\"BreadcrumbList\",\"@id\":\"https:\\\/\\\/nature-et-developpement.com\\\/macabane-materiaux\\\/produit\\\/chaux-hydraulique-hl35-tradeco-25kg-de-saint-astier\\\/#breadcrumb\",\"itemListElement\":[{\"@type\":\"ListItem\",\"position\":1,\"name\":\"Accueil\",\"item\":\"https:\\\/\\\/nature-et-developpement.com\\\/macabane-materiaux\\\/\"},{\"@type\":\"ListItem\",\"position\":2,\"name\":\"Boutique\",\"item\":\"https:\\\/\\\/nature-et-developpement.com\\\/macabane-materiaux\\\/boutique\\\/\"},{\"@type\":\"ListItem\",\"position\":3,\"name\":\"Construction, cloison et fen\u00eatres\",\"item\":\"https:\\\/\\\/nature-et-developpement.com\\\/macabane-materiaux\\\/produits\\\/construction\\\/\"},{\"@type\":\"ListItem\",\"position\":4,\"name\":\"Accessoires construction\",\"item\":\"https:\\\/\\\/nature-et-developpement.com\\\/macabane-materiaux\\\/produits\\\/construction\\\/accessoires-construction\\\/\"},{\"@type\":\"ListItem\",\"position\":5,\"name\":\"Chaux hydraulique HL3,5 TRADECO 25Kg de Saint Astier\"}]},{\"@type\":\"WebSite\",\"@id\":\"https:\\\/\\\/nature-et-developpement.com\\\/macabane-materiaux\\\/#website\",\"url\":\"https:\\\/\\\/nature-et-developpement.com\\\/macabane-materiaux\\\/\",\"name\":\"Ma Cabane mat\u00e9riaux naturels\",\"description\":\"Ma Cabane est membre du groupement Nature &amp; D\u00e9veloppement\",\"potentialAction\":[{\"@type\":\"SearchAction\",\"target\":{\"@type\":\"EntryPoint\",\"urlTemplate\":\"https:\\\/\\\/nature-et-developpement.com\\\/macabane-materiaux\\\/?s={search_term_string}\"},\"query-input\":{\"@type\":\"PropertyValueSpecification\",\"valueRequired\":true,\"valueName\":\"search_term_string\"}}],\"inLanguage\":\"fr-FR\"}]}<\/script>\n<!-- \/ Yoast SEO plugin. -->","yoast_head_json":{"title":"Chaux hydraulique HL3,5 TRADECO 25Kg de Saint Astier - Ma Cabane mat\u00e9riaux naturels","description":"Sp\u00e9cialement adjuvant\u00e9 pour la r\u00e9alisation d\u2019enduits en projection manuelle ou m\u00e9canique. Id\u00e9ale pour les enduits avec les sables locaux.","robots":{"index":"noindex","follow":"nofollow"},"og_locale":"fr_FR","og_type":"article","og_title":"Chaux hydraulique HL3,5 TRADECO 25Kg de Saint Astier - Ma Cabane mat\u00e9riaux naturels","og_description":"Sp\u00e9cialement adjuvant\u00e9 pour la r\u00e9alisation d\u2019enduits en projection manuelle ou m\u00e9canique. Id\u00e9ale pour les enduits avec les sables locaux.","og_url":"https:\/\/nature-et-developpement.com\/macabane-materiaux\/produit\/chaux-hydraulique-hl35-tradeco-25kg-de-saint-astier\/","og_site_name":"Ma Cabane mat\u00e9riaux naturels","article_modified_time":"2025-10-23T20:01:02+00:00","twitter_card":"summary_large_image","twitter_misc":{"Dur\u00e9e de lecture estim\u00e9e":"1 minute"},"schema":{"@context":"https:\/\/schema.org","@graph":[{"@type":"WebPage","@id":"https:\/\/nature-et-developpement.com\/macabane-materiaux\/produit\/chaux-hydraulique-hl35-tradeco-25kg-de-saint-astier\/","url":"https:\/\/nature-et-developpement.com\/macabane-materiaux\/produit\/chaux-hydraulique-hl35-tradeco-25kg-de-saint-astier\/","name":"Chaux hydraulique HL3,5 TRADECO 25Kg de Saint Astier - Ma Cabane mat\u00e9riaux naturels","isPartOf":{"@id":"https:\/\/nature-et-developpement.com\/macabane-materiaux\/#website"},"primaryImageOfPage":{"@id":"https:\/\/nature-et-developpement.com\/macabane-materiaux\/produit\/chaux-hydraulique-hl35-tradeco-25kg-de-saint-astier\/#primaryimage"},"image":{"@id":"https:\/\/nature-et-developpement.com\/macabane-materiaux\/produit\/chaux-hydraulique-hl35-tradeco-25kg-de-saint-astier\/#primaryimage"},"thumbnailUrl":"https:\/\/nature-et-developpement.com\/macabane-materiaux\/wp-content\/uploads\/Chaux-hydraulique-HL35-TRADECO-25KG-de-Saint-Astier-2024.jpg","datePublished":"2023-04-07T08:20:31+00:00","dateModified":"2025-10-23T20:01:02+00:00","description":"Sp\u00e9cialement adjuvant\u00e9 pour la r\u00e9alisation d\u2019enduits en projection manuelle ou m\u00e9canique. Id\u00e9ale pour les enduits avec les sables locaux.","breadcrumb":{"@id":"https:\/\/nature-et-developpement.com\/macabane-materiaux\/produit\/chaux-hydraulique-hl35-tradeco-25kg-de-saint-astier\/#breadcrumb"},"inLanguage":"fr-FR","potentialAction":[{"@type":"ReadAction","target":["https:\/\/nature-et-developpement.com\/macabane-materiaux\/produit\/chaux-hydraulique-hl35-tradeco-25kg-de-saint-astier\/"]}]},{"@type":"ImageObject","inLanguage":"fr-FR","@id":"https:\/\/nature-et-developpement.com\/macabane-materiaux\/produit\/chaux-hydraulique-hl35-tradeco-25kg-de-saint-astier\/#primaryimage","url":"https:\/\/nature-et-developpement.com\/macabane-materiaux\/wp-content\/uploads\/Chaux-hydraulique-HL35-TRADECO-25KG-de-Saint-Astier-2024.jpg","contentUrl":"https:\/\/nature-et-developpement.com\/macabane-materiaux\/wp-content\/uploads\/Chaux-hydraulique-HL35-TRADECO-25KG-de-Saint-Astier-2024.jpg"},{"@type":"BreadcrumbList","@id":"https:\/\/nature-et-developpement.com\/macabane-materiaux\/produit\/chaux-hydraulique-hl35-tradeco-25kg-de-saint-astier\/#breadcrumb","itemListElement":[{"@type":"ListItem","position":1,"name":"Accueil","item":"https:\/\/nature-et-developpement.com\/macabane-materiaux\/"},{"@type":"ListItem","position":2,"name":"Boutique","item":"https:\/\/nature-et-developpement.com\/macabane-materiaux\/boutique\/"},{"@type":"ListItem","position":3,"name":"Construction, cloison et fen\u00eatres","item":"https:\/\/nature-et-developpement.com\/macabane-materiaux\/produits\/construction\/"},{"@type":"ListItem","position":4,"name":"Accessoires construction","item":"https:\/\/nature-et-developpement.com\/macabane-materiaux\/produits\/construction\/accessoires-construction\/"},{"@type":"ListItem","position":5,"name":"Chaux hydraulique HL3,5 TRADECO 25Kg de Saint Astier"}]},{"@type":"WebSite","@id":"https:\/\/nature-et-developpement.com\/macabane-materiaux\/#website","url":"https:\/\/nature-et-developpement.com\/macabane-materiaux\/","name":"Ma Cabane mat\u00e9riaux naturels","description":"Ma Cabane est membre du groupement Nature &amp; D\u00e9veloppement","potentialAction":[{"@type":"SearchAction","target":{"@type":"EntryPoint","urlTemplate":"https:\/\/nature-et-developpement.com\/macabane-materiaux\/?s={search_term_string}"},"query-input":{"@type":"PropertyValueSpecification","valueRequired":true,"valueName":"search_term_string"}}],"inLanguage":"fr-FR"}]}},"distributor_meta":false,"distributor_terms":false,"distributor_media":false,"distributor_original_site_name":"Ma Cabane mat\u00e9riaux naturels","distributor_original_site_url":"https:\/\/nature-et-developpement.com\/macabane-materiaux","push-errors":false,"_links":{"self":[{"href":"https:\/\/nature-et-developpement.com\/macabane-materiaux\/wp-json\/wp\/v2\/product\/11531","targetHints":{"allow":["GET"]}}],"collection":[{"href":"https:\/\/nature-et-developpement.com\/macabane-materiaux\/wp-json\/wp\/v2\/product"}],"about":[{"href":"https:\/\/nature-et-developpement.com\/macabane-materiaux\/wp-json\/wp\/v2\/types\/product"}],"wp:featuredmedia":[{"embeddable":true,"href":"https:\/\/nature-et-developpement.com\/macabane-materiaux\/wp-json\/"}],"wp:attachment":[{"href":"https:\/\/nature-et-developpement.com\/macabane-materiaux\/wp-json\/wp\/v2\/media?parent=11531"}],"wp:term":[{"taxonomy":"product_brand","embeddable":true,"href":"https:\/\/nature-et-developpement.com\/macabane-materiaux\/wp-json\/wp\/v2\/product_brand?post=11531"},{"taxonomy":"product_cat","embeddable":true,"href":"https:\/\/nature-et-developpement.com\/macabane-materiaux\/wp-json\/wp\/v2\/product_cat?post=11531"},{"taxonomy":"product_tag","embeddable":true,"href":"https:\/\/nature-et-developpement.com\/macabane-materiaux\/wp-json\/wp\/v2\/product_tag?post=11531"}],"curies":[{"name":"wp","href":"https:\/\/api.w.org\/{rel}","templated":true}]}}