{"id":12428,"date":"2017-06-23T12:10:43","date_gmt":"2017-06-23T10:10:43","guid":{"rendered":"https:\/\/nature-et-developpement.com\/macabane-materiaux\/produit\/membrane-epdm-tridex\/"},"modified":"2025-11-05T15:30:29","modified_gmt":"2025-11-05T14:30:29","slug":"membrane-epdm-tridex","status":"publish","type":"product","link":"https:\/\/nature-et-developpement.com\/macabane-materiaux\/produit\/membrane-epdm-tridex\/","title":{"rendered":"Membrane EPDM TRIDEX \u00e9tanch\u00e9it\u00e9 petite surface"},"content":{"rendered":"<h2 align=\"left\">EPDM Tridex avec texture<\/h2>\n<p align=\"left\">Tridex\u00a0en rouleaux convient particuli\u00e8rement comme rev\u00eatement de toiture et pour \u00e9tancher les toitures, balcons, terrasses, goutti\u00e8res.<\/p>\n<p>Pourquoi opter pour l\u2019EPDM Tridex ?<\/p>\n<p>Tridex est un concept simple parfaitement qui s&rsquo;adapte aux surfaces jusqu&rsquo;\u00e0 300m2, de qualit\u00e9 sup\u00e9rieure et fabriqu\u00e9 en Europe.<\/p>\n<ul>\n<li>R\u00e9sistant aux rayons UV et \u00e0 l\u2019ozone<\/li>\n<li>\u00c9lasticit\u00e9 permanente de -40\u00b0C \u00e0 +100\u00b0C (jusqu\u2019\u00e0 250\u00b0C)<\/li>\n<li>R\u00e9siste aux pluies acides<\/li>\n<li>Long\u00e9vit\u00e9 attendue de 50 ans<\/li>\n<li>L\u2019\u00e9tanchement le plus \u00e9cologique (100% recyclable)<\/li>\n<li>Pas de flamme ou de risque d\u2019incendie lors de la pose<\/li>\n<li>R\u00e9sistance permanente \u00e0 la pourriture<\/li>\n<li>Praticable \u00e9t\u00e9 comme hiver<\/li>\n<\/ul>\n<h3>Atouts suppl\u00e9mentaires de Tridex en rouleaux !<\/h3>\n<p><strong>Rev\u00eatement de toiture :<\/strong><br \/>\nLe caoutchouc EPDM Tridex EPDM est disponible en rouleaux ou en membranes. On peut appliquer tous les syst\u00e8mes de pose existants. Coll\u00e9s, avec ballast ou fixation m\u00e9canique.<\/p>\n<p><strong>Terrasses en toiture, balcons, galeries :<\/strong><br \/>\nLe caoutchouc EPDM Tridex se colle sur le support, recouvre et prot\u00e8ge le b\u00e9ton contre l\u2019effritement. Gr\u00e2ce \u00e0 son \u00e9lasticit\u00e9.<\/p>\n<p><strong>Rev\u00eatement de goutti\u00e8res :<\/strong><br \/>\nLe caoutchouc EPDM Tridex EPDM est livre en rouleaux. Plusieurs largeurs d\u00e9velopp\u00e9es sont disponibles, le caoutchouc se colle sur le support en bois, en zinc, en bitume\u2026<\/p>\n<p><strong>\u00c9tanchement d\u2019\u00e9tangs, bassins, d\u00e9potoirs :<\/strong><br \/>\nLes membranes Tridex \u201cM\u201d peuvent se livrer d\u2019une seule pi\u00e8ce et r\u00e9sistent tr\u00e8s bien aux racines, aux variations de temp\u00e9ratures (-40\u00b0C \u00e0 +100\u00b0C), aux bact\u00e9ries, \u00e0 l\u2019acide du humus, \u2026<\/p>\n<p><strong>Remplacement du plomb :<\/strong><br \/>\nLe caoutchouc Tridex \u201cL\u201d est arm\u00e9 sur une largeur de 20cm avec du treillis Alu-strong. Ainsi, Tridex \u201cL\u201d peut \u00eatre pli\u00e9 et d\u00e9form\u00e9 \u00e0 l\u2019infini. Le Tridex non arm\u00e9 peut \u00e9galement \u00eatre utilis\u00e9 comme remplacement du plomb (\u00e9cologie !) et pour \u00e9tancher de nombreux raccords architecturaux, comme fen\u00eatres, portes, fa\u00e7ades, \u2026<\/p>\n<p><strong>Joints de dilatation :<\/strong><br \/>\nLe caoutchouc Tridex vous offre la solution ultime pour les joints de dilatation dans les constructions en b\u00e9ton.<\/p>\n","protected":false},"excerpt":{"rendered":"<p>Tridex en rouleaux est la solution \u00e9tanch\u00e9it\u00e9 en EPDM la plus simple \u00e0 mettre en \u0153uvre et particuli\u00e8rement adapt\u00e9e comme rev\u00eatement de toiture et pour \u00e9tancher les toitures, balcons, terrasses, goutti\u00e8res.<\/p>\n<p><span style=\"color: #008000;\"><em><strong>Pr\u00e9cisez dans votre demande:<\/strong><\/em><\/span><br \/>\n&#8211; un plan<br \/>\n&#8211; des c\u00f4tes (en m\u00e8tre)<\/p>\n","protected":false},"featured_media":1000000166636,"template":"","meta":[],"product_brand":[2515],"product_cat":[73,2673],"product_tag":[],"class_list":{"0":"post-12428","1":"product","2":"type-product","3":"status-publish","4":"has-post-thumbnail","6":"product_brand-epdm","7":"product_cat-demande-de-devis-uniquement-sans-prix","8":"product_cat-pare-pluie","9":"product_shipping_class-impact-transport-important","11":"first","12":"instock","13":"taxable","14":"shipping-taxable","15":"purchasable","16":"product-type-simple"},"yoast_head":"<!-- This site is optimized with the Yoast SEO plugin v27.5 - https:\/\/yoast.com\/product\/yoast-seo-wordpress\/ -->\n<title>Membrane EPDM TRIDEX \u00e9tanch\u00e9it\u00e9 petite surface - Ma Cabane mat\u00e9riaux naturels<\/title>\n<meta name=\"description\" content=\"Concept simple parfaitement adapt\u00e9 pour les toitures, balcons, terrasses, goutti\u00e8res jusqu&#039;aux surfaces de 300m\u00b2, de qualit\u00e9 sup\u00e9rieure, fabriqu\u00e9 en Europe.\" \/>\n<meta name=\"robots\" content=\"noindex, follow\" \/>\n<meta property=\"og:locale\" content=\"fr_FR\" \/>\n<meta property=\"og:type\" content=\"article\" \/>\n<meta property=\"og:title\" content=\"Membrane EPDM TRIDEX \u00e9tanch\u00e9it\u00e9 petite surface - Ma Cabane mat\u00e9riaux naturels\" \/>\n<meta property=\"og:description\" content=\"Concept simple parfaitement adapt\u00e9 pour les toitures, balcons, terrasses, goutti\u00e8res jusqu&#039;aux surfaces de 300m\u00b2, de qualit\u00e9 sup\u00e9rieure, fabriqu\u00e9 en Europe.\" \/>\n<meta property=\"og:url\" content=\"https:\/\/nature-et-developpement.com\/macabane-materiaux\/produit\/membrane-epdm-tridex\/\" \/>\n<meta property=\"og:site_name\" content=\"Ma Cabane mat\u00e9riaux naturels\" \/>\n<meta property=\"article:modified_time\" content=\"2025-11-05T14:30:29+00:00\" \/>\n<meta name=\"twitter:card\" content=\"summary_large_image\" \/>\n<meta name=\"twitter:label1\" content=\"Dur\u00e9e de lecture estim\u00e9e\" \/>\n\t<meta name=\"twitter:data1\" content=\"2 minutes\" \/>\n<script type=\"application\/ld+json\" class=\"yoast-schema-graph\">{\"@context\":\"https:\\\/\\\/schema.org\",\"@graph\":[{\"@type\":\"WebPage\",\"@id\":\"https:\\\/\\\/nature-et-developpement.com\\\/macabane-materiaux\\\/produit\\\/membrane-epdm-tridex\\\/\",\"url\":\"https:\\\/\\\/nature-et-developpement.com\\\/macabane-materiaux\\\/produit\\\/membrane-epdm-tridex\\\/\",\"name\":\"Membrane EPDM TRIDEX \u00e9tanch\u00e9it\u00e9 petite surface - Ma Cabane mat\u00e9riaux naturels\",\"isPartOf\":{\"@id\":\"https:\\\/\\\/nature-et-developpement.com\\\/macabane-materiaux\\\/#website\"},\"primaryImageOfPage\":{\"@id\":\"https:\\\/\\\/nature-et-developpement.com\\\/macabane-materiaux\\\/produit\\\/membrane-epdm-tridex\\\/#primaryimage\"},\"image\":{\"@id\":\"https:\\\/\\\/nature-et-developpement.com\\\/macabane-materiaux\\\/produit\\\/membrane-epdm-tridex\\\/#primaryimage\"},\"thumbnailUrl\":\"https:\\\/\\\/nature-et-developpement.com\\\/macabane-materiaux\\\/wp-content\\\/uploads\\\/Membrane-EPDM-TRIDEX.jpg\",\"datePublished\":\"2017-06-23T10:10:43+00:00\",\"dateModified\":\"2025-11-05T14:30:29+00:00\",\"description\":\"Concept simple parfaitement adapt\u00e9 pour les toitures, balcons, terrasses, goutti\u00e8res jusqu'aux surfaces de 300m\u00b2, de qualit\u00e9 sup\u00e9rieure, fabriqu\u00e9 en Europe.\",\"breadcrumb\":{\"@id\":\"https:\\\/\\\/nature-et-developpement.com\\\/macabane-materiaux\\\/produit\\\/membrane-epdm-tridex\\\/#breadcrumb\"},\"inLanguage\":\"fr-FR\",\"potentialAction\":[{\"@type\":\"ReadAction\",\"target\":[\"https:\\\/\\\/nature-et-developpement.com\\\/macabane-materiaux\\\/produit\\\/membrane-epdm-tridex\\\/\"]}]},{\"@type\":\"ImageObject\",\"inLanguage\":\"fr-FR\",\"@id\":\"https:\\\/\\\/nature-et-developpement.com\\\/macabane-materiaux\\\/produit\\\/membrane-epdm-tridex\\\/#primaryimage\",\"url\":\"https:\\\/\\\/nature-et-developpement.com\\\/macabane-materiaux\\\/wp-content\\\/uploads\\\/Membrane-EPDM-TRIDEX.jpg\",\"contentUrl\":\"https:\\\/\\\/nature-et-developpement.com\\\/macabane-materiaux\\\/wp-content\\\/uploads\\\/Membrane-EPDM-TRIDEX.jpg\"},{\"@type\":\"BreadcrumbList\",\"@id\":\"https:\\\/\\\/nature-et-developpement.com\\\/macabane-materiaux\\\/produit\\\/membrane-epdm-tridex\\\/#breadcrumb\",\"itemListElement\":[{\"@type\":\"ListItem\",\"position\":1,\"name\":\"Accueil\",\"item\":\"https:\\\/\\\/nature-et-developpement.com\\\/macabane-materiaux\\\/\"},{\"@type\":\"ListItem\",\"position\":2,\"name\":\"Boutique\",\"item\":\"https:\\\/\\\/nature-et-developpement.com\\\/macabane-materiaux\\\/boutique\\\/\"},{\"@type\":\"ListItem\",\"position\":3,\"name\":\"Isolation et \u00e9tanch\u00e9it\u00e9\",\"item\":\"https:\\\/\\\/nature-et-developpement.com\\\/macabane-materiaux\\\/produits\\\/isolation-et-etancheite\\\/\"},{\"@type\":\"ListItem\",\"position\":4,\"name\":\"Pare pluie\",\"item\":\"https:\\\/\\\/nature-et-developpement.com\\\/macabane-materiaux\\\/produits\\\/isolation-et-etancheite\\\/pare-pluie\\\/\"},{\"@type\":\"ListItem\",\"position\":5,\"name\":\"Membrane EPDM TRIDEX \u00e9tanch\u00e9it\u00e9 petite surface\"}]},{\"@type\":\"WebSite\",\"@id\":\"https:\\\/\\\/nature-et-developpement.com\\\/macabane-materiaux\\\/#website\",\"url\":\"https:\\\/\\\/nature-et-developpement.com\\\/macabane-materiaux\\\/\",\"name\":\"Ma Cabane mat\u00e9riaux naturels\",\"description\":\"Ma Cabane est membre du groupement Nature &amp; D\u00e9veloppement\",\"potentialAction\":[{\"@type\":\"SearchAction\",\"target\":{\"@type\":\"EntryPoint\",\"urlTemplate\":\"https:\\\/\\\/nature-et-developpement.com\\\/macabane-materiaux\\\/?s={search_term_string}\"},\"query-input\":{\"@type\":\"PropertyValueSpecification\",\"valueRequired\":true,\"valueName\":\"search_term_string\"}}],\"inLanguage\":\"fr-FR\"}]}<\/script>\n<!-- \/ Yoast SEO plugin. -->","yoast_head_json":{"title":"Membrane EPDM TRIDEX \u00e9tanch\u00e9it\u00e9 petite surface - Ma Cabane mat\u00e9riaux naturels","description":"Concept simple parfaitement adapt\u00e9 pour les toitures, balcons, terrasses, goutti\u00e8res jusqu'aux surfaces de 300m\u00b2, de qualit\u00e9 sup\u00e9rieure, fabriqu\u00e9 en Europe.","robots":{"index":"noindex","follow":"follow"},"og_locale":"fr_FR","og_type":"article","og_title":"Membrane EPDM TRIDEX \u00e9tanch\u00e9it\u00e9 petite surface - Ma Cabane mat\u00e9riaux naturels","og_description":"Concept simple parfaitement adapt\u00e9 pour les toitures, balcons, terrasses, goutti\u00e8res jusqu'aux surfaces de 300m\u00b2, de qualit\u00e9 sup\u00e9rieure, fabriqu\u00e9 en Europe.","og_url":"https:\/\/nature-et-developpement.com\/macabane-materiaux\/produit\/membrane-epdm-tridex\/","og_site_name":"Ma Cabane mat\u00e9riaux naturels","article_modified_time":"2025-11-05T14:30:29+00:00","twitter_card":"summary_large_image","twitter_misc":{"Dur\u00e9e de lecture estim\u00e9e":"2 minutes"},"schema":{"@context":"https:\/\/schema.org","@graph":[{"@type":"WebPage","@id":"https:\/\/nature-et-developpement.com\/macabane-materiaux\/produit\/membrane-epdm-tridex\/","url":"https:\/\/nature-et-developpement.com\/macabane-materiaux\/produit\/membrane-epdm-tridex\/","name":"Membrane EPDM TRIDEX \u00e9tanch\u00e9it\u00e9 petite surface - Ma Cabane mat\u00e9riaux naturels","isPartOf":{"@id":"https:\/\/nature-et-developpement.com\/macabane-materiaux\/#website"},"primaryImageOfPage":{"@id":"https:\/\/nature-et-developpement.com\/macabane-materiaux\/produit\/membrane-epdm-tridex\/#primaryimage"},"image":{"@id":"https:\/\/nature-et-developpement.com\/macabane-materiaux\/produit\/membrane-epdm-tridex\/#primaryimage"},"thumbnailUrl":"https:\/\/nature-et-developpement.com\/macabane-materiaux\/wp-content\/uploads\/Membrane-EPDM-TRIDEX.jpg","datePublished":"2017-06-23T10:10:43+00:00","dateModified":"2025-11-05T14:30:29+00:00","description":"Concept simple parfaitement adapt\u00e9 pour les toitures, balcons, terrasses, goutti\u00e8res jusqu'aux surfaces de 300m\u00b2, de qualit\u00e9 sup\u00e9rieure, fabriqu\u00e9 en Europe.","breadcrumb":{"@id":"https:\/\/nature-et-developpement.com\/macabane-materiaux\/produit\/membrane-epdm-tridex\/#breadcrumb"},"inLanguage":"fr-FR","potentialAction":[{"@type":"ReadAction","target":["https:\/\/nature-et-developpement.com\/macabane-materiaux\/produit\/membrane-epdm-tridex\/"]}]},{"@type":"ImageObject","inLanguage":"fr-FR","@id":"https:\/\/nature-et-developpement.com\/macabane-materiaux\/produit\/membrane-epdm-tridex\/#primaryimage","url":"https:\/\/nature-et-developpement.com\/macabane-materiaux\/wp-content\/uploads\/Membrane-EPDM-TRIDEX.jpg","contentUrl":"https:\/\/nature-et-developpement.com\/macabane-materiaux\/wp-content\/uploads\/Membrane-EPDM-TRIDEX.jpg"},{"@type":"BreadcrumbList","@id":"https:\/\/nature-et-developpement.com\/macabane-materiaux\/produit\/membrane-epdm-tridex\/#breadcrumb","itemListElement":[{"@type":"ListItem","position":1,"name":"Accueil","item":"https:\/\/nature-et-developpement.com\/macabane-materiaux\/"},{"@type":"ListItem","position":2,"name":"Boutique","item":"https:\/\/nature-et-developpement.com\/macabane-materiaux\/boutique\/"},{"@type":"ListItem","position":3,"name":"Isolation et \u00e9tanch\u00e9it\u00e9","item":"https:\/\/nature-et-developpement.com\/macabane-materiaux\/produits\/isolation-et-etancheite\/"},{"@type":"ListItem","position":4,"name":"Pare pluie","item":"https:\/\/nature-et-developpement.com\/macabane-materiaux\/produits\/isolation-et-etancheite\/pare-pluie\/"},{"@type":"ListItem","position":5,"name":"Membrane EPDM TRIDEX \u00e9tanch\u00e9it\u00e9 petite surface"}]},{"@type":"WebSite","@id":"https:\/\/nature-et-developpement.com\/macabane-materiaux\/#website","url":"https:\/\/nature-et-developpement.com\/macabane-materiaux\/","name":"Ma Cabane mat\u00e9riaux naturels","description":"Ma Cabane est membre du groupement Nature &amp; D\u00e9veloppement","potentialAction":[{"@type":"SearchAction","target":{"@type":"EntryPoint","urlTemplate":"https:\/\/nature-et-developpement.com\/macabane-materiaux\/?s={search_term_string}"},"query-input":{"@type":"PropertyValueSpecification","valueRequired":true,"valueName":"search_term_string"}}],"inLanguage":"fr-FR"}]}},"distributor_meta":false,"distributor_terms":false,"distributor_media":false,"distributor_original_site_name":"Ma Cabane mat\u00e9riaux naturels","distributor_original_site_url":"https:\/\/nature-et-developpement.com\/macabane-materiaux","push-errors":false,"_links":{"self":[{"href":"https:\/\/nature-et-developpement.com\/macabane-materiaux\/wp-json\/wp\/v2\/product\/12428","targetHints":{"allow":["GET"]}}],"collection":[{"href":"https:\/\/nature-et-developpement.com\/macabane-materiaux\/wp-json\/wp\/v2\/product"}],"about":[{"href":"https:\/\/nature-et-developpement.com\/macabane-materiaux\/wp-json\/wp\/v2\/types\/product"}],"wp:featuredmedia":[{"embeddable":true,"href":"https:\/\/nature-et-developpement.com\/macabane-materiaux\/wp-json\/"}],"wp:attachment":[{"href":"https:\/\/nature-et-developpement.com\/macabane-materiaux\/wp-json\/wp\/v2\/media?parent=12428"}],"wp:term":[{"taxonomy":"product_brand","embeddable":true,"href":"https:\/\/nature-et-developpement.com\/macabane-materiaux\/wp-json\/wp\/v2\/product_brand?post=12428"},{"taxonomy":"product_cat","embeddable":true,"href":"https:\/\/nature-et-developpement.com\/macabane-materiaux\/wp-json\/wp\/v2\/product_cat?post=12428"},{"taxonomy":"product_tag","embeddable":true,"href":"https:\/\/nature-et-developpement.com\/macabane-materiaux\/wp-json\/wp\/v2\/product_tag?post=12428"}],"curies":[{"name":"wp","href":"https:\/\/api.w.org\/{rel}","templated":true}]}}