{"id":1304,"date":"2019-06-04T10:06:59","date_gmt":"2019-06-04T08:06:59","guid":{"rendered":"https:\/\/nature-et-developpement.com\/macabane-materiaux\/produit\/extracteur-d-air-pour-combles-solar-star-de-solatube\/"},"modified":"2025-10-23T19:41:18","modified_gmt":"2025-10-23T17:41:18","slug":"extracteur-d-air-pour-combles-solar-star-de-solatube","status":"publish","type":"product","link":"https:\/\/nature-et-developpement.com\/macabane-materiaux\/produit\/extracteur-d-air-pour-combles-solar-star-de-solatube\/","title":{"rendered":"SOLAR STAR &#8211; Extracteur d&rsquo;air pour combles de Solatube"},"content":{"rendered":"<h2>A\u00e9rez vos combles avec le Solar Star.<\/h2>\n<p>L\u2019extracteur de comble \u00e0 \u00e9nergie solaire, Solar Star\u00ae est un extracteur d\u2019air pour grenier non am\u00e9nag\u00e9.<\/p>\n<p>Pour des combles perdus allant jusqu\u2019\u00e0 80m\u00b2, pour une toiture\u00a0 avec une pente &lt; \u00e0 30\u00b0, l\u2019extracteur d\u2019air SolarStar RM1500 de 16W est le mod\u00e8le adapt\u00e9.<\/p>\n<p>Pour des combles perdus allant jusqu\u2019\u00e0 220m\u00b2, pour une toiture\u00a0 avec une pente &lt; \u00e0 30\u00b0, l\u2019extracteur d\u2019air SolarStar RM2400 de 35W est le mod\u00e8le adapt\u00e9.<\/p>\n<p>L&rsquo;optimisation de son fonctionnement avec l&rsquo;interrupteur thermique permet au Solar Star de se mettre en fonctionnement seulement lorsque la temp\u00e9rature des combles atteint 29\u00b0 et se couper lorsque la temp\u00e9rature est inf\u00e9rieure \u00e0 18\u00b0. Ainsi la gestion de la ventilation dans vos combles est automatique.<\/p>\n<h4>L\u2019EXTRACTEUR DE COMBLE SOLAR STAR, POURQUOI ?<\/h4>\n<p>La chaleur et l\u2019humidit\u00e9 sont les pires ennemis d\u2019un grenier.<\/p>\n<p>De nombreuses maisons dot\u00e9es de petites ventilations passives et la plupart d\u2019entre elles ne parviennent pas \u00e0 \u00e9vacuer assez d\u2019air pour sortir la chaleur et l\u2019humidit\u00e9.<\/p>\n<p>Aujourd\u2019hui, Nature et Confort vous propose une solution : l\u2019extracteur de grenier Solar Star\u00ae !<\/p>\n<p>Cet extracteur solaire d\u2019air prot\u00e8ge la structure du toit car il fonctionne toute la journ\u00e9e.<\/p>\n<p>Ainsi la temp\u00e9rature et l\u2019humidit\u00e9 n\u2019atteignent jamais un niveau \u00e9lev\u00e9.<\/p>\n<h4>L\u2019EXTRACTEUR DE COMBLE SOLAR STAR, POUR QUI\u00a0?<\/h4>\n<p>L\u2019extracteur solaire d\u2019air SolarStar\u00ae permet de ventiler les combles non am\u00e9nag\u00e9s d\u2019un b\u00e2timent. Le ventilateur \u00e0 \u00e9nergie solaire s\u2019installe sur\u00a0tous types de toiture\u00a0: en tuiles, en ardoise ou sur du bac acier, l\u2019\u00e9tanch\u00e9it\u00e9 100% m\u00e9tallique s\u2019adapte selon la couverture.<\/p>\n<ul>\n<li>En \u00e9t\u00e9, l\u2019extracteur Solar Star\u00ae aspire l\u2019air chaud accumul\u00e9 dans les greniers et l\u2019expulse vers l\u2019ext\u00e9rieur.<\/li>\n<li>En hiver, l\u2019extracteur assainit les combles en diminuant l\u2019humidit\u00e9.<\/li>\n<\/ul>\n<p>L\u2019extracteur Solar Star\u00ae se place id\u00e9alement sur le toit mais le panneau photovolta\u00efque peut \u00eatre install\u00e9 en fa\u00e7ade gr\u00e2ce au ventilateur de pignon.<\/p>\n<h4>AUTONOME TOUTE L\u2019ANN\u00c9E<\/h4>\n<ul>\n<li>Install\u00e9 sur le toit, l\u2019extracteur de comble\u00a0fonctionne gr\u00e2ce \u00e0 l\u2019\u00e9nergie solaire\u00a0avec son panneau photovolta\u00efque. Il est compl\u00e8tement autonome et fonctionne toute l\u2019ann\u00e9e et gratuitement gr\u00e2ce aux rayons lumineux.<\/li>\n<li>La puissance de l\u2019extracteur est de 23m\u00b3\/minute et avec un moteur silencieux.<\/li>\n<li>Un mod\u00e8le de l\u2019extracteur\u00a0Solar Star\u00ae ventile\u00a0jusqu\u2019\u00e0 111m\u00b2 de grenier\u00a0(selon ensoleillement et latitude g\u00e9ographique).<\/li>\n<\/ul>\n<p>C\u2019est la solution id\u00e9ale pour les r\u00e9gions chaudes !<\/p>\n<h4>QUALIT\u00c9 ET DURABILIT\u00c9<\/h4>\n<ul>\n<li>L\u2019\u00e9tanch\u00e9it\u00e9 entre la toiture et l\u2019extracteur s&rsquo;effectue par un solin 100% m\u00e9tallique. C\u2019est le m\u00eame que celui utilis\u00e9 pour les conduits de lumi\u00e8re Solatube.<\/li>\n<li>Ces\u00a0h\u00e9lices l\u00e9g\u00e8res, non corrosives, en polym\u00e8re minimise la charge du moteur.<\/li>\n<li>L\u2019extracteur Solar Star\u00ae est autonome, aliment\u00e9 par un panneau solaire de 16W ou 35W avec la possibilit\u00e9 d\u2019ajouter un panneau solaire suppl\u00e9mentaire pour optimiser son fonctionnement toute la journ\u00e9e.<\/li>\n<\/ul>\n<h4><strong>Le kit comprend:<\/strong><\/h4>\n<p>&#8211; 1 Solar Star 16W <em><strong>ou<\/strong><\/em> 35W avec Switch Thermique assembl\u00e9 en usine.<\/p>\n<p>&#8211; 1 Raccord d&rsquo;\u00e9tanch\u00e9it\u00e9 pour tuile. Etanch\u00e9it\u00e9\u00a0 Universelle\u00a0 Plate, 100% m\u00e9tallique pour une meilleure long\u00e9vit\u00e9 : abergement en aluminium gaufr\u00e9 pour \u00e9pouser les ondulations des tuiles, solin en galva<\/p>\n<p><em><strong>ou<\/strong><\/em><\/p>\n<p>&#8211; 1 Solin Octogonal \u00e0 Base Plate embouti \u00e0 froid sans soudure. H.150mm, 100% m\u00e9tal avec peinture noire thermoplastique.<\/p>\n<div><\/div>\n<p><strong>*Prix de l&rsquo;INNOVATION 2021 de SAGERET<\/strong><br \/>\nCe produit est \u00e9lu par les professionnels du BTP (plus de 250 000 entreprises et 30 000 prescripteurs) sur les crit\u00e8res suivants : Am\u00e9lioration des performances \/ Caract\u00e8re nouveau-innovant \/ Qualit\u00e9s environnementales<\/p>\n","protected":false},"excerpt":{"rendered":"<p><strong>Des combles a\u00e9r\u00e9s gratuitement toute l\u2019ann\u00e9e.<\/strong><\/p>\n<p>En \u00e9t\u00e9, il aspire l\u2019air chaud accumul\u00e9 dans les greniers et l\u2019expulse vers l\u2019ext\u00e9rieur.<br \/>\nEn hiver,\u00a0il assainit les combles en diminuant l\u2019humidit\u00e9.<\/p>\n<p><span style=\"color: #008000\"><strong>Prix de l&rsquo;INNOVATION 2021*<\/strong><\/span><\/p>\n","protected":false},"featured_media":1000000168919,"template":"","meta":[],"product_brand":[181],"product_cat":[108],"product_tag":[2766],"class_list":{"0":"post-1304","1":"product","2":"type-product","3":"status-publish","4":"has-post-thumbnail","6":"product_brand-solatube","7":"product_cat-ventilation","8":"product_tag-renouvellement-dair","9":"product_shipping_class-petit-equipement-outil-eclairage","11":"first","12":"instock","13":"taxable","14":"shipping-taxable","15":"purchasable","16":"product-type-variable"},"yoast_head":"<!-- This site is optimized with the Yoast SEO plugin v27.5 - https:\/\/yoast.com\/product\/yoast-seo-wordpress\/ -->\n<title>SOLAR STAR - Extracteur d&#039;air pour combles de Solatube - Ma Cabane mat\u00e9riaux naturels<\/title>\n<meta name=\"description\" content=\"Des combles a\u00e9r\u00e9s gratuitement toute l\u2019ann\u00e9e.  En \u00e9t\u00e9, il aspire l\u2019air chaud accumul\u00e9 dans les greniers et l\u2019expulse vers l\u2019ext\u00e9rieur. En hiver,\u00a0il assainit les combles en diminuant l\u2019humidit\u00e9.  Prix de l&#039;INNOVATION 2021*\" \/>\n<meta name=\"robots\" content=\"noindex, nofollow\" \/>\n<meta property=\"og:locale\" content=\"fr_FR\" \/>\n<meta property=\"og:type\" content=\"article\" \/>\n<meta property=\"og:title\" content=\"SOLAR STAR - Extracteur d&#039;air pour combles de Solatube - Ma Cabane mat\u00e9riaux naturels\" \/>\n<meta property=\"og:description\" content=\"Des combles a\u00e9r\u00e9s gratuitement toute l\u2019ann\u00e9e.  En \u00e9t\u00e9, il aspire l\u2019air chaud accumul\u00e9 dans les greniers et l\u2019expulse vers l\u2019ext\u00e9rieur. En hiver,\u00a0il assainit les combles en diminuant l\u2019humidit\u00e9.  Prix de l&#039;INNOVATION 2021*\" \/>\n<meta property=\"og:url\" content=\"https:\/\/nature-et-developpement.com\/macabane-materiaux\/produit\/extracteur-d-air-pour-combles-solar-star-de-solatube\/\" \/>\n<meta property=\"og:site_name\" content=\"Ma Cabane mat\u00e9riaux naturels\" \/>\n<meta property=\"article:modified_time\" content=\"2025-10-23T17:41:18+00:00\" \/>\n<meta name=\"twitter:card\" content=\"summary_large_image\" \/>\n<meta name=\"twitter:label1\" content=\"Dur\u00e9e de lecture estim\u00e9e\" \/>\n\t<meta name=\"twitter:data1\" content=\"3 minutes\" \/>\n<script type=\"application\/ld+json\" class=\"yoast-schema-graph\">{\"@context\":\"https:\\\/\\\/schema.org\",\"@graph\":[{\"@type\":\"WebPage\",\"@id\":\"https:\\\/\\\/nature-et-developpement.com\\\/macabane-materiaux\\\/produit\\\/extracteur-d-air-pour-combles-solar-star-de-solatube\\\/\",\"url\":\"https:\\\/\\\/nature-et-developpement.com\\\/macabane-materiaux\\\/produit\\\/extracteur-d-air-pour-combles-solar-star-de-solatube\\\/\",\"name\":\"SOLAR STAR - Extracteur d'air pour combles de Solatube - Ma Cabane mat\u00e9riaux naturels\",\"isPartOf\":{\"@id\":\"https:\\\/\\\/nature-et-developpement.com\\\/macabane-materiaux\\\/#website\"},\"primaryImageOfPage\":{\"@id\":\"https:\\\/\\\/nature-et-developpement.com\\\/macabane-materiaux\\\/produit\\\/extracteur-d-air-pour-combles-solar-star-de-solatube\\\/#primaryimage\"},\"image\":{\"@id\":\"https:\\\/\\\/nature-et-developpement.com\\\/macabane-materiaux\\\/produit\\\/extracteur-d-air-pour-combles-solar-star-de-solatube\\\/#primaryimage\"},\"thumbnailUrl\":\"https:\\\/\\\/nature-et-developpement.com\\\/macabane-materiaux\\\/wp-content\\\/uploads\\\/Extracteur-dair-pour-combles-SOLAR-STAR-de-Solatube.jpg\",\"datePublished\":\"2019-06-04T08:06:59+00:00\",\"dateModified\":\"2025-10-23T17:41:18+00:00\",\"description\":\"Des combles a\u00e9r\u00e9s gratuitement toute l\u2019ann\u00e9e. En \u00e9t\u00e9, il aspire l\u2019air chaud accumul\u00e9 dans les greniers et l\u2019expulse vers l\u2019ext\u00e9rieur. En hiver,\u00a0il assainit les combles en diminuant l\u2019humidit\u00e9. Prix de l'INNOVATION 2021*\",\"breadcrumb\":{\"@id\":\"https:\\\/\\\/nature-et-developpement.com\\\/macabane-materiaux\\\/produit\\\/extracteur-d-air-pour-combles-solar-star-de-solatube\\\/#breadcrumb\"},\"inLanguage\":\"fr-FR\",\"potentialAction\":[{\"@type\":\"ReadAction\",\"target\":[\"https:\\\/\\\/nature-et-developpement.com\\\/macabane-materiaux\\\/produit\\\/extracteur-d-air-pour-combles-solar-star-de-solatube\\\/\"]}]},{\"@type\":\"ImageObject\",\"inLanguage\":\"fr-FR\",\"@id\":\"https:\\\/\\\/nature-et-developpement.com\\\/macabane-materiaux\\\/produit\\\/extracteur-d-air-pour-combles-solar-star-de-solatube\\\/#primaryimage\",\"url\":\"https:\\\/\\\/nature-et-developpement.com\\\/macabane-materiaux\\\/wp-content\\\/uploads\\\/Extracteur-dair-pour-combles-SOLAR-STAR-de-Solatube.jpg\",\"contentUrl\":\"https:\\\/\\\/nature-et-developpement.com\\\/macabane-materiaux\\\/wp-content\\\/uploads\\\/Extracteur-dair-pour-combles-SOLAR-STAR-de-Solatube.jpg\"},{\"@type\":\"BreadcrumbList\",\"@id\":\"https:\\\/\\\/nature-et-developpement.com\\\/macabane-materiaux\\\/produit\\\/extracteur-d-air-pour-combles-solar-star-de-solatube\\\/#breadcrumb\",\"itemListElement\":[{\"@type\":\"ListItem\",\"position\":1,\"name\":\"Accueil\",\"item\":\"https:\\\/\\\/nature-et-developpement.com\\\/macabane-materiaux\\\/\"},{\"@type\":\"ListItem\",\"position\":2,\"name\":\"Boutique\",\"item\":\"https:\\\/\\\/nature-et-developpement.com\\\/macabane-materiaux\\\/boutique\\\/\"},{\"@type\":\"ListItem\",\"position\":3,\"name\":\"Chauffage, eau et \u00e9nergie\",\"item\":\"https:\\\/\\\/nature-et-developpement.com\\\/macabane-materiaux\\\/produits\\\/energie-et-ventilation\\\/\"},{\"@type\":\"ListItem\",\"position\":4,\"name\":\"Ventilation double flux, VMC hydro, extracteur d'air\",\"item\":\"https:\\\/\\\/nature-et-developpement.com\\\/macabane-materiaux\\\/produits\\\/energie-et-ventilation\\\/ventilation\\\/\"},{\"@type\":\"ListItem\",\"position\":5,\"name\":\"SOLAR STAR &#8211; Extracteur d&rsquo;air pour combles de Solatube\"}]},{\"@type\":\"WebSite\",\"@id\":\"https:\\\/\\\/nature-et-developpement.com\\\/macabane-materiaux\\\/#website\",\"url\":\"https:\\\/\\\/nature-et-developpement.com\\\/macabane-materiaux\\\/\",\"name\":\"Ma Cabane mat\u00e9riaux naturels\",\"description\":\"Ma Cabane est membre du groupement Nature &amp; D\u00e9veloppement\",\"potentialAction\":[{\"@type\":\"SearchAction\",\"target\":{\"@type\":\"EntryPoint\",\"urlTemplate\":\"https:\\\/\\\/nature-et-developpement.com\\\/macabane-materiaux\\\/?s={search_term_string}\"},\"query-input\":{\"@type\":\"PropertyValueSpecification\",\"valueRequired\":true,\"valueName\":\"search_term_string\"}}],\"inLanguage\":\"fr-FR\"}]}<\/script>\n<!-- \/ Yoast SEO plugin. -->","yoast_head_json":{"title":"SOLAR STAR - Extracteur d'air pour combles de Solatube - Ma Cabane mat\u00e9riaux naturels","description":"Des combles a\u00e9r\u00e9s gratuitement toute l\u2019ann\u00e9e.  En \u00e9t\u00e9, il aspire l\u2019air chaud accumul\u00e9 dans les greniers et l\u2019expulse vers l\u2019ext\u00e9rieur. En hiver,\u00a0il assainit les combles en diminuant l\u2019humidit\u00e9.  Prix de l'INNOVATION 2021*","robots":{"index":"noindex","follow":"nofollow"},"og_locale":"fr_FR","og_type":"article","og_title":"SOLAR STAR - Extracteur d'air pour combles de Solatube - Ma Cabane mat\u00e9riaux naturels","og_description":"Des combles a\u00e9r\u00e9s gratuitement toute l\u2019ann\u00e9e.  En \u00e9t\u00e9, il aspire l\u2019air chaud accumul\u00e9 dans les greniers et l\u2019expulse vers l\u2019ext\u00e9rieur. En hiver,\u00a0il assainit les combles en diminuant l\u2019humidit\u00e9.  Prix de l'INNOVATION 2021*","og_url":"https:\/\/nature-et-developpement.com\/macabane-materiaux\/produit\/extracteur-d-air-pour-combles-solar-star-de-solatube\/","og_site_name":"Ma Cabane mat\u00e9riaux naturels","article_modified_time":"2025-10-23T17:41:18+00:00","twitter_card":"summary_large_image","twitter_misc":{"Dur\u00e9e de lecture estim\u00e9e":"3 minutes"},"schema":{"@context":"https:\/\/schema.org","@graph":[{"@type":"WebPage","@id":"https:\/\/nature-et-developpement.com\/macabane-materiaux\/produit\/extracteur-d-air-pour-combles-solar-star-de-solatube\/","url":"https:\/\/nature-et-developpement.com\/macabane-materiaux\/produit\/extracteur-d-air-pour-combles-solar-star-de-solatube\/","name":"SOLAR STAR - Extracteur d'air pour combles de Solatube - Ma Cabane mat\u00e9riaux naturels","isPartOf":{"@id":"https:\/\/nature-et-developpement.com\/macabane-materiaux\/#website"},"primaryImageOfPage":{"@id":"https:\/\/nature-et-developpement.com\/macabane-materiaux\/produit\/extracteur-d-air-pour-combles-solar-star-de-solatube\/#primaryimage"},"image":{"@id":"https:\/\/nature-et-developpement.com\/macabane-materiaux\/produit\/extracteur-d-air-pour-combles-solar-star-de-solatube\/#primaryimage"},"thumbnailUrl":"https:\/\/nature-et-developpement.com\/macabane-materiaux\/wp-content\/uploads\/Extracteur-dair-pour-combles-SOLAR-STAR-de-Solatube.jpg","datePublished":"2019-06-04T08:06:59+00:00","dateModified":"2025-10-23T17:41:18+00:00","description":"Des combles a\u00e9r\u00e9s gratuitement toute l\u2019ann\u00e9e. En \u00e9t\u00e9, il aspire l\u2019air chaud accumul\u00e9 dans les greniers et l\u2019expulse vers l\u2019ext\u00e9rieur. En hiver,\u00a0il assainit les combles en diminuant l\u2019humidit\u00e9. Prix de l'INNOVATION 2021*","breadcrumb":{"@id":"https:\/\/nature-et-developpement.com\/macabane-materiaux\/produit\/extracteur-d-air-pour-combles-solar-star-de-solatube\/#breadcrumb"},"inLanguage":"fr-FR","potentialAction":[{"@type":"ReadAction","target":["https:\/\/nature-et-developpement.com\/macabane-materiaux\/produit\/extracteur-d-air-pour-combles-solar-star-de-solatube\/"]}]},{"@type":"ImageObject","inLanguage":"fr-FR","@id":"https:\/\/nature-et-developpement.com\/macabane-materiaux\/produit\/extracteur-d-air-pour-combles-solar-star-de-solatube\/#primaryimage","url":"https:\/\/nature-et-developpement.com\/macabane-materiaux\/wp-content\/uploads\/Extracteur-dair-pour-combles-SOLAR-STAR-de-Solatube.jpg","contentUrl":"https:\/\/nature-et-developpement.com\/macabane-materiaux\/wp-content\/uploads\/Extracteur-dair-pour-combles-SOLAR-STAR-de-Solatube.jpg"},{"@type":"BreadcrumbList","@id":"https:\/\/nature-et-developpement.com\/macabane-materiaux\/produit\/extracteur-d-air-pour-combles-solar-star-de-solatube\/#breadcrumb","itemListElement":[{"@type":"ListItem","position":1,"name":"Accueil","item":"https:\/\/nature-et-developpement.com\/macabane-materiaux\/"},{"@type":"ListItem","position":2,"name":"Boutique","item":"https:\/\/nature-et-developpement.com\/macabane-materiaux\/boutique\/"},{"@type":"ListItem","position":3,"name":"Chauffage, eau et \u00e9nergie","item":"https:\/\/nature-et-developpement.com\/macabane-materiaux\/produits\/energie-et-ventilation\/"},{"@type":"ListItem","position":4,"name":"Ventilation double flux, VMC hydro, extracteur d'air","item":"https:\/\/nature-et-developpement.com\/macabane-materiaux\/produits\/energie-et-ventilation\/ventilation\/"},{"@type":"ListItem","position":5,"name":"SOLAR STAR &#8211; Extracteur d&rsquo;air pour combles de Solatube"}]},{"@type":"WebSite","@id":"https:\/\/nature-et-developpement.com\/macabane-materiaux\/#website","url":"https:\/\/nature-et-developpement.com\/macabane-materiaux\/","name":"Ma Cabane mat\u00e9riaux naturels","description":"Ma Cabane est membre du groupement Nature &amp; D\u00e9veloppement","potentialAction":[{"@type":"SearchAction","target":{"@type":"EntryPoint","urlTemplate":"https:\/\/nature-et-developpement.com\/macabane-materiaux\/?s={search_term_string}"},"query-input":{"@type":"PropertyValueSpecification","valueRequired":true,"valueName":"search_term_string"}}],"inLanguage":"fr-FR"}]}},"distributor_meta":false,"distributor_terms":false,"distributor_media":false,"distributor_original_site_name":"Ma Cabane mat\u00e9riaux naturels","distributor_original_site_url":"https:\/\/nature-et-developpement.com\/macabane-materiaux","push-errors":false,"_links":{"self":[{"href":"https:\/\/nature-et-developpement.com\/macabane-materiaux\/wp-json\/wp\/v2\/product\/1304","targetHints":{"allow":["GET"]}}],"collection":[{"href":"https:\/\/nature-et-developpement.com\/macabane-materiaux\/wp-json\/wp\/v2\/product"}],"about":[{"href":"https:\/\/nature-et-developpement.com\/macabane-materiaux\/wp-json\/wp\/v2\/types\/product"}],"wp:featuredmedia":[{"embeddable":true,"href":"https:\/\/nature-et-developpement.com\/macabane-materiaux\/wp-json\/"}],"wp:attachment":[{"href":"https:\/\/nature-et-developpement.com\/macabane-materiaux\/wp-json\/wp\/v2\/media?parent=1304"}],"wp:term":[{"taxonomy":"product_brand","embeddable":true,"href":"https:\/\/nature-et-developpement.com\/macabane-materiaux\/wp-json\/wp\/v2\/product_brand?post=1304"},{"taxonomy":"product_cat","embeddable":true,"href":"https:\/\/nature-et-developpement.com\/macabane-materiaux\/wp-json\/wp\/v2\/product_cat?post=1304"},{"taxonomy":"product_tag","embeddable":true,"href":"https:\/\/nature-et-developpement.com\/macabane-materiaux\/wp-json\/wp\/v2\/product_tag?post=1304"}],"curies":[{"name":"wp","href":"https:\/\/api.w.org\/{rel}","templated":true}]}}