{"id":1800,"date":"2021-03-25T23:30:20","date_gmt":"2021-03-25T22:30:20","guid":{"rendered":"https:\/\/nature-et-developpement.com\/macabane-materiaux\/produit\/kit-toiture-structure-bois-pret-a-assembler-de-france-poutres\/"},"modified":"2025-09-19T17:51:13","modified_gmt":"2025-09-19T15:51:13","slug":"kit-toiture-structure-bois-pret-a-assembler-de-france-poutres","status":"publish","type":"product","link":"https:\/\/nature-et-developpement.com\/macabane-materiaux\/produit\/kit-toiture-structure-bois-pret-a-assembler-de-france-poutres\/","title":{"rendered":"Kit toiture structure bois pr\u00eat \u00e0 assembler de France Poutres"},"content":{"rendered":"<h2>Kit Toiture structure bois pr\u00eat \u00e0 assembler &#8211; France Poutres | Mat\u00e9riaux \u00c9cologiques<\/h2>\n<p>Le Kit Toiture Structure Bois Pr\u00eat \u00e0 Assembler de France Poutres est la solution id\u00e9ale pour la construction de toitures terrasses, de chevrons porteurs ou de charpentes traditionnelles.<\/p>\n<p>Premi\u00e8rement, ce kit offre diverses applications, telles que :<\/p>\n<ul>\n<li>la ferme latine entrait simple<\/li>\n<li>l&rsquo;entrait mois\u00e9<\/li>\n<li>sur blochet<\/li>\n<li>banane<\/li>\n<li>treillis sur poteau<\/li>\n<li>poutre delta<\/li>\n<li>auvent contre existant<\/li>\n<li>carport<\/li>\n<li>pr\u00e9au sur poteau.<\/li>\n<\/ul>\n<p>Avec le bureau d\u2019\u00e9tudes int\u00e9gr\u00e9 de France Poutres.<\/p>\n<p>Vous b\u00e9n\u00e9ficiez de plans CAO\/DAO, d&rsquo;\u00e9tudes structurelles et de calepinages pour ces types d&rsquo;ouvrages.<\/p>\n<p>Ils vous proposent ainsi une prestation compl\u00e8te, comprenant :<\/p>\n<ol>\n<li>l&rsquo;\u00e9tude technique<\/li>\n<li>la r\u00e9daction de l&rsquo;offre<\/li>\n<li>la fabrication<\/li>\n<li>la livraison de votre kit.<\/li>\n<\/ol>\n<p>Gr\u00e2ce \u00e0 leur centre d\u2019usinage moderne et performant, les pi\u00e8ces de bois livr\u00e9es et marqu\u00e9es sont d\u00e9coup\u00e9es avec une pr\u00e9cision millim\u00e9trique ou sur-longueur.<\/p>\n<p>France Poutres utilisent des poutres en I, du bois massif contrecoll\u00e9 de haute qualit\u00e9, provenant d&rsquo;essences telles que le sapin, l&rsquo;\u00e9pic\u00e9a, le douglas et le ch\u00eane.<\/p>\n<p>Leurs produits sont \u00e9galement trait\u00e9s selon les normes de classe 2, classe 3 ou classe 4 pour garantir leur durabilit\u00e9.<\/p>\n<h3>En choisissant le Kit Toiture Structure Bois Pr\u00eat \u00e0 Assembler de France Poutres, vous b\u00e9n\u00e9ficiez d&rsquo;une solution sur-mesure et optimis\u00e9e.<\/h3>\n<p>Le plan fourni facilite le montage et assure une ex\u00e9cution rapide de votre projet.<\/p>\n<p>De plus, vous n&rsquo;avez pas \u00e0 vous soucier des d\u00e9coupes ni de la gestion des chutes, ce qui rend la mise en \u0153uvre encore plus simple.<\/p>\n<p>France Poutres offre une garantie d\u00e9cennale fabricant.<\/p>\n<p>Mais aussi une \u00e9tude bois compl\u00e8te, vous garantissant un chantier \u00ab\u00a00 souci\u00a0\u00bb et une anticipation des probl\u00e8mes \u00e9ventuels.<\/p>\n<h4>Afin de vous fournir une prestation compl\u00e8te<\/h4>\n<p>Il sera mis \u00e0 votre disposition tous les accessoires n\u00e9cessaires \u00e0 la pose de leurs produits, tels que des sabots pour toute application ou sp\u00e9cifiques, des blocs de coulage et des planches de calage.<\/p>\n<p>Choisissez le Kit Toiture Structure Bois Pr\u00eat \u00e0 Assembler de France Poutres pour une solution \u00e9cologique, esth\u00e9tique et durable.<\/p>\n<p>Facilitez votre projet de construction et contribuez \u00e0 pr\u00e9server l&rsquo;environnement.<\/p>\n<p>Profitez d\u00e8s maintenant de l&rsquo;expertise d&rsquo;un fabricant fran\u00e7ais en mati\u00e8re de mat\u00e9riaux \u00e9cologiques de haute qualit\u00e9.<\/p>\n","protected":false},"excerpt":{"rendered":"<h5><a href=\"https:\/\/nature-et-developpement.com\/wp-content\/uploads\/Demande-etude-ossature-bois-ND-FrancePoutres.pdf\" target=\"_blank\" rel=\"noopener\">Demandez votre \u00e9tude pour votre projet.<\/a><\/h5>\n<p>D\u00e9couvrez le kit toiture structure bois pr\u00eat \u00e0 assembler de France Poutres.<br \/>\nSolution compl\u00e8te et \u00e9cologique pour toitures terrasses et charpentes.<br \/>\nFacilit\u00e9 de montage, pr\u00e9cision d&rsquo;ex\u00e9cution et garantie d\u00e9cennale.<\/p>\n","protected":false},"featured_media":1000000172448,"template":"","meta":[],"product_brand":[3142],"product_cat":[81,73],"product_tag":[1389],"class_list":{"0":"post-1800","1":"product","2":"type-product","3":"status-publish","4":"has-post-thumbnail","6":"product_brand-france-poutre","7":"product_cat-construction-maison-bois","8":"product_cat-demande-de-devis-uniquement-sans-prix","9":"product_tag-technique-construction","10":"product_shipping_class-impact-transport-important","12":"first","13":"instock","14":"taxable","15":"shipping-taxable","16":"purchasable","17":"product-type-variable"},"yoast_head":"<!-- This site is optimized with the Yoast SEO plugin v27.5 - https:\/\/yoast.com\/product\/yoast-seo-wordpress\/ -->\n<title>Kit toiture structure bois pr\u00eat \u00e0 assembler de France Poutres - Ma Cabane mat\u00e9riaux naturels<\/title>\n<meta name=\"description\" content=\"Solution compl\u00e8te et \u00e9cologique pour toitures terrasses et charpentes. Facilit\u00e9 de montage, pr\u00e9cision d&#039;ex\u00e9cution, gain de temps, et garantie d\u00e9cennale.\" \/>\n<meta name=\"robots\" content=\"noindex, nofollow\" \/>\n<meta property=\"og:locale\" content=\"fr_FR\" \/>\n<meta property=\"og:type\" content=\"article\" \/>\n<meta property=\"og:title\" content=\"Kit toiture structure bois pr\u00eat \u00e0 assembler de France Poutres - Ma Cabane mat\u00e9riaux naturels\" \/>\n<meta property=\"og:description\" content=\"Solution compl\u00e8te et \u00e9cologique pour toitures terrasses et charpentes. Facilit\u00e9 de montage, pr\u00e9cision d&#039;ex\u00e9cution, gain de temps, et garantie d\u00e9cennale.\" \/>\n<meta property=\"og:url\" content=\"https:\/\/nature-et-developpement.com\/macabane-materiaux\/produit\/kit-toiture-structure-bois-pret-a-assembler-de-france-poutres\/\" \/>\n<meta property=\"og:site_name\" content=\"Ma Cabane mat\u00e9riaux naturels\" \/>\n<meta property=\"article:modified_time\" content=\"2025-09-19T15:51:13+00:00\" \/>\n<meta name=\"twitter:card\" content=\"summary_large_image\" \/>\n<meta name=\"twitter:label1\" content=\"Dur\u00e9e de lecture estim\u00e9e\" \/>\n\t<meta name=\"twitter:data1\" content=\"2 minutes\" \/>\n<script type=\"application\/ld+json\" class=\"yoast-schema-graph\">{\"@context\":\"https:\\\/\\\/schema.org\",\"@graph\":[{\"@type\":\"WebPage\",\"@id\":\"https:\\\/\\\/nature-et-developpement.com\\\/macabane-materiaux\\\/produit\\\/kit-toiture-structure-bois-pret-a-assembler-de-france-poutres\\\/\",\"url\":\"https:\\\/\\\/nature-et-developpement.com\\\/macabane-materiaux\\\/produit\\\/kit-toiture-structure-bois-pret-a-assembler-de-france-poutres\\\/\",\"name\":\"Kit toiture structure bois pr\u00eat \u00e0 assembler de France Poutres - Ma Cabane mat\u00e9riaux naturels\",\"isPartOf\":{\"@id\":\"https:\\\/\\\/nature-et-developpement.com\\\/macabane-materiaux\\\/#website\"},\"primaryImageOfPage\":{\"@id\":\"https:\\\/\\\/nature-et-developpement.com\\\/macabane-materiaux\\\/produit\\\/kit-toiture-structure-bois-pret-a-assembler-de-france-poutres\\\/#primaryimage\"},\"image\":{\"@id\":\"https:\\\/\\\/nature-et-developpement.com\\\/macabane-materiaux\\\/produit\\\/kit-toiture-structure-bois-pret-a-assembler-de-france-poutres\\\/#primaryimage\"},\"thumbnailUrl\":\"https:\\\/\\\/nature-et-developpement.com\\\/macabane-materiaux\\\/wp-content\\\/uploads\\\/Kit-toiture-France-Poutres.jpg\",\"datePublished\":\"2021-03-25T22:30:20+00:00\",\"dateModified\":\"2025-09-19T15:51:13+00:00\",\"description\":\"Solution compl\u00e8te et \u00e9cologique pour toitures terrasses et charpentes. Facilit\u00e9 de montage, pr\u00e9cision d'ex\u00e9cution, gain de temps, et garantie d\u00e9cennale.\",\"breadcrumb\":{\"@id\":\"https:\\\/\\\/nature-et-developpement.com\\\/macabane-materiaux\\\/produit\\\/kit-toiture-structure-bois-pret-a-assembler-de-france-poutres\\\/#breadcrumb\"},\"inLanguage\":\"fr-FR\",\"potentialAction\":[{\"@type\":\"ReadAction\",\"target\":[\"https:\\\/\\\/nature-et-developpement.com\\\/macabane-materiaux\\\/produit\\\/kit-toiture-structure-bois-pret-a-assembler-de-france-poutres\\\/\"]}]},{\"@type\":\"ImageObject\",\"inLanguage\":\"fr-FR\",\"@id\":\"https:\\\/\\\/nature-et-developpement.com\\\/macabane-materiaux\\\/produit\\\/kit-toiture-structure-bois-pret-a-assembler-de-france-poutres\\\/#primaryimage\",\"url\":\"https:\\\/\\\/nature-et-developpement.com\\\/macabane-materiaux\\\/wp-content\\\/uploads\\\/Kit-toiture-France-Poutres.jpg\",\"contentUrl\":\"https:\\\/\\\/nature-et-developpement.com\\\/macabane-materiaux\\\/wp-content\\\/uploads\\\/Kit-toiture-France-Poutres.jpg\"},{\"@type\":\"BreadcrumbList\",\"@id\":\"https:\\\/\\\/nature-et-developpement.com\\\/macabane-materiaux\\\/produit\\\/kit-toiture-structure-bois-pret-a-assembler-de-france-poutres\\\/#breadcrumb\",\"itemListElement\":[{\"@type\":\"ListItem\",\"position\":1,\"name\":\"Accueil\",\"item\":\"https:\\\/\\\/nature-et-developpement.com\\\/macabane-materiaux\\\/\"},{\"@type\":\"ListItem\",\"position\":2,\"name\":\"Boutique\",\"item\":\"https:\\\/\\\/nature-et-developpement.com\\\/macabane-materiaux\\\/boutique\\\/\"},{\"@type\":\"ListItem\",\"position\":3,\"name\":\"Construction, cloison et fen\u00eatres\",\"item\":\"https:\\\/\\\/nature-et-developpement.com\\\/macabane-materiaux\\\/produits\\\/construction\\\/\"},{\"@type\":\"ListItem\",\"position\":4,\"name\":\"Construction bois\",\"item\":\"https:\\\/\\\/nature-et-developpement.com\\\/macabane-materiaux\\\/produits\\\/construction\\\/construction-maison-bois\\\/\"},{\"@type\":\"ListItem\",\"position\":5,\"name\":\"Kit toiture structure bois pr\u00eat \u00e0 assembler de France Poutres\"}]},{\"@type\":\"WebSite\",\"@id\":\"https:\\\/\\\/nature-et-developpement.com\\\/macabane-materiaux\\\/#website\",\"url\":\"https:\\\/\\\/nature-et-developpement.com\\\/macabane-materiaux\\\/\",\"name\":\"Ma Cabane mat\u00e9riaux naturels\",\"description\":\"Ma Cabane est membre du groupement Nature &amp; D\u00e9veloppement\",\"potentialAction\":[{\"@type\":\"SearchAction\",\"target\":{\"@type\":\"EntryPoint\",\"urlTemplate\":\"https:\\\/\\\/nature-et-developpement.com\\\/macabane-materiaux\\\/?s={search_term_string}\"},\"query-input\":{\"@type\":\"PropertyValueSpecification\",\"valueRequired\":true,\"valueName\":\"search_term_string\"}}],\"inLanguage\":\"fr-FR\"}]}<\/script>\n<!-- \/ Yoast SEO plugin. -->","yoast_head_json":{"title":"Kit toiture structure bois pr\u00eat \u00e0 assembler de France Poutres - Ma Cabane mat\u00e9riaux naturels","description":"Solution compl\u00e8te et \u00e9cologique pour toitures terrasses et charpentes. Facilit\u00e9 de montage, pr\u00e9cision d'ex\u00e9cution, gain de temps, et garantie d\u00e9cennale.","robots":{"index":"noindex","follow":"nofollow"},"og_locale":"fr_FR","og_type":"article","og_title":"Kit toiture structure bois pr\u00eat \u00e0 assembler de France Poutres - Ma Cabane mat\u00e9riaux naturels","og_description":"Solution compl\u00e8te et \u00e9cologique pour toitures terrasses et charpentes. Facilit\u00e9 de montage, pr\u00e9cision d'ex\u00e9cution, gain de temps, et garantie d\u00e9cennale.","og_url":"https:\/\/nature-et-developpement.com\/macabane-materiaux\/produit\/kit-toiture-structure-bois-pret-a-assembler-de-france-poutres\/","og_site_name":"Ma Cabane mat\u00e9riaux naturels","article_modified_time":"2025-09-19T15:51:13+00:00","twitter_card":"summary_large_image","twitter_misc":{"Dur\u00e9e de lecture estim\u00e9e":"2 minutes"},"schema":{"@context":"https:\/\/schema.org","@graph":[{"@type":"WebPage","@id":"https:\/\/nature-et-developpement.com\/macabane-materiaux\/produit\/kit-toiture-structure-bois-pret-a-assembler-de-france-poutres\/","url":"https:\/\/nature-et-developpement.com\/macabane-materiaux\/produit\/kit-toiture-structure-bois-pret-a-assembler-de-france-poutres\/","name":"Kit toiture structure bois pr\u00eat \u00e0 assembler de France Poutres - Ma Cabane mat\u00e9riaux naturels","isPartOf":{"@id":"https:\/\/nature-et-developpement.com\/macabane-materiaux\/#website"},"primaryImageOfPage":{"@id":"https:\/\/nature-et-developpement.com\/macabane-materiaux\/produit\/kit-toiture-structure-bois-pret-a-assembler-de-france-poutres\/#primaryimage"},"image":{"@id":"https:\/\/nature-et-developpement.com\/macabane-materiaux\/produit\/kit-toiture-structure-bois-pret-a-assembler-de-france-poutres\/#primaryimage"},"thumbnailUrl":"https:\/\/nature-et-developpement.com\/macabane-materiaux\/wp-content\/uploads\/Kit-toiture-France-Poutres.jpg","datePublished":"2021-03-25T22:30:20+00:00","dateModified":"2025-09-19T15:51:13+00:00","description":"Solution compl\u00e8te et \u00e9cologique pour toitures terrasses et charpentes. Facilit\u00e9 de montage, pr\u00e9cision d'ex\u00e9cution, gain de temps, et garantie d\u00e9cennale.","breadcrumb":{"@id":"https:\/\/nature-et-developpement.com\/macabane-materiaux\/produit\/kit-toiture-structure-bois-pret-a-assembler-de-france-poutres\/#breadcrumb"},"inLanguage":"fr-FR","potentialAction":[{"@type":"ReadAction","target":["https:\/\/nature-et-developpement.com\/macabane-materiaux\/produit\/kit-toiture-structure-bois-pret-a-assembler-de-france-poutres\/"]}]},{"@type":"ImageObject","inLanguage":"fr-FR","@id":"https:\/\/nature-et-developpement.com\/macabane-materiaux\/produit\/kit-toiture-structure-bois-pret-a-assembler-de-france-poutres\/#primaryimage","url":"https:\/\/nature-et-developpement.com\/macabane-materiaux\/wp-content\/uploads\/Kit-toiture-France-Poutres.jpg","contentUrl":"https:\/\/nature-et-developpement.com\/macabane-materiaux\/wp-content\/uploads\/Kit-toiture-France-Poutres.jpg"},{"@type":"BreadcrumbList","@id":"https:\/\/nature-et-developpement.com\/macabane-materiaux\/produit\/kit-toiture-structure-bois-pret-a-assembler-de-france-poutres\/#breadcrumb","itemListElement":[{"@type":"ListItem","position":1,"name":"Accueil","item":"https:\/\/nature-et-developpement.com\/macabane-materiaux\/"},{"@type":"ListItem","position":2,"name":"Boutique","item":"https:\/\/nature-et-developpement.com\/macabane-materiaux\/boutique\/"},{"@type":"ListItem","position":3,"name":"Construction, cloison et fen\u00eatres","item":"https:\/\/nature-et-developpement.com\/macabane-materiaux\/produits\/construction\/"},{"@type":"ListItem","position":4,"name":"Construction bois","item":"https:\/\/nature-et-developpement.com\/macabane-materiaux\/produits\/construction\/construction-maison-bois\/"},{"@type":"ListItem","position":5,"name":"Kit toiture structure bois pr\u00eat \u00e0 assembler de France Poutres"}]},{"@type":"WebSite","@id":"https:\/\/nature-et-developpement.com\/macabane-materiaux\/#website","url":"https:\/\/nature-et-developpement.com\/macabane-materiaux\/","name":"Ma Cabane mat\u00e9riaux naturels","description":"Ma Cabane est membre du groupement Nature &amp; D\u00e9veloppement","potentialAction":[{"@type":"SearchAction","target":{"@type":"EntryPoint","urlTemplate":"https:\/\/nature-et-developpement.com\/macabane-materiaux\/?s={search_term_string}"},"query-input":{"@type":"PropertyValueSpecification","valueRequired":true,"valueName":"search_term_string"}}],"inLanguage":"fr-FR"}]}},"distributor_meta":false,"distributor_terms":false,"distributor_media":false,"distributor_original_site_name":"Ma Cabane mat\u00e9riaux naturels","distributor_original_site_url":"https:\/\/nature-et-developpement.com\/macabane-materiaux","push-errors":false,"_links":{"self":[{"href":"https:\/\/nature-et-developpement.com\/macabane-materiaux\/wp-json\/wp\/v2\/product\/1800","targetHints":{"allow":["GET"]}}],"collection":[{"href":"https:\/\/nature-et-developpement.com\/macabane-materiaux\/wp-json\/wp\/v2\/product"}],"about":[{"href":"https:\/\/nature-et-developpement.com\/macabane-materiaux\/wp-json\/wp\/v2\/types\/product"}],"wp:featuredmedia":[{"embeddable":true,"href":"https:\/\/nature-et-developpement.com\/macabane-materiaux\/wp-json\/"}],"wp:attachment":[{"href":"https:\/\/nature-et-developpement.com\/macabane-materiaux\/wp-json\/wp\/v2\/media?parent=1800"}],"wp:term":[{"taxonomy":"product_brand","embeddable":true,"href":"https:\/\/nature-et-developpement.com\/macabane-materiaux\/wp-json\/wp\/v2\/product_brand?post=1800"},{"taxonomy":"product_cat","embeddable":true,"href":"https:\/\/nature-et-developpement.com\/macabane-materiaux\/wp-json\/wp\/v2\/product_cat?post=1800"},{"taxonomy":"product_tag","embeddable":true,"href":"https:\/\/nature-et-developpement.com\/macabane-materiaux\/wp-json\/wp\/v2\/product_tag?post=1800"}],"curies":[{"name":"wp","href":"https:\/\/api.w.org\/{rel}","templated":true}]}}