{"id":3265,"date":"2025-01-13T12:39:18","date_gmt":"2025-01-13T11:39:18","guid":{"rendered":"https:\/\/nature-et-developpement.com\/macabane-materiaux\/produit\/parquet-bois-vernis-ultra-mat-longlife-pc-200-de-meister\/"},"modified":"2025-06-17T15:23:37","modified_gmt":"2025-06-17T13:23:37","slug":"parquet-bois-vernis-ultra-mat-longlife-pc-200-de-meister","status":"publish","type":"product","link":"https:\/\/nature-et-developpement.com\/macabane-materiaux\/produit\/parquet-bois-vernis-ultra-mat-longlife-pc-200-de-meister\/","title":{"rendered":"Parquet bois vernis ultra-mat longlife PC 200 de Meister"},"content":{"rendered":"<h2>Parquet bois vernis ultra-mat longlife PC 200 Meister &#8211; \u00c9l\u00e9gance \u00e9cologique pour vos sols<\/h2>\n<p>Le parquet bois vernis ultra-mat longlife PC 200 de Meister est le choix id\u00e9al pour ceux qui recherchent une apparence classique de parquet associ\u00e9e \u00e0 une durabilit\u00e9 et une facilit\u00e9 d&rsquo;entretien exceptionnelles.<\/p>\n<p>Avec son assemblage minutieux des petits \u00e9l\u00e9ments de bois, ce parquet \u00e0 l&rsquo;anglaise cr\u00e9e une unit\u00e9 harmonieuse, ajoutant vari\u00e9t\u00e9 et \u00e9quilibre \u00e0 votre espace.<\/p>\n<p>Que vous ayez une petite pi\u00e8ce ou un grand espace, le parquet \u00e0 l&rsquo;anglaise MeisterParquet longlife PC 200 convient \u00e0 toutes les tailles de pi\u00e8ces.<\/p>\n<p>Gr\u00e2ce \u00e0 son installation sans joints apparents, les lames se fondent les unes dans les autres, cr\u00e9ant une surface homog\u00e8ne et un aspect visuel attrayant.<\/p>\n<p>La finition en vernis ultra-mat du parquet humidifie chaque pore du bois, donnant aux lames un aspect noble et naturel.<\/p>\n<p>En plus de leur beaut\u00e9 esth\u00e9tique, elles sont r\u00e9sistantes aux taches et aux microrayures, garantissant une surface durable qui reste belle au fil du temps.<\/p>\n<p>Les petites rayures dans la surface vernie ne p\u00e9n\u00e8trent pas dans la couche d&rsquo;usure en bois v\u00e9ritable, assurant ainsi la long\u00e9vit\u00e9 du parquet.<\/p>\n<p>Ce parquet bois vernis ultra-mat longlife PC 200 poss\u00e8de une r\u00e9sistance \u00e0 l&rsquo;eau de 4 heures, en faisant un choix id\u00e9al pour les pi\u00e8ces s\u00e8ches de votre maison.<\/p>\n<h3>Il est labellis\u00e9 A+ et Blaue Engel<\/h3>\n<p>Ce qui t\u00e9moigne de son faible impact sur l&rsquo;environnement et de sa contribution \u00e0 la qualit\u00e9 de l&rsquo;air int\u00e9rieur.<\/p>\n<p>Avec une \u00e9paisseur totale de 13 mm et une couche d&rsquo;usure en bois noble d&rsquo;environ 2,5 mm, ce parquet offre une stabilit\u00e9 et une durabilit\u00e9 remarquables.<\/p>\n<p>Vous pouvez choisir entre une pose flottante ou une pose coll\u00e9e en plein, selon vos pr\u00e9f\u00e9rences et les sp\u00e9cificit\u00e9s de votre espace.<\/p>\n<p>Le parquet bois vernis ultra-mat longlife PC 200 de Meister apporte une \u00e9l\u00e9gance \u00e9cologique \u00e0 vos sols.<\/p>\n<p>Transformez votre int\u00e9rieur avec style et commandez d\u00e8s maintenant pour profiter de la beaut\u00e9 et de la durabilit\u00e9 de ce parquet exceptionnel.<\/p>\n","protected":false},"excerpt":{"rendered":"<p>Transformez votre int\u00e9rieur avec style. D\u00e9couvrez le parquet bois vernis ultra-mat longlife PC 200 de Meister, un choix \u00e9cologique pour des sols nobles et faciles \u00e0 entretenir.<\/p>\n<p>Ce sol en bois vous est propos\u00e9 en 16 finitions vernis ultra mat, avec une r\u00e9sistance \u00e0 l&rsquo;eau de 4H.<\/p>\n<p><a class=\"btn btn-default\" style=\"font-style: normal;font-family: Poppins, sans-serif\" href=\"https:\/\/meister.esignserver3.com\/gallery.do\" target=\"_blank\" rel=\"noopener\">AVEC UNE PHOTO DE CHEZ VOUS, TESTEZ-LE DANS VOTRE INT\u00c9RIEUR<\/a><\/p>\n","protected":false},"featured_media":1000000171438,"template":"","meta":[],"product_brand":[166],"product_cat":[98],"product_tag":[2334],"class_list":{"0":"post-3265","1":"product","2":"type-product","3":"status-publish","4":"has-post-thumbnail","6":"product_brand-meister","7":"product_cat-parquets-bois","8":"product_tag-parquet","9":"product_shipping_class-transport-parquet-lambris-meister-amorim","11":"first","12":"instock","13":"taxable","14":"shipping-taxable","15":"purchasable","16":"product-type-variable"},"yoast_head":"<!-- This site is optimized with the Yoast SEO plugin v27.5 - https:\/\/yoast.com\/product\/yoast-seo-wordpress\/ -->\n<title>Parquet bois vernis ultra-mat longlife PC 200 de Meister - Ma Cabane mat\u00e9riaux naturels<\/title>\n<meta name=\"description\" content=\"Transformez votre int\u00e9rieur avec style avec le parquet bois vernis ultra-mat de Meister, un choix \u00e9cologique pour des sols nobles et faciles \u00e0 entretenir.\" \/>\n<meta name=\"robots\" content=\"noindex, follow\" \/>\n<meta property=\"og:locale\" content=\"fr_FR\" \/>\n<meta property=\"og:type\" content=\"article\" \/>\n<meta property=\"og:title\" content=\"Parquet bois vernis ultra-mat longlife PC 200 de Meister - Ma Cabane mat\u00e9riaux naturels\" \/>\n<meta property=\"og:description\" content=\"Transformez votre int\u00e9rieur avec style avec le parquet bois vernis ultra-mat de Meister, un choix \u00e9cologique pour des sols nobles et faciles \u00e0 entretenir.\" \/>\n<meta property=\"og:url\" content=\"https:\/\/nature-et-developpement.com\/macabane-materiaux\/produit\/parquet-bois-vernis-ultra-mat-longlife-pc-200-de-meister\/\" \/>\n<meta property=\"og:site_name\" content=\"Ma Cabane mat\u00e9riaux naturels\" \/>\n<meta property=\"article:modified_time\" content=\"2025-06-17T13:23:37+00:00\" \/>\n<meta name=\"twitter:card\" content=\"summary_large_image\" \/>\n<meta name=\"twitter:label1\" content=\"Dur\u00e9e de lecture estim\u00e9e\" \/>\n\t<meta name=\"twitter:data1\" content=\"2 minutes\" \/>\n<script type=\"application\/ld+json\" class=\"yoast-schema-graph\">{\"@context\":\"https:\\\/\\\/schema.org\",\"@graph\":[{\"@type\":\"WebPage\",\"@id\":\"https:\\\/\\\/nature-et-developpement.com\\\/macabane-materiaux\\\/produit\\\/parquet-bois-vernis-ultra-mat-longlife-pc-200-de-meister\\\/\",\"url\":\"https:\\\/\\\/nature-et-developpement.com\\\/macabane-materiaux\\\/produit\\\/parquet-bois-vernis-ultra-mat-longlife-pc-200-de-meister\\\/\",\"name\":\"Parquet bois vernis ultra-mat longlife PC 200 de Meister - Ma Cabane mat\u00e9riaux naturels\",\"isPartOf\":{\"@id\":\"https:\\\/\\\/nature-et-developpement.com\\\/macabane-materiaux\\\/#website\"},\"primaryImageOfPage\":{\"@id\":\"https:\\\/\\\/nature-et-developpement.com\\\/macabane-materiaux\\\/produit\\\/parquet-bois-vernis-ultra-mat-longlife-pc-200-de-meister\\\/#primaryimage\"},\"image\":{\"@id\":\"https:\\\/\\\/nature-et-developpement.com\\\/macabane-materiaux\\\/produit\\\/parquet-bois-vernis-ultra-mat-longlife-pc-200-de-meister\\\/#primaryimage\"},\"thumbnailUrl\":\"https:\\\/\\\/nature-et-developpement.com\\\/macabane-materiaux\\\/wp-content\\\/uploads\\\/Couleur-9042-PC200-vernis-ultra-mat-ambiance.jpg\",\"datePublished\":\"2025-01-13T11:39:18+00:00\",\"dateModified\":\"2025-06-17T13:23:37+00:00\",\"description\":\"Transformez votre int\u00e9rieur avec style avec le parquet bois vernis ultra-mat de Meister, un choix \u00e9cologique pour des sols nobles et faciles \u00e0 entretenir.\",\"breadcrumb\":{\"@id\":\"https:\\\/\\\/nature-et-developpement.com\\\/macabane-materiaux\\\/produit\\\/parquet-bois-vernis-ultra-mat-longlife-pc-200-de-meister\\\/#breadcrumb\"},\"inLanguage\":\"fr-FR\",\"potentialAction\":[{\"@type\":\"ReadAction\",\"target\":[\"https:\\\/\\\/nature-et-developpement.com\\\/macabane-materiaux\\\/produit\\\/parquet-bois-vernis-ultra-mat-longlife-pc-200-de-meister\\\/\"]}]},{\"@type\":\"ImageObject\",\"inLanguage\":\"fr-FR\",\"@id\":\"https:\\\/\\\/nature-et-developpement.com\\\/macabane-materiaux\\\/produit\\\/parquet-bois-vernis-ultra-mat-longlife-pc-200-de-meister\\\/#primaryimage\",\"url\":\"https:\\\/\\\/nature-et-developpement.com\\\/macabane-materiaux\\\/wp-content\\\/uploads\\\/Couleur-9042-PC200-vernis-ultra-mat-ambiance.jpg\",\"contentUrl\":\"https:\\\/\\\/nature-et-developpement.com\\\/macabane-materiaux\\\/wp-content\\\/uploads\\\/Couleur-9042-PC200-vernis-ultra-mat-ambiance.jpg\"},{\"@type\":\"BreadcrumbList\",\"@id\":\"https:\\\/\\\/nature-et-developpement.com\\\/macabane-materiaux\\\/produit\\\/parquet-bois-vernis-ultra-mat-longlife-pc-200-de-meister\\\/#breadcrumb\",\"itemListElement\":[{\"@type\":\"ListItem\",\"position\":1,\"name\":\"Accueil\",\"item\":\"https:\\\/\\\/nature-et-developpement.com\\\/macabane-materiaux\\\/\"},{\"@type\":\"ListItem\",\"position\":2,\"name\":\"Boutique\",\"item\":\"https:\\\/\\\/nature-et-developpement.com\\\/macabane-materiaux\\\/boutique\\\/\"},{\"@type\":\"ListItem\",\"position\":3,\"name\":\"Parquets bois, stratifi\u00e9s et li\u00e8ge\",\"item\":\"https:\\\/\\\/nature-et-developpement.com\\\/macabane-materiaux\\\/produits\\\/parquet-et-sol-naturels\\\/\"},{\"@type\":\"ListItem\",\"position\":4,\"name\":\"Parquets bois\",\"item\":\"https:\\\/\\\/nature-et-developpement.com\\\/macabane-materiaux\\\/produits\\\/parquet-et-sol-naturels\\\/parquets-bois\\\/\"},{\"@type\":\"ListItem\",\"position\":5,\"name\":\"Parquet bois vernis ultra-mat longlife PC 200 de Meister\"}]},{\"@type\":\"WebSite\",\"@id\":\"https:\\\/\\\/nature-et-developpement.com\\\/macabane-materiaux\\\/#website\",\"url\":\"https:\\\/\\\/nature-et-developpement.com\\\/macabane-materiaux\\\/\",\"name\":\"Ma Cabane mat\u00e9riaux naturels\",\"description\":\"Ma Cabane est membre du groupement Nature &amp; D\u00e9veloppement\",\"potentialAction\":[{\"@type\":\"SearchAction\",\"target\":{\"@type\":\"EntryPoint\",\"urlTemplate\":\"https:\\\/\\\/nature-et-developpement.com\\\/macabane-materiaux\\\/?s={search_term_string}\"},\"query-input\":{\"@type\":\"PropertyValueSpecification\",\"valueRequired\":true,\"valueName\":\"search_term_string\"}}],\"inLanguage\":\"fr-FR\"}]}<\/script>\n<!-- \/ Yoast SEO plugin. -->","yoast_head_json":{"title":"Parquet bois vernis ultra-mat longlife PC 200 de Meister - Ma Cabane mat\u00e9riaux naturels","description":"Transformez votre int\u00e9rieur avec style avec le parquet bois vernis ultra-mat de Meister, un choix \u00e9cologique pour des sols nobles et faciles \u00e0 entretenir.","robots":{"index":"noindex","follow":"follow"},"og_locale":"fr_FR","og_type":"article","og_title":"Parquet bois vernis ultra-mat longlife PC 200 de Meister - Ma Cabane mat\u00e9riaux naturels","og_description":"Transformez votre int\u00e9rieur avec style avec le parquet bois vernis ultra-mat de Meister, un choix \u00e9cologique pour des sols nobles et faciles \u00e0 entretenir.","og_url":"https:\/\/nature-et-developpement.com\/macabane-materiaux\/produit\/parquet-bois-vernis-ultra-mat-longlife-pc-200-de-meister\/","og_site_name":"Ma Cabane mat\u00e9riaux naturels","article_modified_time":"2025-06-17T13:23:37+00:00","twitter_card":"summary_large_image","twitter_misc":{"Dur\u00e9e de lecture estim\u00e9e":"2 minutes"},"schema":{"@context":"https:\/\/schema.org","@graph":[{"@type":"WebPage","@id":"https:\/\/nature-et-developpement.com\/macabane-materiaux\/produit\/parquet-bois-vernis-ultra-mat-longlife-pc-200-de-meister\/","url":"https:\/\/nature-et-developpement.com\/macabane-materiaux\/produit\/parquet-bois-vernis-ultra-mat-longlife-pc-200-de-meister\/","name":"Parquet bois vernis ultra-mat longlife PC 200 de Meister - Ma Cabane mat\u00e9riaux naturels","isPartOf":{"@id":"https:\/\/nature-et-developpement.com\/macabane-materiaux\/#website"},"primaryImageOfPage":{"@id":"https:\/\/nature-et-developpement.com\/macabane-materiaux\/produit\/parquet-bois-vernis-ultra-mat-longlife-pc-200-de-meister\/#primaryimage"},"image":{"@id":"https:\/\/nature-et-developpement.com\/macabane-materiaux\/produit\/parquet-bois-vernis-ultra-mat-longlife-pc-200-de-meister\/#primaryimage"},"thumbnailUrl":"https:\/\/nature-et-developpement.com\/macabane-materiaux\/wp-content\/uploads\/Couleur-9042-PC200-vernis-ultra-mat-ambiance.jpg","datePublished":"2025-01-13T11:39:18+00:00","dateModified":"2025-06-17T13:23:37+00:00","description":"Transformez votre int\u00e9rieur avec style avec le parquet bois vernis ultra-mat de Meister, un choix \u00e9cologique pour des sols nobles et faciles \u00e0 entretenir.","breadcrumb":{"@id":"https:\/\/nature-et-developpement.com\/macabane-materiaux\/produit\/parquet-bois-vernis-ultra-mat-longlife-pc-200-de-meister\/#breadcrumb"},"inLanguage":"fr-FR","potentialAction":[{"@type":"ReadAction","target":["https:\/\/nature-et-developpement.com\/macabane-materiaux\/produit\/parquet-bois-vernis-ultra-mat-longlife-pc-200-de-meister\/"]}]},{"@type":"ImageObject","inLanguage":"fr-FR","@id":"https:\/\/nature-et-developpement.com\/macabane-materiaux\/produit\/parquet-bois-vernis-ultra-mat-longlife-pc-200-de-meister\/#primaryimage","url":"https:\/\/nature-et-developpement.com\/macabane-materiaux\/wp-content\/uploads\/Couleur-9042-PC200-vernis-ultra-mat-ambiance.jpg","contentUrl":"https:\/\/nature-et-developpement.com\/macabane-materiaux\/wp-content\/uploads\/Couleur-9042-PC200-vernis-ultra-mat-ambiance.jpg"},{"@type":"BreadcrumbList","@id":"https:\/\/nature-et-developpement.com\/macabane-materiaux\/produit\/parquet-bois-vernis-ultra-mat-longlife-pc-200-de-meister\/#breadcrumb","itemListElement":[{"@type":"ListItem","position":1,"name":"Accueil","item":"https:\/\/nature-et-developpement.com\/macabane-materiaux\/"},{"@type":"ListItem","position":2,"name":"Boutique","item":"https:\/\/nature-et-developpement.com\/macabane-materiaux\/boutique\/"},{"@type":"ListItem","position":3,"name":"Parquets bois, stratifi\u00e9s et li\u00e8ge","item":"https:\/\/nature-et-developpement.com\/macabane-materiaux\/produits\/parquet-et-sol-naturels\/"},{"@type":"ListItem","position":4,"name":"Parquets bois","item":"https:\/\/nature-et-developpement.com\/macabane-materiaux\/produits\/parquet-et-sol-naturels\/parquets-bois\/"},{"@type":"ListItem","position":5,"name":"Parquet bois vernis ultra-mat longlife PC 200 de Meister"}]},{"@type":"WebSite","@id":"https:\/\/nature-et-developpement.com\/macabane-materiaux\/#website","url":"https:\/\/nature-et-developpement.com\/macabane-materiaux\/","name":"Ma Cabane mat\u00e9riaux naturels","description":"Ma Cabane est membre du groupement Nature &amp; D\u00e9veloppement","potentialAction":[{"@type":"SearchAction","target":{"@type":"EntryPoint","urlTemplate":"https:\/\/nature-et-developpement.com\/macabane-materiaux\/?s={search_term_string}"},"query-input":{"@type":"PropertyValueSpecification","valueRequired":true,"valueName":"search_term_string"}}],"inLanguage":"fr-FR"}]}},"distributor_meta":false,"distributor_terms":false,"distributor_media":false,"distributor_original_site_name":"Ma Cabane mat\u00e9riaux naturels","distributor_original_site_url":"https:\/\/nature-et-developpement.com\/macabane-materiaux","push-errors":false,"_links":{"self":[{"href":"https:\/\/nature-et-developpement.com\/macabane-materiaux\/wp-json\/wp\/v2\/product\/3265","targetHints":{"allow":["GET"]}}],"collection":[{"href":"https:\/\/nature-et-developpement.com\/macabane-materiaux\/wp-json\/wp\/v2\/product"}],"about":[{"href":"https:\/\/nature-et-developpement.com\/macabane-materiaux\/wp-json\/wp\/v2\/types\/product"}],"wp:featuredmedia":[{"embeddable":true,"href":"https:\/\/nature-et-developpement.com\/macabane-materiaux\/wp-json\/"}],"wp:attachment":[{"href":"https:\/\/nature-et-developpement.com\/macabane-materiaux\/wp-json\/wp\/v2\/media?parent=3265"}],"wp:term":[{"taxonomy":"product_brand","embeddable":true,"href":"https:\/\/nature-et-developpement.com\/macabane-materiaux\/wp-json\/wp\/v2\/product_brand?post=3265"},{"taxonomy":"product_cat","embeddable":true,"href":"https:\/\/nature-et-developpement.com\/macabane-materiaux\/wp-json\/wp\/v2\/product_cat?post=3265"},{"taxonomy":"product_tag","embeddable":true,"href":"https:\/\/nature-et-developpement.com\/macabane-materiaux\/wp-json\/wp\/v2\/product_tag?post=3265"}],"curies":[{"name":"wp","href":"https:\/\/api.w.org\/{rel}","templated":true}]}}