{"id":3662,"date":"2025-01-06T00:00:00","date_gmt":"2025-01-05T23:00:00","guid":{"rendered":"https:\/\/nature-et-developpement.com\/macabane-materiaux\/produit\/lambris-decor-20cm-de-large-gamme-eco-tertio-200-meister\/"},"modified":"2026-03-27T01:57:08","modified_gmt":"2026-03-27T00:57:08","slug":"lambris-decor-20cm-de-large-gamme-eco-tertio-200-meister","status":"publish","type":"product","link":"https:\/\/nature-et-developpement.com\/macabane-materiaux\/produit\/lambris-decor-20cm-de-large-gamme-eco-tertio-200-meister\/","title":{"rendered":"Lambris d\u00e9cor 20cm de large gamme \u00e9co Tertio 200 Meister"},"content":{"rendered":"<h2>Lambris pour plafonds\u00a0: une solution intelligente pour l&rsquo;am\u00e9nagement des combles<\/h2>\n<p>Vous pr\u00e9voyez d&rsquo;am\u00e9nager vos combles\u00a0? Alors pensez aux lambris puisqu&rsquo;ils peuvent grandement vous faciliter la t\u00e2che. Les lambris permettent un am\u00e9nagement \u00e9l\u00e9gant sans pon\u00e7age, peinture ou papier peint. En outre, ils \u00e9vitent les fissures dites \u00ab\u00a0de tassement\u00a0\u00bb provoqu\u00e9es par les mouvements de la charpente. Ainsi, les murs et les plafonds restent beaux pour longtemps\u00a0! Les lambris MEISTER peuvent \u00e9galement \u00eatre install\u00e9s dans une salle de bains puisqu&rsquo;ils sont adapt\u00e9s \u00e0 la pose en milieu humide (pas dans un endroit expos\u00e9 aux projections d&rsquo;eau). Vous pouvez donc les poser aussi bien dans une salle de bains avec une sous-structure a\u00e9r\u00e9e que dans une cuisine.<\/p>\n<p>Le montage est plus simple que vous ne l&rsquo;imaginez et ne n\u00e9cessite aucune aide suppl\u00e9mentaire pour de nombreuses collections, ceci gr\u00e2ce au dispositif de pose \u00e0 1 personne tr\u00e8s pratique. Ce principe innovant facilite le travail, qui peut \u00eatre ais\u00e9ment r\u00e9alis\u00e9 par une personne\u00a0: gr\u00e2ce au syst\u00e8me d\u2019embo\u00eetement \u00e0 crans qui emp\u00eache le lambris de glisser de la rainure, celui-ci est positionn\u00e9 correctement et rapidement en toute s\u00e9curit\u00e9. Il est toutefois toujours possible de le d\u00e9placer dans le sens de la longueur. \u00c0 partir d\u2019une longueur de lambris de 3,30\u00a0m, nous recommandons de poser le sol \u00e0 deux.<\/p>\n<h3>Lambris pour murs\u00a0: jouer sur les accents avec le rev\u00eatement de mur<\/h3>\n<p>Les lambris pour murs de MEISTER peuvent \u00eatre utilis\u00e9s de mani\u00e8re tr\u00e8s diverse. Il est bien s\u00fbr possible de recouvrir le mur dans son int\u00e9gralit\u00e9 mais cela est plut\u00f4t rare de nos jours. Les lambris pour murs sont aujourd&rsquo;hui l&rsquo;expression d&rsquo;un design intelligent. Lorsqu&rsquo;ils sont utilis\u00e9s sur une partie du mur, ils permettent de mettre en exergue certains emplacements d&rsquo;une pi\u00e8ce, comme par ex. un coin lecture confortable\u00a0! Dans leur version \u00e0 mi-hauteur rappelant le style des maisons de campagne anglaises ou am\u00e9ricaines, les lambris pour murs cr\u00e9ent un design tr\u00e8s r\u00e9ussi dans tout int\u00e9rieur. La d\u00e9coration murale ne connait quasiment aucune limite. Les panneaux d\u00e9coratifs Nova SP 300 sont un produit phare de la d\u00e9coration murale.<\/p>\n<p>Les surfaces \u00e9l\u00e9gantes et les structures efficaces de la collection \u00ab\u00a0Nova\u00a0\u00bb font des murs un \u00e9l\u00e9ment extraordinaire de l&rsquo;espace de vie. En finition m\u00e9tallis\u00e9e froide, d\u00e9cor bois harmonieux ou aspect b\u00e9ton moderne et design\u00a0: le choix est vaste et permet de laisser libre cours \u00e0 (presque) toutes ses envies. Et ce m\u00eame dans la salle de bains, car les lambris Nova sont \u00e9galement adapt\u00e9s aux pi\u00e8ces humides.<\/p>\n<p>Gr\u00e2ce \u00e0 la double rainure sur chaque \u00e9l\u00e9ment et aux trois diff\u00e9rentes largeurs, ces lambris permettent d\u2019obtenir des effets\u00a03D \u00e9poustouflants qui peuvent \u00eatre encore davantage mis en valeur par une lumi\u00e8re lat\u00e9rale. Le mur devient alors un relief qui souligne efficacement l\u2019atmosph\u00e8re de la pi\u00e8ce. D&rsquo;ailleurs, un rev\u00eatement de sol peut \u00e9galement \u00eatre du plus bel effet sur un mur. Gr\u00e2ce \u00e0 un syst\u00e8me de rails facile d&rsquo;utilisation, vous pouvez installer le parquet ainsi que le sol en bois Lindura de la gamme MEISTER sur les murs de votre maison, conf\u00e9rant ainsi \u00e0 la pi\u00e8ce un accent particulier. Le parquet et le sol en bois Lindura sont disponibles en de nombreuses surfaces diff\u00e9rentes\u00a0!<\/p>\n","protected":false},"excerpt":{"rendered":"<p>La solution id\u00e9ale, au juste, prix pour vos plafonds et murs, m\u00eame en pi\u00e8ce humide;<br \/>\nProfil grain d\u2018orge<\/p>\n<p>Dimensions utiles:\u00a01280\u00a0ou 2600 x 200mm<\/p>\n<p><a class=\"btn btn-default\" href=\"https:\/\/meister.esignserver3.com\/gallery.do\" target=\"_blank\" rel=\"noopener\">AVEC UNE PHOTO DE CHEZ VOUS, TESTEZ-LE DANS VOTRE INT\u00c9RIEUR<\/a><\/p>\n","protected":false},"featured_media":1000000158706,"template":"","meta":[],"product_brand":[166],"product_cat":[2380,90],"product_tag":[1842],"class_list":{"0":"post-3662","1":"product","2":"type-product","3":"status-publish","4":"has-post-thumbnail","6":"product_brand-meister","7":"product_cat-revetements-muraux","8":"product_cat-revetement-muraux","9":"product_tag-decoration-interieure","10":"product_shipping_class-transport-parquet-lambris-meister-amorim","12":"first","13":"instock","14":"taxable","15":"shipping-taxable","16":"purchasable","17":"product-type-variable"},"yoast_head":"<!-- This site is optimized with the Yoast SEO plugin v27.5 - https:\/\/yoast.com\/product\/yoast-seo-wordpress\/ -->\n<title>Lambris d\u00e9cor 20cm de large gamme \u00e9co Tertio 200 Meister - Ma Cabane mat\u00e9riaux naturels<\/title>\n<meta name=\"description\" content=\"La solution id\u00e9ale, au juste, prix pour vos plafonds et murs, m\u00eame en pi\u00e8ce humide; Profil grain d\u2018orge Dimensions utiles:\u00a01280\u00a0ou 2600 x 200mm AVEC UNE PHOTO DE CHEZ VOUS, TESTEZ-LE DANS VOTRE INT\u00c9RIEUR\" \/>\n<meta name=\"robots\" content=\"noindex, nofollow\" \/>\n<meta property=\"og:locale\" content=\"fr_FR\" \/>\n<meta property=\"og:type\" content=\"article\" \/>\n<meta property=\"og:title\" content=\"Lambris d\u00e9cor 20cm de large gamme \u00e9co Tertio 200 Meister - Ma Cabane mat\u00e9riaux naturels\" \/>\n<meta property=\"og:description\" content=\"La solution id\u00e9ale, au juste, prix pour vos plafonds et murs, m\u00eame en pi\u00e8ce humide; Profil grain d\u2018orge Dimensions utiles:\u00a01280\u00a0ou 2600 x 200mm AVEC UNE PHOTO DE CHEZ VOUS, TESTEZ-LE DANS VOTRE INT\u00c9RIEUR\" \/>\n<meta property=\"og:url\" content=\"https:\/\/nature-et-developpement.com\/macabane-materiaux\/produit\/lambris-decor-20cm-de-large-gamme-eco-tertio-200-meister\/\" \/>\n<meta property=\"og:site_name\" content=\"Ma Cabane mat\u00e9riaux naturels\" \/>\n<meta property=\"article:modified_time\" content=\"2026-03-27T00:57:08+00:00\" \/>\n<meta name=\"twitter:card\" content=\"summary_large_image\" \/>\n<meta name=\"twitter:label1\" content=\"Dur\u00e9e de lecture estim\u00e9e\" \/>\n\t<meta name=\"twitter:data1\" content=\"3 minutes\" \/>\n<script type=\"application\/ld+json\" class=\"yoast-schema-graph\">{\"@context\":\"https:\\\/\\\/schema.org\",\"@graph\":[{\"@type\":\"WebPage\",\"@id\":\"https:\\\/\\\/nature-et-developpement.com\\\/macabane-materiaux\\\/produit\\\/lambris-decor-20cm-de-large-gamme-eco-tertio-200-meister\\\/\",\"url\":\"https:\\\/\\\/nature-et-developpement.com\\\/macabane-materiaux\\\/produit\\\/lambris-decor-20cm-de-large-gamme-eco-tertio-200-meister\\\/\",\"name\":\"Lambris d\u00e9cor 20cm de large gamme \u00e9co Tertio 200 Meister - Ma Cabane mat\u00e9riaux naturels\",\"isPartOf\":{\"@id\":\"https:\\\/\\\/nature-et-developpement.com\\\/macabane-materiaux\\\/#website\"},\"primaryImageOfPage\":{\"@id\":\"https:\\\/\\\/nature-et-developpement.com\\\/macabane-materiaux\\\/produit\\\/lambris-decor-20cm-de-large-gamme-eco-tertio-200-meister\\\/#primaryimage\"},\"image\":{\"@id\":\"https:\\\/\\\/nature-et-developpement.com\\\/macabane-materiaux\\\/produit\\\/lambris-decor-20cm-de-large-gamme-eco-tertio-200-meister\\\/#primaryimage\"},\"thumbnailUrl\":\"https:\\\/\\\/nature-et-developpement.com\\\/macabane-materiaux\\\/wp-content\\\/uploads\\\/382-Lambris-Tertio-DP200-ambiance.jpg\",\"datePublished\":\"2025-01-05T23:00:00+00:00\",\"dateModified\":\"2026-03-27T00:57:08+00:00\",\"description\":\"La solution id\u00e9ale, au juste, prix pour vos plafonds et murs, m\u00eame en pi\u00e8ce humide; Profil grain d\u2018orge Dimensions utiles:\u00a01280\u00a0ou 2600 x 200mm AVEC UNE PHOTO DE CHEZ VOUS, TESTEZ-LE DANS VOTRE INT\u00c9RIEUR\",\"breadcrumb\":{\"@id\":\"https:\\\/\\\/nature-et-developpement.com\\\/macabane-materiaux\\\/produit\\\/lambris-decor-20cm-de-large-gamme-eco-tertio-200-meister\\\/#breadcrumb\"},\"inLanguage\":\"fr-FR\",\"potentialAction\":[{\"@type\":\"ReadAction\",\"target\":[\"https:\\\/\\\/nature-et-developpement.com\\\/macabane-materiaux\\\/produit\\\/lambris-decor-20cm-de-large-gamme-eco-tertio-200-meister\\\/\"]}]},{\"@type\":\"ImageObject\",\"inLanguage\":\"fr-FR\",\"@id\":\"https:\\\/\\\/nature-et-developpement.com\\\/macabane-materiaux\\\/produit\\\/lambris-decor-20cm-de-large-gamme-eco-tertio-200-meister\\\/#primaryimage\",\"url\":\"https:\\\/\\\/nature-et-developpement.com\\\/macabane-materiaux\\\/wp-content\\\/uploads\\\/382-Lambris-Tertio-DP200-ambiance.jpg\",\"contentUrl\":\"https:\\\/\\\/nature-et-developpement.com\\\/macabane-materiaux\\\/wp-content\\\/uploads\\\/382-Lambris-Tertio-DP200-ambiance.jpg\"},{\"@type\":\"BreadcrumbList\",\"@id\":\"https:\\\/\\\/nature-et-developpement.com\\\/macabane-materiaux\\\/produit\\\/lambris-decor-20cm-de-large-gamme-eco-tertio-200-meister\\\/#breadcrumb\",\"itemListElement\":[{\"@type\":\"ListItem\",\"position\":1,\"name\":\"Accueil\",\"item\":\"https:\\\/\\\/nature-et-developpement.com\\\/macabane-materiaux\\\/\"},{\"@type\":\"ListItem\",\"position\":2,\"name\":\"Boutique\",\"item\":\"https:\\\/\\\/nature-et-developpement.com\\\/macabane-materiaux\\\/boutique\\\/\"},{\"@type\":\"ListItem\",\"position\":3,\"name\":\"Peinture, pigment et enduit\",\"item\":\"https:\\\/\\\/nature-et-developpement.com\\\/macabane-materiaux\\\/produits\\\/peinture-et-enduit\\\/\"},{\"@type\":\"ListItem\",\"position\":4,\"name\":\"Rev\u00eatements muraux\",\"item\":\"https:\\\/\\\/nature-et-developpement.com\\\/macabane-materiaux\\\/produits\\\/peinture-et-enduit\\\/revetements-muraux\\\/\"},{\"@type\":\"ListItem\",\"position\":5,\"name\":\"Lambris d\u00e9cor 20cm de large gamme \u00e9co Tertio 200 Meister\"}]},{\"@type\":\"WebSite\",\"@id\":\"https:\\\/\\\/nature-et-developpement.com\\\/macabane-materiaux\\\/#website\",\"url\":\"https:\\\/\\\/nature-et-developpement.com\\\/macabane-materiaux\\\/\",\"name\":\"Ma Cabane mat\u00e9riaux naturels\",\"description\":\"Ma Cabane est membre du groupement Nature &amp; D\u00e9veloppement\",\"potentialAction\":[{\"@type\":\"SearchAction\",\"target\":{\"@type\":\"EntryPoint\",\"urlTemplate\":\"https:\\\/\\\/nature-et-developpement.com\\\/macabane-materiaux\\\/?s={search_term_string}\"},\"query-input\":{\"@type\":\"PropertyValueSpecification\",\"valueRequired\":true,\"valueName\":\"search_term_string\"}}],\"inLanguage\":\"fr-FR\"}]}<\/script>\n<!-- \/ Yoast SEO plugin. -->","yoast_head_json":{"title":"Lambris d\u00e9cor 20cm de large gamme \u00e9co Tertio 200 Meister - Ma Cabane mat\u00e9riaux naturels","description":"La solution id\u00e9ale, au juste, prix pour vos plafonds et murs, m\u00eame en pi\u00e8ce humide; Profil grain d\u2018orge Dimensions utiles:\u00a01280\u00a0ou 2600 x 200mm AVEC UNE PHOTO DE CHEZ VOUS, TESTEZ-LE DANS VOTRE INT\u00c9RIEUR","robots":{"index":"noindex","follow":"nofollow"},"og_locale":"fr_FR","og_type":"article","og_title":"Lambris d\u00e9cor 20cm de large gamme \u00e9co Tertio 200 Meister - Ma Cabane mat\u00e9riaux naturels","og_description":"La solution id\u00e9ale, au juste, prix pour vos plafonds et murs, m\u00eame en pi\u00e8ce humide; Profil grain d\u2018orge Dimensions utiles:\u00a01280\u00a0ou 2600 x 200mm AVEC UNE PHOTO DE CHEZ VOUS, TESTEZ-LE DANS VOTRE INT\u00c9RIEUR","og_url":"https:\/\/nature-et-developpement.com\/macabane-materiaux\/produit\/lambris-decor-20cm-de-large-gamme-eco-tertio-200-meister\/","og_site_name":"Ma Cabane mat\u00e9riaux naturels","article_modified_time":"2026-03-27T00:57:08+00:00","twitter_card":"summary_large_image","twitter_misc":{"Dur\u00e9e de lecture estim\u00e9e":"3 minutes"},"schema":{"@context":"https:\/\/schema.org","@graph":[{"@type":"WebPage","@id":"https:\/\/nature-et-developpement.com\/macabane-materiaux\/produit\/lambris-decor-20cm-de-large-gamme-eco-tertio-200-meister\/","url":"https:\/\/nature-et-developpement.com\/macabane-materiaux\/produit\/lambris-decor-20cm-de-large-gamme-eco-tertio-200-meister\/","name":"Lambris d\u00e9cor 20cm de large gamme \u00e9co Tertio 200 Meister - Ma Cabane mat\u00e9riaux naturels","isPartOf":{"@id":"https:\/\/nature-et-developpement.com\/macabane-materiaux\/#website"},"primaryImageOfPage":{"@id":"https:\/\/nature-et-developpement.com\/macabane-materiaux\/produit\/lambris-decor-20cm-de-large-gamme-eco-tertio-200-meister\/#primaryimage"},"image":{"@id":"https:\/\/nature-et-developpement.com\/macabane-materiaux\/produit\/lambris-decor-20cm-de-large-gamme-eco-tertio-200-meister\/#primaryimage"},"thumbnailUrl":"https:\/\/nature-et-developpement.com\/macabane-materiaux\/wp-content\/uploads\/382-Lambris-Tertio-DP200-ambiance.jpg","datePublished":"2025-01-05T23:00:00+00:00","dateModified":"2026-03-27T00:57:08+00:00","description":"La solution id\u00e9ale, au juste, prix pour vos plafonds et murs, m\u00eame en pi\u00e8ce humide; Profil grain d\u2018orge Dimensions utiles:\u00a01280\u00a0ou 2600 x 200mm AVEC UNE PHOTO DE CHEZ VOUS, TESTEZ-LE DANS VOTRE INT\u00c9RIEUR","breadcrumb":{"@id":"https:\/\/nature-et-developpement.com\/macabane-materiaux\/produit\/lambris-decor-20cm-de-large-gamme-eco-tertio-200-meister\/#breadcrumb"},"inLanguage":"fr-FR","potentialAction":[{"@type":"ReadAction","target":["https:\/\/nature-et-developpement.com\/macabane-materiaux\/produit\/lambris-decor-20cm-de-large-gamme-eco-tertio-200-meister\/"]}]},{"@type":"ImageObject","inLanguage":"fr-FR","@id":"https:\/\/nature-et-developpement.com\/macabane-materiaux\/produit\/lambris-decor-20cm-de-large-gamme-eco-tertio-200-meister\/#primaryimage","url":"https:\/\/nature-et-developpement.com\/macabane-materiaux\/wp-content\/uploads\/382-Lambris-Tertio-DP200-ambiance.jpg","contentUrl":"https:\/\/nature-et-developpement.com\/macabane-materiaux\/wp-content\/uploads\/382-Lambris-Tertio-DP200-ambiance.jpg"},{"@type":"BreadcrumbList","@id":"https:\/\/nature-et-developpement.com\/macabane-materiaux\/produit\/lambris-decor-20cm-de-large-gamme-eco-tertio-200-meister\/#breadcrumb","itemListElement":[{"@type":"ListItem","position":1,"name":"Accueil","item":"https:\/\/nature-et-developpement.com\/macabane-materiaux\/"},{"@type":"ListItem","position":2,"name":"Boutique","item":"https:\/\/nature-et-developpement.com\/macabane-materiaux\/boutique\/"},{"@type":"ListItem","position":3,"name":"Peinture, pigment et enduit","item":"https:\/\/nature-et-developpement.com\/macabane-materiaux\/produits\/peinture-et-enduit\/"},{"@type":"ListItem","position":4,"name":"Rev\u00eatements muraux","item":"https:\/\/nature-et-developpement.com\/macabane-materiaux\/produits\/peinture-et-enduit\/revetements-muraux\/"},{"@type":"ListItem","position":5,"name":"Lambris d\u00e9cor 20cm de large gamme \u00e9co Tertio 200 Meister"}]},{"@type":"WebSite","@id":"https:\/\/nature-et-developpement.com\/macabane-materiaux\/#website","url":"https:\/\/nature-et-developpement.com\/macabane-materiaux\/","name":"Ma Cabane mat\u00e9riaux naturels","description":"Ma Cabane est membre du groupement Nature &amp; D\u00e9veloppement","potentialAction":[{"@type":"SearchAction","target":{"@type":"EntryPoint","urlTemplate":"https:\/\/nature-et-developpement.com\/macabane-materiaux\/?s={search_term_string}"},"query-input":{"@type":"PropertyValueSpecification","valueRequired":true,"valueName":"search_term_string"}}],"inLanguage":"fr-FR"}]}},"distributor_meta":false,"distributor_terms":false,"distributor_media":false,"distributor_original_site_name":"Ma Cabane mat\u00e9riaux naturels","distributor_original_site_url":"https:\/\/nature-et-developpement.com\/macabane-materiaux","push-errors":false,"_links":{"self":[{"href":"https:\/\/nature-et-developpement.com\/macabane-materiaux\/wp-json\/wp\/v2\/product\/3662","targetHints":{"allow":["GET"]}}],"collection":[{"href":"https:\/\/nature-et-developpement.com\/macabane-materiaux\/wp-json\/wp\/v2\/product"}],"about":[{"href":"https:\/\/nature-et-developpement.com\/macabane-materiaux\/wp-json\/wp\/v2\/types\/product"}],"wp:featuredmedia":[{"embeddable":true,"href":"https:\/\/nature-et-developpement.com\/macabane-materiaux\/wp-json\/"}],"wp:attachment":[{"href":"https:\/\/nature-et-developpement.com\/macabane-materiaux\/wp-json\/wp\/v2\/media?parent=3662"}],"wp:term":[{"taxonomy":"product_brand","embeddable":true,"href":"https:\/\/nature-et-developpement.com\/macabane-materiaux\/wp-json\/wp\/v2\/product_brand?post=3662"},{"taxonomy":"product_cat","embeddable":true,"href":"https:\/\/nature-et-developpement.com\/macabane-materiaux\/wp-json\/wp\/v2\/product_cat?post=3662"},{"taxonomy":"product_tag","embeddable":true,"href":"https:\/\/nature-et-developpement.com\/macabane-materiaux\/wp-json\/wp\/v2\/product_tag?post=3662"}],"curies":[{"name":"wp","href":"https:\/\/api.w.org\/{rel}","templated":true}]}}