{"id":3915,"date":"2023-11-09T14:43:09","date_gmt":"2023-11-09T13:43:09","guid":{"rendered":"https:\/\/nature-et-developpement.com\/macabane-materiaux\/produit\/baie-coulissante-bois-revolution-de-bieber\/"},"modified":"2025-10-22T10:41:30","modified_gmt":"2025-10-22T08:41:30","slug":"baie-coulissante-bois-revolution-de-bieber","status":"publish","type":"product","link":"https:\/\/nature-et-developpement.com\/macabane-materiaux\/produit\/baie-coulissante-bois-revolution-de-bieber\/","title":{"rendered":"Baie vitr\u00e9e coulissante bois R\u00c9VOLUTION de BIEBER"},"content":{"rendered":"<h2>Baie coulissante en bois \u00abR\u00c9VOLUTION\u00bb de Bieber<\/h2>\n<h4>Le seul et unique coulissant bois \u00e0 ouvrant ext\u00e9rieur<\/h4>\n<h4>Les 4 atouts de la baie coulissant en bois R\u00c9VOLUTION de BIEBER<\/h4>\n<p>Premi\u00e8rement, son seuil est ultra plat pour maximiser le confort au quotidien; facilit\u00e9 de passage et adapt\u00e9 \u00e0 tous publics,<br \/>\ny compris les personnes \u00e0 mobilit\u00e9 r\u00e9duites. Vous pouvez, si vous le souhaitez, l&rsquo;encastrer totalement.<\/p>\n<p>Deuxi\u00e8mement, un capot aluminium antid\u00e9rapant est interchangeable.<br \/>\nR\u00e9sistance accrue \u00e0 l\u2019usure (haute r\u00e9sistance au passage fr\u00e9quent) gr\u00e2ce au seuil capot\u00e9 Aluminium, un ferrage haut de gamme ROTO<\/p>\n<p>Troisi\u00e8mement, un joint tubulaire sur toute la p\u00e9riph\u00e9rie du dormant,<br \/>\npermettant une continuit\u00e9 dans l\u2019\u00e9tanch\u00e9it\u00e9,<br \/>\nrelayer par des joints \u00e0 l\u00e8vre en partie haute et lat\u00e9rale.<\/p>\n<p>Et pour finir, des joints tubulaires p\u00e9riph\u00e9riques, joint \u00e0 l\u00e8vres<br \/>\ndormants et joints centraux dormants conc\u00e8dent des performances AEV exceptionnelles.<br \/>\nCe qui en cons\u00e9quence, vous donne une \u00e9tanch\u00e9it\u00e9 renforc\u00e9e au niveau de la chicane gr\u00e2ce au joint central.<br \/>\nLe vantail vient en compression sur des joints tubulaires p\u00e9riph\u00e9riques, qui vous garanti d\u2019une \u00e9tanch\u00e9it\u00e9 des plus performantes.<\/p>\n<h4>Cot\u00e9 s\u00e9curit\u00e9 et confort<\/h4>\n<p>Tout d&rsquo;abord\u00a0 ses 4 points de fermeture sur le montant cr\u00e9mone et renforc\u00e9s de 3 points d\u2019encrage sur le meneaux chicane ou central. En d&rsquo;autres termes la r\u00e9sistance est accrue aux l\u2019effractions.<\/p>\n<p>Cependant, en option vous pouvez avoir une poign\u00e9e int\u00e9rieure et ext\u00e9rieure avec cylindre traversant.<\/p>\n<p>De plus sa grande aisance de pr\u00e9hension vous sera facilit\u00e9e par sa poign\u00e9e int\u00e9rieure.<br \/>\nEt surtout, un coulissement ais\u00e9 li\u00e9 aux chariots \u00e9quipant le vantail, situ\u00e9s dans la traverse basse, \u00e0 l\u2019abri des agressions ext\u00e9rieures.<\/p>\n<h4>Un grand choix de couleurs<\/h4>\n<p>Par exemple, des finitions en impression seule, lasur\u00e9es, aspect huil\u00e9 ou bois bross\u00e9 sont disponibles dans les nuanciers bois.<br \/>\nUne bicoloration est faisable dans la gamme compl\u00e8te de r\u00e9f\u00e9rences Ral : 1 teinte Ral Finition bois ou 2 teintes RAL<\/p>\n","protected":false},"excerpt":{"rendered":"<p>La seule et unique baie coulissante bois \u00e0 ouvrant ext\u00e9rieur<br \/>\nDu sur mesure au meilleur rapport qualit\u00e9\/prix, avec d&rsquo;excellentes performances thermiques, phoniques et d\u2019\u00e9tanch\u00e9it\u00e9.<\/p>\n","protected":false},"featured_media":1000000165801,"template":"","meta":[],"product_brand":[127],"product_cat":[73,84],"product_tag":[2695],"class_list":{"0":"post-3915","1":"product","2":"type-product","3":"status-publish","4":"has-post-thumbnail","6":"product_brand-bieber","7":"product_cat-demande-de-devis-uniquement-sans-prix","8":"product_cat-menuiseries-exterieures","9":"product_tag-bieber","10":"product_shipping_class-impact-transport-important","12":"first","13":"onbackorder","14":"taxable","15":"shipping-taxable","16":"purchasable","17":"product-type-variable","18":"has-default-attributes"},"yoast_head":"<!-- This site is optimized with the Yoast SEO plugin v27.5 - https:\/\/yoast.com\/product\/yoast-seo-wordpress\/ -->\n<title>Baie vitr\u00e9e coulissante bois R\u00c9VOLUTION de BIEBER - Ma Cabane mat\u00e9riaux naturels<\/title>\n<meta name=\"description\" content=\"La seule et unique baie coulissante bois \u00e0 ouvrant ext\u00e9rieur Du sur mesure au meilleur rapport qualit\u00e9\/prix, avec d&#039;excellentes performances thermiques, phoniques et d\u2019\u00e9tanch\u00e9it\u00e9.\" \/>\n<meta name=\"robots\" content=\"noindex, nofollow\" \/>\n<meta property=\"og:locale\" content=\"fr_FR\" \/>\n<meta property=\"og:type\" content=\"article\" \/>\n<meta property=\"og:title\" content=\"Baie vitr\u00e9e coulissante bois R\u00c9VOLUTION de BIEBER - Ma Cabane mat\u00e9riaux naturels\" \/>\n<meta property=\"og:description\" content=\"La seule et unique baie coulissante bois \u00e0 ouvrant ext\u00e9rieur Du sur mesure au meilleur rapport qualit\u00e9\/prix, avec d&#039;excellentes performances thermiques, phoniques et d\u2019\u00e9tanch\u00e9it\u00e9.\" \/>\n<meta property=\"og:url\" content=\"https:\/\/nature-et-developpement.com\/macabane-materiaux\/produit\/baie-coulissante-bois-revolution-de-bieber\/\" \/>\n<meta property=\"og:site_name\" content=\"Ma Cabane mat\u00e9riaux naturels\" \/>\n<meta property=\"article:modified_time\" content=\"2025-10-22T08:41:30+00:00\" \/>\n<meta name=\"twitter:card\" content=\"summary_large_image\" \/>\n<meta name=\"twitter:label1\" content=\"Dur\u00e9e de lecture estim\u00e9e\" \/>\n\t<meta name=\"twitter:data1\" content=\"2 minutes\" \/>\n<script type=\"application\/ld+json\" class=\"yoast-schema-graph\">{\"@context\":\"https:\\\/\\\/schema.org\",\"@graph\":[{\"@type\":\"WebPage\",\"@id\":\"https:\\\/\\\/nature-et-developpement.com\\\/macabane-materiaux\\\/produit\\\/baie-coulissante-bois-revolution-de-bieber\\\/\",\"url\":\"https:\\\/\\\/nature-et-developpement.com\\\/macabane-materiaux\\\/produit\\\/baie-coulissante-bois-revolution-de-bieber\\\/\",\"name\":\"Baie vitr\u00e9e coulissante bois R\u00c9VOLUTION de BIEBER - Ma Cabane mat\u00e9riaux naturels\",\"isPartOf\":{\"@id\":\"https:\\\/\\\/nature-et-developpement.com\\\/macabane-materiaux\\\/#website\"},\"primaryImageOfPage\":{\"@id\":\"https:\\\/\\\/nature-et-developpement.com\\\/macabane-materiaux\\\/produit\\\/baie-coulissante-bois-revolution-de-bieber\\\/#primaryimage\"},\"image\":{\"@id\":\"https:\\\/\\\/nature-et-developpement.com\\\/macabane-materiaux\\\/produit\\\/baie-coulissante-bois-revolution-de-bieber\\\/#primaryimage\"},\"thumbnailUrl\":\"https:\\\/\\\/nature-et-developpement.com\\\/macabane-materiaux\\\/wp-content\\\/uploads\\\/Baie-coulissante-en-bois-REVOLUTION-de-BIEBER.jpg\",\"datePublished\":\"2023-11-09T13:43:09+00:00\",\"dateModified\":\"2025-10-22T08:41:30+00:00\",\"description\":\"La seule et unique baie coulissante bois \u00e0 ouvrant ext\u00e9rieur Du sur mesure au meilleur rapport qualit\u00e9\\\/prix, avec d'excellentes performances thermiques, phoniques et d\u2019\u00e9tanch\u00e9it\u00e9.\",\"breadcrumb\":{\"@id\":\"https:\\\/\\\/nature-et-developpement.com\\\/macabane-materiaux\\\/produit\\\/baie-coulissante-bois-revolution-de-bieber\\\/#breadcrumb\"},\"inLanguage\":\"fr-FR\",\"potentialAction\":[{\"@type\":\"ReadAction\",\"target\":[\"https:\\\/\\\/nature-et-developpement.com\\\/macabane-materiaux\\\/produit\\\/baie-coulissante-bois-revolution-de-bieber\\\/\"]}]},{\"@type\":\"ImageObject\",\"inLanguage\":\"fr-FR\",\"@id\":\"https:\\\/\\\/nature-et-developpement.com\\\/macabane-materiaux\\\/produit\\\/baie-coulissante-bois-revolution-de-bieber\\\/#primaryimage\",\"url\":\"https:\\\/\\\/nature-et-developpement.com\\\/macabane-materiaux\\\/wp-content\\\/uploads\\\/Baie-coulissante-en-bois-REVOLUTION-de-BIEBER.jpg\",\"contentUrl\":\"https:\\\/\\\/nature-et-developpement.com\\\/macabane-materiaux\\\/wp-content\\\/uploads\\\/Baie-coulissante-en-bois-REVOLUTION-de-BIEBER.jpg\"},{\"@type\":\"BreadcrumbList\",\"@id\":\"https:\\\/\\\/nature-et-developpement.com\\\/macabane-materiaux\\\/produit\\\/baie-coulissante-bois-revolution-de-bieber\\\/#breadcrumb\",\"itemListElement\":[{\"@type\":\"ListItem\",\"position\":1,\"name\":\"Accueil\",\"item\":\"https:\\\/\\\/nature-et-developpement.com\\\/macabane-materiaux\\\/\"},{\"@type\":\"ListItem\",\"position\":2,\"name\":\"Boutique\",\"item\":\"https:\\\/\\\/nature-et-developpement.com\\\/macabane-materiaux\\\/boutique\\\/\"},{\"@type\":\"ListItem\",\"position\":3,\"name\":\"Construction, cloison et fen\u00eatres\",\"item\":\"https:\\\/\\\/nature-et-developpement.com\\\/macabane-materiaux\\\/produits\\\/construction\\\/\"},{\"@type\":\"ListItem\",\"position\":4,\"name\":\"Menuiserie ext\u00e9rieure\",\"item\":\"https:\\\/\\\/nature-et-developpement.com\\\/macabane-materiaux\\\/produits\\\/construction\\\/menuiseries-exterieures\\\/\"},{\"@type\":\"ListItem\",\"position\":5,\"name\":\"Baie vitr\u00e9e coulissante bois R\u00c9VOLUTION de BIEBER\"}]},{\"@type\":\"WebSite\",\"@id\":\"https:\\\/\\\/nature-et-developpement.com\\\/macabane-materiaux\\\/#website\",\"url\":\"https:\\\/\\\/nature-et-developpement.com\\\/macabane-materiaux\\\/\",\"name\":\"Ma Cabane mat\u00e9riaux naturels\",\"description\":\"Ma Cabane est membre du groupement Nature &amp; D\u00e9veloppement\",\"potentialAction\":[{\"@type\":\"SearchAction\",\"target\":{\"@type\":\"EntryPoint\",\"urlTemplate\":\"https:\\\/\\\/nature-et-developpement.com\\\/macabane-materiaux\\\/?s={search_term_string}\"},\"query-input\":{\"@type\":\"PropertyValueSpecification\",\"valueRequired\":true,\"valueName\":\"search_term_string\"}}],\"inLanguage\":\"fr-FR\"}]}<\/script>\n<!-- \/ Yoast SEO plugin. -->","yoast_head_json":{"title":"Baie vitr\u00e9e coulissante bois R\u00c9VOLUTION de BIEBER - Ma Cabane mat\u00e9riaux naturels","description":"La seule et unique baie coulissante bois \u00e0 ouvrant ext\u00e9rieur Du sur mesure au meilleur rapport qualit\u00e9\/prix, avec d'excellentes performances thermiques, phoniques et d\u2019\u00e9tanch\u00e9it\u00e9.","robots":{"index":"noindex","follow":"nofollow"},"og_locale":"fr_FR","og_type":"article","og_title":"Baie vitr\u00e9e coulissante bois R\u00c9VOLUTION de BIEBER - Ma Cabane mat\u00e9riaux naturels","og_description":"La seule et unique baie coulissante bois \u00e0 ouvrant ext\u00e9rieur Du sur mesure au meilleur rapport qualit\u00e9\/prix, avec d'excellentes performances thermiques, phoniques et d\u2019\u00e9tanch\u00e9it\u00e9.","og_url":"https:\/\/nature-et-developpement.com\/macabane-materiaux\/produit\/baie-coulissante-bois-revolution-de-bieber\/","og_site_name":"Ma Cabane mat\u00e9riaux naturels","article_modified_time":"2025-10-22T08:41:30+00:00","twitter_card":"summary_large_image","twitter_misc":{"Dur\u00e9e de lecture estim\u00e9e":"2 minutes"},"schema":{"@context":"https:\/\/schema.org","@graph":[{"@type":"WebPage","@id":"https:\/\/nature-et-developpement.com\/macabane-materiaux\/produit\/baie-coulissante-bois-revolution-de-bieber\/","url":"https:\/\/nature-et-developpement.com\/macabane-materiaux\/produit\/baie-coulissante-bois-revolution-de-bieber\/","name":"Baie vitr\u00e9e coulissante bois R\u00c9VOLUTION de BIEBER - Ma Cabane mat\u00e9riaux naturels","isPartOf":{"@id":"https:\/\/nature-et-developpement.com\/macabane-materiaux\/#website"},"primaryImageOfPage":{"@id":"https:\/\/nature-et-developpement.com\/macabane-materiaux\/produit\/baie-coulissante-bois-revolution-de-bieber\/#primaryimage"},"image":{"@id":"https:\/\/nature-et-developpement.com\/macabane-materiaux\/produit\/baie-coulissante-bois-revolution-de-bieber\/#primaryimage"},"thumbnailUrl":"https:\/\/nature-et-developpement.com\/macabane-materiaux\/wp-content\/uploads\/Baie-coulissante-en-bois-REVOLUTION-de-BIEBER.jpg","datePublished":"2023-11-09T13:43:09+00:00","dateModified":"2025-10-22T08:41:30+00:00","description":"La seule et unique baie coulissante bois \u00e0 ouvrant ext\u00e9rieur Du sur mesure au meilleur rapport qualit\u00e9\/prix, avec d'excellentes performances thermiques, phoniques et d\u2019\u00e9tanch\u00e9it\u00e9.","breadcrumb":{"@id":"https:\/\/nature-et-developpement.com\/macabane-materiaux\/produit\/baie-coulissante-bois-revolution-de-bieber\/#breadcrumb"},"inLanguage":"fr-FR","potentialAction":[{"@type":"ReadAction","target":["https:\/\/nature-et-developpement.com\/macabane-materiaux\/produit\/baie-coulissante-bois-revolution-de-bieber\/"]}]},{"@type":"ImageObject","inLanguage":"fr-FR","@id":"https:\/\/nature-et-developpement.com\/macabane-materiaux\/produit\/baie-coulissante-bois-revolution-de-bieber\/#primaryimage","url":"https:\/\/nature-et-developpement.com\/macabane-materiaux\/wp-content\/uploads\/Baie-coulissante-en-bois-REVOLUTION-de-BIEBER.jpg","contentUrl":"https:\/\/nature-et-developpement.com\/macabane-materiaux\/wp-content\/uploads\/Baie-coulissante-en-bois-REVOLUTION-de-BIEBER.jpg"},{"@type":"BreadcrumbList","@id":"https:\/\/nature-et-developpement.com\/macabane-materiaux\/produit\/baie-coulissante-bois-revolution-de-bieber\/#breadcrumb","itemListElement":[{"@type":"ListItem","position":1,"name":"Accueil","item":"https:\/\/nature-et-developpement.com\/macabane-materiaux\/"},{"@type":"ListItem","position":2,"name":"Boutique","item":"https:\/\/nature-et-developpement.com\/macabane-materiaux\/boutique\/"},{"@type":"ListItem","position":3,"name":"Construction, cloison et fen\u00eatres","item":"https:\/\/nature-et-developpement.com\/macabane-materiaux\/produits\/construction\/"},{"@type":"ListItem","position":4,"name":"Menuiserie ext\u00e9rieure","item":"https:\/\/nature-et-developpement.com\/macabane-materiaux\/produits\/construction\/menuiseries-exterieures\/"},{"@type":"ListItem","position":5,"name":"Baie vitr\u00e9e coulissante bois R\u00c9VOLUTION de BIEBER"}]},{"@type":"WebSite","@id":"https:\/\/nature-et-developpement.com\/macabane-materiaux\/#website","url":"https:\/\/nature-et-developpement.com\/macabane-materiaux\/","name":"Ma Cabane mat\u00e9riaux naturels","description":"Ma Cabane est membre du groupement Nature &amp; D\u00e9veloppement","potentialAction":[{"@type":"SearchAction","target":{"@type":"EntryPoint","urlTemplate":"https:\/\/nature-et-developpement.com\/macabane-materiaux\/?s={search_term_string}"},"query-input":{"@type":"PropertyValueSpecification","valueRequired":true,"valueName":"search_term_string"}}],"inLanguage":"fr-FR"}]}},"distributor_meta":false,"distributor_terms":false,"distributor_media":false,"distributor_original_site_name":"Ma Cabane mat\u00e9riaux naturels","distributor_original_site_url":"https:\/\/nature-et-developpement.com\/macabane-materiaux","push-errors":false,"_links":{"self":[{"href":"https:\/\/nature-et-developpement.com\/macabane-materiaux\/wp-json\/wp\/v2\/product\/3915","targetHints":{"allow":["GET"]}}],"collection":[{"href":"https:\/\/nature-et-developpement.com\/macabane-materiaux\/wp-json\/wp\/v2\/product"}],"about":[{"href":"https:\/\/nature-et-developpement.com\/macabane-materiaux\/wp-json\/wp\/v2\/types\/product"}],"wp:featuredmedia":[{"embeddable":true,"href":"https:\/\/nature-et-developpement.com\/macabane-materiaux\/wp-json\/"}],"wp:attachment":[{"href":"https:\/\/nature-et-developpement.com\/macabane-materiaux\/wp-json\/wp\/v2\/media?parent=3915"}],"wp:term":[{"taxonomy":"product_brand","embeddable":true,"href":"https:\/\/nature-et-developpement.com\/macabane-materiaux\/wp-json\/wp\/v2\/product_brand?post=3915"},{"taxonomy":"product_cat","embeddable":true,"href":"https:\/\/nature-et-developpement.com\/macabane-materiaux\/wp-json\/wp\/v2\/product_cat?post=3915"},{"taxonomy":"product_tag","embeddable":true,"href":"https:\/\/nature-et-developpement.com\/macabane-materiaux\/wp-json\/wp\/v2\/product_tag?post=3915"}],"curies":[{"name":"wp","href":"https:\/\/api.w.org\/{rel}","templated":true}]}}