{"id":4001,"date":"2023-03-02T16:19:35","date_gmt":"2023-03-02T15:19:35","guid":{"rendered":"https:\/\/nature-et-developpement.com\/macabane-materiaux\/produit\/vmc-double-flux-ducobox-energy-premium-de-duco\/"},"modified":"2026-01-09T11:06:25","modified_gmt":"2026-01-09T10:06:25","slug":"vmc-double-flux-ducobox-energy-premium-de-duco","status":"publish","type":"product","link":"https:\/\/nature-et-developpement.com\/macabane-materiaux\/produit\/vmc-double-flux-ducobox-energy-premium-de-duco\/","title":{"rendered":"VMC Double Flux DucoBox Energy Premium de DUCO"},"content":{"rendered":"<h2 style=\"text-align: center\">DucoBox Energy Premium<\/h2>\n<h3 style=\"text-align: center\">La VMC double flux<br \/>\nLA PLUS <span style=\"color: #008000\">SILENCIEUSE<\/span>\u00a0d&rsquo;Europe<\/h3>\n<p>La VMC double flux \u00e0 r\u00e9cup\u00e9ration de chaleur encore plus performante et au fonctionnement extr\u00eamement silencieux ! Le r\u00e9glage \u00e0 la demande (\u00e0 base de mesure de CO2 et d\u2019humidit\u00e9) fait de cette solution le produit id\u00e9al pour toutes maisons passives ou BEPOS. Le tout sous garantie d\u2019une qualit\u00e9 assur\u00e9e gr\u00e2ce \u00e0 l\u2019\u00e9quilibrage automatique.<\/p>\n<p>C&rsquo;est en effet la combinaison de trois caract\u00e9ristiques sp\u00e9cifiques qui rend cet appareil absolument unique :<\/p>\n<h3>La r\u00e9gulation \u00e0 2 zones de la DucoBox Energy Premium<\/h3>\n<p>Le r\u00e9glage unique en 2-zones de pulsion (s\u00e9jour et chambres \u00e0 coucher) se fait par un clapet int\u00e9gr\u00e9 r\u00e9gulant \u00e0 la demande (mesure de CO2, humidit\u00e9 et temp\u00e9rature).<\/p>\n<p>Gr\u00e2ce \u00e0 cette r\u00e9gulation \u00e0 2 zones int\u00e9gr\u00e9e, une ergonomie avantageuse des ventilateurs et des mat\u00e9riaux d\u2019isolation acoustique ultra performants, les 30 dB exig\u00e9s dans les pi\u00e8ces de vie sont obtenus sans difficult\u00e9.<\/p>\n<h3>Equilibrage automatique de la DucoBox Energy Premium<\/h3>\n<p>Duco vous aide \u00e0 faire des \u00e9conomies ! Bas\u00e9 sur le principe d&rsquo;\u00e9quilibrage \u00e0 pression constante, cette m\u00e9thode d&rsquo;\u00e9quilibrage assure un gain de temps de 50%.<\/p>\n<p>La DucoBox Energy Premium r\u00e8gle automatiquement la ventilation en fonction de mesures de\u00a0CO<sub>2<\/sub>\u00a0ou de l&rsquo;humidit\u00e9 dans l&rsquo;air, ou en fonction d&rsquo;une programmation horaire.<\/p>\n<p>En outre, un clapet de r\u00e9glage int\u00e9gr\u00e9 permet une r\u00e9gulation \u00e0 2 zones (propos\u00e9e en option).<\/p>\n<p>Ainsi, le syst\u00e8me d\u00e9termine o\u00f9, quand et dans quelle proportion il est n\u00e9cessaire de ventiler.<\/p>\n<p>De ce fait, la consommation des ventilateurs EC est sensiblement r\u00e9duite, ce qui se traduit par une efficacit\u00e9 \u00e9nerg\u00e9tique optimale (label \u00e9nergie\u00a0A+).<\/p>\n<p>La DucoBox Energy Premium est disponible en version:<\/p>\n<ul>\n<li>Gauche (= c\u00f4t\u00e9 oblique \u00e0 gauche)<\/li>\n<li>Droite (= c\u00f4t\u00e9 oblique \u00e0 droite).<\/li>\n<\/ul>\n<p>Du c\u00f4t\u00e9 oblique sont raccord\u00e9s un conduit d&rsquo;extraction et un conduit de pulsion vers l&rsquo;habitation (ETA et SUP)<\/p>\n","protected":false},"excerpt":{"rendered":"<p>La VMC double flux \u00e0 r\u00e9cup\u00e9ration de chaleur encore plus performante et au fonctionnement extr\u00eamement silencieux!<br \/>\nLe r\u00e9glage \u00e0 la demande (\u00e0 base de mesure de CO2 et d\u2019humidit\u00e9) fait de cette solution le produit id\u00e9al pour toutes les maisons passives, ou pas.<br \/>\nLe tout sous garantie d\u2019une qualit\u00e9 assur\u00e9e gr\u00e2ce \u00e0 l\u2019\u00e9quilibrage automatique<\/p>\n","protected":false},"featured_media":1000000167004,"template":"","meta":[],"product_brand":[138],"product_cat":[108],"product_tag":[2699],"class_list":{"0":"post-4001","1":"product","2":"type-product","3":"status-publish","4":"has-post-thumbnail","6":"product_brand-duco","7":"product_cat-ventilation","8":"product_tag-duco","9":"product_shipping_class-petit-equipement-outil-eclairage","11":"first","12":"onbackorder","13":"taxable","14":"shipping-taxable","15":"purchasable","16":"product-type-variable"},"yoast_head":"<!-- This site is optimized with the Yoast SEO plugin v27.5 - https:\/\/yoast.com\/product\/yoast-seo-wordpress\/ -->\n<title>VMC Double Flux DucoBox Energy Premium de DUCO - Ma Cabane mat\u00e9riaux naturels<\/title>\n<meta name=\"description\" content=\"La VMC double flux \u00e0 r\u00e9cup\u00e9ration de chaleur encore plus performante et au fonctionnement extr\u00eamement silencieux! Le r\u00e9glage \u00e0 la demande (\u00e0 base de mesure de CO2 et d\u2019humidit\u00e9) fait de cette solution le produit id\u00e9al pour toutes les maisons passives, ou pas. Le tout sous garantie d\u2019une qualit\u00e9 assur\u00e9e gr\u00e2ce \u00e0 l\u2019\u00e9quilibrage automatique\" \/>\n<meta name=\"robots\" content=\"noindex, nofollow\" \/>\n<meta property=\"og:locale\" content=\"fr_FR\" \/>\n<meta property=\"og:type\" content=\"article\" \/>\n<meta property=\"og:title\" content=\"VMC Double Flux DucoBox Energy Premium de DUCO - Ma Cabane mat\u00e9riaux naturels\" \/>\n<meta property=\"og:description\" content=\"La VMC double flux \u00e0 r\u00e9cup\u00e9ration de chaleur encore plus performante et au fonctionnement extr\u00eamement silencieux! Le r\u00e9glage \u00e0 la demande (\u00e0 base de mesure de CO2 et d\u2019humidit\u00e9) fait de cette solution le produit id\u00e9al pour toutes les maisons passives, ou pas. Le tout sous garantie d\u2019une qualit\u00e9 assur\u00e9e gr\u00e2ce \u00e0 l\u2019\u00e9quilibrage automatique\" \/>\n<meta property=\"og:url\" content=\"https:\/\/nature-et-developpement.com\/macabane-materiaux\/produit\/vmc-double-flux-ducobox-energy-premium-de-duco\/\" \/>\n<meta property=\"og:site_name\" content=\"Ma Cabane mat\u00e9riaux naturels\" \/>\n<meta property=\"article:modified_time\" content=\"2026-01-09T10:06:25+00:00\" \/>\n<meta name=\"twitter:card\" content=\"summary_large_image\" \/>\n<meta name=\"twitter:label1\" content=\"Dur\u00e9e de lecture estim\u00e9e\" \/>\n\t<meta name=\"twitter:data1\" content=\"2 minutes\" \/>\n<script type=\"application\/ld+json\" class=\"yoast-schema-graph\">{\"@context\":\"https:\\\/\\\/schema.org\",\"@graph\":[{\"@type\":\"WebPage\",\"@id\":\"https:\\\/\\\/nature-et-developpement.com\\\/macabane-materiaux\\\/produit\\\/vmc-double-flux-ducobox-energy-premium-de-duco\\\/\",\"url\":\"https:\\\/\\\/nature-et-developpement.com\\\/macabane-materiaux\\\/produit\\\/vmc-double-flux-ducobox-energy-premium-de-duco\\\/\",\"name\":\"VMC Double Flux DucoBox Energy Premium de DUCO - Ma Cabane mat\u00e9riaux naturels\",\"isPartOf\":{\"@id\":\"https:\\\/\\\/nature-et-developpement.com\\\/macabane-materiaux\\\/#website\"},\"primaryImageOfPage\":{\"@id\":\"https:\\\/\\\/nature-et-developpement.com\\\/macabane-materiaux\\\/produit\\\/vmc-double-flux-ducobox-energy-premium-de-duco\\\/#primaryimage\"},\"image\":{\"@id\":\"https:\\\/\\\/nature-et-developpement.com\\\/macabane-materiaux\\\/produit\\\/vmc-double-flux-ducobox-energy-premium-de-duco\\\/#primaryimage\"},\"thumbnailUrl\":\"https:\\\/\\\/nature-et-developpement.com\\\/macabane-materiaux\\\/wp-content\\\/uploads\\\/VMC-Double-Flux-DucoBox-Energy-Premium-de-DUCO.jpg\",\"datePublished\":\"2023-03-02T15:19:35+00:00\",\"dateModified\":\"2026-01-09T10:06:25+00:00\",\"description\":\"La VMC double flux \u00e0 r\u00e9cup\u00e9ration de chaleur encore plus performante et au fonctionnement extr\u00eamement silencieux! Le r\u00e9glage \u00e0 la demande (\u00e0 base de mesure de CO2 et d\u2019humidit\u00e9) fait de cette solution le produit id\u00e9al pour toutes les maisons passives, ou pas. Le tout sous garantie d\u2019une qualit\u00e9 assur\u00e9e gr\u00e2ce \u00e0 l\u2019\u00e9quilibrage automatique\",\"breadcrumb\":{\"@id\":\"https:\\\/\\\/nature-et-developpement.com\\\/macabane-materiaux\\\/produit\\\/vmc-double-flux-ducobox-energy-premium-de-duco\\\/#breadcrumb\"},\"inLanguage\":\"fr-FR\",\"potentialAction\":[{\"@type\":\"ReadAction\",\"target\":[\"https:\\\/\\\/nature-et-developpement.com\\\/macabane-materiaux\\\/produit\\\/vmc-double-flux-ducobox-energy-premium-de-duco\\\/\"]}]},{\"@type\":\"ImageObject\",\"inLanguage\":\"fr-FR\",\"@id\":\"https:\\\/\\\/nature-et-developpement.com\\\/macabane-materiaux\\\/produit\\\/vmc-double-flux-ducobox-energy-premium-de-duco\\\/#primaryimage\",\"url\":\"https:\\\/\\\/nature-et-developpement.com\\\/macabane-materiaux\\\/wp-content\\\/uploads\\\/VMC-Double-Flux-DucoBox-Energy-Premium-de-DUCO.jpg\",\"contentUrl\":\"https:\\\/\\\/nature-et-developpement.com\\\/macabane-materiaux\\\/wp-content\\\/uploads\\\/VMC-Double-Flux-DucoBox-Energy-Premium-de-DUCO.jpg\"},{\"@type\":\"BreadcrumbList\",\"@id\":\"https:\\\/\\\/nature-et-developpement.com\\\/macabane-materiaux\\\/produit\\\/vmc-double-flux-ducobox-energy-premium-de-duco\\\/#breadcrumb\",\"itemListElement\":[{\"@type\":\"ListItem\",\"position\":1,\"name\":\"Accueil\",\"item\":\"https:\\\/\\\/nature-et-developpement.com\\\/macabane-materiaux\\\/\"},{\"@type\":\"ListItem\",\"position\":2,\"name\":\"Boutique\",\"item\":\"https:\\\/\\\/nature-et-developpement.com\\\/macabane-materiaux\\\/boutique\\\/\"},{\"@type\":\"ListItem\",\"position\":3,\"name\":\"Chauffage, eau et \u00e9nergie\",\"item\":\"https:\\\/\\\/nature-et-developpement.com\\\/macabane-materiaux\\\/produits\\\/energie-et-ventilation\\\/\"},{\"@type\":\"ListItem\",\"position\":4,\"name\":\"Ventilation double flux, VMC hydro, extracteur d'air\",\"item\":\"https:\\\/\\\/nature-et-developpement.com\\\/macabane-materiaux\\\/produits\\\/energie-et-ventilation\\\/ventilation\\\/\"},{\"@type\":\"ListItem\",\"position\":5,\"name\":\"VMC Double Flux DucoBox Energy Premium de DUCO\"}]},{\"@type\":\"WebSite\",\"@id\":\"https:\\\/\\\/nature-et-developpement.com\\\/macabane-materiaux\\\/#website\",\"url\":\"https:\\\/\\\/nature-et-developpement.com\\\/macabane-materiaux\\\/\",\"name\":\"Ma Cabane mat\u00e9riaux naturels\",\"description\":\"Ma Cabane est membre du groupement Nature &amp; D\u00e9veloppement\",\"potentialAction\":[{\"@type\":\"SearchAction\",\"target\":{\"@type\":\"EntryPoint\",\"urlTemplate\":\"https:\\\/\\\/nature-et-developpement.com\\\/macabane-materiaux\\\/?s={search_term_string}\"},\"query-input\":{\"@type\":\"PropertyValueSpecification\",\"valueRequired\":true,\"valueName\":\"search_term_string\"}}],\"inLanguage\":\"fr-FR\"}]}<\/script>\n<!-- \/ Yoast SEO plugin. -->","yoast_head_json":{"title":"VMC Double Flux DucoBox Energy Premium de DUCO - Ma Cabane mat\u00e9riaux naturels","description":"La VMC double flux \u00e0 r\u00e9cup\u00e9ration de chaleur encore plus performante et au fonctionnement extr\u00eamement silencieux! Le r\u00e9glage \u00e0 la demande (\u00e0 base de mesure de CO2 et d\u2019humidit\u00e9) fait de cette solution le produit id\u00e9al pour toutes les maisons passives, ou pas. Le tout sous garantie d\u2019une qualit\u00e9 assur\u00e9e gr\u00e2ce \u00e0 l\u2019\u00e9quilibrage automatique","robots":{"index":"noindex","follow":"nofollow"},"og_locale":"fr_FR","og_type":"article","og_title":"VMC Double Flux DucoBox Energy Premium de DUCO - Ma Cabane mat\u00e9riaux naturels","og_description":"La VMC double flux \u00e0 r\u00e9cup\u00e9ration de chaleur encore plus performante et au fonctionnement extr\u00eamement silencieux! Le r\u00e9glage \u00e0 la demande (\u00e0 base de mesure de CO2 et d\u2019humidit\u00e9) fait de cette solution le produit id\u00e9al pour toutes les maisons passives, ou pas. Le tout sous garantie d\u2019une qualit\u00e9 assur\u00e9e gr\u00e2ce \u00e0 l\u2019\u00e9quilibrage automatique","og_url":"https:\/\/nature-et-developpement.com\/macabane-materiaux\/produit\/vmc-double-flux-ducobox-energy-premium-de-duco\/","og_site_name":"Ma Cabane mat\u00e9riaux naturels","article_modified_time":"2026-01-09T10:06:25+00:00","twitter_card":"summary_large_image","twitter_misc":{"Dur\u00e9e de lecture estim\u00e9e":"2 minutes"},"schema":{"@context":"https:\/\/schema.org","@graph":[{"@type":"WebPage","@id":"https:\/\/nature-et-developpement.com\/macabane-materiaux\/produit\/vmc-double-flux-ducobox-energy-premium-de-duco\/","url":"https:\/\/nature-et-developpement.com\/macabane-materiaux\/produit\/vmc-double-flux-ducobox-energy-premium-de-duco\/","name":"VMC Double Flux DucoBox Energy Premium de DUCO - Ma Cabane mat\u00e9riaux naturels","isPartOf":{"@id":"https:\/\/nature-et-developpement.com\/macabane-materiaux\/#website"},"primaryImageOfPage":{"@id":"https:\/\/nature-et-developpement.com\/macabane-materiaux\/produit\/vmc-double-flux-ducobox-energy-premium-de-duco\/#primaryimage"},"image":{"@id":"https:\/\/nature-et-developpement.com\/macabane-materiaux\/produit\/vmc-double-flux-ducobox-energy-premium-de-duco\/#primaryimage"},"thumbnailUrl":"https:\/\/nature-et-developpement.com\/macabane-materiaux\/wp-content\/uploads\/VMC-Double-Flux-DucoBox-Energy-Premium-de-DUCO.jpg","datePublished":"2023-03-02T15:19:35+00:00","dateModified":"2026-01-09T10:06:25+00:00","description":"La VMC double flux \u00e0 r\u00e9cup\u00e9ration de chaleur encore plus performante et au fonctionnement extr\u00eamement silencieux! Le r\u00e9glage \u00e0 la demande (\u00e0 base de mesure de CO2 et d\u2019humidit\u00e9) fait de cette solution le produit id\u00e9al pour toutes les maisons passives, ou pas. Le tout sous garantie d\u2019une qualit\u00e9 assur\u00e9e gr\u00e2ce \u00e0 l\u2019\u00e9quilibrage automatique","breadcrumb":{"@id":"https:\/\/nature-et-developpement.com\/macabane-materiaux\/produit\/vmc-double-flux-ducobox-energy-premium-de-duco\/#breadcrumb"},"inLanguage":"fr-FR","potentialAction":[{"@type":"ReadAction","target":["https:\/\/nature-et-developpement.com\/macabane-materiaux\/produit\/vmc-double-flux-ducobox-energy-premium-de-duco\/"]}]},{"@type":"ImageObject","inLanguage":"fr-FR","@id":"https:\/\/nature-et-developpement.com\/macabane-materiaux\/produit\/vmc-double-flux-ducobox-energy-premium-de-duco\/#primaryimage","url":"https:\/\/nature-et-developpement.com\/macabane-materiaux\/wp-content\/uploads\/VMC-Double-Flux-DucoBox-Energy-Premium-de-DUCO.jpg","contentUrl":"https:\/\/nature-et-developpement.com\/macabane-materiaux\/wp-content\/uploads\/VMC-Double-Flux-DucoBox-Energy-Premium-de-DUCO.jpg"},{"@type":"BreadcrumbList","@id":"https:\/\/nature-et-developpement.com\/macabane-materiaux\/produit\/vmc-double-flux-ducobox-energy-premium-de-duco\/#breadcrumb","itemListElement":[{"@type":"ListItem","position":1,"name":"Accueil","item":"https:\/\/nature-et-developpement.com\/macabane-materiaux\/"},{"@type":"ListItem","position":2,"name":"Boutique","item":"https:\/\/nature-et-developpement.com\/macabane-materiaux\/boutique\/"},{"@type":"ListItem","position":3,"name":"Chauffage, eau et \u00e9nergie","item":"https:\/\/nature-et-developpement.com\/macabane-materiaux\/produits\/energie-et-ventilation\/"},{"@type":"ListItem","position":4,"name":"Ventilation double flux, VMC hydro, extracteur d'air","item":"https:\/\/nature-et-developpement.com\/macabane-materiaux\/produits\/energie-et-ventilation\/ventilation\/"},{"@type":"ListItem","position":5,"name":"VMC Double Flux DucoBox Energy Premium de DUCO"}]},{"@type":"WebSite","@id":"https:\/\/nature-et-developpement.com\/macabane-materiaux\/#website","url":"https:\/\/nature-et-developpement.com\/macabane-materiaux\/","name":"Ma Cabane mat\u00e9riaux naturels","description":"Ma Cabane est membre du groupement Nature &amp; D\u00e9veloppement","potentialAction":[{"@type":"SearchAction","target":{"@type":"EntryPoint","urlTemplate":"https:\/\/nature-et-developpement.com\/macabane-materiaux\/?s={search_term_string}"},"query-input":{"@type":"PropertyValueSpecification","valueRequired":true,"valueName":"search_term_string"}}],"inLanguage":"fr-FR"}]}},"distributor_meta":false,"distributor_terms":false,"distributor_media":false,"distributor_original_site_name":"Ma Cabane mat\u00e9riaux naturels","distributor_original_site_url":"https:\/\/nature-et-developpement.com\/macabane-materiaux","push-errors":false,"_links":{"self":[{"href":"https:\/\/nature-et-developpement.com\/macabane-materiaux\/wp-json\/wp\/v2\/product\/4001","targetHints":{"allow":["GET"]}}],"collection":[{"href":"https:\/\/nature-et-developpement.com\/macabane-materiaux\/wp-json\/wp\/v2\/product"}],"about":[{"href":"https:\/\/nature-et-developpement.com\/macabane-materiaux\/wp-json\/wp\/v2\/types\/product"}],"wp:featuredmedia":[{"embeddable":true,"href":"https:\/\/nature-et-developpement.com\/macabane-materiaux\/wp-json\/"}],"wp:attachment":[{"href":"https:\/\/nature-et-developpement.com\/macabane-materiaux\/wp-json\/wp\/v2\/media?parent=4001"}],"wp:term":[{"taxonomy":"product_brand","embeddable":true,"href":"https:\/\/nature-et-developpement.com\/macabane-materiaux\/wp-json\/wp\/v2\/product_brand?post=4001"},{"taxonomy":"product_cat","embeddable":true,"href":"https:\/\/nature-et-developpement.com\/macabane-materiaux\/wp-json\/wp\/v2\/product_cat?post=4001"},{"taxonomy":"product_tag","embeddable":true,"href":"https:\/\/nature-et-developpement.com\/macabane-materiaux\/wp-json\/wp\/v2\/product_tag?post=4001"}],"curies":[{"name":"wp","href":"https:\/\/api.w.org\/{rel}","templated":true}]}}