{"id":4129,"date":"2025-11-06T10:51:15","date_gmt":"2025-11-06T09:51:15","guid":{"rendered":"https:\/\/nature-et-developpement.com\/macabane-materiaux\/produit\/trappe-de-visite-grenier-standard-portillon-dwk-fakro\/"},"modified":"2025-11-07T05:31:25","modified_gmt":"2025-11-07T04:31:25","slug":"trappe-de-visite-grenier-standard-portillon-dwk-fakro","status":"publish","type":"product","link":"https:\/\/nature-et-developpement.com\/macabane-materiaux\/produit\/trappe-de-visite-grenier-standard-portillon-dwk-fakro\/","title":{"rendered":"Trappe de visite grenier standard portillon DWK FAKRO"},"content":{"rendered":"<h2>Une trappe de visite au juste prix et performante<\/h2>\n<p>Le portillon de comble DWK permet l\u2019acc\u00e8s \u00e0 l\u2019espace non habitable qui se trouve derri\u00e8re un mur.<\/p>\n<p>Gr\u00e2ce \u00e0 sa performance thermique (U=1,1 W\/m\u00b2K) et une haute \u00e9tanch\u00e9it\u00e9 il limite les pertes de la chaleur au minium.<\/p>\n<p>Il peut \u00eatre install\u00e9 dans la version ouvrante \u00e0 droite ou \u00e0 gauche.<\/p>\n<p>Dans la version standard il est \u00e9quip\u00e9 en lattes de finition couleur nature dont l\u2019\u00e9paisseur est de 3,5 cm.<\/p>\n<p>L\u2019ouvrant thermo-isolant de 3,6 cm d\u2019\u00e9paisseur est fait en bois de pin et les panneaux HDF blancs de deux faces.<\/p>\n<p><img loading=\"lazy\" decoding=\"async\" class=\"alignnone wp-image-169215 size-full\" src=\"https:\/\/nature-et-developpement.com\/wp-content\/uploads\/DIMENSIONS-DU-PORTILLON-DE-COMBLE-DWK.jpg\" alt=\"\" width=\"785\" height=\"223\" \/><\/p>\n","protected":false},"excerpt":{"rendered":"<p>Le portillon de comble DWK permet l\u2019acc\u00e8s \u00e0 l\u2019espace non habitable comme un grenier ou des combles, tout en limitant les pertes de chaleur.<\/p>\n","protected":false},"featured_media":1000000169227,"template":"","meta":[],"product_brand":[143],"product_cat":[111],"product_tag":[2717],"class_list":{"0":"post-4129","1":"product","2":"type-product","3":"status-publish","4":"has-post-thumbnail","6":"product_brand-fakro","7":"product_cat-escalier-et-porte","8":"product_tag-fakro","9":"product_shipping_class-petit-equipement-outil-eclairage","11":"first","12":"instock","13":"taxable","14":"shipping-taxable","15":"purchasable","16":"product-type-variable"},"yoast_head":"<!-- This site is optimized with the Yoast SEO plugin v27.5 - https:\/\/yoast.com\/product\/yoast-seo-wordpress\/ -->\n<title>Trappe de visite grenier standard portillon DWK FAKRO<\/title>\n<meta name=\"description\" content=\"Le portillon de comble DWK permet l\u2019acc\u00e8s \u00e0 l\u2019espace non habitable comme un grenier ou des combles, tout en limitant les pertes de chaleur.\" \/>\n<meta name=\"robots\" content=\"noindex, nofollow\" \/>\n<meta property=\"og:locale\" content=\"fr_FR\" \/>\n<meta property=\"og:type\" content=\"article\" \/>\n<meta property=\"og:title\" content=\"Trappe de visite grenier standard portillon DWK FAKRO\" \/>\n<meta property=\"og:description\" content=\"Le portillon de comble DWK permet l\u2019acc\u00e8s \u00e0 l\u2019espace non habitable comme un grenier ou des combles, tout en limitant les pertes de chaleur.\" \/>\n<meta property=\"og:url\" content=\"https:\/\/nature-et-developpement.com\/macabane-materiaux\/produit\/trappe-de-visite-grenier-standard-portillon-dwk-fakro\/\" \/>\n<meta property=\"og:site_name\" content=\"Ma Cabane mat\u00e9riaux naturels\" \/>\n<meta property=\"article:modified_time\" content=\"2025-11-07T04:31:25+00:00\" \/>\n<meta name=\"twitter:card\" content=\"summary_large_image\" \/>\n<meta name=\"twitter:label1\" content=\"Dur\u00e9e de lecture estim\u00e9e\" \/>\n\t<meta name=\"twitter:data1\" content=\"1 minute\" \/>\n<script type=\"application\/ld+json\" class=\"yoast-schema-graph\">{\"@context\":\"https:\\\/\\\/schema.org\",\"@graph\":[{\"@type\":\"WebPage\",\"@id\":\"https:\\\/\\\/nature-et-developpement.com\\\/macabane-materiaux\\\/produit\\\/trappe-de-visite-grenier-standard-portillon-dwk-fakro\\\/\",\"url\":\"https:\\\/\\\/nature-et-developpement.com\\\/macabane-materiaux\\\/produit\\\/trappe-de-visite-grenier-standard-portillon-dwk-fakro\\\/\",\"name\":\"Trappe de visite grenier standard portillon DWK FAKRO\",\"isPartOf\":{\"@id\":\"https:\\\/\\\/nature-et-developpement.com\\\/macabane-materiaux\\\/#website\"},\"primaryImageOfPage\":{\"@id\":\"https:\\\/\\\/nature-et-developpement.com\\\/macabane-materiaux\\\/produit\\\/trappe-de-visite-grenier-standard-portillon-dwk-fakro\\\/#primaryimage\"},\"image\":{\"@id\":\"https:\\\/\\\/nature-et-developpement.com\\\/macabane-materiaux\\\/produit\\\/trappe-de-visite-grenier-standard-portillon-dwk-fakro\\\/#primaryimage\"},\"thumbnailUrl\":\"https:\\\/\\\/nature-et-developpement.com\\\/macabane-materiaux\\\/wp-content\\\/uploads\\\/Trappe-de-visite-grenier-standard-portillon-DWK-FAKRO.jpg\",\"datePublished\":\"2025-11-06T09:51:15+00:00\",\"dateModified\":\"2025-11-07T04:31:25+00:00\",\"description\":\"Le portillon de comble DWK permet l\u2019acc\u00e8s \u00e0 l\u2019espace non habitable comme un grenier ou des combles, tout en limitant les pertes de chaleur.\",\"breadcrumb\":{\"@id\":\"https:\\\/\\\/nature-et-developpement.com\\\/macabane-materiaux\\\/produit\\\/trappe-de-visite-grenier-standard-portillon-dwk-fakro\\\/#breadcrumb\"},\"inLanguage\":\"fr-FR\",\"potentialAction\":[{\"@type\":\"ReadAction\",\"target\":[\"https:\\\/\\\/nature-et-developpement.com\\\/macabane-materiaux\\\/produit\\\/trappe-de-visite-grenier-standard-portillon-dwk-fakro\\\/\"]}]},{\"@type\":\"ImageObject\",\"inLanguage\":\"fr-FR\",\"@id\":\"https:\\\/\\\/nature-et-developpement.com\\\/macabane-materiaux\\\/produit\\\/trappe-de-visite-grenier-standard-portillon-dwk-fakro\\\/#primaryimage\",\"url\":\"https:\\\/\\\/nature-et-developpement.com\\\/macabane-materiaux\\\/wp-content\\\/uploads\\\/Trappe-de-visite-grenier-standard-portillon-DWK-FAKRO.jpg\",\"contentUrl\":\"https:\\\/\\\/nature-et-developpement.com\\\/macabane-materiaux\\\/wp-content\\\/uploads\\\/Trappe-de-visite-grenier-standard-portillon-DWK-FAKRO.jpg\"},{\"@type\":\"BreadcrumbList\",\"@id\":\"https:\\\/\\\/nature-et-developpement.com\\\/macabane-materiaux\\\/produit\\\/trappe-de-visite-grenier-standard-portillon-dwk-fakro\\\/#breadcrumb\",\"itemListElement\":[{\"@type\":\"ListItem\",\"position\":1,\"name\":\"Accueil\",\"item\":\"https:\\\/\\\/nature-et-developpement.com\\\/macabane-materiaux\\\/\"},{\"@type\":\"ListItem\",\"position\":2,\"name\":\"Boutique\",\"item\":\"https:\\\/\\\/nature-et-developpement.com\\\/macabane-materiaux\\\/boutique\\\/\"},{\"@type\":\"ListItem\",\"position\":3,\"name\":\"Agencement int\u00e9rieur\",\"item\":\"https:\\\/\\\/nature-et-developpement.com\\\/macabane-materiaux\\\/produits\\\/agencement-interieur\\\/\"},{\"@type\":\"ListItem\",\"position\":4,\"name\":\"Escalier et porte\",\"item\":\"https:\\\/\\\/nature-et-developpement.com\\\/macabane-materiaux\\\/produits\\\/agencement-interieur\\\/escalier-et-porte\\\/\"},{\"@type\":\"ListItem\",\"position\":5,\"name\":\"Trappe de visite grenier standard portillon DWK FAKRO\"}]},{\"@type\":\"WebSite\",\"@id\":\"https:\\\/\\\/nature-et-developpement.com\\\/macabane-materiaux\\\/#website\",\"url\":\"https:\\\/\\\/nature-et-developpement.com\\\/macabane-materiaux\\\/\",\"name\":\"Ma Cabane mat\u00e9riaux naturels\",\"description\":\"Ma Cabane est membre du groupement Nature &amp; D\u00e9veloppement\",\"potentialAction\":[{\"@type\":\"SearchAction\",\"target\":{\"@type\":\"EntryPoint\",\"urlTemplate\":\"https:\\\/\\\/nature-et-developpement.com\\\/macabane-materiaux\\\/?s={search_term_string}\"},\"query-input\":{\"@type\":\"PropertyValueSpecification\",\"valueRequired\":true,\"valueName\":\"search_term_string\"}}],\"inLanguage\":\"fr-FR\"}]}<\/script>\n<!-- \/ Yoast SEO plugin. -->","yoast_head_json":{"title":"Trappe de visite grenier standard portillon DWK FAKRO","description":"Le portillon de comble DWK permet l\u2019acc\u00e8s \u00e0 l\u2019espace non habitable comme un grenier ou des combles, tout en limitant les pertes de chaleur.","robots":{"index":"noindex","follow":"nofollow"},"og_locale":"fr_FR","og_type":"article","og_title":"Trappe de visite grenier standard portillon DWK FAKRO","og_description":"Le portillon de comble DWK permet l\u2019acc\u00e8s \u00e0 l\u2019espace non habitable comme un grenier ou des combles, tout en limitant les pertes de chaleur.","og_url":"https:\/\/nature-et-developpement.com\/macabane-materiaux\/produit\/trappe-de-visite-grenier-standard-portillon-dwk-fakro\/","og_site_name":"Ma Cabane mat\u00e9riaux naturels","article_modified_time":"2025-11-07T04:31:25+00:00","twitter_card":"summary_large_image","twitter_misc":{"Dur\u00e9e de lecture estim\u00e9e":"1 minute"},"schema":{"@context":"https:\/\/schema.org","@graph":[{"@type":"WebPage","@id":"https:\/\/nature-et-developpement.com\/macabane-materiaux\/produit\/trappe-de-visite-grenier-standard-portillon-dwk-fakro\/","url":"https:\/\/nature-et-developpement.com\/macabane-materiaux\/produit\/trappe-de-visite-grenier-standard-portillon-dwk-fakro\/","name":"Trappe de visite grenier standard portillon DWK FAKRO","isPartOf":{"@id":"https:\/\/nature-et-developpement.com\/macabane-materiaux\/#website"},"primaryImageOfPage":{"@id":"https:\/\/nature-et-developpement.com\/macabane-materiaux\/produit\/trappe-de-visite-grenier-standard-portillon-dwk-fakro\/#primaryimage"},"image":{"@id":"https:\/\/nature-et-developpement.com\/macabane-materiaux\/produit\/trappe-de-visite-grenier-standard-portillon-dwk-fakro\/#primaryimage"},"thumbnailUrl":"https:\/\/nature-et-developpement.com\/macabane-materiaux\/wp-content\/uploads\/Trappe-de-visite-grenier-standard-portillon-DWK-FAKRO.jpg","datePublished":"2025-11-06T09:51:15+00:00","dateModified":"2025-11-07T04:31:25+00:00","description":"Le portillon de comble DWK permet l\u2019acc\u00e8s \u00e0 l\u2019espace non habitable comme un grenier ou des combles, tout en limitant les pertes de chaleur.","breadcrumb":{"@id":"https:\/\/nature-et-developpement.com\/macabane-materiaux\/produit\/trappe-de-visite-grenier-standard-portillon-dwk-fakro\/#breadcrumb"},"inLanguage":"fr-FR","potentialAction":[{"@type":"ReadAction","target":["https:\/\/nature-et-developpement.com\/macabane-materiaux\/produit\/trappe-de-visite-grenier-standard-portillon-dwk-fakro\/"]}]},{"@type":"ImageObject","inLanguage":"fr-FR","@id":"https:\/\/nature-et-developpement.com\/macabane-materiaux\/produit\/trappe-de-visite-grenier-standard-portillon-dwk-fakro\/#primaryimage","url":"https:\/\/nature-et-developpement.com\/macabane-materiaux\/wp-content\/uploads\/Trappe-de-visite-grenier-standard-portillon-DWK-FAKRO.jpg","contentUrl":"https:\/\/nature-et-developpement.com\/macabane-materiaux\/wp-content\/uploads\/Trappe-de-visite-grenier-standard-portillon-DWK-FAKRO.jpg"},{"@type":"BreadcrumbList","@id":"https:\/\/nature-et-developpement.com\/macabane-materiaux\/produit\/trappe-de-visite-grenier-standard-portillon-dwk-fakro\/#breadcrumb","itemListElement":[{"@type":"ListItem","position":1,"name":"Accueil","item":"https:\/\/nature-et-developpement.com\/macabane-materiaux\/"},{"@type":"ListItem","position":2,"name":"Boutique","item":"https:\/\/nature-et-developpement.com\/macabane-materiaux\/boutique\/"},{"@type":"ListItem","position":3,"name":"Agencement int\u00e9rieur","item":"https:\/\/nature-et-developpement.com\/macabane-materiaux\/produits\/agencement-interieur\/"},{"@type":"ListItem","position":4,"name":"Escalier et porte","item":"https:\/\/nature-et-developpement.com\/macabane-materiaux\/produits\/agencement-interieur\/escalier-et-porte\/"},{"@type":"ListItem","position":5,"name":"Trappe de visite grenier standard portillon DWK FAKRO"}]},{"@type":"WebSite","@id":"https:\/\/nature-et-developpement.com\/macabane-materiaux\/#website","url":"https:\/\/nature-et-developpement.com\/macabane-materiaux\/","name":"Ma Cabane mat\u00e9riaux naturels","description":"Ma Cabane est membre du groupement Nature &amp; D\u00e9veloppement","potentialAction":[{"@type":"SearchAction","target":{"@type":"EntryPoint","urlTemplate":"https:\/\/nature-et-developpement.com\/macabane-materiaux\/?s={search_term_string}"},"query-input":{"@type":"PropertyValueSpecification","valueRequired":true,"valueName":"search_term_string"}}],"inLanguage":"fr-FR"}]}},"distributor_meta":false,"distributor_terms":false,"distributor_media":false,"distributor_original_site_name":"Ma Cabane mat\u00e9riaux naturels","distributor_original_site_url":"https:\/\/nature-et-developpement.com\/macabane-materiaux","push-errors":false,"_links":{"self":[{"href":"https:\/\/nature-et-developpement.com\/macabane-materiaux\/wp-json\/wp\/v2\/product\/4129","targetHints":{"allow":["GET"]}}],"collection":[{"href":"https:\/\/nature-et-developpement.com\/macabane-materiaux\/wp-json\/wp\/v2\/product"}],"about":[{"href":"https:\/\/nature-et-developpement.com\/macabane-materiaux\/wp-json\/wp\/v2\/types\/product"}],"wp:featuredmedia":[{"embeddable":true,"href":"https:\/\/nature-et-developpement.com\/macabane-materiaux\/wp-json\/"}],"wp:attachment":[{"href":"https:\/\/nature-et-developpement.com\/macabane-materiaux\/wp-json\/wp\/v2\/media?parent=4129"}],"wp:term":[{"taxonomy":"product_brand","embeddable":true,"href":"https:\/\/nature-et-developpement.com\/macabane-materiaux\/wp-json\/wp\/v2\/product_brand?post=4129"},{"taxonomy":"product_cat","embeddable":true,"href":"https:\/\/nature-et-developpement.com\/macabane-materiaux\/wp-json\/wp\/v2\/product_cat?post=4129"},{"taxonomy":"product_tag","embeddable":true,"href":"https:\/\/nature-et-developpement.com\/macabane-materiaux\/wp-json\/wp\/v2\/product_tag?post=4129"}],"curies":[{"name":"wp","href":"https:\/\/api.w.org\/{rel}","templated":true}]}}