{"id":5099,"date":"2017-01-01T00:00:00","date_gmt":"2016-12-31T23:00:00","guid":{"rendered":"https:\/\/nature-et-developpement.com\/macabane-materiaux\/produit\/vis-pour-fermacell\/"},"modified":"2026-03-17T11:52:29","modified_gmt":"2026-03-17T10:52:29","slug":"vis-pour-fermacell","status":"publish","type":"product","link":"https:\/\/nature-et-developpement.com\/macabane-materiaux\/produit\/vis-pour-fermacell\/","title":{"rendered":"Vis Fermacell"},"content":{"rendered":"<h2>Choisir la bonne vis<\/h2>\n<p>3,9 x 30mm. Vis pour la fixation sur ossature m\u00e9tallique ou bois des plaques en simple parement.<\/p>\n<p>3,9 x 19mm. Vis pour la fixation des plaques de sol 20 mm d&rsquo;\u00e9paisseur.<\/p>\n<p>3,9 x 22mm. Vis pour la fixation des plaques de sol \u2265 \u00e0 25 mm d&rsquo;\u00e9paisseur.<\/p>\n<p>3,9 x 35mm. Vis trait\u00e9es anticorrosion pour la fixation des plaques Fermacell Powerpanel H2O sur ossature m\u00e9tallique ou bois en simple parement.<\/p>\n<p>3,5 x 23mm. Vis trait\u00e9es anticorrosion pour la fixation des plaques Fermacell Powerpanel sol TE.<\/p>\n<h3><strong>Vis autoperceuses<\/strong><\/h3>\n<p>Facilit\u00e9 de vissage : la g\u00e9om\u00e9trie optimis\u00e9e du filetage assure une p\u00e9n\u00e9tration rapide de la vis et garantit un maintien parfait dans l\u2019ossature<\/p>\n<p>Enfoncement optimal : la g\u00e9om\u00e9trie de la t\u00eate de vis assure un enfoncement optimal de la t\u00eate de vis dans la plaque fermacell fibres-gypse<\/p>\n<p>Protection anticorrosion par phosphatation<\/p>\n<h4><strong>Vis fermacell Powerpanel H2O et Powerpanel sol TE <\/strong><\/h4>\n<p>Les vis fermacell Powerpanel ont \u00e9t\u00e9 sp\u00e9cialement d\u00e9velopp\u00e9es pour la fixation des plaques fermacell Powerpanel H2O :<\/p>\n<p>Sur ossatures m\u00e9tallique ou bois en simple parement avec les vis fermacell Powerpanel H2O 3,9&#215;35 mm<\/p>\n<p>Sur ossatures m\u00e9tallique ou bois en double parement avec les vis fermacell Powerpanel H2O 3,9&#215;50 mm.<\/p>\n<p>Sur ossatures m\u00e9tallique renforc\u00e9e avec les vis fermacell autoforeuses Powerpanel H2O 3,9&#215;40 mm<\/p>\n<p>Et \u00e9galement pour la fixation des plaques de sol fermacell powerpanel TE gr\u00e2ce au Vis fermacell Powerpanel sol TE 3,5 x 23 mm<\/p>\n","protected":false},"excerpt":{"rendered":"<p>Ces vis ont \u00e9t\u00e9 d\u00e9velopp\u00e9es pour la fixation des plaques fermacell fibres gypse\u00a0et Powerpanel H2O dans une ossature m\u00e9tallique ou bois en cloisons, plafonds ou en sols (chapes s\u00e8ches).<\/p>\n","protected":false},"featured_media":1000000165940,"template":"","meta":[],"product_brand":[145],"product_cat":[2342,2341,116,118],"product_tag":[],"class_list":{"0":"post-5099","1":"product","2":"type-product","3":"status-publish","4":"has-post-thumbnail","6":"product_brand-fermacell","7":"product_cat-accessoires-construction","8":"product_cat-accessoires-isolation-et-etancheite","9":"product_cat-droguerie-et-outils","10":"product_cat-visserie","11":"product_shipping_class-petit-equipement-outil-eclairage","13":"first","14":"instock","15":"taxable","16":"shipping-taxable","17":"purchasable","18":"product-type-variable"},"yoast_head":"<!-- This site is optimized with the Yoast SEO plugin v27.5 - https:\/\/yoast.com\/product\/yoast-seo-wordpress\/ -->\n<title>Vis Fermacell - Ma Cabane mat\u00e9riaux naturels<\/title>\n<meta name=\"description\" content=\"Ces vis ont \u00e9t\u00e9 d\u00e9velopp\u00e9es pour la fixation des plaques fermacell fibres gypse\u00a0et Powerpanel H2O dans une ossature m\u00e9tallique ou bois en cloisons, plafonds ou en sols (chapes s\u00e8ches).\" \/>\n<meta name=\"robots\" content=\"noindex, nofollow\" \/>\n<meta property=\"og:locale\" content=\"fr_FR\" \/>\n<meta property=\"og:type\" content=\"article\" \/>\n<meta property=\"og:title\" content=\"Vis Fermacell - Ma Cabane mat\u00e9riaux naturels\" \/>\n<meta property=\"og:description\" content=\"Ces vis ont \u00e9t\u00e9 d\u00e9velopp\u00e9es pour la fixation des plaques fermacell fibres gypse\u00a0et Powerpanel H2O dans une ossature m\u00e9tallique ou bois en cloisons, plafonds ou en sols (chapes s\u00e8ches).\" \/>\n<meta property=\"og:url\" content=\"https:\/\/nature-et-developpement.com\/macabane-materiaux\/produit\/vis-pour-fermacell\/\" \/>\n<meta property=\"og:site_name\" content=\"Ma Cabane mat\u00e9riaux naturels\" \/>\n<meta property=\"article:modified_time\" content=\"2026-03-17T10:52:29+00:00\" \/>\n<meta name=\"twitter:card\" content=\"summary_large_image\" \/>\n<meta name=\"twitter:label1\" content=\"Dur\u00e9e de lecture estim\u00e9e\" \/>\n\t<meta name=\"twitter:data1\" content=\"1 minute\" \/>\n<script type=\"application\/ld+json\" class=\"yoast-schema-graph\">{\"@context\":\"https:\\\/\\\/schema.org\",\"@graph\":[{\"@type\":\"WebPage\",\"@id\":\"https:\\\/\\\/nature-et-developpement.com\\\/macabane-materiaux\\\/produit\\\/vis-pour-fermacell\\\/\",\"url\":\"https:\\\/\\\/nature-et-developpement.com\\\/macabane-materiaux\\\/produit\\\/vis-pour-fermacell\\\/\",\"name\":\"Vis Fermacell - Ma Cabane mat\u00e9riaux naturels\",\"isPartOf\":{\"@id\":\"https:\\\/\\\/nature-et-developpement.com\\\/macabane-materiaux\\\/#website\"},\"primaryImageOfPage\":{\"@id\":\"https:\\\/\\\/nature-et-developpement.com\\\/macabane-materiaux\\\/produit\\\/vis-pour-fermacell\\\/#primaryimage\"},\"image\":{\"@id\":\"https:\\\/\\\/nature-et-developpement.com\\\/macabane-materiaux\\\/produit\\\/vis-pour-fermacell\\\/#primaryimage\"},\"thumbnailUrl\":\"https:\\\/\\\/nature-et-developpement.com\\\/macabane-materiaux\\\/wp-content\\\/uploads\\\/Vis-pour-plaque-fermacell-39x30-boite-de-1000-pieces-79011.jpg\",\"datePublished\":\"2016-12-31T23:00:00+00:00\",\"dateModified\":\"2026-03-17T10:52:29+00:00\",\"description\":\"Ces vis ont \u00e9t\u00e9 d\u00e9velopp\u00e9es pour la fixation des plaques fermacell fibres gypse\u00a0et Powerpanel H2O dans une ossature m\u00e9tallique ou bois en cloisons, plafonds ou en sols (chapes s\u00e8ches).\",\"breadcrumb\":{\"@id\":\"https:\\\/\\\/nature-et-developpement.com\\\/macabane-materiaux\\\/produit\\\/vis-pour-fermacell\\\/#breadcrumb\"},\"inLanguage\":\"fr-FR\",\"potentialAction\":[{\"@type\":\"ReadAction\",\"target\":[\"https:\\\/\\\/nature-et-developpement.com\\\/macabane-materiaux\\\/produit\\\/vis-pour-fermacell\\\/\"]}]},{\"@type\":\"ImageObject\",\"inLanguage\":\"fr-FR\",\"@id\":\"https:\\\/\\\/nature-et-developpement.com\\\/macabane-materiaux\\\/produit\\\/vis-pour-fermacell\\\/#primaryimage\",\"url\":\"https:\\\/\\\/nature-et-developpement.com\\\/macabane-materiaux\\\/wp-content\\\/uploads\\\/Vis-pour-plaque-fermacell-39x30-boite-de-1000-pieces-79011.jpg\",\"contentUrl\":\"https:\\\/\\\/nature-et-developpement.com\\\/macabane-materiaux\\\/wp-content\\\/uploads\\\/Vis-pour-plaque-fermacell-39x30-boite-de-1000-pieces-79011.jpg\"},{\"@type\":\"BreadcrumbList\",\"@id\":\"https:\\\/\\\/nature-et-developpement.com\\\/macabane-materiaux\\\/produit\\\/vis-pour-fermacell\\\/#breadcrumb\",\"itemListElement\":[{\"@type\":\"ListItem\",\"position\":1,\"name\":\"Accueil\",\"item\":\"https:\\\/\\\/nature-et-developpement.com\\\/macabane-materiaux\\\/\"},{\"@type\":\"ListItem\",\"position\":2,\"name\":\"Boutique\",\"item\":\"https:\\\/\\\/nature-et-developpement.com\\\/macabane-materiaux\\\/boutique\\\/\"},{\"@type\":\"ListItem\",\"position\":3,\"name\":\"Construction, cloison et fen\u00eatres\",\"item\":\"https:\\\/\\\/nature-et-developpement.com\\\/macabane-materiaux\\\/produits\\\/construction\\\/\"},{\"@type\":\"ListItem\",\"position\":4,\"name\":\"Accessoires construction\",\"item\":\"https:\\\/\\\/nature-et-developpement.com\\\/macabane-materiaux\\\/produits\\\/construction\\\/accessoires-construction\\\/\"},{\"@type\":\"ListItem\",\"position\":5,\"name\":\"Vis Fermacell\"}]},{\"@type\":\"WebSite\",\"@id\":\"https:\\\/\\\/nature-et-developpement.com\\\/macabane-materiaux\\\/#website\",\"url\":\"https:\\\/\\\/nature-et-developpement.com\\\/macabane-materiaux\\\/\",\"name\":\"Ma Cabane mat\u00e9riaux naturels\",\"description\":\"Ma Cabane est membre du groupement Nature &amp; D\u00e9veloppement\",\"potentialAction\":[{\"@type\":\"SearchAction\",\"target\":{\"@type\":\"EntryPoint\",\"urlTemplate\":\"https:\\\/\\\/nature-et-developpement.com\\\/macabane-materiaux\\\/?s={search_term_string}\"},\"query-input\":{\"@type\":\"PropertyValueSpecification\",\"valueRequired\":true,\"valueName\":\"search_term_string\"}}],\"inLanguage\":\"fr-FR\"}]}<\/script>\n<!-- \/ Yoast SEO plugin. -->","yoast_head_json":{"title":"Vis Fermacell - Ma Cabane mat\u00e9riaux naturels","description":"Ces vis ont \u00e9t\u00e9 d\u00e9velopp\u00e9es pour la fixation des plaques fermacell fibres gypse\u00a0et Powerpanel H2O dans une ossature m\u00e9tallique ou bois en cloisons, plafonds ou en sols (chapes s\u00e8ches).","robots":{"index":"noindex","follow":"nofollow"},"og_locale":"fr_FR","og_type":"article","og_title":"Vis Fermacell - Ma Cabane mat\u00e9riaux naturels","og_description":"Ces vis ont \u00e9t\u00e9 d\u00e9velopp\u00e9es pour la fixation des plaques fermacell fibres gypse\u00a0et Powerpanel H2O dans une ossature m\u00e9tallique ou bois en cloisons, plafonds ou en sols (chapes s\u00e8ches).","og_url":"https:\/\/nature-et-developpement.com\/macabane-materiaux\/produit\/vis-pour-fermacell\/","og_site_name":"Ma Cabane mat\u00e9riaux naturels","article_modified_time":"2026-03-17T10:52:29+00:00","twitter_card":"summary_large_image","twitter_misc":{"Dur\u00e9e de lecture estim\u00e9e":"1 minute"},"schema":{"@context":"https:\/\/schema.org","@graph":[{"@type":"WebPage","@id":"https:\/\/nature-et-developpement.com\/macabane-materiaux\/produit\/vis-pour-fermacell\/","url":"https:\/\/nature-et-developpement.com\/macabane-materiaux\/produit\/vis-pour-fermacell\/","name":"Vis Fermacell - Ma Cabane mat\u00e9riaux naturels","isPartOf":{"@id":"https:\/\/nature-et-developpement.com\/macabane-materiaux\/#website"},"primaryImageOfPage":{"@id":"https:\/\/nature-et-developpement.com\/macabane-materiaux\/produit\/vis-pour-fermacell\/#primaryimage"},"image":{"@id":"https:\/\/nature-et-developpement.com\/macabane-materiaux\/produit\/vis-pour-fermacell\/#primaryimage"},"thumbnailUrl":"https:\/\/nature-et-developpement.com\/macabane-materiaux\/wp-content\/uploads\/Vis-pour-plaque-fermacell-39x30-boite-de-1000-pieces-79011.jpg","datePublished":"2016-12-31T23:00:00+00:00","dateModified":"2026-03-17T10:52:29+00:00","description":"Ces vis ont \u00e9t\u00e9 d\u00e9velopp\u00e9es pour la fixation des plaques fermacell fibres gypse\u00a0et Powerpanel H2O dans une ossature m\u00e9tallique ou bois en cloisons, plafonds ou en sols (chapes s\u00e8ches).","breadcrumb":{"@id":"https:\/\/nature-et-developpement.com\/macabane-materiaux\/produit\/vis-pour-fermacell\/#breadcrumb"},"inLanguage":"fr-FR","potentialAction":[{"@type":"ReadAction","target":["https:\/\/nature-et-developpement.com\/macabane-materiaux\/produit\/vis-pour-fermacell\/"]}]},{"@type":"ImageObject","inLanguage":"fr-FR","@id":"https:\/\/nature-et-developpement.com\/macabane-materiaux\/produit\/vis-pour-fermacell\/#primaryimage","url":"https:\/\/nature-et-developpement.com\/macabane-materiaux\/wp-content\/uploads\/Vis-pour-plaque-fermacell-39x30-boite-de-1000-pieces-79011.jpg","contentUrl":"https:\/\/nature-et-developpement.com\/macabane-materiaux\/wp-content\/uploads\/Vis-pour-plaque-fermacell-39x30-boite-de-1000-pieces-79011.jpg"},{"@type":"BreadcrumbList","@id":"https:\/\/nature-et-developpement.com\/macabane-materiaux\/produit\/vis-pour-fermacell\/#breadcrumb","itemListElement":[{"@type":"ListItem","position":1,"name":"Accueil","item":"https:\/\/nature-et-developpement.com\/macabane-materiaux\/"},{"@type":"ListItem","position":2,"name":"Boutique","item":"https:\/\/nature-et-developpement.com\/macabane-materiaux\/boutique\/"},{"@type":"ListItem","position":3,"name":"Construction, cloison et fen\u00eatres","item":"https:\/\/nature-et-developpement.com\/macabane-materiaux\/produits\/construction\/"},{"@type":"ListItem","position":4,"name":"Accessoires construction","item":"https:\/\/nature-et-developpement.com\/macabane-materiaux\/produits\/construction\/accessoires-construction\/"},{"@type":"ListItem","position":5,"name":"Vis Fermacell"}]},{"@type":"WebSite","@id":"https:\/\/nature-et-developpement.com\/macabane-materiaux\/#website","url":"https:\/\/nature-et-developpement.com\/macabane-materiaux\/","name":"Ma Cabane mat\u00e9riaux naturels","description":"Ma Cabane est membre du groupement Nature &amp; D\u00e9veloppement","potentialAction":[{"@type":"SearchAction","target":{"@type":"EntryPoint","urlTemplate":"https:\/\/nature-et-developpement.com\/macabane-materiaux\/?s={search_term_string}"},"query-input":{"@type":"PropertyValueSpecification","valueRequired":true,"valueName":"search_term_string"}}],"inLanguage":"fr-FR"}]}},"distributor_meta":false,"distributor_terms":false,"distributor_media":false,"distributor_original_site_name":"Ma Cabane mat\u00e9riaux naturels","distributor_original_site_url":"https:\/\/nature-et-developpement.com\/macabane-materiaux","push-errors":false,"_links":{"self":[{"href":"https:\/\/nature-et-developpement.com\/macabane-materiaux\/wp-json\/wp\/v2\/product\/5099","targetHints":{"allow":["GET"]}}],"collection":[{"href":"https:\/\/nature-et-developpement.com\/macabane-materiaux\/wp-json\/wp\/v2\/product"}],"about":[{"href":"https:\/\/nature-et-developpement.com\/macabane-materiaux\/wp-json\/wp\/v2\/types\/product"}],"wp:featuredmedia":[{"embeddable":true,"href":"https:\/\/nature-et-developpement.com\/macabane-materiaux\/wp-json\/"}],"wp:attachment":[{"href":"https:\/\/nature-et-developpement.com\/macabane-materiaux\/wp-json\/wp\/v2\/media?parent=5099"}],"wp:term":[{"taxonomy":"product_brand","embeddable":true,"href":"https:\/\/nature-et-developpement.com\/macabane-materiaux\/wp-json\/wp\/v2\/product_brand?post=5099"},{"taxonomy":"product_cat","embeddable":true,"href":"https:\/\/nature-et-developpement.com\/macabane-materiaux\/wp-json\/wp\/v2\/product_cat?post=5099"},{"taxonomy":"product_tag","embeddable":true,"href":"https:\/\/nature-et-developpement.com\/macabane-materiaux\/wp-json\/wp\/v2\/product_tag?post=5099"}],"curies":[{"name":"wp","href":"https:\/\/api.w.org\/{rel}","templated":true}]}}