{"id":5138,"date":"2024-04-01T00:00:00","date_gmt":"2024-03-31T22:00:00","guid":{"rendered":"https:\/\/nature-et-developpement.com\/macabane-materiaux\/produit\/colle-a-joint-greenline-pour-plaque-fermacell\/"},"modified":"2026-03-17T11:41:30","modified_gmt":"2026-03-17T10:41:30","slug":"colle-a-joint-greenline-pour-plaque-fermacell","status":"publish","type":"product","link":"https:\/\/nature-et-developpement.com\/macabane-materiaux\/produit\/colle-a-joint-greenline-pour-plaque-fermacell\/","title":{"rendered":"Fermacell &#8211; Colle \u00e0 Joint Greenline pour plaque"},"content":{"rendered":"<h2>Colle pour plaque fermacell<\/h2>\n<p>Colle ne pr\u00e9sentant aucune nocivit\u00e9 utilis\u00e9e pour le traitement des joints entre plaques fibres-gypse fermacell \u00e0 bords droits et plaques Powerpanel H2O \u00e0 bords droits.<\/p>\n<p>Cette colle ne convient pas \u00e0 la r\u00e9alisation de cloisons et de plafonds en pr\u00e9fabrication en atelier.<\/p>\n<h3><strong>Mise en\u00a0<\/strong><b>\u0153uvre<\/b><\/h3>\n<p>La colle fermacell greenline permet, au moyen de l\u2019embout sp\u00e9cifique joint \u00e0 la cartouche, d\u2019appliquer sur l\u2019axe du chant des plaques un cordon de colle plat.<\/p>\n<p>Une premi\u00e8re plaque, mise en oeuvre sur l\u2019ossature, re\u00e7oit sur chant le cordon de colle.<\/p>\n<p>Une seconde plaque est ensuite positionn\u00e9e bord \u00e0 bord avec la premi\u00e8re, de telle sorte qu\u2019elle comprime le cordon de colle, avant d\u2019\u00eatre fix\u00e9es m\u00e9caniquement \u00e0 l\u2019ossature.<\/p>\n<p>La largeur d\u2019un joint coll\u00e9 ne doit pas d\u00e9passer 1mm.<\/p>\n<p>La colle durcie apr\u00e8s env. 18 \u00e0 36 heures dans des conditions normales de temp\u00e9rature (comprise entre +15\u00b0C et +25\u00b0C).<\/p>\n<p>L\u2019exc\u00e9dent de colle durcie est ensuite aras\u00e9 sur toute la longueur du joint, au moyen du couteau \u00e0 colle fermacell par exemple.<\/p>\n<p>Apr\u00e8s \u00e9bavurage de l\u2019exc\u00e9dent de colle s\u00e9ch\u00e9e, un enduit \u00e0 base de pl\u00e2tre, tel que l\u2019enduit pour joint fermacell ou l\u2019enduit de lissage fermacell est appliqu\u00e9 sur tous les joints et les t\u00eates de fixation.<\/p>\n<p>La temp\u00e9rature d\u2019application de la colle ne doit pas \u00eatre inf\u00e9rieure \u00e0 +15\u00b0C.<\/p>\n<p>Les plaques, le mat\u00e9riel employ\u00e9 lors de la pose et l\u2019ambiance des locaux ne doivent pas pr\u00e9sent\u00e9s une temp\u00e9rature inf\u00e9rieure \u00e0 +5\u00b0C.<\/p>\n<p>La suite de la mise en oeuvre (rev\u00eatements) doit respecter les indications de pose usuelles pour les plaques de fibres-gypse fermacell.<\/p>\n<p>Positionner la cartouche de 310ml sur le chant des plaques.<\/p>\n<p>L\u2019embout permet d\u2019appliquer la quantit\u00e9 exacte de colle n\u00e9cessaire pour les plaques d\u2019\u00e9paisseur 10 et 12,5mm.<\/p>\n<p>Recouper l\u00e9g\u00e8rement l\u2019embout pour des plaques d\u2019\u00e9paisseur 15 et 18mm afin de d\u00e9poser \u00e9galement la quantit\u00e9 exacte de colle.<\/p>\n","protected":false},"excerpt":{"rendered":"<p>Pour le traitement des joints entre plaques fibres-gypse Fermacell mises en \u0153uvre en cloison, doublage (contre-cloison) et plafond.<\/p>\n<p>Colle n&rsquo;\u00e9mettant ni COV ni formald\u00e9hyde.<\/p>\n","protected":false},"featured_media":1000000165950,"template":"","meta":[],"product_brand":[145],"product_cat":[2342,119],"product_tag":[2951],"class_list":{"0":"post-5138","1":"product","2":"type-product","3":"status-publish","4":"has-post-thumbnail","6":"product_brand-fermacell","7":"product_cat-accessoires-construction","8":"product_cat-colle","9":"product_tag-fermacell","10":"product_shipping_class-petit-equipement-outil-eclairage","12":"first","13":"instock","14":"taxable","15":"shipping-taxable","16":"purchasable","17":"product-type-variable"},"yoast_head":"<!-- This site is optimized with the Yoast SEO plugin v27.5 - https:\/\/yoast.com\/product\/yoast-seo-wordpress\/ -->\n<title>Fermacell - Colle \u00e0 Joint Greenline pour plaque - Ma Cabane mat\u00e9riaux naturels<\/title>\n<meta name=\"description\" content=\"Pour le traitement des joints entre plaques fibres-gypse Fermacell mises en \u0153uvre en cloison, doublage (contre-cloison) et plafond.  Colle n&#039;\u00e9mettant ni COV ni formald\u00e9hyde.\" \/>\n<meta name=\"robots\" content=\"noindex, nofollow\" \/>\n<meta property=\"og:locale\" content=\"fr_FR\" \/>\n<meta property=\"og:type\" content=\"article\" \/>\n<meta property=\"og:title\" content=\"Fermacell - Colle \u00e0 Joint Greenline pour plaque - Ma Cabane mat\u00e9riaux naturels\" \/>\n<meta property=\"og:description\" content=\"Pour le traitement des joints entre plaques fibres-gypse Fermacell mises en \u0153uvre en cloison, doublage (contre-cloison) et plafond.  Colle n&#039;\u00e9mettant ni COV ni formald\u00e9hyde.\" \/>\n<meta property=\"og:url\" content=\"https:\/\/nature-et-developpement.com\/macabane-materiaux\/produit\/colle-a-joint-greenline-pour-plaque-fermacell\/\" \/>\n<meta property=\"og:site_name\" content=\"Ma Cabane mat\u00e9riaux naturels\" \/>\n<meta property=\"article:modified_time\" content=\"2026-03-17T10:41:30+00:00\" \/>\n<meta name=\"twitter:card\" content=\"summary_large_image\" \/>\n<meta name=\"twitter:label1\" content=\"Dur\u00e9e de lecture estim\u00e9e\" \/>\n\t<meta name=\"twitter:data1\" content=\"2 minutes\" \/>\n<script type=\"application\/ld+json\" class=\"yoast-schema-graph\">{\"@context\":\"https:\\\/\\\/schema.org\",\"@graph\":[{\"@type\":\"WebPage\",\"@id\":\"https:\\\/\\\/nature-et-developpement.com\\\/macabane-materiaux\\\/produit\\\/colle-a-joint-greenline-pour-plaque-fermacell\\\/\",\"url\":\"https:\\\/\\\/nature-et-developpement.com\\\/macabane-materiaux\\\/produit\\\/colle-a-joint-greenline-pour-plaque-fermacell\\\/\",\"name\":\"Fermacell - Colle \u00e0 Joint Greenline pour plaque - Ma Cabane mat\u00e9riaux naturels\",\"isPartOf\":{\"@id\":\"https:\\\/\\\/nature-et-developpement.com\\\/macabane-materiaux\\\/#website\"},\"primaryImageOfPage\":{\"@id\":\"https:\\\/\\\/nature-et-developpement.com\\\/macabane-materiaux\\\/produit\\\/colle-a-joint-greenline-pour-plaque-fermacell\\\/#primaryimage\"},\"image\":{\"@id\":\"https:\\\/\\\/nature-et-developpement.com\\\/macabane-materiaux\\\/produit\\\/colle-a-joint-greenline-pour-plaque-fermacell\\\/#primaryimage\"},\"thumbnailUrl\":\"https:\\\/\\\/nature-et-developpement.com\\\/macabane-materiaux\\\/wp-content\\\/uploads\\\/Colle-a-Joint-Greenline-pour-plaque-fermacell-79224.jpg\",\"datePublished\":\"2024-03-31T22:00:00+00:00\",\"dateModified\":\"2026-03-17T10:41:30+00:00\",\"description\":\"Pour le traitement des joints entre plaques fibres-gypse Fermacell mises en \u0153uvre en cloison, doublage (contre-cloison) et plafond. Colle n'\u00e9mettant ni COV ni formald\u00e9hyde.\",\"breadcrumb\":{\"@id\":\"https:\\\/\\\/nature-et-developpement.com\\\/macabane-materiaux\\\/produit\\\/colle-a-joint-greenline-pour-plaque-fermacell\\\/#breadcrumb\"},\"inLanguage\":\"fr-FR\",\"potentialAction\":[{\"@type\":\"ReadAction\",\"target\":[\"https:\\\/\\\/nature-et-developpement.com\\\/macabane-materiaux\\\/produit\\\/colle-a-joint-greenline-pour-plaque-fermacell\\\/\"]}]},{\"@type\":\"ImageObject\",\"inLanguage\":\"fr-FR\",\"@id\":\"https:\\\/\\\/nature-et-developpement.com\\\/macabane-materiaux\\\/produit\\\/colle-a-joint-greenline-pour-plaque-fermacell\\\/#primaryimage\",\"url\":\"https:\\\/\\\/nature-et-developpement.com\\\/macabane-materiaux\\\/wp-content\\\/uploads\\\/Colle-a-Joint-Greenline-pour-plaque-fermacell-79224.jpg\",\"contentUrl\":\"https:\\\/\\\/nature-et-developpement.com\\\/macabane-materiaux\\\/wp-content\\\/uploads\\\/Colle-a-Joint-Greenline-pour-plaque-fermacell-79224.jpg\"},{\"@type\":\"BreadcrumbList\",\"@id\":\"https:\\\/\\\/nature-et-developpement.com\\\/macabane-materiaux\\\/produit\\\/colle-a-joint-greenline-pour-plaque-fermacell\\\/#breadcrumb\",\"itemListElement\":[{\"@type\":\"ListItem\",\"position\":1,\"name\":\"Accueil\",\"item\":\"https:\\\/\\\/nature-et-developpement.com\\\/macabane-materiaux\\\/\"},{\"@type\":\"ListItem\",\"position\":2,\"name\":\"Boutique\",\"item\":\"https:\\\/\\\/nature-et-developpement.com\\\/macabane-materiaux\\\/boutique\\\/\"},{\"@type\":\"ListItem\",\"position\":3,\"name\":\"Construction, cloison et fen\u00eatres\",\"item\":\"https:\\\/\\\/nature-et-developpement.com\\\/macabane-materiaux\\\/produits\\\/construction\\\/\"},{\"@type\":\"ListItem\",\"position\":4,\"name\":\"Accessoires construction\",\"item\":\"https:\\\/\\\/nature-et-developpement.com\\\/macabane-materiaux\\\/produits\\\/construction\\\/accessoires-construction\\\/\"},{\"@type\":\"ListItem\",\"position\":5,\"name\":\"Fermacell &#8211; Colle \u00e0 Joint Greenline pour plaque\"}]},{\"@type\":\"WebSite\",\"@id\":\"https:\\\/\\\/nature-et-developpement.com\\\/macabane-materiaux\\\/#website\",\"url\":\"https:\\\/\\\/nature-et-developpement.com\\\/macabane-materiaux\\\/\",\"name\":\"Ma Cabane mat\u00e9riaux naturels\",\"description\":\"Ma Cabane est membre du groupement Nature &amp; D\u00e9veloppement\",\"potentialAction\":[{\"@type\":\"SearchAction\",\"target\":{\"@type\":\"EntryPoint\",\"urlTemplate\":\"https:\\\/\\\/nature-et-developpement.com\\\/macabane-materiaux\\\/?s={search_term_string}\"},\"query-input\":{\"@type\":\"PropertyValueSpecification\",\"valueRequired\":true,\"valueName\":\"search_term_string\"}}],\"inLanguage\":\"fr-FR\"}]}<\/script>\n<!-- \/ Yoast SEO plugin. -->","yoast_head_json":{"title":"Fermacell - Colle \u00e0 Joint Greenline pour plaque - Ma Cabane mat\u00e9riaux naturels","description":"Pour le traitement des joints entre plaques fibres-gypse Fermacell mises en \u0153uvre en cloison, doublage (contre-cloison) et plafond.  Colle n'\u00e9mettant ni COV ni formald\u00e9hyde.","robots":{"index":"noindex","follow":"nofollow"},"og_locale":"fr_FR","og_type":"article","og_title":"Fermacell - Colle \u00e0 Joint Greenline pour plaque - Ma Cabane mat\u00e9riaux naturels","og_description":"Pour le traitement des joints entre plaques fibres-gypse Fermacell mises en \u0153uvre en cloison, doublage (contre-cloison) et plafond.  Colle n'\u00e9mettant ni COV ni formald\u00e9hyde.","og_url":"https:\/\/nature-et-developpement.com\/macabane-materiaux\/produit\/colle-a-joint-greenline-pour-plaque-fermacell\/","og_site_name":"Ma Cabane mat\u00e9riaux naturels","article_modified_time":"2026-03-17T10:41:30+00:00","twitter_card":"summary_large_image","twitter_misc":{"Dur\u00e9e de lecture estim\u00e9e":"2 minutes"},"schema":{"@context":"https:\/\/schema.org","@graph":[{"@type":"WebPage","@id":"https:\/\/nature-et-developpement.com\/macabane-materiaux\/produit\/colle-a-joint-greenline-pour-plaque-fermacell\/","url":"https:\/\/nature-et-developpement.com\/macabane-materiaux\/produit\/colle-a-joint-greenline-pour-plaque-fermacell\/","name":"Fermacell - Colle \u00e0 Joint Greenline pour plaque - Ma Cabane mat\u00e9riaux naturels","isPartOf":{"@id":"https:\/\/nature-et-developpement.com\/macabane-materiaux\/#website"},"primaryImageOfPage":{"@id":"https:\/\/nature-et-developpement.com\/macabane-materiaux\/produit\/colle-a-joint-greenline-pour-plaque-fermacell\/#primaryimage"},"image":{"@id":"https:\/\/nature-et-developpement.com\/macabane-materiaux\/produit\/colle-a-joint-greenline-pour-plaque-fermacell\/#primaryimage"},"thumbnailUrl":"https:\/\/nature-et-developpement.com\/macabane-materiaux\/wp-content\/uploads\/Colle-a-Joint-Greenline-pour-plaque-fermacell-79224.jpg","datePublished":"2024-03-31T22:00:00+00:00","dateModified":"2026-03-17T10:41:30+00:00","description":"Pour le traitement des joints entre plaques fibres-gypse Fermacell mises en \u0153uvre en cloison, doublage (contre-cloison) et plafond. Colle n'\u00e9mettant ni COV ni formald\u00e9hyde.","breadcrumb":{"@id":"https:\/\/nature-et-developpement.com\/macabane-materiaux\/produit\/colle-a-joint-greenline-pour-plaque-fermacell\/#breadcrumb"},"inLanguage":"fr-FR","potentialAction":[{"@type":"ReadAction","target":["https:\/\/nature-et-developpement.com\/macabane-materiaux\/produit\/colle-a-joint-greenline-pour-plaque-fermacell\/"]}]},{"@type":"ImageObject","inLanguage":"fr-FR","@id":"https:\/\/nature-et-developpement.com\/macabane-materiaux\/produit\/colle-a-joint-greenline-pour-plaque-fermacell\/#primaryimage","url":"https:\/\/nature-et-developpement.com\/macabane-materiaux\/wp-content\/uploads\/Colle-a-Joint-Greenline-pour-plaque-fermacell-79224.jpg","contentUrl":"https:\/\/nature-et-developpement.com\/macabane-materiaux\/wp-content\/uploads\/Colle-a-Joint-Greenline-pour-plaque-fermacell-79224.jpg"},{"@type":"BreadcrumbList","@id":"https:\/\/nature-et-developpement.com\/macabane-materiaux\/produit\/colle-a-joint-greenline-pour-plaque-fermacell\/#breadcrumb","itemListElement":[{"@type":"ListItem","position":1,"name":"Accueil","item":"https:\/\/nature-et-developpement.com\/macabane-materiaux\/"},{"@type":"ListItem","position":2,"name":"Boutique","item":"https:\/\/nature-et-developpement.com\/macabane-materiaux\/boutique\/"},{"@type":"ListItem","position":3,"name":"Construction, cloison et fen\u00eatres","item":"https:\/\/nature-et-developpement.com\/macabane-materiaux\/produits\/construction\/"},{"@type":"ListItem","position":4,"name":"Accessoires construction","item":"https:\/\/nature-et-developpement.com\/macabane-materiaux\/produits\/construction\/accessoires-construction\/"},{"@type":"ListItem","position":5,"name":"Fermacell &#8211; Colle \u00e0 Joint Greenline pour plaque"}]},{"@type":"WebSite","@id":"https:\/\/nature-et-developpement.com\/macabane-materiaux\/#website","url":"https:\/\/nature-et-developpement.com\/macabane-materiaux\/","name":"Ma Cabane mat\u00e9riaux naturels","description":"Ma Cabane est membre du groupement Nature &amp; D\u00e9veloppement","potentialAction":[{"@type":"SearchAction","target":{"@type":"EntryPoint","urlTemplate":"https:\/\/nature-et-developpement.com\/macabane-materiaux\/?s={search_term_string}"},"query-input":{"@type":"PropertyValueSpecification","valueRequired":true,"valueName":"search_term_string"}}],"inLanguage":"fr-FR"}]}},"distributor_meta":false,"distributor_terms":false,"distributor_media":false,"distributor_original_site_name":"Ma Cabane mat\u00e9riaux naturels","distributor_original_site_url":"https:\/\/nature-et-developpement.com\/macabane-materiaux","push-errors":false,"_links":{"self":[{"href":"https:\/\/nature-et-developpement.com\/macabane-materiaux\/wp-json\/wp\/v2\/product\/5138","targetHints":{"allow":["GET"]}}],"collection":[{"href":"https:\/\/nature-et-developpement.com\/macabane-materiaux\/wp-json\/wp\/v2\/product"}],"about":[{"href":"https:\/\/nature-et-developpement.com\/macabane-materiaux\/wp-json\/wp\/v2\/types\/product"}],"wp:featuredmedia":[{"embeddable":true,"href":"https:\/\/nature-et-developpement.com\/macabane-materiaux\/wp-json\/"}],"wp:attachment":[{"href":"https:\/\/nature-et-developpement.com\/macabane-materiaux\/wp-json\/wp\/v2\/media?parent=5138"}],"wp:term":[{"taxonomy":"product_brand","embeddable":true,"href":"https:\/\/nature-et-developpement.com\/macabane-materiaux\/wp-json\/wp\/v2\/product_brand?post=5138"},{"taxonomy":"product_cat","embeddable":true,"href":"https:\/\/nature-et-developpement.com\/macabane-materiaux\/wp-json\/wp\/v2\/product_cat?post=5138"},{"taxonomy":"product_tag","embeddable":true,"href":"https:\/\/nature-et-developpement.com\/macabane-materiaux\/wp-json\/wp\/v2\/product_tag?post=5138"}],"curies":[{"name":"wp","href":"https:\/\/api.w.org\/{rel}","templated":true}]}}