{"id":5141,"date":"2017-01-01T00:00:00","date_gmt":"2016-12-31T23:00:00","guid":{"rendered":"https:\/\/nature-et-developpement.com\/macabane-materiaux\/produit\/sous-couche-d-etancheite-et-de-protection-a-l-eau-pour-fermacell\/"},"modified":"2026-03-17T12:16:33","modified_gmt":"2026-03-17T11:16:33","slug":"sous-couche-d-etancheite-et-de-protection-a-l-eau-pour-fermacell","status":"publish","type":"product","link":"https:\/\/nature-et-developpement.com\/macabane-materiaux\/produit\/sous-couche-d-etancheite-et-de-protection-a-l-eau-pour-fermacell\/","title":{"rendered":"Fermacell &#8211; Sous couche d&rsquo;\u00e9tanch\u00e9it\u00e9 et de protection \u00e0 l&rsquo;eau"},"content":{"rendered":"<h2>Sous couche d&rsquo;\u00e9tanch\u00e9it\u00e9 avant carrelage sur fermacell<\/h2>\n<p>R\u00e9sine synth\u00e9tique en dispersion sans solvant, pour la r\u00e9alisation, en locaux humides, du syst\u00e8me d\u2019\u00e9tanch\u00e9it\u00e9 des surfaces verticales et horizontales, non soumises \u00e0 des projections d\u2019eau \u00e0 haute pression, sous rev\u00eatement carrel\u00e9, rev\u00eatement c\u00e9ramique et pierre naturelle.<\/p>\n<h3><strong>Application<\/strong><\/h3>\n<p>Les supports doivent pr\u00e9senter une surface plane, \u00eatre propres, secs, et exempts de tous r\u00e9sidus.<\/p>\n<p>La surface ne doit pas avoir d\u2019arr\u00eates ou de fissures.<\/p>\n<p>Les plaques de pl\u00e2tre et autres supports contenant du pl\u00e2tre doivent \u00eatre trait\u00e9s au pr\u00e9alable avec la couche de fond fermacell puis s\u00e9cher durant 2h minimum.<\/p>\n<p>Lors de la mise en \u0153uvre de ce syst\u00e8me la temp\u00e9rature doit \u00eatre comprise entre +5 et +25 \u00b0C.<\/p>\n","protected":false},"excerpt":{"rendered":"<p>Elle assure une \u00e9tanch\u00e9it\u00e9\u00a0 dans les douches et autres lieux, baignoire, lavabo, o\u00f9 l&rsquo;eau ruisselle.<\/p>\n<p>Appropri\u00e9 pour les supports les plus divers, tels que les plaques fibres-gypse Fermacell, les plaques Fermacell Powerpanel H2O et Powerpanel sol TE.<\/p>\n","protected":false},"featured_media":1000000165933,"template":"","meta":[],"product_brand":[145],"product_cat":[2342,2341],"product_tag":[],"class_list":{"0":"post-5141","1":"product","2":"type-product","3":"status-publish","4":"has-post-thumbnail","6":"product_brand-fermacell","7":"product_cat-accessoires-construction","8":"product_cat-accessoires-isolation-et-etancheite","9":"product_shipping_class-petit-equipement-outil-eclairage","11":"first","12":"instock","13":"taxable","14":"shipping-taxable","15":"purchasable","16":"product-type-simple"},"yoast_head":"<!-- This site is optimized with the Yoast SEO plugin v27.5 - https:\/\/yoast.com\/product\/yoast-seo-wordpress\/ -->\n<title>Fermacell - Sous couche d&#039;\u00e9tanch\u00e9it\u00e9 et de protection \u00e0 l&#039;eau - Ma Cabane mat\u00e9riaux naturels<\/title>\n<meta name=\"description\" content=\"Elle assure une \u00e9tanch\u00e9it\u00e9\u00a0 dans les douches et autres lieux, baignoire, lavabo, o\u00f9 l&#039;eau ruisselle.  Appropri\u00e9 pour les supports les plus divers, tels que les plaques fibres-gypse Fermacell, les plaques Fermacell Powerpanel H2O et Powerpanel sol TE.\" \/>\n<meta name=\"robots\" content=\"noindex, nofollow\" \/>\n<meta property=\"og:locale\" content=\"fr_FR\" \/>\n<meta property=\"og:type\" content=\"article\" \/>\n<meta property=\"og:title\" content=\"Fermacell - Sous couche d&#039;\u00e9tanch\u00e9it\u00e9 et de protection \u00e0 l&#039;eau - Ma Cabane mat\u00e9riaux naturels\" \/>\n<meta property=\"og:description\" content=\"Elle assure une \u00e9tanch\u00e9it\u00e9\u00a0 dans les douches et autres lieux, baignoire, lavabo, o\u00f9 l&#039;eau ruisselle.  Appropri\u00e9 pour les supports les plus divers, tels que les plaques fibres-gypse Fermacell, les plaques Fermacell Powerpanel H2O et Powerpanel sol TE.\" \/>\n<meta property=\"og:url\" content=\"https:\/\/nature-et-developpement.com\/macabane-materiaux\/produit\/sous-couche-d-etancheite-et-de-protection-a-l-eau-pour-fermacell\/\" \/>\n<meta property=\"og:site_name\" content=\"Ma Cabane mat\u00e9riaux naturels\" \/>\n<meta property=\"article:modified_time\" content=\"2026-03-17T11:16:33+00:00\" \/>\n<meta name=\"twitter:card\" content=\"summary_large_image\" \/>\n<meta name=\"twitter:label1\" content=\"Dur\u00e9e de lecture estim\u00e9e\" \/>\n\t<meta name=\"twitter:data1\" content=\"1 minute\" \/>\n<script type=\"application\/ld+json\" class=\"yoast-schema-graph\">{\"@context\":\"https:\\\/\\\/schema.org\",\"@graph\":[{\"@type\":\"WebPage\",\"@id\":\"https:\\\/\\\/nature-et-developpement.com\\\/macabane-materiaux\\\/produit\\\/sous-couche-d-etancheite-et-de-protection-a-l-eau-pour-fermacell\\\/\",\"url\":\"https:\\\/\\\/nature-et-developpement.com\\\/macabane-materiaux\\\/produit\\\/sous-couche-d-etancheite-et-de-protection-a-l-eau-pour-fermacell\\\/\",\"name\":\"Fermacell - Sous couche d'\u00e9tanch\u00e9it\u00e9 et de protection \u00e0 l'eau - Ma Cabane mat\u00e9riaux naturels\",\"isPartOf\":{\"@id\":\"https:\\\/\\\/nature-et-developpement.com\\\/macabane-materiaux\\\/#website\"},\"primaryImageOfPage\":{\"@id\":\"https:\\\/\\\/nature-et-developpement.com\\\/macabane-materiaux\\\/produit\\\/sous-couche-d-etancheite-et-de-protection-a-l-eau-pour-fermacell\\\/#primaryimage\"},\"image\":{\"@id\":\"https:\\\/\\\/nature-et-developpement.com\\\/macabane-materiaux\\\/produit\\\/sous-couche-d-etancheite-et-de-protection-a-l-eau-pour-fermacell\\\/#primaryimage\"},\"thumbnailUrl\":\"https:\\\/\\\/nature-et-developpement.com\\\/macabane-materiaux\\\/wp-content\\\/uploads\\\/Sous-couche-detancheite-et-de-protection-a-leau-pour-plaque-fermacell-5Kg-79071.jpg\",\"datePublished\":\"2016-12-31T23:00:00+00:00\",\"dateModified\":\"2026-03-17T11:16:33+00:00\",\"description\":\"Elle assure une \u00e9tanch\u00e9it\u00e9\u00a0 dans les douches et autres lieux, baignoire, lavabo, o\u00f9 l'eau ruisselle. Appropri\u00e9 pour les supports les plus divers, tels que les plaques fibres-gypse Fermacell, les plaques Fermacell Powerpanel H2O et Powerpanel sol TE.\",\"breadcrumb\":{\"@id\":\"https:\\\/\\\/nature-et-developpement.com\\\/macabane-materiaux\\\/produit\\\/sous-couche-d-etancheite-et-de-protection-a-l-eau-pour-fermacell\\\/#breadcrumb\"},\"inLanguage\":\"fr-FR\",\"potentialAction\":[{\"@type\":\"ReadAction\",\"target\":[\"https:\\\/\\\/nature-et-developpement.com\\\/macabane-materiaux\\\/produit\\\/sous-couche-d-etancheite-et-de-protection-a-l-eau-pour-fermacell\\\/\"]}]},{\"@type\":\"ImageObject\",\"inLanguage\":\"fr-FR\",\"@id\":\"https:\\\/\\\/nature-et-developpement.com\\\/macabane-materiaux\\\/produit\\\/sous-couche-d-etancheite-et-de-protection-a-l-eau-pour-fermacell\\\/#primaryimage\",\"url\":\"https:\\\/\\\/nature-et-developpement.com\\\/macabane-materiaux\\\/wp-content\\\/uploads\\\/Sous-couche-detancheite-et-de-protection-a-leau-pour-plaque-fermacell-5Kg-79071.jpg\",\"contentUrl\":\"https:\\\/\\\/nature-et-developpement.com\\\/macabane-materiaux\\\/wp-content\\\/uploads\\\/Sous-couche-detancheite-et-de-protection-a-leau-pour-plaque-fermacell-5Kg-79071.jpg\"},{\"@type\":\"BreadcrumbList\",\"@id\":\"https:\\\/\\\/nature-et-developpement.com\\\/macabane-materiaux\\\/produit\\\/sous-couche-d-etancheite-et-de-protection-a-l-eau-pour-fermacell\\\/#breadcrumb\",\"itemListElement\":[{\"@type\":\"ListItem\",\"position\":1,\"name\":\"Accueil\",\"item\":\"https:\\\/\\\/nature-et-developpement.com\\\/macabane-materiaux\\\/\"},{\"@type\":\"ListItem\",\"position\":2,\"name\":\"Boutique\",\"item\":\"https:\\\/\\\/nature-et-developpement.com\\\/macabane-materiaux\\\/boutique\\\/\"},{\"@type\":\"ListItem\",\"position\":3,\"name\":\"Construction, cloison et fen\u00eatres\",\"item\":\"https:\\\/\\\/nature-et-developpement.com\\\/macabane-materiaux\\\/produits\\\/construction\\\/\"},{\"@type\":\"ListItem\",\"position\":4,\"name\":\"Accessoires construction\",\"item\":\"https:\\\/\\\/nature-et-developpement.com\\\/macabane-materiaux\\\/produits\\\/construction\\\/accessoires-construction\\\/\"},{\"@type\":\"ListItem\",\"position\":5,\"name\":\"Fermacell &#8211; Sous couche d&rsquo;\u00e9tanch\u00e9it\u00e9 et de protection \u00e0 l&rsquo;eau\"}]},{\"@type\":\"WebSite\",\"@id\":\"https:\\\/\\\/nature-et-developpement.com\\\/macabane-materiaux\\\/#website\",\"url\":\"https:\\\/\\\/nature-et-developpement.com\\\/macabane-materiaux\\\/\",\"name\":\"Ma Cabane mat\u00e9riaux naturels\",\"description\":\"Ma Cabane est membre du groupement Nature &amp; D\u00e9veloppement\",\"potentialAction\":[{\"@type\":\"SearchAction\",\"target\":{\"@type\":\"EntryPoint\",\"urlTemplate\":\"https:\\\/\\\/nature-et-developpement.com\\\/macabane-materiaux\\\/?s={search_term_string}\"},\"query-input\":{\"@type\":\"PropertyValueSpecification\",\"valueRequired\":true,\"valueName\":\"search_term_string\"}}],\"inLanguage\":\"fr-FR\"}]}<\/script>\n<!-- \/ Yoast SEO plugin. -->","yoast_head_json":{"title":"Fermacell - Sous couche d'\u00e9tanch\u00e9it\u00e9 et de protection \u00e0 l'eau - Ma Cabane mat\u00e9riaux naturels","description":"Elle assure une \u00e9tanch\u00e9it\u00e9\u00a0 dans les douches et autres lieux, baignoire, lavabo, o\u00f9 l'eau ruisselle.  Appropri\u00e9 pour les supports les plus divers, tels que les plaques fibres-gypse Fermacell, les plaques Fermacell Powerpanel H2O et Powerpanel sol TE.","robots":{"index":"noindex","follow":"nofollow"},"og_locale":"fr_FR","og_type":"article","og_title":"Fermacell - Sous couche d'\u00e9tanch\u00e9it\u00e9 et de protection \u00e0 l'eau - Ma Cabane mat\u00e9riaux naturels","og_description":"Elle assure une \u00e9tanch\u00e9it\u00e9\u00a0 dans les douches et autres lieux, baignoire, lavabo, o\u00f9 l'eau ruisselle.  Appropri\u00e9 pour les supports les plus divers, tels que les plaques fibres-gypse Fermacell, les plaques Fermacell Powerpanel H2O et Powerpanel sol TE.","og_url":"https:\/\/nature-et-developpement.com\/macabane-materiaux\/produit\/sous-couche-d-etancheite-et-de-protection-a-l-eau-pour-fermacell\/","og_site_name":"Ma Cabane mat\u00e9riaux naturels","article_modified_time":"2026-03-17T11:16:33+00:00","twitter_card":"summary_large_image","twitter_misc":{"Dur\u00e9e de lecture estim\u00e9e":"1 minute"},"schema":{"@context":"https:\/\/schema.org","@graph":[{"@type":"WebPage","@id":"https:\/\/nature-et-developpement.com\/macabane-materiaux\/produit\/sous-couche-d-etancheite-et-de-protection-a-l-eau-pour-fermacell\/","url":"https:\/\/nature-et-developpement.com\/macabane-materiaux\/produit\/sous-couche-d-etancheite-et-de-protection-a-l-eau-pour-fermacell\/","name":"Fermacell - Sous couche d'\u00e9tanch\u00e9it\u00e9 et de protection \u00e0 l'eau - Ma Cabane mat\u00e9riaux naturels","isPartOf":{"@id":"https:\/\/nature-et-developpement.com\/macabane-materiaux\/#website"},"primaryImageOfPage":{"@id":"https:\/\/nature-et-developpement.com\/macabane-materiaux\/produit\/sous-couche-d-etancheite-et-de-protection-a-l-eau-pour-fermacell\/#primaryimage"},"image":{"@id":"https:\/\/nature-et-developpement.com\/macabane-materiaux\/produit\/sous-couche-d-etancheite-et-de-protection-a-l-eau-pour-fermacell\/#primaryimage"},"thumbnailUrl":"https:\/\/nature-et-developpement.com\/macabane-materiaux\/wp-content\/uploads\/Sous-couche-detancheite-et-de-protection-a-leau-pour-plaque-fermacell-5Kg-79071.jpg","datePublished":"2016-12-31T23:00:00+00:00","dateModified":"2026-03-17T11:16:33+00:00","description":"Elle assure une \u00e9tanch\u00e9it\u00e9\u00a0 dans les douches et autres lieux, baignoire, lavabo, o\u00f9 l'eau ruisselle. Appropri\u00e9 pour les supports les plus divers, tels que les plaques fibres-gypse Fermacell, les plaques Fermacell Powerpanel H2O et Powerpanel sol TE.","breadcrumb":{"@id":"https:\/\/nature-et-developpement.com\/macabane-materiaux\/produit\/sous-couche-d-etancheite-et-de-protection-a-l-eau-pour-fermacell\/#breadcrumb"},"inLanguage":"fr-FR","potentialAction":[{"@type":"ReadAction","target":["https:\/\/nature-et-developpement.com\/macabane-materiaux\/produit\/sous-couche-d-etancheite-et-de-protection-a-l-eau-pour-fermacell\/"]}]},{"@type":"ImageObject","inLanguage":"fr-FR","@id":"https:\/\/nature-et-developpement.com\/macabane-materiaux\/produit\/sous-couche-d-etancheite-et-de-protection-a-l-eau-pour-fermacell\/#primaryimage","url":"https:\/\/nature-et-developpement.com\/macabane-materiaux\/wp-content\/uploads\/Sous-couche-detancheite-et-de-protection-a-leau-pour-plaque-fermacell-5Kg-79071.jpg","contentUrl":"https:\/\/nature-et-developpement.com\/macabane-materiaux\/wp-content\/uploads\/Sous-couche-detancheite-et-de-protection-a-leau-pour-plaque-fermacell-5Kg-79071.jpg"},{"@type":"BreadcrumbList","@id":"https:\/\/nature-et-developpement.com\/macabane-materiaux\/produit\/sous-couche-d-etancheite-et-de-protection-a-l-eau-pour-fermacell\/#breadcrumb","itemListElement":[{"@type":"ListItem","position":1,"name":"Accueil","item":"https:\/\/nature-et-developpement.com\/macabane-materiaux\/"},{"@type":"ListItem","position":2,"name":"Boutique","item":"https:\/\/nature-et-developpement.com\/macabane-materiaux\/boutique\/"},{"@type":"ListItem","position":3,"name":"Construction, cloison et fen\u00eatres","item":"https:\/\/nature-et-developpement.com\/macabane-materiaux\/produits\/construction\/"},{"@type":"ListItem","position":4,"name":"Accessoires construction","item":"https:\/\/nature-et-developpement.com\/macabane-materiaux\/produits\/construction\/accessoires-construction\/"},{"@type":"ListItem","position":5,"name":"Fermacell &#8211; Sous couche d&rsquo;\u00e9tanch\u00e9it\u00e9 et de protection \u00e0 l&rsquo;eau"}]},{"@type":"WebSite","@id":"https:\/\/nature-et-developpement.com\/macabane-materiaux\/#website","url":"https:\/\/nature-et-developpement.com\/macabane-materiaux\/","name":"Ma Cabane mat\u00e9riaux naturels","description":"Ma Cabane est membre du groupement Nature &amp; D\u00e9veloppement","potentialAction":[{"@type":"SearchAction","target":{"@type":"EntryPoint","urlTemplate":"https:\/\/nature-et-developpement.com\/macabane-materiaux\/?s={search_term_string}"},"query-input":{"@type":"PropertyValueSpecification","valueRequired":true,"valueName":"search_term_string"}}],"inLanguage":"fr-FR"}]}},"distributor_meta":false,"distributor_terms":false,"distributor_media":false,"distributor_original_site_name":"Ma Cabane mat\u00e9riaux naturels","distributor_original_site_url":"https:\/\/nature-et-developpement.com\/macabane-materiaux","push-errors":false,"_links":{"self":[{"href":"https:\/\/nature-et-developpement.com\/macabane-materiaux\/wp-json\/wp\/v2\/product\/5141","targetHints":{"allow":["GET"]}}],"collection":[{"href":"https:\/\/nature-et-developpement.com\/macabane-materiaux\/wp-json\/wp\/v2\/product"}],"about":[{"href":"https:\/\/nature-et-developpement.com\/macabane-materiaux\/wp-json\/wp\/v2\/types\/product"}],"wp:featuredmedia":[{"embeddable":true,"href":"https:\/\/nature-et-developpement.com\/macabane-materiaux\/wp-json\/"}],"wp:attachment":[{"href":"https:\/\/nature-et-developpement.com\/macabane-materiaux\/wp-json\/wp\/v2\/media?parent=5141"}],"wp:term":[{"taxonomy":"product_brand","embeddable":true,"href":"https:\/\/nature-et-developpement.com\/macabane-materiaux\/wp-json\/wp\/v2\/product_brand?post=5141"},{"taxonomy":"product_cat","embeddable":true,"href":"https:\/\/nature-et-developpement.com\/macabane-materiaux\/wp-json\/wp\/v2\/product_cat?post=5141"},{"taxonomy":"product_tag","embeddable":true,"href":"https:\/\/nature-et-developpement.com\/macabane-materiaux\/wp-json\/wp\/v2\/product_tag?post=5141"}],"curies":[{"name":"wp","href":"https:\/\/api.w.org\/{rel}","templated":true}]}}