{"id":5736,"date":"2024-06-06T12:16:01","date_gmt":"2024-06-06T10:16:01","guid":{"rendered":"https:\/\/nature-et-developpement.com\/macabane-materiaux\/produit\/remblai-isolant-en-verre-cellulaire-misapor\/"},"modified":"2025-10-23T16:41:10","modified_gmt":"2025-10-23T14:41:10","slug":"remblai-isolant-sous-dalle-en-verre-cellulaire-misapor","status":"publish","type":"product","link":"https:\/\/nature-et-developpement.com\/macabane-materiaux\/produit\/remblai-isolant-sous-dalle-en-verre-cellulaire-misapor\/","title":{"rendered":"MISAPOR 10\/50 &#8211; Remblai isolant sous dalle en Verre cellulaire"},"content":{"rendered":"<h2>Un mat\u00e9riau aux multiples talents<\/h2>\n<h3>La r\u00e9novation du b\u00e2ti ancien avec MISAPOR<\/h3>\n<p>La de\u0301finition officielle de \u00ab\u00a0ba\u0302ti ancien\u00a0\u00bb concerne les ba\u0302timents construits avant 1948.<\/p>\n<p>Concre\u0300tement, il s&rsquo;agit d&rsquo;un ba\u0302timent constitue\u0301 de mate\u0301riaux naturels et peu transforme\u0301s.<\/p>\n<p>Dans de nombreuses re\u0301gions, ce type de ba\u0302timent se retrouve dans les villages, constitue\u0301 de murs en pierre e\u0301pais.<\/p>\n<p>Ces ba\u0302timents pre\u0301sentent de nombreux avantages. Ils sont ge\u0301ne\u0301ralement frais l&rsquo;e\u0301te\u0301 gra\u0302ce a\u0300 leur forte inertie (murs massifs) et posse\u0300dent des qualite\u0301s thermiques et hydriques naturelles.<\/p>\n<p>Mais ils peuvent avoir aussi leurs inconve\u0301nients. Notamment les proble\u0300mes d&rsquo;humidite\u0301 dans les murs, lie\u0301s a\u0300 la pluie ou a\u0300 l&rsquo;eau qui remonte du sol (remonte\u0301es capillaires).<\/p>\n<p>Ces pathologies ont tre\u0300s souvent pour origine le changement de destination de certaines pie\u0300ces (une cave qui devient une chambre par exemple), l&rsquo;agrandissement de surfaces vitre\u0301es ou l&rsquo;ajout d&rsquo;enduits e\u0301tanches sur des murs exte\u0301rieurs, car en ge\u0301ne\u0301ral, le ba\u0302ti ancien sait ge\u0301rer l&rsquo;humidite\u0301.<\/p>\n<h3><strong>La solution pour isoler le sol se nomme MISAPOR<\/strong><\/h3>\n<p>MISAPOR est un <strong>isolant de sol<\/strong> en granulat de verre cellulaire fabriqu\u00e9 \u00e0 partir de <strong>98% de bouteilles de verre recycl\u00e9es<\/strong>.<\/p>\n<p>En raison de son large \u00e9ventail de possibilit\u00e9s d&rsquo;application, le granulat de verre cellulaire offre un moyen extr\u00eamement simple de gagner en surface habitable et d&rsquo;assurer l&rsquo;<strong>isolation thermique<\/strong> de gros \u0153uvre \u00e0 la surface in\u00e9gale vis-\u00e0-vis du sol de <strong>fondation<\/strong>.<\/p>\n<p>MISAPOR fait office d&rsquo;<strong>isolation<\/strong>, couche de forme et de couche <strong>anticapillarit\u00e9<\/strong>, il remplace aussi l&rsquo;<strong>h\u00e9risson<\/strong> et il est le mat\u00e9riau\u00a0id\u00e9al pour les auto-constructeurs<\/p>\n<p>Lorsqu&rsquo;il s&rsquo;agit d&rsquo;assurer une isolation durable des fondations, de nombreuses raisons font que le verre cellulaire <strong>MISAPOR est le choix le plus pertinent<\/strong>.<\/p>\n<p>MISAPOR offre non seulement une <strong>isolation<\/strong> parfaite, mais stabilise aussi la surface de construction et convainc par sa performance \u00e9lev\u00e9e en mati\u00e8re de drainage.<\/p>\n<p>M\u00eame en termes de pose, l&rsquo;isolant en verre cellulaire tient le haut du pav\u00e9: une fondation compl\u00e8te pour une maison <strong>isol\u00e9e sous dalle<\/strong> avec MISAPOR sous radier permet d&rsquo;\u00e9conomiser jusqu&rsquo;\u00e0 3 jours de construction.<\/p>\n<p>L&rsquo;isolation thermique est l&rsquo;une des disciplines de pr\u00e9dilection du verre cellulaire MISAPOR.<\/p>\n<p>De la simple isolation p\u00e9rim\u00e9trique (sans tablier hors-gel\u00a0!) jusqu&rsquo;au syst\u00e8me complet pouvant \u00eatre employ\u00e9 \u00e0 l&rsquo;horizontale ou \u00e0 la verticale, MISAPOR <strong>garantit une construction exempte de ponts thermiques<\/strong>.<\/p>\n<h3>Nous nous arr\u00eatons pas en si bon chemin !<\/h3>\n<p>Utilis\u00e9 en tant que remblai l\u00e9ger et couche de drainage, MISAPOR convient aussi parfaitement \u00e0 la r\u00e9alisation de jardins urbains, ou pour les toitures v\u00e9g\u00e9talis\u00e9es.<\/p>\n<p>Le verre cellulaire n&rsquo;affecte quasiment pas la statique portante, se fa\u00e7onne ais\u00e9ment, ne br\u00fble pas et n&rsquo;est absolument pas toxique. Vos plantes s&rsquo;en r\u00e9jouiront, elles aussi.<\/p>\n<p>R\u00e9aliser une esplanade ou un paysage vallonn\u00e9, une all\u00e9e sinueuse ou un talus escarp\u00e9 de la mani\u00e8re la plus simple qu&rsquo;il soit: rien de plus facile avec MISAPOR!<\/p>\n<p><strong>MISAPOR ne roule pas<\/strong>. Il est possible de le fa\u00e7onner jusqu\u2019\u00e0 45 degr\u00e9s m\u00eame sans appui lat\u00e9ral.<\/p>\n<p>Les dalles de b\u00e9ton peuvent \u00eatre pos\u00e9es directement dans une couche de gravillons sur MISAPOR compact\u00e9.<\/p>\n<p>Par ailleurs, ces jolies pierres gris clair constituent \u00e9galement un rev\u00eatement tout \u00e0 fait esth\u00e9tique.<\/p>\n<h3>Les domaines d&rsquo;applications sont multiple:<\/h3>\n<ul>\n<li><strong>Isolation sous fondations<\/strong><\/li>\n<li><strong>Isolation verticale<\/strong><\/li>\n<li><strong>Maison passiveToitures<\/strong><\/li>\n<li><strong>Toitures v\u00e9g\u00e9talis\u00e9es<\/strong><\/li>\n<li>Piscines<\/li>\n<li>Terrain de sport<\/li>\n<li>Travaux publics<\/li>\n<li>Construction de canalisations<\/li>\n<li>Construction paysag\u00e8re<\/li>\n<li>Protection anti-chutes de pierre<\/li>\n<li>All\u00e9e, places et surfaces carrossables<\/li>\n<li>Drain-Bag<\/li>\n<li>Assainissements \/r\u00e9habilitation.<\/li>\n<\/ul>\n<h3>Et pour les plus sportifs !<\/h3>\n<p>MISAPOR joue en premi\u00e8re ligue \u2013 dans la construction de terrains de sport aussi.<\/p>\n<p>Terrains de football, courts de tennis ou patinoires.<\/p>\n<p>Ce remblai r\u00e9sistant \u00e0 la compression stabilise le terrain, dans la mesure o\u00f9 son faible poids ne repr\u00e9sente qu&rsquo;une charge minime pour le sol.<\/p>\n<p>Ce sont toutefois ses excellentes capacit\u00e9s de drainage qui font toute la diff\u00e9rence lors de la construction de terrains de sport. Le terrain s\u00e8che beaucoup plus rapidement apr\u00e8s une averse et redevient donc beaucoup plus vite praticable.<\/p>\n","protected":false},"excerpt":{"rendered":"<p>Un remblai premier choix pour isoler vos fondations et chape s\u00e8che en Fermacell sol.<\/p>\n<p>MISAPOR 10\/50 offre non seulement une isolation parfaite, mais stabilise aussi la surface de construction par sa performance \u00e9lev\u00e9e en mati\u00e8re de drainage.<\/p>\n","protected":false},"featured_media":1000000151746,"template":"","meta":[],"product_brand":[167],"product_cat":[80,73,2670,2671,82],"product_tag":[2057],"class_list":{"0":"post-5736","1":"product","2":"type-product","3":"status-publish","4":"has-post-thumbnail","6":"product_brand-misapor","7":"product_cat-construction","8":"product_cat-demande-de-devis-uniquement-sans-prix","9":"product_cat-isolation-exterieure","10":"product_cat-isolation-interieure","11":"product_cat-maconnerie","12":"product_tag-misapor","13":"product_shipping_class-impact-transport-important","15":"first","16":"instock","17":"featured","18":"taxable","19":"shipping-taxable","20":"purchasable","21":"product-type-variable"},"yoast_head":"<!-- This site is optimized with the Yoast SEO plugin v27.5 - https:\/\/yoast.com\/product\/yoast-seo-wordpress\/ -->\n<title>MISAPOR 10\/50 - Remblai isolant sous dalle en Verre cellulaire - Ma Cabane mat\u00e9riaux naturels<\/title>\n<meta name=\"description\" content=\"Isolez vos fondations et chape s\u00e8che en Fermacell sol. MISAPOR 10\/50 offre non seulement une isolation parfaite, mais stabilise aussi construction.\" \/>\n<meta name=\"robots\" content=\"noindex, nofollow\" \/>\n<meta property=\"og:locale\" content=\"fr_FR\" \/>\n<meta property=\"og:type\" content=\"article\" \/>\n<meta property=\"og:title\" content=\"MISAPOR 10\/50 - Remblai isolant sous dalle en Verre cellulaire - Ma Cabane mat\u00e9riaux naturels\" \/>\n<meta property=\"og:description\" content=\"Isolez vos fondations et chape s\u00e8che en Fermacell sol. MISAPOR 10\/50 offre non seulement une isolation parfaite, mais stabilise aussi construction.\" \/>\n<meta property=\"og:url\" content=\"https:\/\/nature-et-developpement.com\/macabane-materiaux\/produit\/remblai-isolant-sous-dalle-en-verre-cellulaire-misapor\/\" \/>\n<meta property=\"og:site_name\" content=\"Ma Cabane mat\u00e9riaux naturels\" \/>\n<meta property=\"article:modified_time\" content=\"2025-10-23T14:41:10+00:00\" \/>\n<meta name=\"twitter:card\" content=\"summary_large_image\" \/>\n<meta name=\"twitter:label1\" content=\"Dur\u00e9e de lecture estim\u00e9e\" \/>\n\t<meta name=\"twitter:data1\" content=\"4 minutes\" \/>\n<script type=\"application\/ld+json\" class=\"yoast-schema-graph\">{\"@context\":\"https:\\\/\\\/schema.org\",\"@graph\":[{\"@type\":\"WebPage\",\"@id\":\"https:\\\/\\\/nature-et-developpement.com\\\/macabane-materiaux\\\/produit\\\/remblai-isolant-sous-dalle-en-verre-cellulaire-misapor\\\/\",\"url\":\"https:\\\/\\\/nature-et-developpement.com\\\/macabane-materiaux\\\/produit\\\/remblai-isolant-sous-dalle-en-verre-cellulaire-misapor\\\/\",\"name\":\"MISAPOR 10\\\/50 - Remblai isolant sous dalle en Verre cellulaire - Ma Cabane mat\u00e9riaux naturels\",\"isPartOf\":{\"@id\":\"https:\\\/\\\/nature-et-developpement.com\\\/macabane-materiaux\\\/#website\"},\"primaryImageOfPage\":{\"@id\":\"https:\\\/\\\/nature-et-developpement.com\\\/macabane-materiaux\\\/produit\\\/remblai-isolant-sous-dalle-en-verre-cellulaire-misapor\\\/#primaryimage\"},\"image\":{\"@id\":\"https:\\\/\\\/nature-et-developpement.com\\\/macabane-materiaux\\\/produit\\\/remblai-isolant-sous-dalle-en-verre-cellulaire-misapor\\\/#primaryimage\"},\"thumbnailUrl\":\"https:\\\/\\\/nature-et-developpement.com\\\/macabane-materiaux\\\/wp-content\\\/uploads\\\/misapor-10-50.jpg\",\"datePublished\":\"2024-06-06T10:16:01+00:00\",\"dateModified\":\"2025-10-23T14:41:10+00:00\",\"description\":\"Isolez vos fondations et chape s\u00e8che en Fermacell sol. MISAPOR 10\\\/50 offre non seulement une isolation parfaite, mais stabilise aussi construction.\",\"breadcrumb\":{\"@id\":\"https:\\\/\\\/nature-et-developpement.com\\\/macabane-materiaux\\\/produit\\\/remblai-isolant-sous-dalle-en-verre-cellulaire-misapor\\\/#breadcrumb\"},\"inLanguage\":\"fr-FR\",\"potentialAction\":[{\"@type\":\"ReadAction\",\"target\":[\"https:\\\/\\\/nature-et-developpement.com\\\/macabane-materiaux\\\/produit\\\/remblai-isolant-sous-dalle-en-verre-cellulaire-misapor\\\/\"]}]},{\"@type\":\"ImageObject\",\"inLanguage\":\"fr-FR\",\"@id\":\"https:\\\/\\\/nature-et-developpement.com\\\/macabane-materiaux\\\/produit\\\/remblai-isolant-sous-dalle-en-verre-cellulaire-misapor\\\/#primaryimage\",\"url\":\"https:\\\/\\\/nature-et-developpement.com\\\/macabane-materiaux\\\/wp-content\\\/uploads\\\/misapor-10-50.jpg\",\"contentUrl\":\"https:\\\/\\\/nature-et-developpement.com\\\/macabane-materiaux\\\/wp-content\\\/uploads\\\/misapor-10-50.jpg\"},{\"@type\":\"BreadcrumbList\",\"@id\":\"https:\\\/\\\/nature-et-developpement.com\\\/macabane-materiaux\\\/produit\\\/remblai-isolant-sous-dalle-en-verre-cellulaire-misapor\\\/#breadcrumb\",\"itemListElement\":[{\"@type\":\"ListItem\",\"position\":1,\"name\":\"Accueil\",\"item\":\"https:\\\/\\\/nature-et-developpement.com\\\/macabane-materiaux\\\/\"},{\"@type\":\"ListItem\",\"position\":2,\"name\":\"Boutique\",\"item\":\"https:\\\/\\\/nature-et-developpement.com\\\/macabane-materiaux\\\/boutique\\\/\"},{\"@type\":\"ListItem\",\"position\":3,\"name\":\"Isolation et \u00e9tanch\u00e9it\u00e9\",\"item\":\"https:\\\/\\\/nature-et-developpement.com\\\/macabane-materiaux\\\/produits\\\/isolation-et-etancheite\\\/\"},{\"@type\":\"ListItem\",\"position\":4,\"name\":\"Isolation ext\u00e9rieure\",\"item\":\"https:\\\/\\\/nature-et-developpement.com\\\/macabane-materiaux\\\/produits\\\/isolation-et-etancheite\\\/isolation-exterieure\\\/\"},{\"@type\":\"ListItem\",\"position\":5,\"name\":\"MISAPOR 10\\\/50 &#8211; Remblai isolant sous dalle en Verre cellulaire\"}]},{\"@type\":\"WebSite\",\"@id\":\"https:\\\/\\\/nature-et-developpement.com\\\/macabane-materiaux\\\/#website\",\"url\":\"https:\\\/\\\/nature-et-developpement.com\\\/macabane-materiaux\\\/\",\"name\":\"Ma Cabane mat\u00e9riaux naturels\",\"description\":\"Ma Cabane est membre du groupement Nature &amp; D\u00e9veloppement\",\"potentialAction\":[{\"@type\":\"SearchAction\",\"target\":{\"@type\":\"EntryPoint\",\"urlTemplate\":\"https:\\\/\\\/nature-et-developpement.com\\\/macabane-materiaux\\\/?s={search_term_string}\"},\"query-input\":{\"@type\":\"PropertyValueSpecification\",\"valueRequired\":true,\"valueName\":\"search_term_string\"}}],\"inLanguage\":\"fr-FR\"}]}<\/script>\n<!-- \/ Yoast SEO plugin. -->","yoast_head_json":{"title":"MISAPOR 10\/50 - Remblai isolant sous dalle en Verre cellulaire - Ma Cabane mat\u00e9riaux naturels","description":"Isolez vos fondations et chape s\u00e8che en Fermacell sol. MISAPOR 10\/50 offre non seulement une isolation parfaite, mais stabilise aussi construction.","robots":{"index":"noindex","follow":"nofollow"},"og_locale":"fr_FR","og_type":"article","og_title":"MISAPOR 10\/50 - Remblai isolant sous dalle en Verre cellulaire - Ma Cabane mat\u00e9riaux naturels","og_description":"Isolez vos fondations et chape s\u00e8che en Fermacell sol. MISAPOR 10\/50 offre non seulement une isolation parfaite, mais stabilise aussi construction.","og_url":"https:\/\/nature-et-developpement.com\/macabane-materiaux\/produit\/remblai-isolant-sous-dalle-en-verre-cellulaire-misapor\/","og_site_name":"Ma Cabane mat\u00e9riaux naturels","article_modified_time":"2025-10-23T14:41:10+00:00","twitter_card":"summary_large_image","twitter_misc":{"Dur\u00e9e de lecture estim\u00e9e":"4 minutes"},"schema":{"@context":"https:\/\/schema.org","@graph":[{"@type":"WebPage","@id":"https:\/\/nature-et-developpement.com\/macabane-materiaux\/produit\/remblai-isolant-sous-dalle-en-verre-cellulaire-misapor\/","url":"https:\/\/nature-et-developpement.com\/macabane-materiaux\/produit\/remblai-isolant-sous-dalle-en-verre-cellulaire-misapor\/","name":"MISAPOR 10\/50 - Remblai isolant sous dalle en Verre cellulaire - Ma Cabane mat\u00e9riaux naturels","isPartOf":{"@id":"https:\/\/nature-et-developpement.com\/macabane-materiaux\/#website"},"primaryImageOfPage":{"@id":"https:\/\/nature-et-developpement.com\/macabane-materiaux\/produit\/remblai-isolant-sous-dalle-en-verre-cellulaire-misapor\/#primaryimage"},"image":{"@id":"https:\/\/nature-et-developpement.com\/macabane-materiaux\/produit\/remblai-isolant-sous-dalle-en-verre-cellulaire-misapor\/#primaryimage"},"thumbnailUrl":"https:\/\/nature-et-developpement.com\/macabane-materiaux\/wp-content\/uploads\/misapor-10-50.jpg","datePublished":"2024-06-06T10:16:01+00:00","dateModified":"2025-10-23T14:41:10+00:00","description":"Isolez vos fondations et chape s\u00e8che en Fermacell sol. MISAPOR 10\/50 offre non seulement une isolation parfaite, mais stabilise aussi construction.","breadcrumb":{"@id":"https:\/\/nature-et-developpement.com\/macabane-materiaux\/produit\/remblai-isolant-sous-dalle-en-verre-cellulaire-misapor\/#breadcrumb"},"inLanguage":"fr-FR","potentialAction":[{"@type":"ReadAction","target":["https:\/\/nature-et-developpement.com\/macabane-materiaux\/produit\/remblai-isolant-sous-dalle-en-verre-cellulaire-misapor\/"]}]},{"@type":"ImageObject","inLanguage":"fr-FR","@id":"https:\/\/nature-et-developpement.com\/macabane-materiaux\/produit\/remblai-isolant-sous-dalle-en-verre-cellulaire-misapor\/#primaryimage","url":"https:\/\/nature-et-developpement.com\/macabane-materiaux\/wp-content\/uploads\/misapor-10-50.jpg","contentUrl":"https:\/\/nature-et-developpement.com\/macabane-materiaux\/wp-content\/uploads\/misapor-10-50.jpg"},{"@type":"BreadcrumbList","@id":"https:\/\/nature-et-developpement.com\/macabane-materiaux\/produit\/remblai-isolant-sous-dalle-en-verre-cellulaire-misapor\/#breadcrumb","itemListElement":[{"@type":"ListItem","position":1,"name":"Accueil","item":"https:\/\/nature-et-developpement.com\/macabane-materiaux\/"},{"@type":"ListItem","position":2,"name":"Boutique","item":"https:\/\/nature-et-developpement.com\/macabane-materiaux\/boutique\/"},{"@type":"ListItem","position":3,"name":"Isolation et \u00e9tanch\u00e9it\u00e9","item":"https:\/\/nature-et-developpement.com\/macabane-materiaux\/produits\/isolation-et-etancheite\/"},{"@type":"ListItem","position":4,"name":"Isolation ext\u00e9rieure","item":"https:\/\/nature-et-developpement.com\/macabane-materiaux\/produits\/isolation-et-etancheite\/isolation-exterieure\/"},{"@type":"ListItem","position":5,"name":"MISAPOR 10\/50 &#8211; Remblai isolant sous dalle en Verre cellulaire"}]},{"@type":"WebSite","@id":"https:\/\/nature-et-developpement.com\/macabane-materiaux\/#website","url":"https:\/\/nature-et-developpement.com\/macabane-materiaux\/","name":"Ma Cabane mat\u00e9riaux naturels","description":"Ma Cabane est membre du groupement Nature &amp; D\u00e9veloppement","potentialAction":[{"@type":"SearchAction","target":{"@type":"EntryPoint","urlTemplate":"https:\/\/nature-et-developpement.com\/macabane-materiaux\/?s={search_term_string}"},"query-input":{"@type":"PropertyValueSpecification","valueRequired":true,"valueName":"search_term_string"}}],"inLanguage":"fr-FR"}]}},"distributor_meta":false,"distributor_terms":false,"distributor_media":false,"distributor_original_site_name":"Ma Cabane mat\u00e9riaux naturels","distributor_original_site_url":"https:\/\/nature-et-developpement.com\/macabane-materiaux","push-errors":false,"_links":{"self":[{"href":"https:\/\/nature-et-developpement.com\/macabane-materiaux\/wp-json\/wp\/v2\/product\/5736","targetHints":{"allow":["GET"]}}],"collection":[{"href":"https:\/\/nature-et-developpement.com\/macabane-materiaux\/wp-json\/wp\/v2\/product"}],"about":[{"href":"https:\/\/nature-et-developpement.com\/macabane-materiaux\/wp-json\/wp\/v2\/types\/product"}],"wp:featuredmedia":[{"embeddable":true,"href":"https:\/\/nature-et-developpement.com\/macabane-materiaux\/wp-json\/"}],"wp:attachment":[{"href":"https:\/\/nature-et-developpement.com\/macabane-materiaux\/wp-json\/wp\/v2\/media?parent=5736"}],"wp:term":[{"taxonomy":"product_brand","embeddable":true,"href":"https:\/\/nature-et-developpement.com\/macabane-materiaux\/wp-json\/wp\/v2\/product_brand?post=5736"},{"taxonomy":"product_cat","embeddable":true,"href":"https:\/\/nature-et-developpement.com\/macabane-materiaux\/wp-json\/wp\/v2\/product_cat?post=5736"},{"taxonomy":"product_tag","embeddable":true,"href":"https:\/\/nature-et-developpement.com\/macabane-materiaux\/wp-json\/wp\/v2\/product_tag?post=5736"}],"curies":[{"name":"wp","href":"https:\/\/api.w.org\/{rel}","templated":true}]}}