{"id":754,"date":"2025-03-18T10:12:35","date_gmt":"2025-03-18T09:12:35","guid":{"rendered":"https:\/\/nature-et-developpement.com\/macabane-materiaux\/produit\/poutre-en-i-et-lamelle-colle-steico-joist-et-ultralam\/"},"modified":"2025-10-23T15:25:54","modified_gmt":"2025-10-23T13:25:54","slug":"poutre-en-i-et-lamelle-colle-steico-joist-et-ultralam","status":"publish","type":"product","link":"https:\/\/nature-et-developpement.com\/macabane-materiaux\/produit\/poutre-en-i-et-lamelle-colle-steico-joist-et-ultralam\/","title":{"rendered":"STEICO Joist et Ultralam &#8211; Poutre en I et lamell\u00e9-coll\u00e9"},"content":{"rendered":"<h2>Poutre en I et lamell\u00e9-coll\u00e9 STEICO Joist et Ultralam<\/h2>\n<p class=\"bodytext\">Dans une poutre en I, le bois massif va \u00eatre utilis\u00e9 l\u00e0 o\u00f9 il est le plus efficace, c\u2019est-\u00e0-dire en haut et en bas de la poutre. L\u2019\u00e2me de la poutre est constitu\u00e9e du panneau d\u00e9riv\u00e9 du bois, il assure la liaison entre la pi\u00e8ce du haut et celle du bas et a une plus grande r\u00e9sistance au cisaillement que le bois massif, de ce fait on peut obtenir des poutres tr\u00e8s r\u00e9sistantes sur des longues port\u00e9e jusqu&rsquo;a 13,5m et ais\u00e9ment tranportables par leur l\u00e9g\u00e8ret\u00e9 qui ne n\u00e9cessitent pas de mat\u00e9riel de levage important sur le chantier.<\/p>\n<div class=\"csc-header\">\n<h3><span style=\"color: #218e53\">STEICO obtient le DTA du CSTB pour ses poutres en I STEICOjoist<\/span><\/h3>\n<\/div>\n<h4>STEICO est le seul fabricant de poutres en I sur le march\u00e9 fran\u00e7ais \u00e0 d\u00e9tenir un Document Technique d\u2019Application (DTA). Le DTA s\u2019applique aux poutres en I STEICOjoist mises en oeuvre en toitures et en planchers.<\/h4>\n<p><b>Document Technique d\u2019Application (DTA)<\/b><br \/>\nParu le 9 mai 2019 et valable jusqu\u2019au 31 janvier 2022, le DTA N\u00b03.1\/19-980_V1 est d\u00e9livr\u00e9 par le Centre Scientifique et Technique du B\u00e2timent (CSTB). Cr\u00e9\u00e9 \u00e0 l\u2019initiative de l\u2019\u00c9tat, le DTA consiste en une analyse des capacit\u00e9s d\u2019un produit ou proc\u00e9d\u00e9 de construction innovant \u00e0 \u00eatre apte \u00e0 l\u2019usage et durable. La demande de DTA est une d\u00e9marche volontaire de STEICO pour pr\u00e9ciser les domaines d\u2019emploi et sp\u00e9cificit\u00e9s<br \/>\nd\u2019application de ses poutres sur le march\u00e9 fran\u00e7ais.<\/p>\n<p><b>Poutres en I STEICOjoist<\/b><br \/>\nLes poutres en I STEICOjoist sont constitu\u00e9es d\u2019une \u00e2me en fibre dure et de membrures en lamibois STEICO LVL. Elles allient l\u00e9g\u00e8ret\u00e9, finesse et une grande performance m\u00e9canique. Elles sont id\u00e9ales pour la\u00a0 construction d\u2019\u00e9l\u00e9ments de grande port\u00e9e. STEICOjoist est compatible avec le lamibois STEICO LVL. L\u2019association des deux produits permet d\u2019\u00e9riger des syst\u00e8mes constructifs \u00e9cologiques et performants.<br \/>\nSTEICOjoist et STEICO LVL sont disponibles dans une grande vari\u00e9t\u00e9 de formats. Ils sont tous deux stock\u00e9s dans les usines STEICO afin d\u2019assurer des d\u00e9lais de livraison rapides.<br \/>\nSTEICO est l\u2019unique fabricant de poutres en I du march\u00e9 fran\u00e7ais \u00e0 d\u00e9tenir un DTA. Cette prestation s\u2019inscrit dans la volont\u00e9 de l\u2019entreprise de garantir \u00e0 ses clients un maximum de qualit\u00e9 et de s\u00e9curit\u00e9.<\/p>\n<p class=\"bodytext\">\u00ab\u00a0La nature nous donne l&rsquo;exemple avec ses constructions d\u00e9licates d&rsquo;une grande solidit\u00e9. Les poutres en I sont des \u00e9l\u00e9ments structurels optimis\u00e9s. Nous n&rsquo;utilisons que ce qui est n\u00e9cessaire et ce dont nous avons besoin pour le r\u00e9sultat souhait\u00e9: des caract\u00e9ristiques m\u00e9caniques identiques pour un poids r\u00e9duit et une performance \u00e9nerg\u00e9tique \u00e9lev\u00e9e.\u00a0\u00bb<\/p>\n<ul>\n<li>Solives de planchers pour tous type de construction<\/li>\n<li>Chevrons pour tous type de construction<\/li>\n<li>Poteaux d&rsquo;ossature en MOB<\/li>\n<\/ul>\n","protected":false},"excerpt":{"rendered":"<p>Dans une poutre en I, le bois massif va \u00eatre utilis\u00e9 l\u00e0 o\u00f9 il est le plus efficace, \u00e0 la clefs robustesse et performance.<\/p>\n<p><span style=\"text-decoration: underline;color: #218e53\"><strong>STEICO obtient le DTA du CSTB pour ses poutres en I STEICOjoist<\/strong><\/span><\/p>\n","protected":false},"featured_media":1000000166583,"template":"","meta":[],"product_brand":[183],"product_cat":[81,73],"product_tag":[1389],"class_list":{"0":"post-754","1":"product","2":"type-product","3":"status-publish","4":"has-post-thumbnail","6":"product_brand-steico","7":"product_cat-construction-maison-bois","8":"product_cat-demande-de-devis-uniquement-sans-prix","9":"product_tag-technique-construction","11":"first","12":"instock","13":"taxable","14":"shipping-taxable","15":"purchasable","16":"product-type-variable"},"yoast_head":"<!-- This site is optimized with the Yoast SEO plugin v27.5 - https:\/\/yoast.com\/product\/yoast-seo-wordpress\/ -->\n<title>STEICO Joist et Ultralam - Poutre en I et lamell\u00e9-coll\u00e9 - Ma Cabane mat\u00e9riaux naturels<\/title>\n<meta name=\"description\" content=\"Dans une poutre en I, le bois massif va \u00eatre utilis\u00e9 l\u00e0 o\u00f9 il est le plus efficace, \u00e0 la clefs robustesse et performance.  STEICO obtient le DTA du CSTB pour ses poutres en I STEICOjoist\" \/>\n<meta name=\"robots\" content=\"noindex, nofollow\" \/>\n<meta property=\"og:locale\" content=\"fr_FR\" \/>\n<meta property=\"og:type\" content=\"article\" \/>\n<meta property=\"og:title\" content=\"STEICO Joist et Ultralam - Poutre en I et lamell\u00e9-coll\u00e9 - Ma Cabane mat\u00e9riaux naturels\" \/>\n<meta property=\"og:description\" content=\"Dans une poutre en I, le bois massif va \u00eatre utilis\u00e9 l\u00e0 o\u00f9 il est le plus efficace, \u00e0 la clefs robustesse et performance.  STEICO obtient le DTA du CSTB pour ses poutres en I STEICOjoist\" \/>\n<meta property=\"og:url\" content=\"https:\/\/nature-et-developpement.com\/macabane-materiaux\/produit\/poutre-en-i-et-lamelle-colle-steico-joist-et-ultralam\/\" \/>\n<meta property=\"og:site_name\" content=\"Ma Cabane mat\u00e9riaux naturels\" \/>\n<meta property=\"article:modified_time\" content=\"2025-10-23T13:25:54+00:00\" \/>\n<meta name=\"twitter:card\" content=\"summary_large_image\" \/>\n<meta name=\"twitter:label1\" content=\"Dur\u00e9e de lecture estim\u00e9e\" \/>\n\t<meta name=\"twitter:data1\" content=\"2 minutes\" \/>\n<script type=\"application\/ld+json\" class=\"yoast-schema-graph\">{\"@context\":\"https:\\\/\\\/schema.org\",\"@graph\":[{\"@type\":\"WebPage\",\"@id\":\"https:\\\/\\\/nature-et-developpement.com\\\/macabane-materiaux\\\/produit\\\/poutre-en-i-et-lamelle-colle-steico-joist-et-ultralam\\\/\",\"url\":\"https:\\\/\\\/nature-et-developpement.com\\\/macabane-materiaux\\\/produit\\\/poutre-en-i-et-lamelle-colle-steico-joist-et-ultralam\\\/\",\"name\":\"STEICO Joist et Ultralam - Poutre en I et lamell\u00e9-coll\u00e9 - Ma Cabane mat\u00e9riaux naturels\",\"isPartOf\":{\"@id\":\"https:\\\/\\\/nature-et-developpement.com\\\/macabane-materiaux\\\/#website\"},\"primaryImageOfPage\":{\"@id\":\"https:\\\/\\\/nature-et-developpement.com\\\/macabane-materiaux\\\/produit\\\/poutre-en-i-et-lamelle-colle-steico-joist-et-ultralam\\\/#primaryimage\"},\"image\":{\"@id\":\"https:\\\/\\\/nature-et-developpement.com\\\/macabane-materiaux\\\/produit\\\/poutre-en-i-et-lamelle-colle-steico-joist-et-ultralam\\\/#primaryimage\"},\"thumbnailUrl\":\"https:\\\/\\\/nature-et-developpement.com\\\/macabane-materiaux\\\/wp-content\\\/uploads\\\/Poutre-en-I-STEICO-Joist.jpg\",\"datePublished\":\"2025-03-18T09:12:35+00:00\",\"dateModified\":\"2025-10-23T13:25:54+00:00\",\"description\":\"Dans une poutre en I, le bois massif va \u00eatre utilis\u00e9 l\u00e0 o\u00f9 il est le plus efficace, \u00e0 la clefs robustesse et performance. STEICO obtient le DTA du CSTB pour ses poutres en I STEICOjoist\",\"breadcrumb\":{\"@id\":\"https:\\\/\\\/nature-et-developpement.com\\\/macabane-materiaux\\\/produit\\\/poutre-en-i-et-lamelle-colle-steico-joist-et-ultralam\\\/#breadcrumb\"},\"inLanguage\":\"fr-FR\",\"potentialAction\":[{\"@type\":\"ReadAction\",\"target\":[\"https:\\\/\\\/nature-et-developpement.com\\\/macabane-materiaux\\\/produit\\\/poutre-en-i-et-lamelle-colle-steico-joist-et-ultralam\\\/\"]}]},{\"@type\":\"ImageObject\",\"inLanguage\":\"fr-FR\",\"@id\":\"https:\\\/\\\/nature-et-developpement.com\\\/macabane-materiaux\\\/produit\\\/poutre-en-i-et-lamelle-colle-steico-joist-et-ultralam\\\/#primaryimage\",\"url\":\"https:\\\/\\\/nature-et-developpement.com\\\/macabane-materiaux\\\/wp-content\\\/uploads\\\/Poutre-en-I-STEICO-Joist.jpg\",\"contentUrl\":\"https:\\\/\\\/nature-et-developpement.com\\\/macabane-materiaux\\\/wp-content\\\/uploads\\\/Poutre-en-I-STEICO-Joist.jpg\"},{\"@type\":\"BreadcrumbList\",\"@id\":\"https:\\\/\\\/nature-et-developpement.com\\\/macabane-materiaux\\\/produit\\\/poutre-en-i-et-lamelle-colle-steico-joist-et-ultralam\\\/#breadcrumb\",\"itemListElement\":[{\"@type\":\"ListItem\",\"position\":1,\"name\":\"Accueil\",\"item\":\"https:\\\/\\\/nature-et-developpement.com\\\/macabane-materiaux\\\/\"},{\"@type\":\"ListItem\",\"position\":2,\"name\":\"Boutique\",\"item\":\"https:\\\/\\\/nature-et-developpement.com\\\/macabane-materiaux\\\/boutique\\\/\"},{\"@type\":\"ListItem\",\"position\":3,\"name\":\"Construction, cloison et fen\u00eatres\",\"item\":\"https:\\\/\\\/nature-et-developpement.com\\\/macabane-materiaux\\\/produits\\\/construction\\\/\"},{\"@type\":\"ListItem\",\"position\":4,\"name\":\"Construction bois\",\"item\":\"https:\\\/\\\/nature-et-developpement.com\\\/macabane-materiaux\\\/produits\\\/construction\\\/construction-maison-bois\\\/\"},{\"@type\":\"ListItem\",\"position\":5,\"name\":\"STEICO Joist et Ultralam &#8211; Poutre en I et lamell\u00e9-coll\u00e9\"}]},{\"@type\":\"WebSite\",\"@id\":\"https:\\\/\\\/nature-et-developpement.com\\\/macabane-materiaux\\\/#website\",\"url\":\"https:\\\/\\\/nature-et-developpement.com\\\/macabane-materiaux\\\/\",\"name\":\"Ma Cabane mat\u00e9riaux naturels\",\"description\":\"Ma Cabane est membre du groupement Nature &amp; D\u00e9veloppement\",\"potentialAction\":[{\"@type\":\"SearchAction\",\"target\":{\"@type\":\"EntryPoint\",\"urlTemplate\":\"https:\\\/\\\/nature-et-developpement.com\\\/macabane-materiaux\\\/?s={search_term_string}\"},\"query-input\":{\"@type\":\"PropertyValueSpecification\",\"valueRequired\":true,\"valueName\":\"search_term_string\"}}],\"inLanguage\":\"fr-FR\"}]}<\/script>\n<!-- \/ Yoast SEO plugin. -->","yoast_head_json":{"title":"STEICO Joist et Ultralam - Poutre en I et lamell\u00e9-coll\u00e9 - Ma Cabane mat\u00e9riaux naturels","description":"Dans une poutre en I, le bois massif va \u00eatre utilis\u00e9 l\u00e0 o\u00f9 il est le plus efficace, \u00e0 la clefs robustesse et performance.  STEICO obtient le DTA du CSTB pour ses poutres en I STEICOjoist","robots":{"index":"noindex","follow":"nofollow"},"og_locale":"fr_FR","og_type":"article","og_title":"STEICO Joist et Ultralam - Poutre en I et lamell\u00e9-coll\u00e9 - Ma Cabane mat\u00e9riaux naturels","og_description":"Dans une poutre en I, le bois massif va \u00eatre utilis\u00e9 l\u00e0 o\u00f9 il est le plus efficace, \u00e0 la clefs robustesse et performance.  STEICO obtient le DTA du CSTB pour ses poutres en I STEICOjoist","og_url":"https:\/\/nature-et-developpement.com\/macabane-materiaux\/produit\/poutre-en-i-et-lamelle-colle-steico-joist-et-ultralam\/","og_site_name":"Ma Cabane mat\u00e9riaux naturels","article_modified_time":"2025-10-23T13:25:54+00:00","twitter_card":"summary_large_image","twitter_misc":{"Dur\u00e9e de lecture estim\u00e9e":"2 minutes"},"schema":{"@context":"https:\/\/schema.org","@graph":[{"@type":"WebPage","@id":"https:\/\/nature-et-developpement.com\/macabane-materiaux\/produit\/poutre-en-i-et-lamelle-colle-steico-joist-et-ultralam\/","url":"https:\/\/nature-et-developpement.com\/macabane-materiaux\/produit\/poutre-en-i-et-lamelle-colle-steico-joist-et-ultralam\/","name":"STEICO Joist et Ultralam - Poutre en I et lamell\u00e9-coll\u00e9 - Ma Cabane mat\u00e9riaux naturels","isPartOf":{"@id":"https:\/\/nature-et-developpement.com\/macabane-materiaux\/#website"},"primaryImageOfPage":{"@id":"https:\/\/nature-et-developpement.com\/macabane-materiaux\/produit\/poutre-en-i-et-lamelle-colle-steico-joist-et-ultralam\/#primaryimage"},"image":{"@id":"https:\/\/nature-et-developpement.com\/macabane-materiaux\/produit\/poutre-en-i-et-lamelle-colle-steico-joist-et-ultralam\/#primaryimage"},"thumbnailUrl":"https:\/\/nature-et-developpement.com\/macabane-materiaux\/wp-content\/uploads\/Poutre-en-I-STEICO-Joist.jpg","datePublished":"2025-03-18T09:12:35+00:00","dateModified":"2025-10-23T13:25:54+00:00","description":"Dans une poutre en I, le bois massif va \u00eatre utilis\u00e9 l\u00e0 o\u00f9 il est le plus efficace, \u00e0 la clefs robustesse et performance. STEICO obtient le DTA du CSTB pour ses poutres en I STEICOjoist","breadcrumb":{"@id":"https:\/\/nature-et-developpement.com\/macabane-materiaux\/produit\/poutre-en-i-et-lamelle-colle-steico-joist-et-ultralam\/#breadcrumb"},"inLanguage":"fr-FR","potentialAction":[{"@type":"ReadAction","target":["https:\/\/nature-et-developpement.com\/macabane-materiaux\/produit\/poutre-en-i-et-lamelle-colle-steico-joist-et-ultralam\/"]}]},{"@type":"ImageObject","inLanguage":"fr-FR","@id":"https:\/\/nature-et-developpement.com\/macabane-materiaux\/produit\/poutre-en-i-et-lamelle-colle-steico-joist-et-ultralam\/#primaryimage","url":"https:\/\/nature-et-developpement.com\/macabane-materiaux\/wp-content\/uploads\/Poutre-en-I-STEICO-Joist.jpg","contentUrl":"https:\/\/nature-et-developpement.com\/macabane-materiaux\/wp-content\/uploads\/Poutre-en-I-STEICO-Joist.jpg"},{"@type":"BreadcrumbList","@id":"https:\/\/nature-et-developpement.com\/macabane-materiaux\/produit\/poutre-en-i-et-lamelle-colle-steico-joist-et-ultralam\/#breadcrumb","itemListElement":[{"@type":"ListItem","position":1,"name":"Accueil","item":"https:\/\/nature-et-developpement.com\/macabane-materiaux\/"},{"@type":"ListItem","position":2,"name":"Boutique","item":"https:\/\/nature-et-developpement.com\/macabane-materiaux\/boutique\/"},{"@type":"ListItem","position":3,"name":"Construction, cloison et fen\u00eatres","item":"https:\/\/nature-et-developpement.com\/macabane-materiaux\/produits\/construction\/"},{"@type":"ListItem","position":4,"name":"Construction bois","item":"https:\/\/nature-et-developpement.com\/macabane-materiaux\/produits\/construction\/construction-maison-bois\/"},{"@type":"ListItem","position":5,"name":"STEICO Joist et Ultralam &#8211; Poutre en I et lamell\u00e9-coll\u00e9"}]},{"@type":"WebSite","@id":"https:\/\/nature-et-developpement.com\/macabane-materiaux\/#website","url":"https:\/\/nature-et-developpement.com\/macabane-materiaux\/","name":"Ma Cabane mat\u00e9riaux naturels","description":"Ma Cabane est membre du groupement Nature &amp; D\u00e9veloppement","potentialAction":[{"@type":"SearchAction","target":{"@type":"EntryPoint","urlTemplate":"https:\/\/nature-et-developpement.com\/macabane-materiaux\/?s={search_term_string}"},"query-input":{"@type":"PropertyValueSpecification","valueRequired":true,"valueName":"search_term_string"}}],"inLanguage":"fr-FR"}]}},"distributor_meta":false,"distributor_terms":false,"distributor_media":false,"distributor_original_site_name":"Ma Cabane mat\u00e9riaux naturels","distributor_original_site_url":"https:\/\/nature-et-developpement.com\/macabane-materiaux","push-errors":false,"_links":{"self":[{"href":"https:\/\/nature-et-developpement.com\/macabane-materiaux\/wp-json\/wp\/v2\/product\/754","targetHints":{"allow":["GET"]}}],"collection":[{"href":"https:\/\/nature-et-developpement.com\/macabane-materiaux\/wp-json\/wp\/v2\/product"}],"about":[{"href":"https:\/\/nature-et-developpement.com\/macabane-materiaux\/wp-json\/wp\/v2\/types\/product"}],"wp:featuredmedia":[{"embeddable":true,"href":"https:\/\/nature-et-developpement.com\/macabane-materiaux\/wp-json\/"}],"wp:attachment":[{"href":"https:\/\/nature-et-developpement.com\/macabane-materiaux\/wp-json\/wp\/v2\/media?parent=754"}],"wp:term":[{"taxonomy":"product_brand","embeddable":true,"href":"https:\/\/nature-et-developpement.com\/macabane-materiaux\/wp-json\/wp\/v2\/product_brand?post=754"},{"taxonomy":"product_cat","embeddable":true,"href":"https:\/\/nature-et-developpement.com\/macabane-materiaux\/wp-json\/wp\/v2\/product_cat?post=754"},{"taxonomy":"product_tag","embeddable":true,"href":"https:\/\/nature-et-developpement.com\/macabane-materiaux\/wp-json\/wp\/v2\/product_tag?post=754"}],"curies":[{"name":"wp","href":"https:\/\/api.w.org\/{rel}","templated":true}]}}