{"id":11815,"date":"2019-01-01T00:00:00","date_gmt":"2018-12-31T23:00:00","guid":{"rendered":"https:\/\/nature-et-developpement.com\/mndl\/produit\/peinture-pour-magnet-gris-linea-art-work\/"},"modified":"2025-06-13T09:41:11","modified_gmt":"2025-06-13T07:41:11","slug":"linea-art-work-peinture-magnet","status":"publish","type":"product","link":"https:\/\/nature-et-developpement.com\/mndl\/produit\/linea-art-work-peinture-magnet\/","title":{"rendered":"Peinture magn\u00e9tique grise LINEA ART WORK de Natura"},"content":{"rendered":"<h2>Peignez et aimantez&#8230;<\/h2>\n<p>Le primaire magn\u00e9tique Lin\u00e9a\u00a0est id\u00e9al\u00a0sur les panneaux d\u2019affichage, les tableaux d\u2019\u00e9cole, les chambres d\u2019enfants, bureau et cuisines\u2026<\/p>\n<p>Il permet d\u2019afficher photos, dessins, papiers au mur au moyen de petits aimants.<\/p>\n<p>De couleur grise, il peux s\u2019utiliser tel quel ou bien \u00eatre recouvert au choix par n\u2019importe quel type de peinture sans perte d\u2019aimantation.<\/p>\n<p>La peinture primaire magn\u00e9tique se pr\u00e9sente sous la forme d\u2019un\u00a0bidon de 0.5 litre et couvre environ\u00a03 m\u00b2.<\/p>\n<p>C\u2019est une peinture naturelle \u00e0 l\u2019eau \u00e0 base de mati\u00e8res premi\u00e8res renouvelables (huiles v\u00e9g\u00e9tale, cas\u00e9\u00efne, eau\u2026) et charges m\u00e9talliques non toxiques.<\/p>\n<p>Ne d\u00e9gage aucun\u00a0COV de synth\u00e8se et ne contient pas de d\u00e9riv\u00e9 de p\u00e9trole.<\/p>\n<p>Lin\u00e9a Artwork magn\u00e9tique s\u2019utilise sur tous supports : placo, pl\u00e2tre, ciment, bois, anciennes peintures sauf sur supports condensants (plastiques, radiateurs,\u2026) et en plein soleil.<\/p>\n<p>Pr\u00e9parez le support en le lessivant et en le d\u00e9poussi\u00e9rant avec \u00e9ventuellement un l\u00e9ger pon\u00e7age pour am\u00e9liorer\u00a0l\u2019adh\u00e9rence.<\/p>\n<p>La peinture Lin\u00e9a Magn\u00e9tique Natura s\u00e8che en 2 heures et est recouvrable apr\u00e8s 12 h. Pour une meilleure aimantation, vous pouvez passer 2 couches.<\/p>\n","protected":false},"excerpt":{"rendered":"<p>Primaire r\u00e9ceptif \u00e0 l&rsquo;aimantation \u00e0 base d&rsquo;\u00e9mulsion d&rsquo;huile v\u00e9g\u00e9tale naturelle et de charges m\u00e9talliques non toxiques.<\/p>\n<p>Il peut s\u2019utiliser tel quel, couleur gris\u00a0mat, ou bien \u00eatre recouvert au choix par\u00a0les peinture \u00e0 tableau \u00ab\u00a0LINEA ART WORK Peinture \u00e0 Tableau MAT\u00a0\u00bb \u00a0sans perte d\u2019aimantation.<\/p>\n","protected":false},"featured_media":1000000167171,"template":"","meta":[],"product_brand":[2748],"product_cat":[47,100],"product_tag":[4054],"class_list":{"0":"post-11815","1":"product","2":"type-product","3":"status-publish","4":"has-post-thumbnail","6":"product_brand-natura","7":"product_cat-peinture-et-enduit","8":"product_cat-peinture-ecologique","9":"product_tag-decoration-interieure","10":"product_shipping_class-peintures-accessoires-peintures","12":"first","13":"instock","14":"taxable","15":"shipping-taxable","16":"purchasable","17":"product-type-variable"},"yoast_head":"<!-- This site is optimized with the Yoast SEO plugin v27.5 - https:\/\/yoast.com\/product\/yoast-seo-wordpress\/ -->\n<title>Peinture magn\u00e9tique grise LINEA ART WORK de Natura<\/title>\n<meta name=\"description\" content=\"Primaire r\u00e9ceptif \u00e0 l&#039;aimantation \u00e0 base d&#039;\u00e9mulsion d&#039;huile v\u00e9g\u00e9tale naturelle et de charges m\u00e9talliques non toxiques.  Il peut s\u2019utiliser tel quel, couleur gris\u00a0mat, ou bien \u00eatre recouvert au choix par\u00a0les peinture \u00e0 tableau &quot;LINEA ART WORK Peinture \u00e0 Tableau MAT&quot; \u00a0sans perte d\u2019aimantation.\" \/>\n<meta name=\"robots\" content=\"noindex, follow\" \/>\n<meta property=\"og:locale\" content=\"fr_FR\" \/>\n<meta property=\"og:type\" content=\"article\" \/>\n<meta property=\"og:title\" content=\"Peinture magn\u00e9tique grise LINEA ART WORK de Natura\" \/>\n<meta property=\"og:description\" content=\"Primaire r\u00e9ceptif \u00e0 l&#039;aimantation \u00e0 base d&#039;\u00e9mulsion d&#039;huile v\u00e9g\u00e9tale naturelle et de charges m\u00e9talliques non toxiques.  Il peut s\u2019utiliser tel quel, couleur gris\u00a0mat, ou bien \u00eatre recouvert au choix par\u00a0les peinture \u00e0 tableau &quot;LINEA ART WORK Peinture \u00e0 Tableau MAT&quot; \u00a0sans perte d\u2019aimantation.\" \/>\n<meta property=\"og:url\" content=\"https:\/\/nature-et-developpement.com\/mndl\/produit\/linea-art-work-peinture-magnet\/\" \/>\n<meta property=\"og:site_name\" content=\"Mat\u00e9riaux Naturels de Lorraine\" \/>\n<meta property=\"article:modified_time\" content=\"2025-06-13T07:41:11+00:00\" \/>\n<meta name=\"twitter:card\" content=\"summary_large_image\" \/>\n<meta name=\"twitter:label1\" content=\"Dur\u00e9e de lecture estim\u00e9e\" \/>\n\t<meta name=\"twitter:data1\" content=\"1 minute\" \/>\n<script type=\"application\/ld+json\" class=\"yoast-schema-graph\">{\"@context\":\"https:\\\/\\\/schema.org\",\"@graph\":[{\"@type\":\"WebPage\",\"@id\":\"https:\\\/\\\/nature-et-developpement.com\\\/mndl\\\/produit\\\/linea-art-work-peinture-magnet\\\/\",\"url\":\"https:\\\/\\\/nature-et-developpement.com\\\/mndl\\\/produit\\\/linea-art-work-peinture-magnet\\\/\",\"name\":\"Peinture magn\u00e9tique grise LINEA ART WORK de Natura\",\"isPartOf\":{\"@id\":\"https:\\\/\\\/nature-et-developpement.com\\\/mndl\\\/#website\"},\"primaryImageOfPage\":{\"@id\":\"https:\\\/\\\/nature-et-developpement.com\\\/mndl\\\/produit\\\/linea-art-work-peinture-magnet\\\/#primaryimage\"},\"image\":{\"@id\":\"https:\\\/\\\/nature-et-developpement.com\\\/mndl\\\/produit\\\/linea-art-work-peinture-magnet\\\/#primaryimage\"},\"thumbnailUrl\":\"https:\\\/\\\/nature-et-developpement.com\\\/mndl\\\/wp-content\\\/uploads\\\/Peinture-magnetique-grise-LINEA-ART-WORK-de-Natura.jpg\",\"datePublished\":\"2018-12-31T23:00:00+00:00\",\"dateModified\":\"2025-06-13T07:41:11+00:00\",\"description\":\"Primaire r\u00e9ceptif \u00e0 l'aimantation \u00e0 base d'\u00e9mulsion d'huile v\u00e9g\u00e9tale naturelle et de charges m\u00e9talliques non toxiques. Il peut s\u2019utiliser tel quel, couleur gris\u00a0mat, ou bien \u00eatre recouvert au choix par\u00a0les peinture \u00e0 tableau \\\"LINEA ART WORK Peinture \u00e0 Tableau MAT\\\" \u00a0sans perte d\u2019aimantation.\",\"breadcrumb\":{\"@id\":\"https:\\\/\\\/nature-et-developpement.com\\\/mndl\\\/produit\\\/linea-art-work-peinture-magnet\\\/#breadcrumb\"},\"inLanguage\":\"fr-FR\",\"potentialAction\":[{\"@type\":\"ReadAction\",\"target\":[\"https:\\\/\\\/nature-et-developpement.com\\\/mndl\\\/produit\\\/linea-art-work-peinture-magnet\\\/\"]}]},{\"@type\":\"ImageObject\",\"inLanguage\":\"fr-FR\",\"@id\":\"https:\\\/\\\/nature-et-developpement.com\\\/mndl\\\/produit\\\/linea-art-work-peinture-magnet\\\/#primaryimage\",\"url\":\"https:\\\/\\\/nature-et-developpement.com\\\/mndl\\\/wp-content\\\/uploads\\\/Peinture-magnetique-grise-LINEA-ART-WORK-de-Natura.jpg\",\"contentUrl\":\"https:\\\/\\\/nature-et-developpement.com\\\/mndl\\\/wp-content\\\/uploads\\\/Peinture-magnetique-grise-LINEA-ART-WORK-de-Natura.jpg\"},{\"@type\":\"BreadcrumbList\",\"@id\":\"https:\\\/\\\/nature-et-developpement.com\\\/mndl\\\/produit\\\/linea-art-work-peinture-magnet\\\/#breadcrumb\",\"itemListElement\":[{\"@type\":\"ListItem\",\"position\":1,\"name\":\"Accueil\",\"item\":\"https:\\\/\\\/nature-et-developpement.com\\\/mndl\\\/\"},{\"@type\":\"ListItem\",\"position\":2,\"name\":\"Produits\",\"item\":\"https:\\\/\\\/nature-et-developpement.com\\\/mndl\\\/shop\\\/\"},{\"@type\":\"ListItem\",\"position\":3,\"name\":\"Peinture, pigment et enduit\",\"item\":\"https:\\\/\\\/nature-et-developpement.com\\\/mndl\\\/produits\\\/peinture-et-enduit\\\/\"},{\"@type\":\"ListItem\",\"position\":4,\"name\":\"Peintures\",\"item\":\"https:\\\/\\\/nature-et-developpement.com\\\/mndl\\\/produits\\\/peinture-et-enduit\\\/peinture-ecologique\\\/\"},{\"@type\":\"ListItem\",\"position\":5,\"name\":\"Peinture magn\u00e9tique grise LINEA ART WORK de Natura\"}]},{\"@type\":\"WebSite\",\"@id\":\"https:\\\/\\\/nature-et-developpement.com\\\/mndl\\\/#website\",\"url\":\"https:\\\/\\\/nature-et-developpement.com\\\/mndl\\\/\",\"name\":\"Mat\u00e9riaux Naturels de Lorraine\",\"description\":\"Mat\u00e9riaux Naturels de Lorraine est membre du groupement Nature &amp; D\u00e9veloppement\",\"publisher\":{\"@id\":\"https:\\\/\\\/nature-et-developpement.com\\\/mndl\\\/#organization\"},\"potentialAction\":[{\"@type\":\"SearchAction\",\"target\":{\"@type\":\"EntryPoint\",\"urlTemplate\":\"https:\\\/\\\/nature-et-developpement.com\\\/mndl\\\/?s={search_term_string}\"},\"query-input\":{\"@type\":\"PropertyValueSpecification\",\"valueRequired\":true,\"valueName\":\"search_term_string\"}}],\"inLanguage\":\"fr-FR\"},{\"@type\":\"Organization\",\"@id\":\"https:\\\/\\\/nature-et-developpement.com\\\/mndl\\\/#organization\",\"name\":\"Mat\u00e9riaux Naturels de Lorraine\",\"url\":\"https:\\\/\\\/nature-et-developpement.com\\\/mndl\\\/\",\"logo\":{\"@type\":\"ImageObject\",\"inLanguage\":\"fr-FR\",\"@id\":\"https:\\\/\\\/nature-et-developpement.com\\\/mndl\\\/#\\\/schema\\\/logo\\\/image\\\/\",\"url\":\"https:\\\/\\\/nature-et-developpement.com\\\/mndl\\\/wp-content\\\/uploads\\\/sites\\\/7\\\/2021\\\/09\\\/logo-materiaux-naturels-de-lorraine.png\",\"contentUrl\":\"https:\\\/\\\/nature-et-developpement.com\\\/mndl\\\/wp-content\\\/uploads\\\/sites\\\/7\\\/2021\\\/09\\\/logo-materiaux-naturels-de-lorraine.png\",\"width\":1924,\"height\":1668,\"caption\":\"Mat\u00e9riaux Naturels de Lorraine\"},\"image\":{\"@id\":\"https:\\\/\\\/nature-et-developpement.com\\\/mndl\\\/#\\\/schema\\\/logo\\\/image\\\/\"}}]}<\/script>\n<!-- \/ Yoast SEO plugin. -->","yoast_head_json":{"title":"Peinture magn\u00e9tique grise LINEA ART WORK de Natura","description":"Primaire r\u00e9ceptif \u00e0 l'aimantation \u00e0 base d'\u00e9mulsion d'huile v\u00e9g\u00e9tale naturelle et de charges m\u00e9talliques non toxiques.  Il peut s\u2019utiliser tel quel, couleur gris\u00a0mat, ou bien \u00eatre recouvert au choix par\u00a0les peinture \u00e0 tableau \"LINEA ART WORK Peinture \u00e0 Tableau MAT\" \u00a0sans perte d\u2019aimantation.","robots":{"index":"noindex","follow":"follow"},"og_locale":"fr_FR","og_type":"article","og_title":"Peinture magn\u00e9tique grise LINEA ART WORK de Natura","og_description":"Primaire r\u00e9ceptif \u00e0 l'aimantation \u00e0 base d'\u00e9mulsion d'huile v\u00e9g\u00e9tale naturelle et de charges m\u00e9talliques non toxiques.  Il peut s\u2019utiliser tel quel, couleur gris\u00a0mat, ou bien \u00eatre recouvert au choix par\u00a0les peinture \u00e0 tableau \"LINEA ART WORK Peinture \u00e0 Tableau MAT\" \u00a0sans perte d\u2019aimantation.","og_url":"https:\/\/nature-et-developpement.com\/mndl\/produit\/linea-art-work-peinture-magnet\/","og_site_name":"Mat\u00e9riaux Naturels de Lorraine","article_modified_time":"2025-06-13T07:41:11+00:00","twitter_card":"summary_large_image","twitter_misc":{"Dur\u00e9e de lecture estim\u00e9e":"1 minute"},"schema":{"@context":"https:\/\/schema.org","@graph":[{"@type":"WebPage","@id":"https:\/\/nature-et-developpement.com\/mndl\/produit\/linea-art-work-peinture-magnet\/","url":"https:\/\/nature-et-developpement.com\/mndl\/produit\/linea-art-work-peinture-magnet\/","name":"Peinture magn\u00e9tique grise LINEA ART WORK de Natura","isPartOf":{"@id":"https:\/\/nature-et-developpement.com\/mndl\/#website"},"primaryImageOfPage":{"@id":"https:\/\/nature-et-developpement.com\/mndl\/produit\/linea-art-work-peinture-magnet\/#primaryimage"},"image":{"@id":"https:\/\/nature-et-developpement.com\/mndl\/produit\/linea-art-work-peinture-magnet\/#primaryimage"},"thumbnailUrl":"https:\/\/nature-et-developpement.com\/mndl\/wp-content\/uploads\/Peinture-magnetique-grise-LINEA-ART-WORK-de-Natura.jpg","datePublished":"2018-12-31T23:00:00+00:00","dateModified":"2025-06-13T07:41:11+00:00","description":"Primaire r\u00e9ceptif \u00e0 l'aimantation \u00e0 base d'\u00e9mulsion d'huile v\u00e9g\u00e9tale naturelle et de charges m\u00e9talliques non toxiques. Il peut s\u2019utiliser tel quel, couleur gris\u00a0mat, ou bien \u00eatre recouvert au choix par\u00a0les peinture \u00e0 tableau \"LINEA ART WORK Peinture \u00e0 Tableau MAT\" \u00a0sans perte d\u2019aimantation.","breadcrumb":{"@id":"https:\/\/nature-et-developpement.com\/mndl\/produit\/linea-art-work-peinture-magnet\/#breadcrumb"},"inLanguage":"fr-FR","potentialAction":[{"@type":"ReadAction","target":["https:\/\/nature-et-developpement.com\/mndl\/produit\/linea-art-work-peinture-magnet\/"]}]},{"@type":"ImageObject","inLanguage":"fr-FR","@id":"https:\/\/nature-et-developpement.com\/mndl\/produit\/linea-art-work-peinture-magnet\/#primaryimage","url":"https:\/\/nature-et-developpement.com\/mndl\/wp-content\/uploads\/Peinture-magnetique-grise-LINEA-ART-WORK-de-Natura.jpg","contentUrl":"https:\/\/nature-et-developpement.com\/mndl\/wp-content\/uploads\/Peinture-magnetique-grise-LINEA-ART-WORK-de-Natura.jpg"},{"@type":"BreadcrumbList","@id":"https:\/\/nature-et-developpement.com\/mndl\/produit\/linea-art-work-peinture-magnet\/#breadcrumb","itemListElement":[{"@type":"ListItem","position":1,"name":"Accueil","item":"https:\/\/nature-et-developpement.com\/mndl\/"},{"@type":"ListItem","position":2,"name":"Produits","item":"https:\/\/nature-et-developpement.com\/mndl\/shop\/"},{"@type":"ListItem","position":3,"name":"Peinture, pigment et enduit","item":"https:\/\/nature-et-developpement.com\/mndl\/produits\/peinture-et-enduit\/"},{"@type":"ListItem","position":4,"name":"Peintures","item":"https:\/\/nature-et-developpement.com\/mndl\/produits\/peinture-et-enduit\/peinture-ecologique\/"},{"@type":"ListItem","position":5,"name":"Peinture magn\u00e9tique grise LINEA ART WORK de Natura"}]},{"@type":"WebSite","@id":"https:\/\/nature-et-developpement.com\/mndl\/#website","url":"https:\/\/nature-et-developpement.com\/mndl\/","name":"Mat\u00e9riaux Naturels de Lorraine","description":"Mat\u00e9riaux Naturels de Lorraine est membre du groupement Nature &amp; D\u00e9veloppement","publisher":{"@id":"https:\/\/nature-et-developpement.com\/mndl\/#organization"},"potentialAction":[{"@type":"SearchAction","target":{"@type":"EntryPoint","urlTemplate":"https:\/\/nature-et-developpement.com\/mndl\/?s={search_term_string}"},"query-input":{"@type":"PropertyValueSpecification","valueRequired":true,"valueName":"search_term_string"}}],"inLanguage":"fr-FR"},{"@type":"Organization","@id":"https:\/\/nature-et-developpement.com\/mndl\/#organization","name":"Mat\u00e9riaux Naturels de Lorraine","url":"https:\/\/nature-et-developpement.com\/mndl\/","logo":{"@type":"ImageObject","inLanguage":"fr-FR","@id":"https:\/\/nature-et-developpement.com\/mndl\/#\/schema\/logo\/image\/","url":"https:\/\/nature-et-developpement.com\/mndl\/wp-content\/uploads\/sites\/7\/2021\/09\/logo-materiaux-naturels-de-lorraine.png","contentUrl":"https:\/\/nature-et-developpement.com\/mndl\/wp-content\/uploads\/sites\/7\/2021\/09\/logo-materiaux-naturels-de-lorraine.png","width":1924,"height":1668,"caption":"Mat\u00e9riaux Naturels de Lorraine"},"image":{"@id":"https:\/\/nature-et-developpement.com\/mndl\/#\/schema\/logo\/image\/"}}]}},"distributor_meta":false,"distributor_terms":false,"distributor_media":false,"distributor_original_site_name":"Mat\u00e9riaux Naturels de Lorraine","distributor_original_site_url":"https:\/\/nature-et-developpement.com\/mndl","push-errors":false,"_links":{"self":[{"href":"https:\/\/nature-et-developpement.com\/mndl\/wp-json\/wp\/v2\/product\/11815","targetHints":{"allow":["GET"]}}],"collection":[{"href":"https:\/\/nature-et-developpement.com\/mndl\/wp-json\/wp\/v2\/product"}],"about":[{"href":"https:\/\/nature-et-developpement.com\/mndl\/wp-json\/wp\/v2\/types\/product"}],"wp:featuredmedia":[{"embeddable":true,"href":"https:\/\/nature-et-developpement.com\/mndl\/wp-json\/"}],"wp:attachment":[{"href":"https:\/\/nature-et-developpement.com\/mndl\/wp-json\/wp\/v2\/media?parent=11815"}],"wp:term":[{"taxonomy":"product_brand","embeddable":true,"href":"https:\/\/nature-et-developpement.com\/mndl\/wp-json\/wp\/v2\/product_brand?post=11815"},{"taxonomy":"product_cat","embeddable":true,"href":"https:\/\/nature-et-developpement.com\/mndl\/wp-json\/wp\/v2\/product_cat?post=11815"},{"taxonomy":"product_tag","embeddable":true,"href":"https:\/\/nature-et-developpement.com\/mndl\/wp-json\/wp\/v2\/product_tag?post=11815"}],"curies":[{"name":"wp","href":"https:\/\/api.w.org\/{rel}","templated":true}]}}