{"id":30097,"date":"2025-03-18T10:12:35","date_gmt":"2025-03-18T09:12:35","guid":{"rendered":"https:\/\/nature-et-developpement.com\/mndl\/produit\/panneau-isolant-avec-pare-pluie-colle-steico-safe\/"},"modified":"2026-03-03T22:15:41","modified_gmt":"2026-03-03T21:15:41","slug":"panneau-isolant-avec-pare-pluie-colle-steico-safe","status":"publish","type":"product","link":"https:\/\/nature-et-developpement.com\/mndl\/produit\/panneau-isolant-avec-pare-pluie-colle-steico-safe\/","title":{"rendered":"STEICO safe &#8211; Panneau isolant avec pare-pluie coll\u00e9"},"content":{"rendered":"<p>Lorsque les profils rainure et languette sont assembl\u00e9s, les l\u00e9s de membrane du STEICOsafe se superposent et sont fix\u00e9s l\u2018un \u00e0 l\u2018autre gr\u00e2ce \u00e0 leur bande autocollante.<\/p>\n<p>Stocker \u00e0 plat et au sec. Prot\u00e9ger les chants contre les chocs. \u00d4ter le film de protection de la palette lorsqu&rsquo;elle se trouve sur un sol plat, stable et sec.<\/p>\n<p>Le bois utilis\u00e9 pour la fabrication des panneaux STEICOsafe provient de for\u00eats g\u00e9r\u00e9es de fa\u00e7on durable et est certifi\u00e9 FSC\u00ae (Forest Stewardship Council\u00ae)<\/p>\n<div id=\"characteristics\" class=\"productDetail__characteristic frame frame-space-before--half frame-space-after--default\">\n<div class=\"frame-container\">\n<div class=\"frame-inner\">\n<h3 class=\"productDetail__label productDetail__label--big\">Caract\u00e9ristiques techniques<\/h3>\n<div class=\"table-responsive\">\n<table>\n<tbody>\n<tr>\n<td class=\"label\">Produit et certifi\u00e9 selon<\/td>\n<td class=\"value\">NF EN 13171<\/td>\n<\/tr>\n<tr>\n<td class=\"label\">Marquage<\/td>\n<td class=\"value\">\u00c9paisseur 40 mm: WF \u2013 EN 13171 \u2013 T5 \u2013 CS(10Y) 200 \u2013 TR30 \u2013 WS1,0; \u00c9paisseurs 60 &#8211; 100 mm: WF \u2013 EN 13171 \u2013 T5 \u2013 CS(10Y) 100 \u2013 TR10 \u2013 WS1,0; \u00c9paisseurs120 &#8211; 160 mm: WF \u2013 EN 13171 \u2013 T5 \u2013 CS(10Y) 50 \u2013 TR10 \u2013 WS1,0<\/td>\n<\/tr>\n<tr>\n<td class=\"label\">R\u00e9action au feu selon norme EN 13501-1<\/td>\n<td class=\"value\">E<\/td>\n<\/tr>\n<tr>\n<td class=\"label\">Conductivit\u00e9 thermique \u03bbD [W\/(m*K)]<\/td>\n<td class=\"value\">0,045 (40 mm) \/ 0,040 (60-100 mm) \/ 0,037 (120-160 mm)<\/td>\n<\/tr>\n<tr>\n<td class=\"label\">Conductivit\u00e9 thermique \u03bb ACERMI [W\/(m*K)]<\/td>\n<td class=\"value\">60-100mm : 0,042. 120-160mm : 0,039<\/td>\n<\/tr>\n<tr>\n<td class=\"label\">R\u00e9sistance thermique RD [(m\u00b2*K)\/W]<\/td>\n<td class=\"value\">0,85(40) \/ 1,50(60) \/ 2,00(80) \/ 2,50(100) \/ 3,20(120) \/ 3,75(140) \/ 4,30(160)<\/td>\n<\/tr>\n<tr>\n<td class=\"label\">R\u00e9sistance thermique R ACERMI [(m\u00b2*K)\/W]<\/td>\n<td class=\"value\">1,40(60) \/ 1,90(80) \/ 2,35(100) \/ 3,05(120) \/ 3,55 (140) \/ 4,10(160)<\/td>\n<\/tr>\n<tr>\n<td class=\"label\">Masse volumique [kg\/m\u00b3]<\/td>\n<td class=\"value\">env. 210 (40 mm) \/ env. 140 (60-100 mm) \/ env. 110 (120-160 mm)<\/td>\n<\/tr>\n<tr>\n<td class=\"label\">Valeur sd [m]<\/td>\n<td class=\"value\">0,28(40) \/ 0,42(60) \/ 0,56(80) \/ 0,70(100) \/ 0,84(120) \/ 0,98(140) \/ 1,12(160)<\/td>\n<\/tr>\n<tr>\n<td class=\"label\">Temp\u00e9rature de mise en \u0153uvre [\u00b0C]<\/td>\n<td class=\"value\">\u00e0 partir de 5 \u00b0C<\/td>\n<\/tr>\n<tr>\n<td class=\"label\">R\u00e9sistance \u00e0 la p\u00e9n\u00e9tration de l&rsquo;eau<\/td>\n<td class=\"value\">W1<\/td>\n<\/tr>\n<tr>\n<td class=\"label\">Exposition aux intemp\u00e9ries<\/td>\n<td class=\"value\">jusqu&rsquo;\u00e0 8 semaines<\/td>\n<\/tr>\n<tr>\n<td class=\"label\">Capacit\u00e9 thermique massique [J\/(kg*K)]<\/td>\n<td class=\"value\">2.100<\/td>\n<\/tr>\n<tr>\n<td class=\"label\">R\u00e9sistance \u00e0 la compression [kPa]<\/td>\n<td class=\"value\">200 (40 mm) \/ 100 (60-100 mm) \/ 50 (120-160 mm)<\/td>\n<\/tr>\n<tr>\n<td class=\"label\">Composants<\/td>\n<td class=\"value\">Fibre de bois, r\u00e9sine polyur\u00e9thane, paraffine, \u00e9cran de sous-toiture ouvert \u00e0 la vapeur d&rsquo;eau, bandes autocollantes, dispersion d&rsquo;acrylate<\/td>\n<\/tr>\n<tr>\n<td class=\"label\">Code de recyclage (EAK)<\/td>\n<td class=\"value\">030105\/170201<\/td>\n<\/tr>\n<\/tbody>\n<\/table>\n<\/div>\n<\/div>\n<\/div>\n<\/div>\n","protected":false},"excerpt":{"rendered":"<p>Une solution pour les toitures \u00e0 faibles pentes (&gt;5\u00b0)<br \/>\nTout en un, isolant \u00e0 base de fibre de bois et \u00e9cran pare-pluie, avec collage int\u00e9gr\u00e9.<\/p>\n<p><strong>Certification ACERMI<\/strong><br \/>\n<span style=\"color: #2aa4a9\"><em><strong>\u00c9ligible aux aides gouvernementales<\/strong><\/em><\/span><\/p>\n","protected":false},"featured_media":1000000166620,"template":"","meta":[],"product_brand":[2754],"product_cat":[4152,4155],"product_tag":[4059],"class_list":{"0":"post-30097","1":"product","2":"type-product","3":"status-publish","4":"has-post-thumbnail","6":"product_brand-steico","7":"product_cat-isolation-exterieure","8":"product_cat-pare-pluie","9":"product_tag-fibre-de-bois","11":"first","12":"instock","13":"taxable","14":"shipping-taxable","15":"purchasable","16":"product-type-variable"},"yoast_head":"<!-- This site is optimized with the Yoast SEO plugin v27.5 - https:\/\/yoast.com\/product\/yoast-seo-wordpress\/ -->\n<title>STEICO safe - Panneau isolant avec pare-pluie coll\u00e9<\/title>\n<meta name=\"description\" content=\"Tout en un, isolant \u00e0 base de fibre de bois et \u00e9cran pare-pluie, avec collage int\u00e9gr\u00e9. Une solution pour les toitures \u00e0 faibles pentes. Certification ACERMI\" \/>\n<meta name=\"robots\" content=\"noindex, nofollow\" \/>\n<meta property=\"og:locale\" content=\"fr_FR\" \/>\n<meta property=\"og:type\" content=\"article\" \/>\n<meta property=\"og:title\" content=\"STEICO safe - Panneau isolant avec pare-pluie coll\u00e9\" \/>\n<meta property=\"og:description\" content=\"Tout en un, isolant \u00e0 base de fibre de bois et \u00e9cran pare-pluie, avec collage int\u00e9gr\u00e9. Une solution pour les toitures \u00e0 faibles pentes. Certification ACERMI\" \/>\n<meta property=\"og:url\" content=\"https:\/\/nature-et-developpement.com\/mndl\/produit\/panneau-isolant-avec-pare-pluie-colle-steico-safe\/\" \/>\n<meta property=\"og:site_name\" content=\"Mat\u00e9riaux Naturels de Lorraine\" \/>\n<meta property=\"article:modified_time\" content=\"2026-03-03T21:15:41+00:00\" \/>\n<meta name=\"twitter:card\" content=\"summary_large_image\" \/>\n<meta name=\"twitter:label1\" content=\"Dur\u00e9e de lecture estim\u00e9e\" \/>\n\t<meta name=\"twitter:data1\" content=\"2 minutes\" \/>\n<script type=\"application\/ld+json\" class=\"yoast-schema-graph\">{\"@context\":\"https:\\\/\\\/schema.org\",\"@graph\":[{\"@type\":\"WebPage\",\"@id\":\"https:\\\/\\\/nature-et-developpement.com\\\/mndl\\\/produit\\\/panneau-isolant-avec-pare-pluie-colle-steico-safe\\\/\",\"url\":\"https:\\\/\\\/nature-et-developpement.com\\\/mndl\\\/produit\\\/panneau-isolant-avec-pare-pluie-colle-steico-safe\\\/\",\"name\":\"STEICO safe - Panneau isolant avec pare-pluie coll\u00e9\",\"isPartOf\":{\"@id\":\"https:\\\/\\\/nature-et-developpement.com\\\/mndl\\\/#website\"},\"primaryImageOfPage\":{\"@id\":\"https:\\\/\\\/nature-et-developpement.com\\\/mndl\\\/produit\\\/panneau-isolant-avec-pare-pluie-colle-steico-safe\\\/#primaryimage\"},\"image\":{\"@id\":\"https:\\\/\\\/nature-et-developpement.com\\\/mndl\\\/produit\\\/panneau-isolant-avec-pare-pluie-colle-steico-safe\\\/#primaryimage\"},\"thumbnailUrl\":\"https:\\\/\\\/nature-et-developpement.com\\\/mndl\\\/wp-content\\\/uploads\\\/Panneau-isolant-avec-pare-pluie-colle-STEICO-safe.jpg\",\"datePublished\":\"2025-03-18T09:12:35+00:00\",\"dateModified\":\"2026-03-03T21:15:41+00:00\",\"description\":\"Tout en un, isolant \u00e0 base de fibre de bois et \u00e9cran pare-pluie, avec collage int\u00e9gr\u00e9. Une solution pour les toitures \u00e0 faibles pentes. Certification ACERMI\",\"breadcrumb\":{\"@id\":\"https:\\\/\\\/nature-et-developpement.com\\\/mndl\\\/produit\\\/panneau-isolant-avec-pare-pluie-colle-steico-safe\\\/#breadcrumb\"},\"inLanguage\":\"fr-FR\",\"potentialAction\":[{\"@type\":\"ReadAction\",\"target\":[\"https:\\\/\\\/nature-et-developpement.com\\\/mndl\\\/produit\\\/panneau-isolant-avec-pare-pluie-colle-steico-safe\\\/\"]}]},{\"@type\":\"ImageObject\",\"inLanguage\":\"fr-FR\",\"@id\":\"https:\\\/\\\/nature-et-developpement.com\\\/mndl\\\/produit\\\/panneau-isolant-avec-pare-pluie-colle-steico-safe\\\/#primaryimage\",\"url\":\"https:\\\/\\\/nature-et-developpement.com\\\/mndl\\\/wp-content\\\/uploads\\\/Panneau-isolant-avec-pare-pluie-colle-STEICO-safe.jpg\",\"contentUrl\":\"https:\\\/\\\/nature-et-developpement.com\\\/mndl\\\/wp-content\\\/uploads\\\/Panneau-isolant-avec-pare-pluie-colle-STEICO-safe.jpg\"},{\"@type\":\"BreadcrumbList\",\"@id\":\"https:\\\/\\\/nature-et-developpement.com\\\/mndl\\\/produit\\\/panneau-isolant-avec-pare-pluie-colle-steico-safe\\\/#breadcrumb\",\"itemListElement\":[{\"@type\":\"ListItem\",\"position\":1,\"name\":\"Accueil\",\"item\":\"https:\\\/\\\/nature-et-developpement.com\\\/mndl\\\/\"},{\"@type\":\"ListItem\",\"position\":2,\"name\":\"Produits\",\"item\":\"https:\\\/\\\/nature-et-developpement.com\\\/mndl\\\/shop\\\/\"},{\"@type\":\"ListItem\",\"position\":3,\"name\":\"Isolation et \u00e9tanch\u00e9it\u00e9\",\"item\":\"https:\\\/\\\/nature-et-developpement.com\\\/mndl\\\/produits\\\/isolation-et-etancheite\\\/\"},{\"@type\":\"ListItem\",\"position\":4,\"name\":\"Isolation ext\u00e9rieure\",\"item\":\"https:\\\/\\\/nature-et-developpement.com\\\/mndl\\\/produits\\\/isolation-et-etancheite\\\/isolation-exterieure\\\/\"},{\"@type\":\"ListItem\",\"position\":5,\"name\":\"STEICO safe &#8211; Panneau isolant avec pare-pluie coll\u00e9\"}]},{\"@type\":\"WebSite\",\"@id\":\"https:\\\/\\\/nature-et-developpement.com\\\/mndl\\\/#website\",\"url\":\"https:\\\/\\\/nature-et-developpement.com\\\/mndl\\\/\",\"name\":\"Mat\u00e9riaux Naturels de Lorraine\",\"description\":\"Mat\u00e9riaux Naturels de Lorraine est membre du groupement Nature &amp; D\u00e9veloppement\",\"publisher\":{\"@id\":\"https:\\\/\\\/nature-et-developpement.com\\\/mndl\\\/#organization\"},\"potentialAction\":[{\"@type\":\"SearchAction\",\"target\":{\"@type\":\"EntryPoint\",\"urlTemplate\":\"https:\\\/\\\/nature-et-developpement.com\\\/mndl\\\/?s={search_term_string}\"},\"query-input\":{\"@type\":\"PropertyValueSpecification\",\"valueRequired\":true,\"valueName\":\"search_term_string\"}}],\"inLanguage\":\"fr-FR\"},{\"@type\":\"Organization\",\"@id\":\"https:\\\/\\\/nature-et-developpement.com\\\/mndl\\\/#organization\",\"name\":\"Mat\u00e9riaux Naturels de Lorraine\",\"url\":\"https:\\\/\\\/nature-et-developpement.com\\\/mndl\\\/\",\"logo\":{\"@type\":\"ImageObject\",\"inLanguage\":\"fr-FR\",\"@id\":\"https:\\\/\\\/nature-et-developpement.com\\\/mndl\\\/#\\\/schema\\\/logo\\\/image\\\/\",\"url\":\"https:\\\/\\\/nature-et-developpement.com\\\/mndl\\\/wp-content\\\/uploads\\\/sites\\\/7\\\/2021\\\/09\\\/logo-materiaux-naturels-de-lorraine.png\",\"contentUrl\":\"https:\\\/\\\/nature-et-developpement.com\\\/mndl\\\/wp-content\\\/uploads\\\/sites\\\/7\\\/2021\\\/09\\\/logo-materiaux-naturels-de-lorraine.png\",\"width\":1924,\"height\":1668,\"caption\":\"Mat\u00e9riaux Naturels de Lorraine\"},\"image\":{\"@id\":\"https:\\\/\\\/nature-et-developpement.com\\\/mndl\\\/#\\\/schema\\\/logo\\\/image\\\/\"}}]}<\/script>\n<!-- \/ Yoast SEO plugin. -->","yoast_head_json":{"title":"STEICO safe - Panneau isolant avec pare-pluie coll\u00e9","description":"Tout en un, isolant \u00e0 base de fibre de bois et \u00e9cran pare-pluie, avec collage int\u00e9gr\u00e9. Une solution pour les toitures \u00e0 faibles pentes. Certification ACERMI","robots":{"index":"noindex","follow":"nofollow"},"og_locale":"fr_FR","og_type":"article","og_title":"STEICO safe - Panneau isolant avec pare-pluie coll\u00e9","og_description":"Tout en un, isolant \u00e0 base de fibre de bois et \u00e9cran pare-pluie, avec collage int\u00e9gr\u00e9. Une solution pour les toitures \u00e0 faibles pentes. Certification ACERMI","og_url":"https:\/\/nature-et-developpement.com\/mndl\/produit\/panneau-isolant-avec-pare-pluie-colle-steico-safe\/","og_site_name":"Mat\u00e9riaux Naturels de Lorraine","article_modified_time":"2026-03-03T21:15:41+00:00","twitter_card":"summary_large_image","twitter_misc":{"Dur\u00e9e de lecture estim\u00e9e":"2 minutes"},"schema":{"@context":"https:\/\/schema.org","@graph":[{"@type":"WebPage","@id":"https:\/\/nature-et-developpement.com\/mndl\/produit\/panneau-isolant-avec-pare-pluie-colle-steico-safe\/","url":"https:\/\/nature-et-developpement.com\/mndl\/produit\/panneau-isolant-avec-pare-pluie-colle-steico-safe\/","name":"STEICO safe - Panneau isolant avec pare-pluie coll\u00e9","isPartOf":{"@id":"https:\/\/nature-et-developpement.com\/mndl\/#website"},"primaryImageOfPage":{"@id":"https:\/\/nature-et-developpement.com\/mndl\/produit\/panneau-isolant-avec-pare-pluie-colle-steico-safe\/#primaryimage"},"image":{"@id":"https:\/\/nature-et-developpement.com\/mndl\/produit\/panneau-isolant-avec-pare-pluie-colle-steico-safe\/#primaryimage"},"thumbnailUrl":"https:\/\/nature-et-developpement.com\/mndl\/wp-content\/uploads\/Panneau-isolant-avec-pare-pluie-colle-STEICO-safe.jpg","datePublished":"2025-03-18T09:12:35+00:00","dateModified":"2026-03-03T21:15:41+00:00","description":"Tout en un, isolant \u00e0 base de fibre de bois et \u00e9cran pare-pluie, avec collage int\u00e9gr\u00e9. Une solution pour les toitures \u00e0 faibles pentes. Certification ACERMI","breadcrumb":{"@id":"https:\/\/nature-et-developpement.com\/mndl\/produit\/panneau-isolant-avec-pare-pluie-colle-steico-safe\/#breadcrumb"},"inLanguage":"fr-FR","potentialAction":[{"@type":"ReadAction","target":["https:\/\/nature-et-developpement.com\/mndl\/produit\/panneau-isolant-avec-pare-pluie-colle-steico-safe\/"]}]},{"@type":"ImageObject","inLanguage":"fr-FR","@id":"https:\/\/nature-et-developpement.com\/mndl\/produit\/panneau-isolant-avec-pare-pluie-colle-steico-safe\/#primaryimage","url":"https:\/\/nature-et-developpement.com\/mndl\/wp-content\/uploads\/Panneau-isolant-avec-pare-pluie-colle-STEICO-safe.jpg","contentUrl":"https:\/\/nature-et-developpement.com\/mndl\/wp-content\/uploads\/Panneau-isolant-avec-pare-pluie-colle-STEICO-safe.jpg"},{"@type":"BreadcrumbList","@id":"https:\/\/nature-et-developpement.com\/mndl\/produit\/panneau-isolant-avec-pare-pluie-colle-steico-safe\/#breadcrumb","itemListElement":[{"@type":"ListItem","position":1,"name":"Accueil","item":"https:\/\/nature-et-developpement.com\/mndl\/"},{"@type":"ListItem","position":2,"name":"Produits","item":"https:\/\/nature-et-developpement.com\/mndl\/shop\/"},{"@type":"ListItem","position":3,"name":"Isolation et \u00e9tanch\u00e9it\u00e9","item":"https:\/\/nature-et-developpement.com\/mndl\/produits\/isolation-et-etancheite\/"},{"@type":"ListItem","position":4,"name":"Isolation ext\u00e9rieure","item":"https:\/\/nature-et-developpement.com\/mndl\/produits\/isolation-et-etancheite\/isolation-exterieure\/"},{"@type":"ListItem","position":5,"name":"STEICO safe &#8211; Panneau isolant avec pare-pluie coll\u00e9"}]},{"@type":"WebSite","@id":"https:\/\/nature-et-developpement.com\/mndl\/#website","url":"https:\/\/nature-et-developpement.com\/mndl\/","name":"Mat\u00e9riaux Naturels de Lorraine","description":"Mat\u00e9riaux Naturels de Lorraine est membre du groupement Nature &amp; D\u00e9veloppement","publisher":{"@id":"https:\/\/nature-et-developpement.com\/mndl\/#organization"},"potentialAction":[{"@type":"SearchAction","target":{"@type":"EntryPoint","urlTemplate":"https:\/\/nature-et-developpement.com\/mndl\/?s={search_term_string}"},"query-input":{"@type":"PropertyValueSpecification","valueRequired":true,"valueName":"search_term_string"}}],"inLanguage":"fr-FR"},{"@type":"Organization","@id":"https:\/\/nature-et-developpement.com\/mndl\/#organization","name":"Mat\u00e9riaux Naturels de Lorraine","url":"https:\/\/nature-et-developpement.com\/mndl\/","logo":{"@type":"ImageObject","inLanguage":"fr-FR","@id":"https:\/\/nature-et-developpement.com\/mndl\/#\/schema\/logo\/image\/","url":"https:\/\/nature-et-developpement.com\/mndl\/wp-content\/uploads\/sites\/7\/2021\/09\/logo-materiaux-naturels-de-lorraine.png","contentUrl":"https:\/\/nature-et-developpement.com\/mndl\/wp-content\/uploads\/sites\/7\/2021\/09\/logo-materiaux-naturels-de-lorraine.png","width":1924,"height":1668,"caption":"Mat\u00e9riaux Naturels de Lorraine"},"image":{"@id":"https:\/\/nature-et-developpement.com\/mndl\/#\/schema\/logo\/image\/"}}]}},"distributor_meta":false,"distributor_terms":false,"distributor_media":false,"distributor_original_site_name":"Mat\u00e9riaux Naturels de Lorraine","distributor_original_site_url":"https:\/\/nature-et-developpement.com\/mndl","push-errors":false,"_links":{"self":[{"href":"https:\/\/nature-et-developpement.com\/mndl\/wp-json\/wp\/v2\/product\/30097","targetHints":{"allow":["GET"]}}],"collection":[{"href":"https:\/\/nature-et-developpement.com\/mndl\/wp-json\/wp\/v2\/product"}],"about":[{"href":"https:\/\/nature-et-developpement.com\/mndl\/wp-json\/wp\/v2\/types\/product"}],"wp:featuredmedia":[{"embeddable":true,"href":"https:\/\/nature-et-developpement.com\/mndl\/wp-json\/"}],"wp:attachment":[{"href":"https:\/\/nature-et-developpement.com\/mndl\/wp-json\/wp\/v2\/media?parent=30097"}],"wp:term":[{"taxonomy":"product_brand","embeddable":true,"href":"https:\/\/nature-et-developpement.com\/mndl\/wp-json\/wp\/v2\/product_brand?post=30097"},{"taxonomy":"product_cat","embeddable":true,"href":"https:\/\/nature-et-developpement.com\/mndl\/wp-json\/wp\/v2\/product_cat?post=30097"},{"taxonomy":"product_tag","embeddable":true,"href":"https:\/\/nature-et-developpement.com\/mndl\/wp-json\/wp\/v2\/product_tag?post=30097"}],"curies":[{"name":"wp","href":"https:\/\/api.w.org\/{rel}","templated":true}]}}