{"id":30144,"date":"2017-01-01T00:00:00","date_gmt":"2016-12-31T23:00:00","guid":{"rendered":"https:\/\/nature-et-developpement.com\/mndl\/produit\/paneau-isolant-a-bords-droits-thermosafe-homogen-gutex\/"},"modified":"2025-12-11T00:15:03","modified_gmt":"2025-12-10T23:15:03","slug":"panneau-isolant-a-bords-droits-thermosafe-homogen-gutex","status":"publish","type":"product","link":"https:\/\/nature-et-developpement.com\/mndl\/produit\/panneau-isolant-a-bords-droits-thermosafe-homogen-gutex\/","title":{"rendered":"Panneau isolant \u00e0 bords droits Thermosafe-Homogen Gutex"},"content":{"rendered":"<h2>GUTEX Thermosafe-homogen\u00ae<\/h2>\n<ul>\n<li>l\u00e9ger traitement hydrophobe<\/li>\n<li>Utilisable comme base en liaison avec le syst\u00e8me d&rsquo;isolation thermique ext\u00e9rieure GUTEX Thermowall\u00ae\u00a0(voir brochure \u00ab Le syst\u00e8me d&rsquo;isolation thermique ext\u00e9rieure \u00bb)<\/li>\n<li>Pose plus rapide et ais\u00e9e gr\u00e2ce \u00e0 une pr\u00e9cision dimensionnelle \u00e9lev\u00e9e<\/li>\n<li>Profil de la densit\u00e9 brute monocouche et homog\u00e8ne<\/li>\n<li>Isolation thermique optimale<\/li>\n<li>Excellente capacit\u00e9 de stockage de la chaleur, bonne protection contre la chaleur en \u00e9t\u00e9 et contre le froid en hiver<\/li>\n<li>Am\u00e9liore l&rsquo;isolation phonique<\/li>\n<li>Ouvert \u00e0 la diffusion et r\u00e9gule l&rsquo;humidit\u00e9<\/li>\n<li>En bois, mati\u00e8re premi\u00e8re renouvelable<\/li>\n<li>Recyclable<\/li>\n<li>Sans risque suivant les principes de l\u2019\u00e9coconstruction (certifi\u00e9 natureplus\u00a9)<\/li>\n<li>fabriqu\u00e9 en Allemagne (For\u00eat-Noire)<\/li>\n<\/ul>\n<h3>Veuillez tenir compte des remarques suivantes:<\/h3>\n<p><strong>CONSEILS POUR LA POSE:<\/strong><\/p>\n<div class=\"row\">\n<div class=\"column medium-up-column-count-2\">\n<div class=\"instruction\">\n<ul>\n<li>Stocker et mettre en \u0153uvre les panneaux dans un endroit sec<\/li>\n<li>En cas de plusieurs couches, poser en d\u00e9calant les joints<\/li>\n<li>\u00c9viter les joints crois\u00e9s<\/li>\n<li>Pose uniquement sur un support pleine surface<\/li>\n<li>uniquement en combinaison avec GUTEX Multiplex-top, GUTEX Ultratherm (isolation sur toiture) ou GUTEX Multitherm (fa\u00e7ade ventil\u00e9e)<\/li>\n<li>Utilisable dans le sol uniquement sous une chape humide jusqu&rsquo;\u00e0 60\u00a0mm max. Pour d&rsquo;autres structures, voir GUTEX Thermosafe-wd et GUTEX Thermofloor<\/li>\n<li>Effectuer la d\u00e9coupe avec un couteau \u00e0 tailler GUTEX pour les scies \u00e0 guichet, une scie circulaire \u00e0 main ou des scies sp\u00e9ciales pour isolants (par ex. une scie \u00e0 cha\u00eene FESTOOL), tenir compte de l&rsquo;aspiration<\/li>\n<li>Aspiration de la poussi\u00e8re conform\u00e9ment aux instructions de la caisse de pr\u00e9voyance contre les accidents du travail, respecter les dispositions du label TR GS 553<\/li>\n<li>Nous effectuons pour vous gratuitement des calculs d&rsquo;\u00e9l\u00e9ments de construction sur le plan de la physique du b\u00e2timent \u00e0 titre d&rsquo;orientation<\/li>\n<\/ul>\n<\/div>\n<\/div>\n<\/div>\n","protected":false},"excerpt":{"rendered":"<p><strong>GUTEX Thermosafe-homogen<\/strong> est le panneau isolant universel de composition monocouche \u00e0 densit\u00e9 homog\u00e8ne et pr\u00e9sentant d\u2018excellentes performances en mati\u00e8re de protection contre la chaleur en \u00e9t\u00e9 et contre le froid en hiver<\/p>\n","protected":false},"featured_media":1000000169711,"template":"","meta":[],"product_brand":[2768],"product_cat":[2848,4152],"product_tag":[4194],"class_list":{"0":"post-30144","1":"product","2":"type-product","3":"status-publish","4":"has-post-thumbnail","6":"product_brand-gutex","7":"product_cat-demande-de-devis-uniquement-sans-prix","8":"product_cat-isolation-exterieure","9":"product_tag-gutex","11":"first","12":"instock","13":"taxable","14":"shipping-taxable","15":"purchasable","16":"product-type-variable"},"yoast_head":"<!-- This site is optimized with the Yoast SEO plugin v27.5 - https:\/\/yoast.com\/product\/yoast-seo-wordpress\/ -->\n<title>Panneau isolant \u00e0 bords droits Thermosafe-Homogen Gutex<\/title>\n<meta name=\"description\" content=\"GUTEX Thermosafe-homogen est le panneau isolant universel de composition monocouche \u00e0 densit\u00e9 homog\u00e8ne et pr\u00e9sentant d\u2018excellentes performances en mati\u00e8re de protection contre la chaleur en \u00e9t\u00e9 et contre le froid en hiver\" \/>\n<meta name=\"robots\" content=\"noindex, follow\" \/>\n<meta property=\"og:locale\" content=\"fr_FR\" \/>\n<meta property=\"og:type\" content=\"article\" \/>\n<meta property=\"og:title\" content=\"Panneau isolant \u00e0 bords droits Thermosafe-Homogen Gutex\" \/>\n<meta property=\"og:description\" content=\"GUTEX Thermosafe-homogen est le panneau isolant universel de composition monocouche \u00e0 densit\u00e9 homog\u00e8ne et pr\u00e9sentant d\u2018excellentes performances en mati\u00e8re de protection contre la chaleur en \u00e9t\u00e9 et contre le froid en hiver\" \/>\n<meta property=\"og:url\" content=\"https:\/\/nature-et-developpement.com\/mndl\/produit\/panneau-isolant-a-bords-droits-thermosafe-homogen-gutex\/\" \/>\n<meta property=\"og:site_name\" content=\"Mat\u00e9riaux Naturels de Lorraine\" \/>\n<meta property=\"article:modified_time\" content=\"2025-12-10T23:15:03+00:00\" \/>\n<meta name=\"twitter:card\" content=\"summary_large_image\" \/>\n<meta name=\"twitter:label1\" content=\"Dur\u00e9e de lecture estim\u00e9e\" \/>\n\t<meta name=\"twitter:data1\" content=\"2 minutes\" \/>\n<script type=\"application\/ld+json\" class=\"yoast-schema-graph\">{\"@context\":\"https:\\\/\\\/schema.org\",\"@graph\":[{\"@type\":\"WebPage\",\"@id\":\"https:\\\/\\\/nature-et-developpement.com\\\/mndl\\\/produit\\\/panneau-isolant-a-bords-droits-thermosafe-homogen-gutex\\\/\",\"url\":\"https:\\\/\\\/nature-et-developpement.com\\\/mndl\\\/produit\\\/panneau-isolant-a-bords-droits-thermosafe-homogen-gutex\\\/\",\"name\":\"Panneau isolant \u00e0 bords droits Thermosafe-Homogen Gutex\",\"isPartOf\":{\"@id\":\"https:\\\/\\\/nature-et-developpement.com\\\/mndl\\\/#website\"},\"primaryImageOfPage\":{\"@id\":\"https:\\\/\\\/nature-et-developpement.com\\\/mndl\\\/produit\\\/panneau-isolant-a-bords-droits-thermosafe-homogen-gutex\\\/#primaryimage\"},\"image\":{\"@id\":\"https:\\\/\\\/nature-et-developpement.com\\\/mndl\\\/produit\\\/panneau-isolant-a-bords-droits-thermosafe-homogen-gutex\\\/#primaryimage\"},\"thumbnailUrl\":\"https:\\\/\\\/nature-et-developpement.com\\\/mndl\\\/wp-content\\\/uploads\\\/Panneau-isolant-a-bords-decales-Thermosafe-Homogen-Gutex.jpg\",\"datePublished\":\"2016-12-31T23:00:00+00:00\",\"dateModified\":\"2025-12-10T23:15:03+00:00\",\"description\":\"GUTEX Thermosafe-homogen est le panneau isolant universel de composition monocouche \u00e0 densit\u00e9 homog\u00e8ne et pr\u00e9sentant d\u2018excellentes performances en mati\u00e8re de protection contre la chaleur en \u00e9t\u00e9 et contre le froid en hiver\",\"breadcrumb\":{\"@id\":\"https:\\\/\\\/nature-et-developpement.com\\\/mndl\\\/produit\\\/panneau-isolant-a-bords-droits-thermosafe-homogen-gutex\\\/#breadcrumb\"},\"inLanguage\":\"fr-FR\",\"potentialAction\":[{\"@type\":\"ReadAction\",\"target\":[\"https:\\\/\\\/nature-et-developpement.com\\\/mndl\\\/produit\\\/panneau-isolant-a-bords-droits-thermosafe-homogen-gutex\\\/\"]}]},{\"@type\":\"ImageObject\",\"inLanguage\":\"fr-FR\",\"@id\":\"https:\\\/\\\/nature-et-developpement.com\\\/mndl\\\/produit\\\/panneau-isolant-a-bords-droits-thermosafe-homogen-gutex\\\/#primaryimage\",\"url\":\"https:\\\/\\\/nature-et-developpement.com\\\/mndl\\\/wp-content\\\/uploads\\\/Panneau-isolant-a-bords-decales-Thermosafe-Homogen-Gutex.jpg\",\"contentUrl\":\"https:\\\/\\\/nature-et-developpement.com\\\/mndl\\\/wp-content\\\/uploads\\\/Panneau-isolant-a-bords-decales-Thermosafe-Homogen-Gutex.jpg\"},{\"@type\":\"BreadcrumbList\",\"@id\":\"https:\\\/\\\/nature-et-developpement.com\\\/mndl\\\/produit\\\/panneau-isolant-a-bords-droits-thermosafe-homogen-gutex\\\/#breadcrumb\",\"itemListElement\":[{\"@type\":\"ListItem\",\"position\":1,\"name\":\"Accueil\",\"item\":\"https:\\\/\\\/nature-et-developpement.com\\\/mndl\\\/\"},{\"@type\":\"ListItem\",\"position\":2,\"name\":\"Produits\",\"item\":\"https:\\\/\\\/nature-et-developpement.com\\\/mndl\\\/shop\\\/\"},{\"@type\":\"ListItem\",\"position\":3,\"name\":\"Isolation et \u00e9tanch\u00e9it\u00e9\",\"item\":\"https:\\\/\\\/nature-et-developpement.com\\\/mndl\\\/produits\\\/isolation-et-etancheite\\\/\"},{\"@type\":\"ListItem\",\"position\":4,\"name\":\"Isolation ext\u00e9rieure\",\"item\":\"https:\\\/\\\/nature-et-developpement.com\\\/mndl\\\/produits\\\/isolation-et-etancheite\\\/isolation-exterieure\\\/\"},{\"@type\":\"ListItem\",\"position\":5,\"name\":\"Panneau isolant \u00e0 bords droits Thermosafe-Homogen Gutex\"}]},{\"@type\":\"WebSite\",\"@id\":\"https:\\\/\\\/nature-et-developpement.com\\\/mndl\\\/#website\",\"url\":\"https:\\\/\\\/nature-et-developpement.com\\\/mndl\\\/\",\"name\":\"Mat\u00e9riaux Naturels de Lorraine\",\"description\":\"Mat\u00e9riaux Naturels de Lorraine est membre du groupement Nature &amp; D\u00e9veloppement\",\"publisher\":{\"@id\":\"https:\\\/\\\/nature-et-developpement.com\\\/mndl\\\/#organization\"},\"potentialAction\":[{\"@type\":\"SearchAction\",\"target\":{\"@type\":\"EntryPoint\",\"urlTemplate\":\"https:\\\/\\\/nature-et-developpement.com\\\/mndl\\\/?s={search_term_string}\"},\"query-input\":{\"@type\":\"PropertyValueSpecification\",\"valueRequired\":true,\"valueName\":\"search_term_string\"}}],\"inLanguage\":\"fr-FR\"},{\"@type\":\"Organization\",\"@id\":\"https:\\\/\\\/nature-et-developpement.com\\\/mndl\\\/#organization\",\"name\":\"Mat\u00e9riaux Naturels de Lorraine\",\"url\":\"https:\\\/\\\/nature-et-developpement.com\\\/mndl\\\/\",\"logo\":{\"@type\":\"ImageObject\",\"inLanguage\":\"fr-FR\",\"@id\":\"https:\\\/\\\/nature-et-developpement.com\\\/mndl\\\/#\\\/schema\\\/logo\\\/image\\\/\",\"url\":\"https:\\\/\\\/nature-et-developpement.com\\\/mndl\\\/wp-content\\\/uploads\\\/sites\\\/7\\\/2021\\\/09\\\/logo-materiaux-naturels-de-lorraine.png\",\"contentUrl\":\"https:\\\/\\\/nature-et-developpement.com\\\/mndl\\\/wp-content\\\/uploads\\\/sites\\\/7\\\/2021\\\/09\\\/logo-materiaux-naturels-de-lorraine.png\",\"width\":1924,\"height\":1668,\"caption\":\"Mat\u00e9riaux Naturels de Lorraine\"},\"image\":{\"@id\":\"https:\\\/\\\/nature-et-developpement.com\\\/mndl\\\/#\\\/schema\\\/logo\\\/image\\\/\"}}]}<\/script>\n<!-- \/ Yoast SEO plugin. -->","yoast_head_json":{"title":"Panneau isolant \u00e0 bords droits Thermosafe-Homogen Gutex","description":"GUTEX Thermosafe-homogen est le panneau isolant universel de composition monocouche \u00e0 densit\u00e9 homog\u00e8ne et pr\u00e9sentant d\u2018excellentes performances en mati\u00e8re de protection contre la chaleur en \u00e9t\u00e9 et contre le froid en hiver","robots":{"index":"noindex","follow":"follow"},"og_locale":"fr_FR","og_type":"article","og_title":"Panneau isolant \u00e0 bords droits Thermosafe-Homogen Gutex","og_description":"GUTEX Thermosafe-homogen est le panneau isolant universel de composition monocouche \u00e0 densit\u00e9 homog\u00e8ne et pr\u00e9sentant d\u2018excellentes performances en mati\u00e8re de protection contre la chaleur en \u00e9t\u00e9 et contre le froid en hiver","og_url":"https:\/\/nature-et-developpement.com\/mndl\/produit\/panneau-isolant-a-bords-droits-thermosafe-homogen-gutex\/","og_site_name":"Mat\u00e9riaux Naturels de Lorraine","article_modified_time":"2025-12-10T23:15:03+00:00","twitter_card":"summary_large_image","twitter_misc":{"Dur\u00e9e de lecture estim\u00e9e":"2 minutes"},"schema":{"@context":"https:\/\/schema.org","@graph":[{"@type":"WebPage","@id":"https:\/\/nature-et-developpement.com\/mndl\/produit\/panneau-isolant-a-bords-droits-thermosafe-homogen-gutex\/","url":"https:\/\/nature-et-developpement.com\/mndl\/produit\/panneau-isolant-a-bords-droits-thermosafe-homogen-gutex\/","name":"Panneau isolant \u00e0 bords droits Thermosafe-Homogen Gutex","isPartOf":{"@id":"https:\/\/nature-et-developpement.com\/mndl\/#website"},"primaryImageOfPage":{"@id":"https:\/\/nature-et-developpement.com\/mndl\/produit\/panneau-isolant-a-bords-droits-thermosafe-homogen-gutex\/#primaryimage"},"image":{"@id":"https:\/\/nature-et-developpement.com\/mndl\/produit\/panneau-isolant-a-bords-droits-thermosafe-homogen-gutex\/#primaryimage"},"thumbnailUrl":"https:\/\/nature-et-developpement.com\/mndl\/wp-content\/uploads\/Panneau-isolant-a-bords-decales-Thermosafe-Homogen-Gutex.jpg","datePublished":"2016-12-31T23:00:00+00:00","dateModified":"2025-12-10T23:15:03+00:00","description":"GUTEX Thermosafe-homogen est le panneau isolant universel de composition monocouche \u00e0 densit\u00e9 homog\u00e8ne et pr\u00e9sentant d\u2018excellentes performances en mati\u00e8re de protection contre la chaleur en \u00e9t\u00e9 et contre le froid en hiver","breadcrumb":{"@id":"https:\/\/nature-et-developpement.com\/mndl\/produit\/panneau-isolant-a-bords-droits-thermosafe-homogen-gutex\/#breadcrumb"},"inLanguage":"fr-FR","potentialAction":[{"@type":"ReadAction","target":["https:\/\/nature-et-developpement.com\/mndl\/produit\/panneau-isolant-a-bords-droits-thermosafe-homogen-gutex\/"]}]},{"@type":"ImageObject","inLanguage":"fr-FR","@id":"https:\/\/nature-et-developpement.com\/mndl\/produit\/panneau-isolant-a-bords-droits-thermosafe-homogen-gutex\/#primaryimage","url":"https:\/\/nature-et-developpement.com\/mndl\/wp-content\/uploads\/Panneau-isolant-a-bords-decales-Thermosafe-Homogen-Gutex.jpg","contentUrl":"https:\/\/nature-et-developpement.com\/mndl\/wp-content\/uploads\/Panneau-isolant-a-bords-decales-Thermosafe-Homogen-Gutex.jpg"},{"@type":"BreadcrumbList","@id":"https:\/\/nature-et-developpement.com\/mndl\/produit\/panneau-isolant-a-bords-droits-thermosafe-homogen-gutex\/#breadcrumb","itemListElement":[{"@type":"ListItem","position":1,"name":"Accueil","item":"https:\/\/nature-et-developpement.com\/mndl\/"},{"@type":"ListItem","position":2,"name":"Produits","item":"https:\/\/nature-et-developpement.com\/mndl\/shop\/"},{"@type":"ListItem","position":3,"name":"Isolation et \u00e9tanch\u00e9it\u00e9","item":"https:\/\/nature-et-developpement.com\/mndl\/produits\/isolation-et-etancheite\/"},{"@type":"ListItem","position":4,"name":"Isolation ext\u00e9rieure","item":"https:\/\/nature-et-developpement.com\/mndl\/produits\/isolation-et-etancheite\/isolation-exterieure\/"},{"@type":"ListItem","position":5,"name":"Panneau isolant \u00e0 bords droits Thermosafe-Homogen Gutex"}]},{"@type":"WebSite","@id":"https:\/\/nature-et-developpement.com\/mndl\/#website","url":"https:\/\/nature-et-developpement.com\/mndl\/","name":"Mat\u00e9riaux Naturels de Lorraine","description":"Mat\u00e9riaux Naturels de Lorraine est membre du groupement Nature &amp; D\u00e9veloppement","publisher":{"@id":"https:\/\/nature-et-developpement.com\/mndl\/#organization"},"potentialAction":[{"@type":"SearchAction","target":{"@type":"EntryPoint","urlTemplate":"https:\/\/nature-et-developpement.com\/mndl\/?s={search_term_string}"},"query-input":{"@type":"PropertyValueSpecification","valueRequired":true,"valueName":"search_term_string"}}],"inLanguage":"fr-FR"},{"@type":"Organization","@id":"https:\/\/nature-et-developpement.com\/mndl\/#organization","name":"Mat\u00e9riaux Naturels de Lorraine","url":"https:\/\/nature-et-developpement.com\/mndl\/","logo":{"@type":"ImageObject","inLanguage":"fr-FR","@id":"https:\/\/nature-et-developpement.com\/mndl\/#\/schema\/logo\/image\/","url":"https:\/\/nature-et-developpement.com\/mndl\/wp-content\/uploads\/sites\/7\/2021\/09\/logo-materiaux-naturels-de-lorraine.png","contentUrl":"https:\/\/nature-et-developpement.com\/mndl\/wp-content\/uploads\/sites\/7\/2021\/09\/logo-materiaux-naturels-de-lorraine.png","width":1924,"height":1668,"caption":"Mat\u00e9riaux Naturels de Lorraine"},"image":{"@id":"https:\/\/nature-et-developpement.com\/mndl\/#\/schema\/logo\/image\/"}}]}},"distributor_meta":false,"distributor_terms":false,"distributor_media":false,"distributor_original_site_name":"Mat\u00e9riaux Naturels de Lorraine","distributor_original_site_url":"https:\/\/nature-et-developpement.com\/mndl","push-errors":false,"_links":{"self":[{"href":"https:\/\/nature-et-developpement.com\/mndl\/wp-json\/wp\/v2\/product\/30144","targetHints":{"allow":["GET"]}}],"collection":[{"href":"https:\/\/nature-et-developpement.com\/mndl\/wp-json\/wp\/v2\/product"}],"about":[{"href":"https:\/\/nature-et-developpement.com\/mndl\/wp-json\/wp\/v2\/types\/product"}],"wp:featuredmedia":[{"embeddable":true,"href":"https:\/\/nature-et-developpement.com\/mndl\/wp-json\/"}],"wp:attachment":[{"href":"https:\/\/nature-et-developpement.com\/mndl\/wp-json\/wp\/v2\/media?parent=30144"}],"wp:term":[{"taxonomy":"product_brand","embeddable":true,"href":"https:\/\/nature-et-developpement.com\/mndl\/wp-json\/wp\/v2\/product_brand?post=30144"},{"taxonomy":"product_cat","embeddable":true,"href":"https:\/\/nature-et-developpement.com\/mndl\/wp-json\/wp\/v2\/product_cat?post=30144"},{"taxonomy":"product_tag","embeddable":true,"href":"https:\/\/nature-et-developpement.com\/mndl\/wp-json\/wp\/v2\/product_tag?post=30144"}],"curies":[{"name":"wp","href":"https:\/\/api.w.org\/{rel}","templated":true}]}}