{"id":35414,"date":"2023-11-16T16:22:06","date_gmt":"2023-11-16T15:22:06","guid":{"rendered":"https:\/\/nature-et-developpement.com\/mndl\/produit\/colle-a-papier-peint-de-erfurt\/"},"modified":"2026-01-30T10:15:16","modified_gmt":"2026-01-30T09:15:16","slug":"colle-a-papier-peint-de-erfurt","status":"publish","type":"product","link":"https:\/\/nature-et-developpement.com\/mndl\/produit\/colle-a-papier-peint-de-erfurt\/","title":{"rendered":"Colle \u00e0 papier peint de ERFURT"},"content":{"rendered":"<h2>Colle pour papier peint intiss\u00e9 ERFURT : une pose facile et r\u00e9ussie<\/h2>\n<p>Relookez vos murs en toute simplicit\u00e9 avec la colle pour papier peint intiss\u00e9 ERFURT !<\/p>\n<p>Cette colle est id\u00e9ale pour poser tous les types de papiers peints intiss\u00e9s, et elle garantit une adh\u00e9rence parfaite et une pose facile.<\/p>\n<p><strong>Avantages<\/strong><\/p>\n<ul>\n<li>Pr\u00eate \u00e0 l&#8217;emploi en 10 minutes\u00a0: pas besoin de m\u00e9langer, la colle est pr\u00eate \u00e0 l&#8217;emploi d\u00e8s sa sortie du sachet.\n<div>\n<div><\/div>\n<\/div>\n<\/li>\n<li>Fort pouvoir adh\u00e9sif\u00a0: la colle assure une adh\u00e9rence parfaite du papier peint au mur, m\u00eame sur des surfaces irr\u00e9guli\u00e8res.<\/li>\n<li>Bonne glisse\u00a0: la colle permet de repositionner facilement le papier peint pendant la pose.<\/li>\n<li>Simple d&rsquo;utilisation\u00a0: la pose de la colle est simple et rapide, m\u00eame pour les d\u00e9butants.<\/li>\n<\/ul>\n<h3><strong>Pose<\/strong><\/h3>\n<p>La colle pour papier peint intiss\u00e9 ERFURT s&rsquo;utilise avec la technique d&rsquo;encollage du mur. Pour cela, il suffit d&rsquo;appliquer une couche de colle uniforme sur le mur, puis de poser le papier peint en appuyant fermement.<\/p>\n<p><strong>Impact sur l&rsquo;environnement<\/strong><\/p>\n<p>La colle pour papier peint intiss\u00e9 ERFURT est fabriqu\u00e9e \u00e0 partir de mati\u00e8res premi\u00e8res renouvelables et recyclables. Elle est donc respectueuse de l&rsquo;environnement.<\/p>\n<p><strong>Conclusion<\/strong><\/p>\n<p>La colle pour papier peint intiss\u00e9 ERFURT est la solution id\u00e9ale pour poser tous les types de papiers peints intiss\u00e9s. Elle est facile \u00e0 utiliser, efficace et respectueuse de l&rsquo;environnement.<\/p>\n","protected":false},"excerpt":{"rendered":"<p>Relookez vos murs en toute simplicit\u00e9 avec la colle pour papier peint intiss\u00e9 ERFURT !<br \/>\nCette colle est id\u00e9ale pour poser tous les types de papiers peints intiss\u00e9s, et elle garantit une adh\u00e9rence parfaite et une pose facile.<\/p>\n","protected":false},"featured_media":1000000173659,"template":"","meta":[],"product_brand":[2787],"product_cat":[115,119],"product_tag":[],"class_list":{"0":"post-35414","1":"product","2":"type-product","3":"status-publish","4":"has-post-thumbnail","6":"product_brand-erfurt","7":"product_cat-accessoires-peinture-et-enduit","8":"product_cat-colle","9":"product_shipping_class-petit-equipement-outil-eclairage","11":"first","12":"instock","13":"taxable","14":"shipping-taxable","15":"purchasable","16":"product-type-simple"},"yoast_head":"<!-- This site is optimized with the Yoast SEO plugin v27.5 - https:\/\/yoast.com\/product\/yoast-seo-wordpress\/ -->\n<title>Colle \u00e0 papier peint de ERFURT<\/title>\n<meta name=\"description\" content=\"Relookez vos murs en toute simplicit\u00e9 avec la colle pour papier peint intiss\u00e9 ERFURT ! Cette colle est id\u00e9ale pour poser tous les types de papiers peints intiss\u00e9s, et elle garantit une adh\u00e9rence parfaite et une pose facile.\" \/>\n<meta name=\"robots\" content=\"noindex, nofollow\" \/>\n<meta property=\"og:locale\" content=\"fr_FR\" \/>\n<meta property=\"og:type\" content=\"article\" \/>\n<meta property=\"og:title\" content=\"Colle \u00e0 papier peint de ERFURT\" \/>\n<meta property=\"og:description\" content=\"Relookez vos murs en toute simplicit\u00e9 avec la colle pour papier peint intiss\u00e9 ERFURT ! Cette colle est id\u00e9ale pour poser tous les types de papiers peints intiss\u00e9s, et elle garantit une adh\u00e9rence parfaite et une pose facile.\" \/>\n<meta property=\"og:url\" content=\"https:\/\/nature-et-developpement.com\/mndl\/produit\/colle-a-papier-peint-de-erfurt\/\" \/>\n<meta property=\"og:site_name\" content=\"Mat\u00e9riaux Naturels de Lorraine\" \/>\n<meta property=\"article:modified_time\" content=\"2026-01-30T09:15:16+00:00\" \/>\n<meta name=\"twitter:card\" content=\"summary_large_image\" \/>\n<meta name=\"twitter:label1\" content=\"Dur\u00e9e de lecture estim\u00e9e\" \/>\n\t<meta name=\"twitter:data1\" content=\"1 minute\" \/>\n<script type=\"application\/ld+json\" class=\"yoast-schema-graph\">{\"@context\":\"https:\\\/\\\/schema.org\",\"@graph\":[{\"@type\":\"WebPage\",\"@id\":\"https:\\\/\\\/nature-et-developpement.com\\\/mndl\\\/produit\\\/colle-a-papier-peint-de-erfurt\\\/\",\"url\":\"https:\\\/\\\/nature-et-developpement.com\\\/mndl\\\/produit\\\/colle-a-papier-peint-de-erfurt\\\/\",\"name\":\"Colle \u00e0 papier peint de ERFURT\",\"isPartOf\":{\"@id\":\"https:\\\/\\\/nature-et-developpement.com\\\/mndl\\\/#website\"},\"primaryImageOfPage\":{\"@id\":\"https:\\\/\\\/nature-et-developpement.com\\\/mndl\\\/produit\\\/colle-a-papier-peint-de-erfurt\\\/#primaryimage\"},\"image\":{\"@id\":\"https:\\\/\\\/nature-et-developpement.com\\\/mndl\\\/produit\\\/colle-a-papier-peint-de-erfurt\\\/#primaryimage\"},\"thumbnailUrl\":\"https:\\\/\\\/nature-et-developpement.com\\\/mndl\\\/wp-content\\\/uploads\\\/Colle-a-papier-peint-intisse-ERFURT.jpg\",\"datePublished\":\"2023-11-16T15:22:06+00:00\",\"dateModified\":\"2026-01-30T09:15:16+00:00\",\"description\":\"Relookez vos murs en toute simplicit\u00e9 avec la colle pour papier peint intiss\u00e9 ERFURT ! Cette colle est id\u00e9ale pour poser tous les types de papiers peints intiss\u00e9s, et elle garantit une adh\u00e9rence parfaite et une pose facile.\",\"breadcrumb\":{\"@id\":\"https:\\\/\\\/nature-et-developpement.com\\\/mndl\\\/produit\\\/colle-a-papier-peint-de-erfurt\\\/#breadcrumb\"},\"inLanguage\":\"fr-FR\",\"potentialAction\":[{\"@type\":\"ReadAction\",\"target\":[\"https:\\\/\\\/nature-et-developpement.com\\\/mndl\\\/produit\\\/colle-a-papier-peint-de-erfurt\\\/\"]}]},{\"@type\":\"ImageObject\",\"inLanguage\":\"fr-FR\",\"@id\":\"https:\\\/\\\/nature-et-developpement.com\\\/mndl\\\/produit\\\/colle-a-papier-peint-de-erfurt\\\/#primaryimage\",\"url\":\"https:\\\/\\\/nature-et-developpement.com\\\/mndl\\\/wp-content\\\/uploads\\\/Colle-a-papier-peint-intisse-ERFURT.jpg\",\"contentUrl\":\"https:\\\/\\\/nature-et-developpement.com\\\/mndl\\\/wp-content\\\/uploads\\\/Colle-a-papier-peint-intisse-ERFURT.jpg\"},{\"@type\":\"BreadcrumbList\",\"@id\":\"https:\\\/\\\/nature-et-developpement.com\\\/mndl\\\/produit\\\/colle-a-papier-peint-de-erfurt\\\/#breadcrumb\",\"itemListElement\":[{\"@type\":\"ListItem\",\"position\":1,\"name\":\"Accueil\",\"item\":\"https:\\\/\\\/nature-et-developpement.com\\\/mndl\\\/\"},{\"@type\":\"ListItem\",\"position\":2,\"name\":\"Produits\",\"item\":\"https:\\\/\\\/nature-et-developpement.com\\\/mndl\\\/shop\\\/\"},{\"@type\":\"ListItem\",\"position\":3,\"name\":\"Peinture, pigment et enduit\",\"item\":\"https:\\\/\\\/nature-et-developpement.com\\\/mndl\\\/produits\\\/peinture-et-enduit\\\/\"},{\"@type\":\"ListItem\",\"position\":4,\"name\":\"Accessoires peinture et enduit\",\"item\":\"https:\\\/\\\/nature-et-developpement.com\\\/mndl\\\/produits\\\/peinture-et-enduit\\\/accessoires-peinture-et-enduit\\\/\"},{\"@type\":\"ListItem\",\"position\":5,\"name\":\"Colle \u00e0 papier peint de ERFURT\"}]},{\"@type\":\"WebSite\",\"@id\":\"https:\\\/\\\/nature-et-developpement.com\\\/mndl\\\/#website\",\"url\":\"https:\\\/\\\/nature-et-developpement.com\\\/mndl\\\/\",\"name\":\"Mat\u00e9riaux Naturels de Lorraine\",\"description\":\"Mat\u00e9riaux Naturels de Lorraine est membre du groupement Nature &amp; D\u00e9veloppement\",\"publisher\":{\"@id\":\"https:\\\/\\\/nature-et-developpement.com\\\/mndl\\\/#organization\"},\"potentialAction\":[{\"@type\":\"SearchAction\",\"target\":{\"@type\":\"EntryPoint\",\"urlTemplate\":\"https:\\\/\\\/nature-et-developpement.com\\\/mndl\\\/?s={search_term_string}\"},\"query-input\":{\"@type\":\"PropertyValueSpecification\",\"valueRequired\":true,\"valueName\":\"search_term_string\"}}],\"inLanguage\":\"fr-FR\"},{\"@type\":\"Organization\",\"@id\":\"https:\\\/\\\/nature-et-developpement.com\\\/mndl\\\/#organization\",\"name\":\"Mat\u00e9riaux Naturels de Lorraine\",\"url\":\"https:\\\/\\\/nature-et-developpement.com\\\/mndl\\\/\",\"logo\":{\"@type\":\"ImageObject\",\"inLanguage\":\"fr-FR\",\"@id\":\"https:\\\/\\\/nature-et-developpement.com\\\/mndl\\\/#\\\/schema\\\/logo\\\/image\\\/\",\"url\":\"https:\\\/\\\/nature-et-developpement.com\\\/mndl\\\/wp-content\\\/uploads\\\/sites\\\/7\\\/2021\\\/09\\\/logo-materiaux-naturels-de-lorraine.png\",\"contentUrl\":\"https:\\\/\\\/nature-et-developpement.com\\\/mndl\\\/wp-content\\\/uploads\\\/sites\\\/7\\\/2021\\\/09\\\/logo-materiaux-naturels-de-lorraine.png\",\"width\":1924,\"height\":1668,\"caption\":\"Mat\u00e9riaux Naturels de Lorraine\"},\"image\":{\"@id\":\"https:\\\/\\\/nature-et-developpement.com\\\/mndl\\\/#\\\/schema\\\/logo\\\/image\\\/\"}}]}<\/script>\n<!-- \/ Yoast SEO plugin. -->","yoast_head_json":{"title":"Colle \u00e0 papier peint de ERFURT","description":"Relookez vos murs en toute simplicit\u00e9 avec la colle pour papier peint intiss\u00e9 ERFURT ! Cette colle est id\u00e9ale pour poser tous les types de papiers peints intiss\u00e9s, et elle garantit une adh\u00e9rence parfaite et une pose facile.","robots":{"index":"noindex","follow":"nofollow"},"og_locale":"fr_FR","og_type":"article","og_title":"Colle \u00e0 papier peint de ERFURT","og_description":"Relookez vos murs en toute simplicit\u00e9 avec la colle pour papier peint intiss\u00e9 ERFURT ! Cette colle est id\u00e9ale pour poser tous les types de papiers peints intiss\u00e9s, et elle garantit une adh\u00e9rence parfaite et une pose facile.","og_url":"https:\/\/nature-et-developpement.com\/mndl\/produit\/colle-a-papier-peint-de-erfurt\/","og_site_name":"Mat\u00e9riaux Naturels de Lorraine","article_modified_time":"2026-01-30T09:15:16+00:00","twitter_card":"summary_large_image","twitter_misc":{"Dur\u00e9e de lecture estim\u00e9e":"1 minute"},"schema":{"@context":"https:\/\/schema.org","@graph":[{"@type":"WebPage","@id":"https:\/\/nature-et-developpement.com\/mndl\/produit\/colle-a-papier-peint-de-erfurt\/","url":"https:\/\/nature-et-developpement.com\/mndl\/produit\/colle-a-papier-peint-de-erfurt\/","name":"Colle \u00e0 papier peint de ERFURT","isPartOf":{"@id":"https:\/\/nature-et-developpement.com\/mndl\/#website"},"primaryImageOfPage":{"@id":"https:\/\/nature-et-developpement.com\/mndl\/produit\/colle-a-papier-peint-de-erfurt\/#primaryimage"},"image":{"@id":"https:\/\/nature-et-developpement.com\/mndl\/produit\/colle-a-papier-peint-de-erfurt\/#primaryimage"},"thumbnailUrl":"https:\/\/nature-et-developpement.com\/mndl\/wp-content\/uploads\/Colle-a-papier-peint-intisse-ERFURT.jpg","datePublished":"2023-11-16T15:22:06+00:00","dateModified":"2026-01-30T09:15:16+00:00","description":"Relookez vos murs en toute simplicit\u00e9 avec la colle pour papier peint intiss\u00e9 ERFURT ! Cette colle est id\u00e9ale pour poser tous les types de papiers peints intiss\u00e9s, et elle garantit une adh\u00e9rence parfaite et une pose facile.","breadcrumb":{"@id":"https:\/\/nature-et-developpement.com\/mndl\/produit\/colle-a-papier-peint-de-erfurt\/#breadcrumb"},"inLanguage":"fr-FR","potentialAction":[{"@type":"ReadAction","target":["https:\/\/nature-et-developpement.com\/mndl\/produit\/colle-a-papier-peint-de-erfurt\/"]}]},{"@type":"ImageObject","inLanguage":"fr-FR","@id":"https:\/\/nature-et-developpement.com\/mndl\/produit\/colle-a-papier-peint-de-erfurt\/#primaryimage","url":"https:\/\/nature-et-developpement.com\/mndl\/wp-content\/uploads\/Colle-a-papier-peint-intisse-ERFURT.jpg","contentUrl":"https:\/\/nature-et-developpement.com\/mndl\/wp-content\/uploads\/Colle-a-papier-peint-intisse-ERFURT.jpg"},{"@type":"BreadcrumbList","@id":"https:\/\/nature-et-developpement.com\/mndl\/produit\/colle-a-papier-peint-de-erfurt\/#breadcrumb","itemListElement":[{"@type":"ListItem","position":1,"name":"Accueil","item":"https:\/\/nature-et-developpement.com\/mndl\/"},{"@type":"ListItem","position":2,"name":"Produits","item":"https:\/\/nature-et-developpement.com\/mndl\/shop\/"},{"@type":"ListItem","position":3,"name":"Peinture, pigment et enduit","item":"https:\/\/nature-et-developpement.com\/mndl\/produits\/peinture-et-enduit\/"},{"@type":"ListItem","position":4,"name":"Accessoires peinture et enduit","item":"https:\/\/nature-et-developpement.com\/mndl\/produits\/peinture-et-enduit\/accessoires-peinture-et-enduit\/"},{"@type":"ListItem","position":5,"name":"Colle \u00e0 papier peint de ERFURT"}]},{"@type":"WebSite","@id":"https:\/\/nature-et-developpement.com\/mndl\/#website","url":"https:\/\/nature-et-developpement.com\/mndl\/","name":"Mat\u00e9riaux Naturels de Lorraine","description":"Mat\u00e9riaux Naturels de Lorraine est membre du groupement Nature &amp; D\u00e9veloppement","publisher":{"@id":"https:\/\/nature-et-developpement.com\/mndl\/#organization"},"potentialAction":[{"@type":"SearchAction","target":{"@type":"EntryPoint","urlTemplate":"https:\/\/nature-et-developpement.com\/mndl\/?s={search_term_string}"},"query-input":{"@type":"PropertyValueSpecification","valueRequired":true,"valueName":"search_term_string"}}],"inLanguage":"fr-FR"},{"@type":"Organization","@id":"https:\/\/nature-et-developpement.com\/mndl\/#organization","name":"Mat\u00e9riaux Naturels de Lorraine","url":"https:\/\/nature-et-developpement.com\/mndl\/","logo":{"@type":"ImageObject","inLanguage":"fr-FR","@id":"https:\/\/nature-et-developpement.com\/mndl\/#\/schema\/logo\/image\/","url":"https:\/\/nature-et-developpement.com\/mndl\/wp-content\/uploads\/sites\/7\/2021\/09\/logo-materiaux-naturels-de-lorraine.png","contentUrl":"https:\/\/nature-et-developpement.com\/mndl\/wp-content\/uploads\/sites\/7\/2021\/09\/logo-materiaux-naturels-de-lorraine.png","width":1924,"height":1668,"caption":"Mat\u00e9riaux Naturels de Lorraine"},"image":{"@id":"https:\/\/nature-et-developpement.com\/mndl\/#\/schema\/logo\/image\/"}}]}},"distributor_meta":false,"distributor_terms":false,"distributor_media":false,"distributor_original_site_name":"Mat\u00e9riaux Naturels de Lorraine","distributor_original_site_url":"https:\/\/nature-et-developpement.com\/mndl","push-errors":false,"_links":{"self":[{"href":"https:\/\/nature-et-developpement.com\/mndl\/wp-json\/wp\/v2\/product\/35414","targetHints":{"allow":["GET"]}}],"collection":[{"href":"https:\/\/nature-et-developpement.com\/mndl\/wp-json\/wp\/v2\/product"}],"about":[{"href":"https:\/\/nature-et-developpement.com\/mndl\/wp-json\/wp\/v2\/types\/product"}],"wp:featuredmedia":[{"embeddable":true,"href":"https:\/\/nature-et-developpement.com\/mndl\/wp-json\/"}],"wp:attachment":[{"href":"https:\/\/nature-et-developpement.com\/mndl\/wp-json\/wp\/v2\/media?parent=35414"}],"wp:term":[{"taxonomy":"product_brand","embeddable":true,"href":"https:\/\/nature-et-developpement.com\/mndl\/wp-json\/wp\/v2\/product_brand?post=35414"},{"taxonomy":"product_cat","embeddable":true,"href":"https:\/\/nature-et-developpement.com\/mndl\/wp-json\/wp\/v2\/product_cat?post=35414"},{"taxonomy":"product_tag","embeddable":true,"href":"https:\/\/nature-et-developpement.com\/mndl\/wp-json\/wp\/v2\/product_tag?post=35414"}],"curies":[{"name":"wp","href":"https:\/\/api.w.org\/{rel}","templated":true}]}}