{"id":36080,"date":"2025-11-06T10:50:58","date_gmt":"2025-11-06T09:50:58","guid":{"rendered":"https:\/\/nature-et-developpement.com\/mndl\/produit\/porte-bois-mistral-scandesign-roziere\/"},"modified":"2026-02-13T03:56:22","modified_gmt":"2026-02-13T02:56:22","slug":"porte-bois-mistral-scandesign-roziere","status":"publish","type":"product","link":"https:\/\/nature-et-developpement.com\/mndl\/produit\/porte-bois-mistral-scandesign-roziere\/","title":{"rendered":"Porte int\u00e9rieure bois massif MISTRAL Scandesign de Rozi\u00e8re"},"content":{"rendered":"<h2>La porte int\u00e9rieure bois massif pin brut ponc\u00e9 Mistral ScanDesign de Rozi\u00e8re<\/h2>\n<p>Les courbes de la porte int\u00e9rieure bois massif Mistral fait le succ\u00e8s de la gamme design et d\u00e9voilent sous un nouveau jour avec une collection sp\u00e9ciale qui vient enrichir la gamme d&rsquo;un style r\u00e9solument tourn\u00e9 vers la Scandinavie.<\/p>\n<p>Les bois \u00e0 l&rsquo;\u00e9tat brut et les n\u0153uds apparents r\u00e9v\u00e8lent le charme incontestable de cette nouvelle collection.<\/p>\n<p>Hauteur de porte:\u00a0204 cm<\/p>\n<p>Largeur de porte:<br \/>\n&#8211; 1 vantail :\u00a0de 63 \u00e0 93 cm<br \/>\n&#8211; 2 vantaux :126 146 166 186 cm<\/p>\n<p>Porte sur mesure: sur devis<\/p>\n<p>Porte coulissante: disponible jusqu&rsquo;\u00e0 123 cm<\/p>\n<p>Type de pose :\u00a0Traditionnelle, fin de chantier ou r\u00e9novation<\/p>\n<h3>Choisissez votre type de fermeture<\/h3>\n<h4>et pr\u00e9cisez-la dans votre commande<\/h4>\n<h5><strong>LA SERRURE\u00a0BEC DE CANE<\/strong><\/h5>\n<p>La serrure \u00e0 bec de cane\u00a0est une serrure qui comporte uniquement une b\u00e9quille (ou un bouton) que l&rsquo;on peut actionner pour ouvrir et fermer la porte. Cette solution ne permet pas de s\u00e9curiser l&rsquo;acc\u00e8s \u00e0 une pi\u00e8ce car elle ne comporte aucun verrou (pas de cl\u00e9).<br \/>\nCette solution est id\u00e9ale si :<br \/>\n&#8211; Vous \u00e9quipez une pi\u00e8ce qui ne n\u00e9cessite pas d&rsquo;\u00eatre ferm\u00e9e \u00e0 cl\u00e9 (cuisine ou salon par exemple)<br \/>\n&#8211; Vous souhaitez un design minimaliste pour votre poign\u00e9e<\/p>\n<h5><strong>LA SERRURE\u00a0MAGNETIQUE (bec de cane)<\/strong><\/h5>\n<p>Tout comme la fermeture bec de cane classique,\u00a0la serrure magn\u00e9tique \u00e0 bec de cane\u00a0ne comporte que la double b\u00e9quille servant \u00e0 actionner l&rsquo;ouverture de la porte. Discr\u00e8te, la fermeture se fait gr\u00e2ce \u00e0 un syst\u00e8me de g\u00e2che aimant\u00e9e : d\u00e8s lors que le p\u00eane dormant se trouve en face de la g\u00e2che sur le cadre, celui-ci y est attir\u00e9 pour maintenir la porte ferm\u00e9e.\u00a0Cette serrure ne s\u00e9curise pas l&rsquo;acc\u00e8s \u00e0 une pi\u00e8ce car elle n&rsquo;a pas de verrou (pas de cl\u00e9).<br \/>\nCette solution est id\u00e9ale pour :<br \/>\n&#8211; \u00c9quiper une pi\u00e8ce qui ne n\u00e9cessite pas d&rsquo;\u00eatre ferm\u00e9e \u00e0 cl\u00e9 (cuisine ou salon par exemple)<br \/>\n&#8211; Un design minimaliste pour votre poign\u00e9e<br \/>\n&#8211; Fermer votre porte discr\u00e8tement<\/p>\n<h5><strong>LA SERRURE\u00a0BEC DE CANE\u00a0\u00c0 CONDAMNATION<\/strong><\/h5>\n<p>C&rsquo;est la serrure que l&rsquo;on retrouve le plus commun\u00e9ment dans une\u00a0salle de bain ou un W.C. \u00c9quip\u00e9e d&rsquo;un verrou actionnable uniquement depuis l&rsquo;int\u00e9rieur de la pi\u00e8ce, elle permet de s&rsquo;enfermer facilement.<br \/>\nCette solution est id\u00e9ale si :<br \/>\n&#8211; Vous voulez pouvoir fermer un espace tel qu&rsquo;une salle d&rsquo;eau.<\/p>\n<h5><strong>LA SERRURE\u00a0\u00c0\u00a0CL\u00c9 L<\/strong><\/h5>\n<p>Cette serrure s&rsquo;ouvre au moyen d&rsquo;une cl\u00e9 appel\u00e9e cl\u00e9 \u00e0 gorge ou cl\u00e9 \u00e0 chiffre. Ce type de serrure est utile pour fermer une pi\u00e8ce \u00e0 cl\u00e9, que ce soit depuis l&rsquo;int\u00e9rieur ou l&rsquo;ext\u00e9rieur.\u00a0 Attention cependant, si les autres pi\u00e8ces de votre maison sont \u00e9quip\u00e9es des m\u00eames portes et serrures, chacune des cl\u00e9s est interchangeable : il suffit de r\u00e9cup\u00e9rer la cl\u00e9 d&rsquo;une de vos autres portes pour d\u00e9verrouiller la pi\u00e8ce concern\u00e9e.<br \/>\nCette solution est id\u00e9ale si :<br \/>\n&#8211; Vous verrouillez l&rsquo;acc\u00e8s d&rsquo;une pi\u00e8ce peu sensible (buanderie, cellier ..)<\/p>\n<h5><strong>LA SERRURE\u00a0\u00c0\u00a0CL\u00c9 (cylindre ou barillet)<\/strong><\/h5>\n<p>Aussi connu sous le nom de serrure \u00e0 barillet, ce type de serrure offre une s\u00e9curisation plus importante que la cl\u00e9 L. G\u00e9n\u00e9ralement unique dans la maison, le cylindre s&rsquo;ouvre gr\u00e2ce \u00e0 une cl\u00e9 plate crant\u00e9e.<br \/>\nCette solution est id\u00e9ale si :<br \/>\n&#8211; Vous verrouillez l&rsquo;acc\u00e8s d&rsquo;une pi\u00e8ce avec une cl\u00e9 unique<\/p>\n<h5><strong>LA SERRURE\u00a0MAGN\u00c9TIQUE \u00c0\u00a0CL\u00c9<\/strong><\/h5>\n<p>La\u00a0serrure magn\u00e9tique \u00e0 cl\u00e9\u00a0fonctionne comme la\u00a0serrure \u00e0 cl\u00e9 L traditionnelle en terme de s\u00e9curit\u00e9. En revanche, sa fermeture se veut plus discr\u00e8te car elle se fait gr\u00e2ce \u00e0 un syst\u00e8me de g\u00e2che aimant\u00e9e : d\u00e8s lors que le p\u00eane dormant se trouve en face de la g\u00e2che (partie m\u00e9tallique sur le cadre), celui-ci y est attir\u00e9 pour maintenir la porte ferm\u00e9e. Il vous suffit de pousser simplement la porte contre son cadre pour d\u00e9clencher sa fermeture.<br \/>\n-Si vous verrouillez l&rsquo;acc\u00e8s d&rsquo;une pi\u00e8ce peu sensible ou fermer votre porte discr\u00e8tement<\/p>\n<h5><strong>LA SERRURE\u00a03 POINTS.<\/strong><\/h5>\n<p>Elle permet une s\u00e9curisation optimale d&rsquo;une pi\u00e8ce : cette serrure dispose de\u00a03 points d&rsquo;ancrage\u00a0diff\u00e9rents, l&rsquo;un au niveau de la poign\u00e9e, les deux autres aux extr\u00e9mit\u00e9s haute et basse de la porte.<br \/>\nCette solution est id\u00e9ale pour :<br \/>\n&#8211; Verrouiller la porte entre votre garage ou encore votre cuisine par exemple.<\/p>\n<h4><strong>OPTIONS POSSIBLES SUR DEMANDE<\/strong><\/h4>\n<p>&#8211; Plinthe escamotable<br \/>\n&#8211; Serrure \u00e0 barillet, \u00a03 points ou magn\u00e9tique<br \/>\n&#8211; Charni\u00e8res invisibles<\/p>\n","protected":false},"excerpt":{"rendered":"<p>Une touche de modernit\u00e9, un air de Scandinavie, l&rsquo;\u00e9l\u00e9gance et le confort acoustique au c\u0153ur de vote maison, existe aussi vitr\u00e9e. Mod\u00e8les en \u00e9pic\u00e9a brut, en pose traditionnelle ou fin de chantier.<\/p>\n<p>Choisissez votre type de fermeture (voir Description)<\/p>\n<p>Choisissez votre poign\u00e9e\u00a0(non fournie)<\/p>\n<p><img loading=\"lazy\" decoding=\"async\" class=\" size-full wp-image-143442\" src=\"https:\/\/nature-et-developpement.com\/wp-content\/uploads\/cms\/ROZIERE\/picto-10ans.jpg\" alt=\"\" width=\"75\" height=\"75\" \/><\/p>\n","protected":false},"featured_media":1000000202101,"template":"","meta":[],"product_brand":[2790],"product_cat":[519,225],"product_tag":[4084],"class_list":{"0":"post-36080","1":"product","2":"type-product","3":"status-publish","4":"has-post-thumbnail","6":"product_brand-roziere","7":"product_cat-escalier-et-porte","8":"product_cat-promo-et-destockage","9":"product_tag-roziere","11":"first","12":"instock","13":"sale","14":"taxable","15":"shipping-taxable","16":"purchasable","17":"product-type-variable"},"yoast_head":"<!-- This site is optimized with the Yoast SEO plugin v27.5 - https:\/\/yoast.com\/product\/yoast-seo-wordpress\/ -->\n<title>Porte bois brut pin massif ponc\u00e9 MISTRAL Scandesign Rozi\u00e8re<\/title>\n<meta name=\"description\" content=\"Une touche de modernit\u00e9, un air de Scandinavie, l&#039;\u00e9l\u00e9gance et le confort acoustique au c\u0153ur de vote maison, existe aussi vitr\u00e9e. Mod\u00e8les en \u00e9pic\u00e9a brut\" \/>\n<meta name=\"robots\" content=\"noindex, nofollow\" \/>\n<meta property=\"og:locale\" content=\"fr_FR\" \/>\n<meta property=\"og:type\" content=\"article\" \/>\n<meta property=\"og:title\" content=\"Porte bois brut pin massif ponc\u00e9 MISTRAL Scandesign Rozi\u00e8re\" \/>\n<meta property=\"og:description\" content=\"Une touche de modernit\u00e9, un air de Scandinavie, l&#039;\u00e9l\u00e9gance et le confort acoustique au c\u0153ur de vote maison, existe aussi vitr\u00e9e. Mod\u00e8les en \u00e9pic\u00e9a brut\" \/>\n<meta property=\"og:url\" content=\"https:\/\/nature-et-developpement.com\/mndl\/produit\/porte-bois-mistral-scandesign-roziere\/\" \/>\n<meta property=\"og:site_name\" content=\"Mat\u00e9riaux Naturels de Lorraine\" \/>\n<meta property=\"article:modified_time\" content=\"2026-02-13T02:56:22+00:00\" \/>\n<meta name=\"twitter:card\" content=\"summary_large_image\" \/>\n<meta name=\"twitter:label1\" content=\"Dur\u00e9e de lecture estim\u00e9e\" \/>\n\t<meta name=\"twitter:data1\" content=\"4 minutes\" \/>\n<script type=\"application\/ld+json\" class=\"yoast-schema-graph\">{\"@context\":\"https:\\\/\\\/schema.org\",\"@graph\":[{\"@type\":\"WebPage\",\"@id\":\"https:\\\/\\\/nature-et-developpement.com\\\/mndl\\\/produit\\\/porte-bois-mistral-scandesign-roziere\\\/\",\"url\":\"https:\\\/\\\/nature-et-developpement.com\\\/mndl\\\/produit\\\/porte-bois-mistral-scandesign-roziere\\\/\",\"name\":\"Porte bois brut pin massif ponc\u00e9 MISTRAL Scandesign Rozi\u00e8re\",\"isPartOf\":{\"@id\":\"https:\\\/\\\/nature-et-developpement.com\\\/mndl\\\/#website\"},\"primaryImageOfPage\":{\"@id\":\"https:\\\/\\\/nature-et-developpement.com\\\/mndl\\\/produit\\\/porte-bois-mistral-scandesign-roziere\\\/#primaryimage\"},\"image\":{\"@id\":\"https:\\\/\\\/nature-et-developpement.com\\\/mndl\\\/produit\\\/porte-bois-mistral-scandesign-roziere\\\/#primaryimage\"},\"thumbnailUrl\":\"https:\\\/\\\/nature-et-developpement.com\\\/mndl\\\/wp-content\\\/uploads\\\/29777-Porte-interieur-MISTRAL-Scandesign-de-Roziere-1.jpg\",\"datePublished\":\"2025-11-06T09:50:58+00:00\",\"dateModified\":\"2026-02-13T02:56:22+00:00\",\"description\":\"Une touche de modernit\u00e9, un air de Scandinavie, l'\u00e9l\u00e9gance et le confort acoustique au c\u0153ur de vote maison, existe aussi vitr\u00e9e. Mod\u00e8les en \u00e9pic\u00e9a brut\",\"breadcrumb\":{\"@id\":\"https:\\\/\\\/nature-et-developpement.com\\\/mndl\\\/produit\\\/porte-bois-mistral-scandesign-roziere\\\/#breadcrumb\"},\"inLanguage\":\"fr-FR\",\"potentialAction\":[{\"@type\":\"ReadAction\",\"target\":[\"https:\\\/\\\/nature-et-developpement.com\\\/mndl\\\/produit\\\/porte-bois-mistral-scandesign-roziere\\\/\"]}]},{\"@type\":\"ImageObject\",\"inLanguage\":\"fr-FR\",\"@id\":\"https:\\\/\\\/nature-et-developpement.com\\\/mndl\\\/produit\\\/porte-bois-mistral-scandesign-roziere\\\/#primaryimage\",\"url\":\"https:\\\/\\\/nature-et-developpement.com\\\/mndl\\\/wp-content\\\/uploads\\\/29777-Porte-interieur-MISTRAL-Scandesign-de-Roziere-1.jpg\",\"contentUrl\":\"https:\\\/\\\/nature-et-developpement.com\\\/mndl\\\/wp-content\\\/uploads\\\/29777-Porte-interieur-MISTRAL-Scandesign-de-Roziere-1.jpg\"},{\"@type\":\"BreadcrumbList\",\"@id\":\"https:\\\/\\\/nature-et-developpement.com\\\/mndl\\\/produit\\\/porte-bois-mistral-scandesign-roziere\\\/#breadcrumb\",\"itemListElement\":[{\"@type\":\"ListItem\",\"position\":1,\"name\":\"Accueil\",\"item\":\"https:\\\/\\\/nature-et-developpement.com\\\/mndl\\\/\"},{\"@type\":\"ListItem\",\"position\":2,\"name\":\"Produits\",\"item\":\"https:\\\/\\\/nature-et-developpement.com\\\/mndl\\\/shop\\\/\"},{\"@type\":\"ListItem\",\"position\":3,\"name\":\"Agencement int\u00e9rieur\",\"item\":\"https:\\\/\\\/nature-et-developpement.com\\\/mndl\\\/produits\\\/agencement-interieur\\\/\"},{\"@type\":\"ListItem\",\"position\":4,\"name\":\"Escalier et porte\",\"item\":\"https:\\\/\\\/nature-et-developpement.com\\\/mndl\\\/produits\\\/agencement-interieur\\\/escalier-et-porte\\\/\"},{\"@type\":\"ListItem\",\"position\":5,\"name\":\"Porte int\u00e9rieure bois massif MISTRAL Scandesign de Rozi\u00e8re\"}]},{\"@type\":\"WebSite\",\"@id\":\"https:\\\/\\\/nature-et-developpement.com\\\/mndl\\\/#website\",\"url\":\"https:\\\/\\\/nature-et-developpement.com\\\/mndl\\\/\",\"name\":\"Mat\u00e9riaux Naturels de Lorraine\",\"description\":\"Mat\u00e9riaux Naturels de Lorraine est membre du groupement Nature &amp; D\u00e9veloppement\",\"publisher\":{\"@id\":\"https:\\\/\\\/nature-et-developpement.com\\\/mndl\\\/#organization\"},\"potentialAction\":[{\"@type\":\"SearchAction\",\"target\":{\"@type\":\"EntryPoint\",\"urlTemplate\":\"https:\\\/\\\/nature-et-developpement.com\\\/mndl\\\/?s={search_term_string}\"},\"query-input\":{\"@type\":\"PropertyValueSpecification\",\"valueRequired\":true,\"valueName\":\"search_term_string\"}}],\"inLanguage\":\"fr-FR\"},{\"@type\":\"Organization\",\"@id\":\"https:\\\/\\\/nature-et-developpement.com\\\/mndl\\\/#organization\",\"name\":\"Mat\u00e9riaux Naturels de Lorraine\",\"url\":\"https:\\\/\\\/nature-et-developpement.com\\\/mndl\\\/\",\"logo\":{\"@type\":\"ImageObject\",\"inLanguage\":\"fr-FR\",\"@id\":\"https:\\\/\\\/nature-et-developpement.com\\\/mndl\\\/#\\\/schema\\\/logo\\\/image\\\/\",\"url\":\"https:\\\/\\\/nature-et-developpement.com\\\/mndl\\\/wp-content\\\/uploads\\\/sites\\\/7\\\/2021\\\/09\\\/logo-materiaux-naturels-de-lorraine.png\",\"contentUrl\":\"https:\\\/\\\/nature-et-developpement.com\\\/mndl\\\/wp-content\\\/uploads\\\/sites\\\/7\\\/2021\\\/09\\\/logo-materiaux-naturels-de-lorraine.png\",\"width\":1924,\"height\":1668,\"caption\":\"Mat\u00e9riaux Naturels de Lorraine\"},\"image\":{\"@id\":\"https:\\\/\\\/nature-et-developpement.com\\\/mndl\\\/#\\\/schema\\\/logo\\\/image\\\/\"}}]}<\/script>\n<!-- \/ Yoast SEO plugin. -->","yoast_head_json":{"title":"Porte bois brut pin massif ponc\u00e9 MISTRAL Scandesign Rozi\u00e8re","description":"Une touche de modernit\u00e9, un air de Scandinavie, l'\u00e9l\u00e9gance et le confort acoustique au c\u0153ur de vote maison, existe aussi vitr\u00e9e. Mod\u00e8les en \u00e9pic\u00e9a brut","robots":{"index":"noindex","follow":"nofollow"},"og_locale":"fr_FR","og_type":"article","og_title":"Porte bois brut pin massif ponc\u00e9 MISTRAL Scandesign Rozi\u00e8re","og_description":"Une touche de modernit\u00e9, un air de Scandinavie, l'\u00e9l\u00e9gance et le confort acoustique au c\u0153ur de vote maison, existe aussi vitr\u00e9e. Mod\u00e8les en \u00e9pic\u00e9a brut","og_url":"https:\/\/nature-et-developpement.com\/mndl\/produit\/porte-bois-mistral-scandesign-roziere\/","og_site_name":"Mat\u00e9riaux Naturels de Lorraine","article_modified_time":"2026-02-13T02:56:22+00:00","twitter_card":"summary_large_image","twitter_misc":{"Dur\u00e9e de lecture estim\u00e9e":"4 minutes"},"schema":{"@context":"https:\/\/schema.org","@graph":[{"@type":"WebPage","@id":"https:\/\/nature-et-developpement.com\/mndl\/produit\/porte-bois-mistral-scandesign-roziere\/","url":"https:\/\/nature-et-developpement.com\/mndl\/produit\/porte-bois-mistral-scandesign-roziere\/","name":"Porte bois brut pin massif ponc\u00e9 MISTRAL Scandesign Rozi\u00e8re","isPartOf":{"@id":"https:\/\/nature-et-developpement.com\/mndl\/#website"},"primaryImageOfPage":{"@id":"https:\/\/nature-et-developpement.com\/mndl\/produit\/porte-bois-mistral-scandesign-roziere\/#primaryimage"},"image":{"@id":"https:\/\/nature-et-developpement.com\/mndl\/produit\/porte-bois-mistral-scandesign-roziere\/#primaryimage"},"thumbnailUrl":"https:\/\/nature-et-developpement.com\/mndl\/wp-content\/uploads\/29777-Porte-interieur-MISTRAL-Scandesign-de-Roziere-1.jpg","datePublished":"2025-11-06T09:50:58+00:00","dateModified":"2026-02-13T02:56:22+00:00","description":"Une touche de modernit\u00e9, un air de Scandinavie, l'\u00e9l\u00e9gance et le confort acoustique au c\u0153ur de vote maison, existe aussi vitr\u00e9e. Mod\u00e8les en \u00e9pic\u00e9a brut","breadcrumb":{"@id":"https:\/\/nature-et-developpement.com\/mndl\/produit\/porte-bois-mistral-scandesign-roziere\/#breadcrumb"},"inLanguage":"fr-FR","potentialAction":[{"@type":"ReadAction","target":["https:\/\/nature-et-developpement.com\/mndl\/produit\/porte-bois-mistral-scandesign-roziere\/"]}]},{"@type":"ImageObject","inLanguage":"fr-FR","@id":"https:\/\/nature-et-developpement.com\/mndl\/produit\/porte-bois-mistral-scandesign-roziere\/#primaryimage","url":"https:\/\/nature-et-developpement.com\/mndl\/wp-content\/uploads\/29777-Porte-interieur-MISTRAL-Scandesign-de-Roziere-1.jpg","contentUrl":"https:\/\/nature-et-developpement.com\/mndl\/wp-content\/uploads\/29777-Porte-interieur-MISTRAL-Scandesign-de-Roziere-1.jpg"},{"@type":"BreadcrumbList","@id":"https:\/\/nature-et-developpement.com\/mndl\/produit\/porte-bois-mistral-scandesign-roziere\/#breadcrumb","itemListElement":[{"@type":"ListItem","position":1,"name":"Accueil","item":"https:\/\/nature-et-developpement.com\/mndl\/"},{"@type":"ListItem","position":2,"name":"Produits","item":"https:\/\/nature-et-developpement.com\/mndl\/shop\/"},{"@type":"ListItem","position":3,"name":"Agencement int\u00e9rieur","item":"https:\/\/nature-et-developpement.com\/mndl\/produits\/agencement-interieur\/"},{"@type":"ListItem","position":4,"name":"Escalier et porte","item":"https:\/\/nature-et-developpement.com\/mndl\/produits\/agencement-interieur\/escalier-et-porte\/"},{"@type":"ListItem","position":5,"name":"Porte int\u00e9rieure bois massif MISTRAL Scandesign de Rozi\u00e8re"}]},{"@type":"WebSite","@id":"https:\/\/nature-et-developpement.com\/mndl\/#website","url":"https:\/\/nature-et-developpement.com\/mndl\/","name":"Mat\u00e9riaux Naturels de Lorraine","description":"Mat\u00e9riaux Naturels de Lorraine est membre du groupement Nature &amp; D\u00e9veloppement","publisher":{"@id":"https:\/\/nature-et-developpement.com\/mndl\/#organization"},"potentialAction":[{"@type":"SearchAction","target":{"@type":"EntryPoint","urlTemplate":"https:\/\/nature-et-developpement.com\/mndl\/?s={search_term_string}"},"query-input":{"@type":"PropertyValueSpecification","valueRequired":true,"valueName":"search_term_string"}}],"inLanguage":"fr-FR"},{"@type":"Organization","@id":"https:\/\/nature-et-developpement.com\/mndl\/#organization","name":"Mat\u00e9riaux Naturels de Lorraine","url":"https:\/\/nature-et-developpement.com\/mndl\/","logo":{"@type":"ImageObject","inLanguage":"fr-FR","@id":"https:\/\/nature-et-developpement.com\/mndl\/#\/schema\/logo\/image\/","url":"https:\/\/nature-et-developpement.com\/mndl\/wp-content\/uploads\/sites\/7\/2021\/09\/logo-materiaux-naturels-de-lorraine.png","contentUrl":"https:\/\/nature-et-developpement.com\/mndl\/wp-content\/uploads\/sites\/7\/2021\/09\/logo-materiaux-naturels-de-lorraine.png","width":1924,"height":1668,"caption":"Mat\u00e9riaux Naturels de Lorraine"},"image":{"@id":"https:\/\/nature-et-developpement.com\/mndl\/#\/schema\/logo\/image\/"}}]}},"distributor_meta":false,"distributor_terms":false,"distributor_media":false,"distributor_original_site_name":"Mat\u00e9riaux Naturels de Lorraine","distributor_original_site_url":"https:\/\/nature-et-developpement.com\/mndl","push-errors":false,"_links":{"self":[{"href":"https:\/\/nature-et-developpement.com\/mndl\/wp-json\/wp\/v2\/product\/36080","targetHints":{"allow":["GET"]}}],"collection":[{"href":"https:\/\/nature-et-developpement.com\/mndl\/wp-json\/wp\/v2\/product"}],"about":[{"href":"https:\/\/nature-et-developpement.com\/mndl\/wp-json\/wp\/v2\/types\/product"}],"wp:featuredmedia":[{"embeddable":true,"href":"https:\/\/nature-et-developpement.com\/mndl\/wp-json\/"}],"wp:attachment":[{"href":"https:\/\/nature-et-developpement.com\/mndl\/wp-json\/wp\/v2\/media?parent=36080"}],"wp:term":[{"taxonomy":"product_brand","embeddable":true,"href":"https:\/\/nature-et-developpement.com\/mndl\/wp-json\/wp\/v2\/product_brand?post=36080"},{"taxonomy":"product_cat","embeddable":true,"href":"https:\/\/nature-et-developpement.com\/mndl\/wp-json\/wp\/v2\/product_cat?post=36080"},{"taxonomy":"product_tag","embeddable":true,"href":"https:\/\/nature-et-developpement.com\/mndl\/wp-json\/wp\/v2\/product_tag?post=36080"}],"curies":[{"name":"wp","href":"https:\/\/api.w.org\/{rel}","templated":true}]}}